[INFO] fetching crate tuv 0.1.6...
[INFO] testing tuv-0.1.6 against 1.99.0-beta.8+cargoflags=--release for beta-release-1.100-2
[INFO] extracting crate tuv 0.1.6 into /workspace/builds/worker-7-tc1/source
[INFO] started tweaking crates.io crate tuv 0.1.6
[INFO] removed 0 missing examples
[INFO] removed 0 missing tests
[INFO] finished tweaking crates.io crate tuv 0.1.6
[INFO] tweaked toml for crates.io crate tuv 0.1.6 written to /workspace/builds/worker-7-tc1/source/Cargo.toml
[INFO] validating manifest of crates.io crate tuv 0.1.6 on toolchain 1.99.0-beta.8
[INFO] running `Command { std: CARGO_HOME="/workspace/cargo-home" RUSTUP_HOME="/workspace/rustup-home" "/workspace/cargo-home/bin/cargo" "+1.99.0-beta.8" "metadata" "--manifest-path" "Cargo.toml" "--no-deps", kill_on_drop: false }`
[INFO] crate crates.io crate tuv 0.1.6 already has a lockfile, it will not be regenerated
[INFO] running `Command { std: CARGO_HOME="/workspace/cargo-home" RUSTUP_HOME="/workspace/rustup-home" "/workspace/cargo-home/bin/cargo" "+1.99.0-beta.8" "fetch" "--manifest-path" "Cargo.toml", kill_on_drop: false }`
[INFO] [stderr]  Downloading crates ...
[INFO] [stderr]   Downloaded imgref v1.12.1
[INFO] running `Command { std: "docker" "create" "-v" "/var/lib/crater-agent-workspace/builds/worker-7-tc1/source:/opt/rustwide/workdir:ro,Z" "-v" "/var/lib/crater-agent-workspace/builds/worker-7-tc1/target:/opt/rustwide/target:rw,Z" "-v" "/var/lib/crater-agent-workspace/cargo-home:/opt/rustwide/cargo-home:ro,Z" "-v" "/var/lib/crater-agent-workspace/rustup-home:/opt/rustwide/rustup-home:ro,Z" "-m" "1610612736" "--network" "none" "ghcr.io/rust-lang/crates-build-env/linux@sha256:77db811e55d90add9212f6832c23229e3de5f1c1f9905e8cb07319ea15df73ac" "sleep" "infinity", kill_on_drop: false }`
[INFO] [stdout] 9b8db9fb81ff52c7386f0a95541a6a9909d1a8fbfa1bf6a0e10df447582e0eac
[INFO] running `Command { std: "docker" "start" "9b8db9fb81ff52c7386f0a95541a6a9909d1a8fbfa1bf6a0e10df447582e0eac", kill_on_drop: false }`
[INFO] running `Command { std: "docker" "inspect" "9b8db9fb81ff52c7386f0a95541a6a9909d1a8fbfa1bf6a0e10df447582e0eac", kill_on_drop: false }`
[INFO] running `Command { std: "docker" "exec" "-e" "SOURCE_DIR=/opt/rustwide/workdir" "-e" "CARGO_HOME=/opt/rustwide/cargo-home" "-e" "RUSTUP_HOME=/opt/rustwide/rustup-home" "-e" "CARGO_TARGET_DIR=/opt/rustwide/target" "-w" "/opt/rustwide/workdir" "--user" "0:0" "9b8db9fb81ff52c7386f0a95541a6a9909d1a8fbfa1bf6a0e10df447582e0eac" "/opt/rustwide/cargo-home/bin/cargo" "+1.99.0-beta.8" "metadata" "--no-deps" "--format-version=1", kill_on_drop: false }`
[INFO] running `Command { std: "docker" "inspect" "9b8db9fb81ff52c7386f0a95541a6a9909d1a8fbfa1bf6a0e10df447582e0eac", kill_on_drop: false }`
[INFO] running `Command { std: "docker" "exec" "-e" "SOURCE_DIR=/opt/rustwide/workdir" "-e" "CARGO_HOME=/opt/rustwide/cargo-home" "-e" "RUSTUP_HOME=/opt/rustwide/rustup-home" "-e" "CARGO_TARGET_DIR=/opt/rustwide/target" "-e" "CARGO_INCREMENTAL=0" "-e" "RUST_BACKTRACE=full" "-e" "RUSTFLAGS=--cap-lints=warn" "-e" "RUSTDOCFLAGS=--cap-lints=warn" "-w" "/opt/rustwide/workdir" "--user" "0:0" "9b8db9fb81ff52c7386f0a95541a6a9909d1a8fbfa1bf6a0e10df447582e0eac" "/opt/rustwide/cargo-home/bin/cargo" "+1.99.0-beta.8" "build" "--frozen" "--message-format=json" "--release", kill_on_drop: false }`
[INFO] [stderr]    Compiling syn v2.0.117
[INFO] [stderr]    Compiling simd-adler32 v0.3.9
[INFO] [stderr]    Compiling built v0.8.0
[INFO] [stderr]    Compiling as-slice v0.2.1
[INFO] [stderr]    Compiling av-scenechange v0.14.1
[INFO] [stderr]    Compiling nom v8.0.0
[INFO] [stderr]    Compiling no_std_io2 v0.9.4
[INFO] [stderr]    Compiling y4m v0.8.0
[INFO] [stderr]    Compiling pastey v0.1.1
[INFO] [stderr]    Compiling itertools v0.14.0
[INFO] [stderr]    Compiling simd_helpers v0.1.0
[INFO] [stderr]    Compiling zune-core v0.5.1
[INFO] [stderr]    Compiling weezl v0.1.12
[INFO] [stderr]    Compiling new_debug_unreachable v1.0.6
[INFO] [stderr]    Compiling num-bigint v0.4.6
[INFO] [stderr]    Compiling rayon v1.12.0
[INFO] [stderr]    Compiling bitstream-io v4.10.0
[INFO] [stderr]    Compiling aligned v0.4.3
[INFO] [stderr]    Compiling imgref v1.12.1
[INFO] [stderr]    Compiling miniz_oxide v0.8.9
[INFO] [stderr]    Compiling noop_proc_macro v0.3.0
[INFO] [stderr]    Compiling radium v0.7.0
[INFO] [stderr]    Compiling zune-inflate v0.2.54
[INFO] [stderr]    Compiling fdeflate v0.3.7
[INFO] [stderr]    Compiling avif-serialize v0.8.9
[INFO] [stderr]    Compiling loop9 v0.1.5
[INFO] [stderr]    Compiling zune-jpeg v0.5.15
[INFO] [stderr]    Compiling bytemuck v1.25.0
[INFO] [stderr]    Compiling pxfm v0.1.29
[INFO] [stderr]    Compiling bit_field v0.10.3
[INFO] [stderr]    Compiling rav1e v0.8.1
[INFO] [stderr]    Compiling tap v1.0.1
[INFO] [stderr]    Compiling fax v0.2.7
[INFO] [stderr]    Compiling lebe v0.5.3
[INFO] [stderr]    Compiling rgb v0.8.53
[INFO] [stderr]    Compiling image-webp v0.2.4
[INFO] [stderr]    Compiling flate2 v1.1.9
[INFO] [stderr]    Compiling gif v0.14.2
[INFO] [stderr]    Compiling qoi v0.4.1
[INFO] [stderr]    Compiling wyz v0.5.1
[INFO] [stderr]    Compiling funty v2.0.0
[INFO] [stderr]    Compiling png v0.18.1
[INFO] [stderr]    Compiling bitvec v1.0.1
[INFO] [stderr]    Compiling num-rational v0.4.2
[INFO] [stderr]    Compiling maybe-rayon v0.1.1
[INFO] [stderr]    Compiling moxcms v0.8.1
[INFO] [stderr]    Compiling equator-macro v0.4.2
[INFO] [stderr]    Compiling thiserror-impl v2.0.18
[INFO] [stderr]    Compiling zerocopy-derive v0.8.48
[INFO] [stderr]    Compiling arg_enum_proc_macro v0.3.4
[INFO] [stderr]    Compiling profiling-procmacros v1.0.18
[INFO] [stderr]    Compiling num-derive v0.4.2
[INFO] [stderr]    Compiling thiserror-impl v1.0.69
[INFO] [stderr]    Compiling profiling v1.0.18
[INFO] [stderr]    Compiling equator v0.4.2
[INFO] [stderr]    Compiling aligned-vec v0.6.4
[INFO] [stderr]    Compiling thiserror v1.0.69
[INFO] [stderr]    Compiling v_frame v0.3.9
[INFO] [stderr]    Compiling thiserror v2.0.18
[INFO] [stderr]    Compiling zerocopy v0.8.48
[INFO] [stderr]    Compiling av1-grain v0.2.5
[INFO] [stderr]    Compiling half v2.7.1
[INFO] [stderr]    Compiling tiff v0.11.3
[INFO] [stderr]    Compiling exr v1.74.0
[INFO] [stderr]    Compiling ravif v0.13.0
[INFO] [stderr]    Compiling image v0.25.10
[INFO] [stderr]    Compiling tuv v0.1.6 (/opt/rustwide/workdir)
[INFO] [stdout] warning: unused import: `Module`
[INFO] [stdout]   --> src/qrcode.rs:18:21
[INFO] [stdout]    |
[INFO] [stdout] 18 | use crate::matrix::{Module, QRMatrix};
[INFO] [stdout]    |                     ^^^^^^
[INFO] [stdout]    |
[INFO] [stdout]    = note: `#[warn(unused_imports)]` (part of `#[warn(unused)]`) on by default
[INFO] [stdout] 
[INFO] [stdout] 
[INFO] [stderr]     Finished `release` profile [optimized] target(s) in 1m 40s
[INFO] running `Command { std: "docker" "inspect" "9b8db9fb81ff52c7386f0a95541a6a9909d1a8fbfa1bf6a0e10df447582e0eac", kill_on_drop: false }`
[INFO] running `Command { std: "docker" "exec" "-e" "SOURCE_DIR=/opt/rustwide/workdir" "-e" "CARGO_HOME=/opt/rustwide/cargo-home" "-e" "RUSTUP_HOME=/opt/rustwide/rustup-home" "-e" "CARGO_TARGET_DIR=/opt/rustwide/target" "-e" "CARGO_INCREMENTAL=0" "-e" "RUST_BACKTRACE=full" "-e" "RUSTFLAGS=--cap-lints=warn" "-e" "RUSTDOCFLAGS=--cap-lints=warn" "-w" "/opt/rustwide/workdir" "--user" "0:0" "9b8db9fb81ff52c7386f0a95541a6a9909d1a8fbfa1bf6a0e10df447582e0eac" "/opt/rustwide/cargo-home/bin/cargo" "+1.99.0-beta.8" "test" "--frozen" "--no-run" "--message-format=json" "--release", kill_on_drop: false }`
[INFO] [stderr]    Compiling yansi v1.0.1
[INFO] [stderr]    Compiling diff v0.1.13
[INFO] [stdout] warning: unused import: `Module`
[INFO] [stdout]   --> src/qrcode.rs:18:21
[INFO] [stdout]    |
[INFO] [stdout] 18 | use crate::matrix::{Module, QRMatrix};
[INFO] [stdout]    |                     ^^^^^^
[INFO] [stdout]    |
[INFO] [stdout]    = note: `#[warn(unused_imports)]` (part of `#[warn(unused)]`) on by default
[INFO] [stdout] 
[INFO] [stdout] 
[INFO] [stderr]    Compiling pretty_assertions v1.4.1
[INFO] [stderr]    Compiling tuv v0.1.6 (/opt/rustwide/workdir)
[INFO] [stdout] error[E0599]: no method named `size` found for struct `QRCode` in the current scope
[INFO] [stdout]  --> tests/check_col6.rs:6:19
[INFO] [stdout]   |
[INFO] [stdout] 6 |     let size = qr.size();
[INFO] [stdout]   |                   ^^^^ method not found in `QRCode`
[INFO] [stdout] 
[INFO] [stdout] 
[INFO] [stdout] error[E0599]: no method named `size` found for struct `QRCode` in the current scope
[INFO] [stdout]  --> tests/check_v1.rs:6:36
[INFO] [stdout]   |
[INFO] [stdout] 6 |     println!("Matrix size: {}", qr.size());
[INFO] [stdout]   |                                    ^^^^ method not found in `QRCode`
[INFO] [stdout] 
[INFO] [stdout] 
[INFO] [stdout] error[E0599]: no method named `size` found for struct `QRCode` in the current scope
[INFO] [stdout]  --> tests/check_timing.rs:6:19
[INFO] [stdout]   |
[INFO] [stdout] 6 |     let size = qr.size();
[INFO] [stdout]   |                   ^^^^ method not found in `QRCode`
[INFO] [stdout] 
[INFO] [stdout] 
[INFO] [stdout] error[E0599]: no method named `get_module` found for struct `QRCode` in the current scope
[INFO] [stdout]   --> tests/micro_scannable.rs:17:39
[INFO] [stdout]    |
[INFO] [stdout] 17 |         .filter(|&(x, y)| matches!(qr.get_module(x, y), Module::FormatInfo(_)))
[INFO] [stdout]    |                                       ^^^^^^^^^^ method not found in `QRCode`
[INFO] [stdout] 
[INFO] [stdout] 
[INFO] [stdout] error[E0599]: no method named `get_module` found for struct `QRCode` in the current scope
[INFO] [stdout]   --> tests/check_timing.rs:15:24
[INFO] [stdout]    |
[INFO] [stdout] 15 |         if matches!(qr.get_module(i, 6), tuv::Module::Timing(_)) { row6_count += 1; }
[INFO] [stdout]    |                        ^^^^^^^^^^ method not found in `QRCode`
[INFO] [stdout] 
[INFO] [stdout] 
[INFO] [stdout] error[E0599]: no method named `debug_matrix` found for struct `QRCode` in the current scope
[INFO] [stdout]   --> tests/debug_matrix.rs:10:20
[INFO] [stdout]    |
[INFO] [stdout] 10 |     let debug = qr.debug_matrix();
[INFO] [stdout]    |                    ^^^^^^^^^^^^ method not found in `QRCode`
[INFO] [stdout] 
[INFO] [stdout] 
[INFO] [stdout] error[E0599]: no method named `get_module` found for struct `QRCode` in the current scope
[INFO] [stdout]   --> tests/check_col6.rs:14:27
[INFO] [stdout]    |
[INFO] [stdout] 14 |         let ch = match qr.get_module(6, j) {
[INFO] [stdout]    |                           ^^^^^^^^^^ method not found in `QRCode`
[INFO] [stdout] 
[INFO] [stdout] 
[INFO] [stdout] For more information about this error, try `rustc --explain E0599`.
[INFO] [stdout] 
[INFO] [stdout] error[E0599]: no method named `debug_full_matrix` found for struct `QRCode` in the current scope
[INFO] [stdout]  --> tests/url_debug.rs:6:20
[INFO] [stdout]   |
[INFO] [stdout] 6 |     let debug = qr.debug_full_matrix();
[INFO] [stdout]   |                    ^^^^^^^^^^^^^^^^^ method not found in `QRCode`
[INFO] [stdout] 
[INFO] [stdout] 
[INFO] [stdout] For more information about this error, try `rustc --explain E0599`.
[INFO] [stdout] 
[INFO] [stdout] error[E0599]: no method named `get_module` found for struct `QRCode` in the current scope
[INFO] [stdout]   --> tests/check_timing.rs:16:24
[INFO] [stdout]    |
[INFO] [stdout] 16 |         if matches!(qr.get_module(6, i), tuv::Module::Timing(_)) { col6_count += 1; }
[INFO] [stdout]    |                        ^^^^^^^^^^ method not found in `QRCode`
[INFO] [stdout] 
[INFO] [stdout] 
[INFO] [stderr] error: could not compile `tuv` (test "debug_matrix") due to 1 previous error
[INFO] [stderr] warning: build failed, waiting for other jobs to finish...
[INFO] [stderr] error: could not compile `tuv` (test "check_col6") due to 2 previous errors
[INFO] [stdout] error[E0599]: no method named `get_module` found for struct `QRCode` in the current scope
[INFO] [stdout]   --> tests/check_timing.rs:26:27
[INFO] [stdout]    |
[INFO] [stdout] 26 |         let ch = match qr.get_module(i, 6) {
[INFO] [stdout]    |                           ^^^^^^^^^^ method not found in `QRCode`
[INFO] [stdout] 
[INFO] [stdout] 
[INFO] [stdout] For more information about this error, try `rustc --explain E0599`.
[INFO] [stdout] 
[INFO] [stderr] error: could not compile `tuv` (test "check_timing") due to 4 previous errors
[INFO] [stdout] error[E0599]: no method named `size` found for struct `QRCode` in the current scope
[INFO] [stdout]  --> tests/check_v1.rs:7:45
[INFO] [stdout]   |
[INFO] [stdout] 7 |     println!("Version (from size): {}", (qr.size() - 17) / 4);
[INFO] [stdout]   |                                             ^^^^ method not found in `QRCode`
[INFO] [stdout] 
[INFO] [stdout] 
[INFO] [stdout] error[E0599]: no method named `size` found for reference `&QRCode` in the current scope
[INFO] [stdout]   --> tests/encoding_trace.rs:13:12
[INFO] [stdout]    |
[INFO] [stdout] 13 |     (0..qr.size())
[INFO] [stdout]    |            ^^^^ method not found in `&QRCode`
[INFO] [stdout] 
[INFO] [stdout] 
[INFO] [stdout] error[E0599]: no method named `get_module` found for struct `QRCode` in the current scope
[INFO] [stdout]   --> tests/micro_scannable.rs:23:39
[INFO] [stdout]    |
[INFO] [stdout] 23 |         .filter(|&(x, y)| matches!(qr.get_module(x, y), Module::Finder(_)))
[INFO] [stdout]    |                                       ^^^^^^^^^^ method not found in `QRCode`
[INFO] [stdout] 
[INFO] [stdout] 
[INFO] [stdout] error[E0599]: no method named `size` found for struct `QRCode` in the current scope
[INFO] [stdout]  --> tests/url_debug.rs:8:19
[INFO] [stdout]   |
[INFO] [stdout] 8 |     assert_eq!(qr.size(), 21);
[INFO] [stdout]   |                   ^^^^ method not found in `QRCode`
[INFO] [stdout] 
[INFO] [stdout] 
[INFO] [stdout] For more information about this error, try `rustc --explain E0599`.
[INFO] [stdout] 
[INFO] [stdout] error[E0599]: no method named `get_module` found for reference `&QRCode` in the current scope
[INFO] [stdout]   --> tests/encoding_trace.rs:14:37
[INFO] [stdout]    |
[INFO] [stdout] 14 |         .map(|x| map_module_char(qr.get_module(x, y)))
[INFO] [stdout]    |                                     ^^^^^^^^^^ method not found in `&QRCode`
[INFO] [stdout] 
[INFO] [stdout] 
[INFO] [stdout] For more information about this error, try `rustc --explain E0599`.
[INFO] [stdout] 
[INFO] [stdout] error[E0599]: no method named `debug_full_matrix` found for struct `QRCode` in the current scope
[INFO] [stdout]  --> tests/check_v1.rs:8:25
[INFO] [stdout]   |
[INFO] [stdout] 8 |     println!("\n{}", qr.debug_full_matrix());
[INFO] [stdout]   |                         ^^^^^^^^^^^^^^^^^ method not found in `QRCode`
[INFO] [stdout] 
[INFO] [stdout] 
[INFO] [stderr] error: could not compile `tuv` (test "micro_scannable") due to 2 previous errors
[INFO] [stderr] error: could not compile `tuv` (test "url_debug") due to 2 previous errors
[INFO] [stdout] For more information about this error, try `rustc --explain E0599`.
[INFO] [stdout] 
[INFO] [stderr] error: could not compile `tuv` (test "check_v1") due to 3 previous errors
[INFO] [stdout] error[E0599]: no method named `debug_full_matrix` found for struct `QRCode` in the current scope
[INFO] [stdout]  --> tests/debug_a.rs:6:20
[INFO] [stdout]   |
[INFO] [stdout] 6 |     let debug = qr.debug_full_matrix();
[INFO] [stdout]   |                    ^^^^^^^^^^^^^^^^^ method not found in `QRCode`
[INFO] [stdout] 
[INFO] [stdout] 
[INFO] [stdout] error[E0599]: no method named `size` found for struct `QRCode` in the current scope
[INFO] [stdout]   --> tests/encoding_trace.rs:26:19
[INFO] [stdout]    |
[INFO] [stdout] 26 |     assert_eq!(qr.size(), 21);
[INFO] [stdout]    |                   ^^^^ method not found in `QRCode`
[INFO] [stdout] 
[INFO] [stdout] 
[INFO] [stdout] For more information about this error, try `rustc --explain E0599`.
[INFO] [stdout] 
[INFO] [stdout] error[E0599]: no method named `size` found for struct `QRCode` in the current scope
[INFO] [stdout]  --> tests/debug_a.rs:7:30
[INFO] [stdout]   |
[INFO] [stdout] 7 |     eprintln!("Size: {}", qr.size());
[INFO] [stdout]   |                              ^^^^ method not found in `QRCode`
[INFO] [stdout] 
[INFO] [stdout] 
[INFO] [stderr] error: could not compile `tuv` (test "encoding_trace") due to 3 previous errors
[INFO] [stdout] For more information about this error, try `rustc --explain E0599`.
[INFO] [stdout] 
[INFO] [stderr] error: could not compile `tuv` (test "debug_a") due to 2 previous errors
[INFO] running `Command { std: "docker" "inspect" "9b8db9fb81ff52c7386f0a95541a6a9909d1a8fbfa1bf6a0e10df447582e0eac", kill_on_drop: false }`
[INFO] running `Command { std: "docker" "rm" "-f" "9b8db9fb81ff52c7386f0a95541a6a9909d1a8fbfa1bf6a0e10df447582e0eac", kill_on_drop: false }`
[INFO] [stdout] 9b8db9fb81ff52c7386f0a95541a6a9909d1a8fbfa1bf6a0e10df447582e0eac
