[INFO] fetching crate turul-mcp-server 0.4.4...
[INFO] testing turul-mcp-server-0.4.4 against 1.99.0-beta.8+cargoflags=--release for beta-release-1.100-2
[INFO] extracting crate turul-mcp-server 0.4.4 into /workspace/builds/worker-1-tc1/source
[INFO] started tweaking crates.io crate turul-mcp-server 0.4.4
[INFO] removed 0 missing tests
[INFO] finished tweaking crates.io crate turul-mcp-server 0.4.4
[INFO] tweaked toml for crates.io crate turul-mcp-server 0.4.4 written to /workspace/builds/worker-1-tc1/source/Cargo.toml
[INFO] validating manifest of crates.io crate turul-mcp-server 0.4.4 on toolchain 1.99.0-beta.8
[INFO] running `Command { std: CARGO_HOME="/workspace/cargo-home" RUSTUP_HOME="/workspace/rustup-home" "/workspace/cargo-home/bin/cargo" "+1.99.0-beta.8" "metadata" "--manifest-path" "Cargo.toml" "--no-deps", kill_on_drop: false }`
[INFO] crate crates.io crate turul-mcp-server 0.4.4 already has a lockfile, it will not be regenerated
[INFO] running `Command { std: CARGO_HOME="/workspace/cargo-home" RUSTUP_HOME="/workspace/rustup-home" "/workspace/cargo-home/bin/cargo" "+1.99.0-beta.8" "fetch" "--manifest-path" "Cargo.toml", kill_on_drop: false }`
[INFO] [stderr]     Updating crates.io index
[INFO] [stderr]  Downloading crates ...
[INFO] [stderr]   Downloaded turul-mcp-task-storage v0.4.0
[INFO] [stderr]   Downloaded turul-mcp-protocol v0.4.0
[INFO] [stderr]   Downloaded aws-smithy-http-client v1.3.0
[INFO] [stderr]   Downloaded aws-smithy-types v1.6.2
[INFO] [stderr]   Downloaded aws-smithy-runtime v1.13.1
[INFO] [stderr]   Downloaded aws-sdk-dynamodb v1.120.0
[INFO] [stderr]   Downloaded turul-mcp-server-state-storage v0.4.0
[INFO] [stderr]   Downloaded turul-mcp-session-storage v0.4.0
[INFO] [stderr]   Downloaded referencing v0.49.9
[INFO] [stderr]   Downloaded turul-mcp-schema-validation v0.4.0
[INFO] [stderr]   Downloaded jsonschema v0.49.9
[INFO] [stderr]   Downloaded jsonschema-value v0.49.9
[INFO] [stderr]   Downloaded fancy-regex v0.19.0
[INFO] [stderr]   Downloaded jsonschema-regex v0.49.9
[INFO] [stderr]   Downloaded turul-jwt-validator v0.3.2
[INFO] [stderr]   Downloaded turul-mcp-oauth v0.4.0
[INFO] [stderr]   Downloaded turul-mcp-ext-tasks v0.1.3
[INFO] [stderr]   Downloaded turul-mcp-builders v0.4.0
[INFO] [stderr]   Downloaded turul-http-mcp-server v0.4.1
[INFO] running `Command { std: "docker" "create" "-v" "/var/lib/crater-agent-workspace/builds/worker-1-tc1/source:/opt/rustwide/workdir:ro,Z" "-v" "/var/lib/crater-agent-workspace/builds/worker-1-tc1/target:/opt/rustwide/target:rw,Z" "-v" "/var/lib/crater-agent-workspace/cargo-home:/opt/rustwide/cargo-home:ro,Z" "-v" "/var/lib/crater-agent-workspace/rustup-home:/opt/rustwide/rustup-home:ro,Z" "-m" "1610612736" "--network" "none" "ghcr.io/rust-lang/crates-build-env/linux@sha256:77db811e55d90add9212f6832c23229e3de5f1c1f9905e8cb07319ea15df73ac" "sleep" "infinity", kill_on_drop: false }`
[INFO] [stdout] a4b13a21f5fe590abf0e98f6d35fb06334b4f436cb1dd321ab77d655e3674800
[INFO] running `Command { std: "docker" "start" "a4b13a21f5fe590abf0e98f6d35fb06334b4f436cb1dd321ab77d655e3674800", kill_on_drop: false }`
[INFO] running `Command { std: "docker" "inspect" "a4b13a21f5fe590abf0e98f6d35fb06334b4f436cb1dd321ab77d655e3674800", kill_on_drop: false }`
[INFO] running `Command { std: "docker" "exec" "-e" "SOURCE_DIR=/opt/rustwide/workdir" "-e" "CARGO_HOME=/opt/rustwide/cargo-home" "-e" "RUSTUP_HOME=/opt/rustwide/rustup-home" "-e" "CARGO_TARGET_DIR=/opt/rustwide/target" "-w" "/opt/rustwide/workdir" "--user" "0:0" "a4b13a21f5fe590abf0e98f6d35fb06334b4f436cb1dd321ab77d655e3674800" "/opt/rustwide/cargo-home/bin/cargo" "+1.99.0-beta.8" "metadata" "--no-deps" "--format-version=1", kill_on_drop: false }`
[INFO] running `Command { std: "docker" "inspect" "a4b13a21f5fe590abf0e98f6d35fb06334b4f436cb1dd321ab77d655e3674800", kill_on_drop: false }`
[INFO] running `Command { std: "docker" "exec" "-e" "SOURCE_DIR=/opt/rustwide/workdir" "-e" "CARGO_HOME=/opt/rustwide/cargo-home" "-e" "RUSTUP_HOME=/opt/rustwide/rustup-home" "-e" "CARGO_TARGET_DIR=/opt/rustwide/target" "-e" "CARGO_INCREMENTAL=0" "-e" "RUST_BACKTRACE=full" "-e" "RUSTFLAGS=--cap-lints=warn" "-e" "RUSTDOCFLAGS=--cap-lints=warn" "-w" "/opt/rustwide/workdir" "--user" "0:0" "a4b13a21f5fe590abf0e98f6d35fb06334b4f436cb1dd321ab77d655e3674800" "/opt/rustwide/cargo-home/bin/cargo" "+1.99.0-beta.8" "build" "--frozen" "--message-format=json" "--release", kill_on_drop: false }`
[INFO] [stderr]    Compiling syn v3.0.3
[INFO] [stderr]    Compiling subtle v2.6.1
[INFO] [stderr]    Compiling generic-array v0.14.9
[INFO] [stderr]    Compiling serde_json v1.0.151
[INFO] [stderr]    Compiling find-msvc-tools v0.1.11
[INFO] [stderr]    Compiling der v0.7.10
[INFO] [stderr]    Compiling zerocopy v0.8.56
[INFO] [stderr]    Compiling hashbrown v0.17.1
[INFO] [stderr]    Compiling aws-lc-rs v1.18.0
[INFO] [stderr]    Compiling ref-cast v1.0.26
[INFO] [stderr]    Compiling hdrhistogram v7.6.0
[INFO] [stderr]    Compiling num-bigint-dig v0.8.6
[INFO] [stderr]    Compiling getrandom v0.3.4
[INFO] [stderr]    Compiling curve25519-dalek-derive v0.1.1
[INFO] [stderr]    Compiling rustls-native-certs v0.8.4
[INFO] [stderr]    Compiling regex-automata v0.4.18
[INFO] [stderr]    Compiling cc v1.4.3
[INFO] [stderr]    Compiling num v0.4.3
[INFO] [stderr]    Compiling borrow-or-share v0.2.4
[INFO] [stderr]    Compiling bit-vec v0.8.0
[INFO] [stderr]    Compiling ff v0.13.1
[INFO] [stderr]    Compiling unicode-general-category v1.1.0
[INFO] [stderr]    Compiling strum_macros v0.28.0
[INFO] [stderr]    Compiling fraction v0.15.4
[INFO] [stderr]    Compiling group v0.13.0
[INFO] [stderr]    Compiling uuid v1.24.0
[INFO] [stderr]    Compiling bit-set v0.8.0
[INFO] [stderr]    Compiling async-stream-impl v0.3.6
[INFO] [stderr]    Compiling bytecount v0.6.9
[INFO] [stderr]    Compiling vsimd v0.8.0
[INFO] [stderr]    Compiling crypto-common v0.1.6
[INFO] [stderr]    Compiling block-buffer v0.10.4
[INFO] [stderr]    Compiling crypto-bigint v0.5.5
[INFO] [stderr]    Compiling num-cmp v0.1.0
[INFO] [stderr]    Compiling digest v0.10.7
[INFO] [stderr]    Compiling hmac v0.12.1
[INFO] [stderr]    Compiling signature v2.2.0
[INFO] [stderr]    Compiling sha2 v0.10.9
[INFO] [stderr]    Compiling hkdf v0.12.4
[INFO] [stderr]    Compiling rfc6979 v0.4.0
[INFO] [stderr]    Compiling indexmap v2.14.0
[INFO] [stderr]    Compiling curve25519-dalek v4.1.3
[INFO] [stderr]    Compiling outref v0.5.2
[INFO] [stderr]    Compiling micromap v0.3.0
[INFO] [stderr]    Compiling async-stream v0.3.6
[INFO] [stderr]    Compiling uuid-simd v0.8.0
[INFO] [stderr]    Compiling jsonschema-regex v0.49.9
[INFO] [stderr]    Compiling cmake v0.1.58
[INFO] [stderr]    Compiling spki v0.7.3
[INFO] [stderr]    Compiling pkcs8 v0.10.2
[INFO] [stderr]    Compiling aws-lc-sys v0.44.0
[INFO] [stderr]    Compiling sec1 v0.7.3
[INFO] [stderr]    Compiling ed25519 v2.2.3
[INFO] [stderr]    Compiling pkcs1 v0.7.5
[INFO] [stderr]    Compiling ed25519-dalek v2.2.0
[INFO] [stderr]    Compiling strum v0.28.0
[INFO] [stderr]    Compiling elliptic-curve v0.13.8
[INFO] [stderr]    Compiling primeorder v0.13.6
[INFO] [stderr]    Compiling ecdsa v0.16.9
[INFO] [stderr]    Compiling serde_derive_internals v0.30.0
[INFO] [stderr]    Compiling p256 v0.13.2
[INFO] [stderr]    Compiling p384 v0.13.1
[INFO] [stderr]    Compiling serde_derive v1.0.229
[INFO] [stderr]    Compiling futures-macro v0.3.34
[INFO] [stderr]    Compiling zerovec-derive v0.11.4
[INFO] [stderr]    Compiling displaydoc v0.2.7
[INFO] [stderr]    Compiling thiserror-impl v2.0.20
[INFO] [stderr]    Compiling tokio-macros v2.7.2
[INFO] [stderr]    Compiling async-trait v0.1.92
[INFO] [stderr]    Compiling ref-cast-impl v1.0.26
[INFO] [stderr]    Compiling schemars_derive v1.2.2
[INFO] [stderr]    Compiling futures-util v0.3.34
[INFO] [stderr]    Compiling tokio v1.53.1
[INFO] [stderr]    Compiling zerotrie v0.2.5
[INFO] [stderr]    Compiling zerovec v0.11.7
[INFO] [stderr]    Compiling regex v1.13.1
[INFO] [stderr]    Compiling fancy-regex v0.19.0
[INFO] [stderr]    Compiling thiserror v2.0.20
[INFO] [stderr]    Compiling simple_asn1 v0.6.4
[INFO] [stderr]    Compiling ppv-lite86 v0.2.21
[INFO] [stderr]    Compiling tinystr v0.8.4
[INFO] [stderr]    Compiling potential_utf v0.1.6
[INFO] [stderr]    Compiling icu_collections v2.3.0
[INFO] [stderr]    Compiling icu_locale_core v2.3.0
[INFO] [stderr]    Compiling rand_chacha v0.3.1
[INFO] [stderr]    Compiling rand v0.8.7
[INFO] [stderr]    Compiling icu_provider v2.3.0
[INFO] [stderr]    Compiling serde v1.0.229
[INFO] [stderr]    Compiling icu_properties v2.3.0
[INFO] [stderr]    Compiling icu_normalizer v2.3.0
[INFO] [stderr]    Compiling turul-rpc-core v0.2.3
[INFO] [stderr]    Compiling ahash v0.8.12
[INFO] [stderr]    Compiling futures-executor v0.3.34
[INFO] [stderr]    Compiling fluent-uri v0.4.1
[INFO] [stderr]    Compiling chrono v0.4.45
[INFO] [stderr]    Compiling futures v0.3.34
[INFO] [stderr]    Compiling turul-rpc-jsonrpc v0.2.3
[INFO] [stderr]    Compiling jsonschema-value v0.49.9
[INFO] [stderr]    Compiling idna_adapter v1.2.2
[INFO] [stderr]    Compiling idna v1.1.0
[INFO] [stderr]    Compiling turul-rpc-server v0.2.3
[INFO] [stderr]    Compiling rsa v0.9.10
[INFO] [stderr]    Compiling referencing v0.49.9
[INFO] [stderr]    Compiling email_address v0.2.9
[INFO] [stderr]    Compiling schemars v1.2.2
[INFO] [stderr]    Compiling turul-rpc v0.2.3
[INFO] [stderr]    Compiling turul-mcp-protocol-2026-07-28 v0.4.0
[INFO] [stderr]    Compiling url v2.5.8
[INFO] [stderr]    Compiling jsonwebtoken v11.0.0
[INFO] [stderr]    Compiling tokio-util v0.7.19
[INFO] [stderr]    Compiling jsonschema v0.49.9
[INFO] [stderr]    Compiling h2 v0.4.15
[INFO] [stderr]    Compiling tower v0.5.3
[INFO] [stderr]    Compiling tokio-stream v0.1.19
[INFO] [stderr]    Compiling tower-http v0.6.11
[INFO] [stderr]    Compiling hyper v1.11.0
[INFO] [stderr]    Compiling turul-mcp-protocol v0.4.0
[INFO] [stderr]    Compiling turul-mcp-session-storage v0.4.0
[INFO] [stderr]    Compiling turul-mcp-builders v0.4.0
[INFO] [stderr]    Compiling hyper-util v0.1.20
[INFO] [stderr]    Compiling turul-mcp-schema-validation v0.4.0
[INFO] [stderr]    Compiling turul-http-mcp-server v0.4.1
[INFO] [stderr]    Compiling rustls v0.23.43
[INFO] [stderr]    Compiling rustls-webpki v0.103.14
[INFO] [stderr]    Compiling tokio-rustls v0.26.4
[INFO] [stderr]    Compiling rustls-platform-verifier v0.7.0
[INFO] [stderr]    Compiling hyper-rustls v0.27.9
[INFO] [stderr]    Compiling reqwest v0.13.4
[INFO] [stderr]    Compiling turul-jwt-validator v0.3.2
[INFO] [stderr]    Compiling turul-mcp-oauth v0.4.0
[INFO] [stderr]    Compiling turul-mcp-server v0.4.4 (/opt/rustwide/workdir)
[INFO] [stderr]     Finished `release` profile [optimized] target(s) in 4m 32s
[INFO] running `Command { std: "docker" "inspect" "a4b13a21f5fe590abf0e98f6d35fb06334b4f436cb1dd321ab77d655e3674800", kill_on_drop: false }`
[INFO] running `Command { std: "docker" "exec" "-e" "SOURCE_DIR=/opt/rustwide/workdir" "-e" "CARGO_HOME=/opt/rustwide/cargo-home" "-e" "RUSTUP_HOME=/opt/rustwide/rustup-home" "-e" "CARGO_TARGET_DIR=/opt/rustwide/target" "-e" "CARGO_INCREMENTAL=0" "-e" "RUST_BACKTRACE=full" "-e" "RUSTFLAGS=--cap-lints=warn" "-e" "RUSTDOCFLAGS=--cap-lints=warn" "-w" "/opt/rustwide/workdir" "--user" "0:0" "a4b13a21f5fe590abf0e98f6d35fb06334b4f436cb1dd321ab77d655e3674800" "/opt/rustwide/cargo-home/bin/cargo" "+1.99.0-beta.8" "test" "--frozen" "--no-run" "--message-format=json" "--release", kill_on_drop: false }`
[INFO] [stderr]    Compiling tokio v1.53.1
[INFO] [stderr]    Compiling tokio-util v0.7.19
[INFO] [stderr]    Compiling tokio-rustls v0.26.4
[INFO] [stderr]    Compiling turul-mcp-session-storage v0.4.0
[INFO] [stderr]    Compiling h2 v0.4.15
[INFO] [stderr]    Compiling tower v0.5.3
[INFO] [stderr]    Compiling tokio-stream v0.1.19
[INFO] [stderr]    Compiling tower-http v0.6.11
[INFO] [stderr]    Compiling hyper v1.11.0
[INFO] [stderr]    Compiling hyper-util v0.1.20
[INFO] [stderr]    Compiling hyper-rustls v0.27.9
[INFO] [stderr]    Compiling turul-http-mcp-server v0.4.1
[INFO] [stderr]    Compiling reqwest v0.13.4
[INFO] [stderr]    Compiling turul-jwt-validator v0.3.2
[INFO] [stderr]    Compiling turul-mcp-oauth v0.4.0
[INFO] [stderr]    Compiling turul-mcp-server v0.4.4 (/opt/rustwide/workdir)
[INFO] [stdout] error[E0432]: unresolved import `turul_mcp_derive`
[INFO] [stdout]   --> tests/stateless_2026_http_surface.rs:16:5
[INFO] [stdout]    |
[INFO] [stdout] 16 | use turul_mcp_derive::McpTool;
[INFO] [stdout]    |     ^^^^^^^^^^^^^^^^ use of unresolved module or unlinked crate `turul_mcp_derive`
[INFO] [stdout]    |
[INFO] [stdout] help: there is a crate or module with a similar name
[INFO] [stdout]    |
[INFO] [stdout] 16 - use turul_mcp_derive::McpTool;
[INFO] [stdout] 16 + use turul_mcp_server::McpTool;
[INFO] [stdout]    |
[INFO] [stdout] 
[INFO] [stdout] 
[INFO] [stdout] error[E0432]: unresolved import `turul_mcp_derive`
[INFO] [stdout]   --> tests/schema_fidelity_2026.rs:16:5
[INFO] [stdout]    |
[INFO] [stdout] 16 | use turul_mcp_derive::McpTool;
[INFO] [stdout]    |     ^^^^^^^^^^^^^^^^ use of unresolved module or unlinked crate `turul_mcp_derive`
[INFO] [stdout]    |
[INFO] [stdout] help: there is a crate or module with a similar name
[INFO] [stdout]    |
[INFO] [stdout] 16 - use turul_mcp_derive::McpTool;
[INFO] [stdout] 16 + use turul_mcp_server::McpTool;
[INFO] [stdout]    |
[INFO] [stdout] 
[INFO] [stdout] 
[INFO] [stdout] error[E0432]: unresolved import `turul_mcp_derive`
[INFO] [stdout]   --> tests/subscriptions_listen_2026.rs:22:5
[INFO] [stdout]    |
[INFO] [stdout] 22 | use turul_mcp_derive::McpTool;
[INFO] [stdout]    |     ^^^^^^^^^^^^^^^^ use of unresolved module or unlinked crate `turul_mcp_derive`
[INFO] [stdout]    |
[INFO] [stdout] help: there is a crate or module with a similar name
[INFO] [stdout]    |
[INFO] [stdout] 22 - use turul_mcp_derive::McpTool;
[INFO] [stdout] 22 + use turul_mcp_server::McpTool;
[INFO] [stdout]    |
[INFO] [stdout] 
[INFO] [stdout] 
[INFO] [stdout] error[E0432]: unresolved import `turul_mcp_derive`
[INFO] [stdout]   --> tests/wire_edges_2026.rs:14:5
[INFO] [stdout]    |
[INFO] [stdout] 14 | use turul_mcp_derive::McpTool;
[INFO] [stdout]    |     ^^^^^^^^^^^^^^^^ use of unresolved module or unlinked crate `turul_mcp_derive`
[INFO] [stdout]    |
[INFO] [stdout] help: there is a crate or module with a similar name
[INFO] [stdout]    |
[INFO] [stdout] 14 - use turul_mcp_derive::McpTool;
[INFO] [stdout] 14 + use turul_mcp_server::McpTool;
[INFO] [stdout]    |
[INFO] [stdout] 
[INFO] [stdout] 
[INFO] [stdout] error: cannot find attribute `tool` in this scope
[INFO] [stdout]   --> tests/stateless_2026_http_surface.rs:20:3
[INFO] [stdout]    |
[INFO] [stdout] 20 | #[tool(name = "echo", description = "Echo back the provided message", output = String)]
[INFO] [stdout]    |   ^^^^
[INFO] [stdout] 
[INFO] [stdout] 
[INFO] [stdout] error: cannot find attribute `tool` in this scope
[INFO] [stdout]   --> tests/schema_fidelity_2026.rs:42:3
[INFO] [stdout]    |
[INFO] [stdout] 42 | #[tool(name = "render", description = "Render a shape", output = RenderResult)]
[INFO] [stdout]    |   ^^^^
[INFO] [stdout] 
[INFO] [stdout] 
[INFO] [stdout] error: cannot find attribute `param` in this scope
[INFO] [stdout]   --> tests/stateless_2026_http_surface.rs:22:7
[INFO] [stdout]    |
[INFO] [stdout] 22 |     #[param(description = "Message to echo back")]
[INFO] [stdout]    |       ^^^^^
[INFO] [stdout] 
[INFO] [stdout] 
[INFO] [stdout] error: cannot find attribute `param` in this scope
[INFO] [stdout]   --> tests/schema_fidelity_2026.rs:44:7
[INFO] [stdout]    |
[INFO] [stdout] 44 |     #[param(description = "Shape to render")]
[INFO] [stdout]    |       ^^^^^
[INFO] [stdout] 
[INFO] [stdout] 
[INFO] [stdout] error: cannot find attribute `tool` in this scope
[INFO] [stdout]   --> tests/subscriptions_listen_2026.rs:27:3
[INFO] [stdout]    |
[INFO] [stdout] 27 | #[tool(name = "echo", description = "Echo back the provided message", output = String)]
[INFO] [stdout]    |   ^^^^
[INFO] [stdout] 
[INFO] [stdout] 
[INFO] [stdout] error: cannot find attribute `param` in this scope
[INFO] [stdout]   --> tests/schema_fidelity_2026.rs:46:7
[INFO] [stdout]    |
[INFO] [stdout] 46 |     #[param(description = "Drawing title")]
[INFO] [stdout]    |       ^^^^^
[INFO] [stdout] 
[INFO] [stdout] 
[INFO] [stdout] error: cannot find attribute `param` in this scope
[INFO] [stdout]   --> tests/subscriptions_listen_2026.rs:29:7
[INFO] [stdout]    |
[INFO] [stdout] 29 |     #[param(description = "Message to echo back")]
[INFO] [stdout]    |       ^^^^^
[INFO] [stdout] 
[INFO] [stdout] 
[INFO] [stdout] error: cannot find attribute `tool` in this scope
[INFO] [stdout]   --> tests/subscriptions_listen_2026.rs:43:3
[INFO] [stdout]    |
[INFO] [stdout] 43 | #[tool(name = "emit_changes", description = "Broadcast change notifications", output = String)]
[INFO] [stdout]    |   ^^^^
[INFO] [stdout] 
[INFO] [stdout] 
[INFO] [stdout] error: cannot find attribute `tool` in this scope
[INFO] [stdout]   --> tests/wire_edges_2026.rs:18:3
[INFO] [stdout]    |
[INFO] [stdout] 18 | #[tool(name = "alpha_tool", description = "First tool", output = String)]
[INFO] [stdout]    |   ^^^^
[INFO] [stdout] 
[INFO] [stdout] 
[INFO] [stdout] error: cannot find attribute `tool` in this scope
[INFO] [stdout]   --> tests/wire_edges_2026.rs:27:3
[INFO] [stdout]    |
[INFO] [stdout] 27 | #[tool(name = "beta_tool", description = "Second tool", output = String)]
[INFO] [stdout]    |   ^^^^
[INFO] [stdout] 
[INFO] [stdout] 
[INFO] [stdout] error: cannot find attribute `tool` in this scope
[INFO] [stdout]   --> tests/wire_edges_2026.rs:36:3
[INFO] [stdout]    |
[INFO] [stdout] 36 | #[tool(name = "gamma_tool", description = "Third tool", output = String)]
[INFO] [stdout]    |   ^^^^
[INFO] [stdout] 
[INFO] [stdout] 
[INFO] [stdout] error[E0277]: the trait bound `EchoTool: McpTool` is not satisfied
[INFO] [stdout]    --> tests/stateless_2026_http_surface.rs:41:15
[INFO] [stdout]     |
[INFO] [stdout]  41 |         .tool(EchoTool::default())
[INFO] [stdout]     |          ---- ^^^^^^^^^^^^^^^^^^^ unsatisfied trait bound
[INFO] [stdout]     |          |
[INFO] [stdout]     |          required by a bound introduced by this call
[INFO] [stdout]     |
[INFO] [stdout] help: the trait `McpTool` is not implemented for `EchoTool`
[INFO] [stdout]    --> tests/stateless_2026_http_surface.rs:21:1
[INFO] [stdout]     |
[INFO] [stdout]  21 | struct EchoTool {
[INFO] [stdout]     | ^^^^^^^^^^^^^^^
[INFO] [stdout] help: the trait `McpTool` is implemented for `DynamicTool`
[INFO] [stdout]    --> src/lib.rs:290:1
[INFO] [stdout]     |
[INFO] [stdout] 290 | impl McpTool for DynamicTool {
[INFO] [stdout]     | ^^^^^^^^^^^^^^^^^^^^^^^^^^^^
[INFO] [stdout] note: required by a bound in `McpServerBuilder::tool`
[INFO] [stdout]    --> src/builder.rs:430:20
[INFO] [stdout]     |
[INFO] [stdout] 430 |     pub fn tool<T: McpTool + 'static>(mut self, tool: T) -> Self {
[INFO] [stdout]     |                    ^^^^^^^ required by this bound in `McpServerBuilder::tool`
[INFO] [stdout] 
[INFO] [stdout] 
[INFO] [stdout] error[E0277]: the trait bound `RenderTool: McpTool` is not satisfied
[INFO] [stdout]    --> tests/schema_fidelity_2026.rs:71:15
[INFO] [stdout]     |
[INFO] [stdout]  71 |         .tool(RenderTool::default())
[INFO] [stdout]     |          ---- ^^^^^^^^^^^^^^^^^^^^^ unsatisfied trait bound
[INFO] [stdout]     |          |
[INFO] [stdout]     |          required by a bound introduced by this call
[INFO] [stdout]     |
[INFO] [stdout] help: the trait `McpTool` is not implemented for `RenderTool`
[INFO] [stdout]    --> tests/schema_fidelity_2026.rs:43:1
[INFO] [stdout]     |
[INFO] [stdout]  43 | struct RenderTool {
[INFO] [stdout]     | ^^^^^^^^^^^^^^^^^
[INFO] [stdout] help: the trait `McpTool` is implemented for `DynamicTool`
[INFO] [stdout]    --> src/lib.rs:290:1
[INFO] [stdout]     |
[INFO] [stdout] 290 | impl McpTool for DynamicTool {
[INFO] [stdout]     | ^^^^^^^^^^^^^^^^^^^^^^^^^^^^
[INFO] [stdout] note: required by a bound in `McpServerBuilder::tool`
[INFO] [stdout]    --> src/builder.rs:430:20
[INFO] [stdout]     |
[INFO] [stdout] 430 |     pub fn tool<T: McpTool + 'static>(mut self, tool: T) -> Self {
[INFO] [stdout]     |                    ^^^^^^^ required by this bound in `McpServerBuilder::tool`
[INFO] [stdout] 
[INFO] [stdout] 
[INFO] [stdout] error[E0277]: the trait bound `EchoTool: McpTool` is not satisfied
[INFO] [stdout]    --> tests/subscriptions_listen_2026.rs:117:15
[INFO] [stdout]     |
[INFO] [stdout] 117 |         .tool(EchoTool::default())
[INFO] [stdout]     |          ---- ^^^^^^^^^^^^^^^^^^^ unsatisfied trait bound
[INFO] [stdout]     |          |
[INFO] [stdout]     |          required by a bound introduced by this call
[INFO] [stdout]     |
[INFO] [stdout] help: the trait `McpTool` is not implemented for `EchoTool`
[INFO] [stdout]    --> tests/subscriptions_listen_2026.rs:28:1
[INFO] [stdout]     |
[INFO] [stdout]  28 | struct EchoTool {
[INFO] [stdout]     | ^^^^^^^^^^^^^^^
[INFO] [stdout] help: the trait `McpTool` is implemented for `DynamicTool`
[INFO] [stdout]    --> src/lib.rs:290:1
[INFO] [stdout]     |
[INFO] [stdout] 290 | impl McpTool for DynamicTool {
[INFO] [stdout]     | ^^^^^^^^^^^^^^^^^^^^^^^^^^^^
[INFO] [stdout] note: required by a bound in `McpServerBuilder::tool`
[INFO] [stdout]    --> src/builder.rs:430:20
[INFO] [stdout]     |
[INFO] [stdout] 430 |     pub fn tool<T: McpTool + 'static>(mut self, tool: T) -> Self {
[INFO] [stdout]     |                    ^^^^^^^ required by this bound in `McpServerBuilder::tool`
[INFO] [stdout] 
[INFO] [stdout] 
[INFO] [stdout] error[E0277]: the trait bound `EmitChangesTool: McpTool` is not satisfied
[INFO] [stdout]    --> tests/subscriptions_listen_2026.rs:118:15
[INFO] [stdout]     |
[INFO] [stdout] 118 |         .tool(EmitChangesTool::default())
[INFO] [stdout]     |          ---- ^^^^^^^^^^^^^^^^^^^^^^^^^^ unsatisfied trait bound
[INFO] [stdout]     |          |
[INFO] [stdout]     |          required by a bound introduced by this call
[INFO] [stdout]     |
[INFO] [stdout] help: the trait `McpTool` is not implemented for `EmitChangesTool`
[INFO] [stdout]    --> tests/subscriptions_listen_2026.rs:44:1
[INFO] [stdout]     |
[INFO] [stdout]  44 | struct EmitChangesTool {}
[INFO] [stdout]     | ^^^^^^^^^^^^^^^^^^^^^^
[INFO] [stdout] help: the trait `McpTool` is implemented for `DynamicTool`
[INFO] [stdout]    --> src/lib.rs:290:1
[INFO] [stdout]     |
[INFO] [stdout] 290 | impl McpTool for DynamicTool {
[INFO] [stdout]     | ^^^^^^^^^^^^^^^^^^^^^^^^^^^^
[INFO] [stdout] note: required by a bound in `McpServerBuilder::tool`
[INFO] [stdout]    --> src/builder.rs:430:20
[INFO] [stdout]     |
[INFO] [stdout] 430 |     pub fn tool<T: McpTool + 'static>(mut self, tool: T) -> Self {
[INFO] [stdout]     |                    ^^^^^^^ required by this bound in `McpServerBuilder::tool`
[INFO] [stdout] 
[INFO] [stdout] 
[INFO] [stdout] Some errors have detailed explanations: E0277, E0432.
[INFO] [stdout] 
[INFO] [stdout] For more information about an error, try `rustc --explain E0277`.
[INFO] [stdout] 
[INFO] [stdout] Some errors have detailed explanations: E0277, E0432.
[INFO] [stdout] 
[INFO] [stdout] For more information about an error, try `rustc --explain E0277`.
[INFO] [stdout] 
[INFO] [stderr] error: could not compile `turul-mcp-server` (test "schema_fidelity_2026") due to 5 previous errors
[INFO] [stderr] warning: build failed, waiting for other jobs to finish...
[INFO] [stderr] error: could not compile `turul-mcp-server` (test "stateless_2026_http_surface") due to 4 previous errors
[INFO] [stdout] error[E0277]: the trait bound `AlphaTool: McpTool` is not satisfied
[INFO] [stdout]    --> tests/wire_edges_2026.rs:149:15
[INFO] [stdout]     |
[INFO] [stdout] 149 |         .tool(AlphaTool::default())
[INFO] [stdout]     |          ---- ^^^^^^^^^^^^^^^^^^^^ unsatisfied trait bound
[INFO] [stdout]     |          |
[INFO] [stdout]     |          required by a bound introduced by this call
[INFO] [stdout]     |
[INFO] [stdout] help: the trait `McpTool` is not implemented for `AlphaTool`
[INFO] [stdout]    --> tests/wire_edges_2026.rs:19:1
[INFO] [stdout]     |
[INFO] [stdout]  19 | struct AlphaTool {}
[INFO] [stdout]     | ^^^^^^^^^^^^^^^^
[INFO] [stdout] help: the trait `McpTool` is implemented for `DynamicTool`
[INFO] [stdout]    --> src/lib.rs:290:1
[INFO] [stdout]     |
[INFO] [stdout] 290 | impl McpTool for DynamicTool {
[INFO] [stdout]     | ^^^^^^^^^^^^^^^^^^^^^^^^^^^^
[INFO] [stdout] note: required by a bound in `McpServerBuilder::tool`
[INFO] [stdout]    --> src/builder.rs:430:20
[INFO] [stdout]     |
[INFO] [stdout] 430 |     pub fn tool<T: McpTool + 'static>(mut self, tool: T) -> Self {
[INFO] [stdout]     |                    ^^^^^^^ required by this bound in `McpServerBuilder::tool`
[INFO] [stdout] 
[INFO] [stdout] 
[INFO] [stdout] error[E0277]: the trait bound `BetaTool: McpTool` is not satisfied
[INFO] [stdout]    --> tests/wire_edges_2026.rs:150:15
[INFO] [stdout]     |
[INFO] [stdout] 150 |         .tool(BetaTool::default())
[INFO] [stdout]     |          ---- ^^^^^^^^^^^^^^^^^^^ unsatisfied trait bound
[INFO] [stdout]     |          |
[INFO] [stdout]     |          required by a bound introduced by this call
[INFO] [stdout]     |
[INFO] [stdout] help: the trait `McpTool` is not implemented for `BetaTool`
[INFO] [stdout]    --> tests/wire_edges_2026.rs:28:1
[INFO] [stdout]     |
[INFO] [stdout]  28 | struct BetaTool {}
[INFO] [stdout]     | ^^^^^^^^^^^^^^^
[INFO] [stdout] help: the trait `McpTool` is implemented for `DynamicTool`
[INFO] [stdout]    --> src/lib.rs:290:1
[INFO] [stdout]     |
[INFO] [stdout] 290 | impl McpTool for DynamicTool {
[INFO] [stdout]     | ^^^^^^^^^^^^^^^^^^^^^^^^^^^^
[INFO] [stdout] note: required by a bound in `McpServerBuilder::tool`
[INFO] [stdout]    --> src/builder.rs:430:20
[INFO] [stdout]     |
[INFO] [stdout] 430 |     pub fn tool<T: McpTool + 'static>(mut self, tool: T) -> Self {
[INFO] [stdout]     |                    ^^^^^^^ required by this bound in `McpServerBuilder::tool`
[INFO] [stdout] 
[INFO] [stdout] 
[INFO] [stdout] error[E0277]: the trait bound `GammaTool: McpTool` is not satisfied
[INFO] [stdout]    --> tests/wire_edges_2026.rs:151:15
[INFO] [stdout]     |
[INFO] [stdout] 151 |         .tool(GammaTool::default())
[INFO] [stdout]     |          ---- ^^^^^^^^^^^^^^^^^^^^ unsatisfied trait bound
[INFO] [stdout]     |          |
[INFO] [stdout]     |          required by a bound introduced by this call
[INFO] [stdout]     |
[INFO] [stdout] help: the trait `McpTool` is not implemented for `GammaTool`
[INFO] [stdout]    --> tests/wire_edges_2026.rs:37:1
[INFO] [stdout]     |
[INFO] [stdout]  37 | struct GammaTool {}
[INFO] [stdout]     | ^^^^^^^^^^^^^^^^
[INFO] [stdout] help: the trait `McpTool` is implemented for `DynamicTool`
[INFO] [stdout]    --> src/lib.rs:290:1
[INFO] [stdout]     |
[INFO] [stdout] 290 | impl McpTool for DynamicTool {
[INFO] [stdout]     | ^^^^^^^^^^^^^^^^^^^^^^^^^^^^
[INFO] [stdout] note: required by a bound in `McpServerBuilder::tool`
[INFO] [stdout]    --> src/builder.rs:430:20
[INFO] [stdout]     |
[INFO] [stdout] 430 |     pub fn tool<T: McpTool + 'static>(mut self, tool: T) -> Self {
[INFO] [stdout]     |                    ^^^^^^^ required by this bound in `McpServerBuilder::tool`
[INFO] [stdout] 
[INFO] [stdout] 
[INFO] [stdout] error[E0277]: the trait bound `EchoTool: McpTool` is not satisfied
[INFO] [stdout]    --> tests/subscriptions_listen_2026.rs:368:15
[INFO] [stdout]     |
[INFO] [stdout] 368 |         .tool(EchoTool::default())
[INFO] [stdout]     |          ---- ^^^^^^^^^^^^^^^^^^^ unsatisfied trait bound
[INFO] [stdout]     |          |
[INFO] [stdout]     |          required by a bound introduced by this call
[INFO] [stdout]     |
[INFO] [stdout] help: the trait `McpTool` is not implemented for `EchoTool`
[INFO] [stdout]    --> tests/subscriptions_listen_2026.rs:28:1
[INFO] [stdout]     |
[INFO] [stdout]  28 | struct EchoTool {
[INFO] [stdout]     | ^^^^^^^^^^^^^^^
[INFO] [stdout] help: the trait `McpTool` is implemented for `DynamicTool`
[INFO] [stdout]    --> src/lib.rs:290:1
[INFO] [stdout]     |
[INFO] [stdout] 290 | impl McpTool for DynamicTool {
[INFO] [stdout]     | ^^^^^^^^^^^^^^^^^^^^^^^^^^^^
[INFO] [stdout] note: required by a bound in `McpServerBuilder::tool`
[INFO] [stdout]    --> src/builder.rs:430:20
[INFO] [stdout]     |
[INFO] [stdout] 430 |     pub fn tool<T: McpTool + 'static>(mut self, tool: T) -> Self {
[INFO] [stdout]     |                    ^^^^^^^ required by this bound in `McpServerBuilder::tool`
[INFO] [stdout] 
[INFO] [stdout] 
[INFO] [stdout] Some errors have detailed explanations: E0277, E0432.
[INFO] [stdout] 
[INFO] [stdout] For more information about an error, try `rustc --explain E0277`.
[INFO] [stdout] 
[INFO] [stderr] error: could not compile `turul-mcp-server` (test "subscriptions_listen_2026") due to 7 previous errors
[INFO] [stdout] Some errors have detailed explanations: E0277, E0432.
[INFO] [stdout] 
[INFO] [stdout] For more information about an error, try `rustc --explain E0277`.
[INFO] [stdout] 
[INFO] [stderr] error: could not compile `turul-mcp-server` (test "wire_edges_2026") due to 7 previous errors
[INFO] running `Command { std: "docker" "inspect" "a4b13a21f5fe590abf0e98f6d35fb06334b4f436cb1dd321ab77d655e3674800", kill_on_drop: false }`
[INFO] running `Command { std: "docker" "rm" "-f" "a4b13a21f5fe590abf0e98f6d35fb06334b4f436cb1dd321ab77d655e3674800", kill_on_drop: false }`
[INFO] [stdout] a4b13a21f5fe590abf0e98f6d35fb06334b4f436cb1dd321ab77d655e3674800
