[INFO] fetching crate turn-client-rustls 0.1.2...
[INFO] testing turn-client-rustls-0.1.2 against 1.100.0-beta.1+cargoflags=--release for beta-release-1.100-2
[INFO] extracting crate turn-client-rustls 0.1.2 into /workspace/builds/worker-0-tc2/source
[INFO] started tweaking crates.io crate turn-client-rustls 0.1.2
[INFO] removed 0 missing tests
[INFO] finished tweaking crates.io crate turn-client-rustls 0.1.2
[INFO] tweaked toml for crates.io crate turn-client-rustls 0.1.2 written to /workspace/builds/worker-0-tc2/source/Cargo.toml
[INFO] validating manifest of crates.io crate turn-client-rustls 0.1.2 on toolchain 1.100.0-beta.1
[INFO] running `Command { std: CARGO_HOME="/workspace/cargo-home" RUSTUP_HOME="/workspace/rustup-home" "/workspace/cargo-home/bin/cargo" "+1.100.0-beta.1" "metadata" "--manifest-path" "Cargo.toml" "--no-deps", kill_on_drop: false }`
[INFO] crate crates.io crate turn-client-rustls 0.1.2 already has a lockfile, it will not be regenerated
[INFO] running `Command { std: CARGO_HOME="/workspace/cargo-home" RUSTUP_HOME="/workspace/rustup-home" "/workspace/cargo-home/bin/cargo" "+1.100.0-beta.1" "fetch" "--manifest-path" "Cargo.toml", kill_on_drop: false }`
[INFO] running `Command { std: "docker" "create" "-v" "/var/lib/crater-agent-workspace/builds/worker-0-tc2/source:/opt/rustwide/workdir:ro,Z" "-v" "/var/lib/crater-agent-workspace/builds/worker-0-tc2/target:/opt/rustwide/target:rw,Z" "-v" "/var/lib/crater-agent-workspace/cargo-home:/opt/rustwide/cargo-home:ro,Z" "-v" "/var/lib/crater-agent-workspace/rustup-home:/opt/rustwide/rustup-home:ro,Z" "-m" "1610612736" "--network" "none" "ghcr.io/rust-lang/crates-build-env/linux@sha256:77db811e55d90add9212f6832c23229e3de5f1c1f9905e8cb07319ea15df73ac" "sleep" "infinity", kill_on_drop: false }`
[INFO] [stdout] 46f7da0505be4bcab0a29549ec8283605282b0b29e104342c067d8200a748fcf
[INFO] running `Command { std: "docker" "start" "46f7da0505be4bcab0a29549ec8283605282b0b29e104342c067d8200a748fcf", kill_on_drop: false }`
[INFO] running `Command { std: "docker" "inspect" "46f7da0505be4bcab0a29549ec8283605282b0b29e104342c067d8200a748fcf", kill_on_drop: false }`
[INFO] running `Command { std: "docker" "exec" "-e" "SOURCE_DIR=/opt/rustwide/workdir" "-e" "CARGO_HOME=/opt/rustwide/cargo-home" "-e" "RUSTUP_HOME=/opt/rustwide/rustup-home" "-e" "CARGO_TARGET_DIR=/opt/rustwide/target" "-w" "/opt/rustwide/workdir" "--user" "0:0" "46f7da0505be4bcab0a29549ec8283605282b0b29e104342c067d8200a748fcf" "/opt/rustwide/cargo-home/bin/cargo" "+1.100.0-beta.1" "metadata" "--no-deps" "--format-version=1", kill_on_drop: false }`
[INFO] running `Command { std: "docker" "inspect" "46f7da0505be4bcab0a29549ec8283605282b0b29e104342c067d8200a748fcf", kill_on_drop: false }`
[INFO] running `Command { std: "docker" "exec" "-e" "SOURCE_DIR=/opt/rustwide/workdir" "-e" "CARGO_HOME=/opt/rustwide/cargo-home" "-e" "RUSTUP_HOME=/opt/rustwide/rustup-home" "-e" "CARGO_TARGET_DIR=/opt/rustwide/target" "-e" "CARGO_INCREMENTAL=0" "-e" "RUST_BACKTRACE=full" "-e" "RUSTFLAGS=--cap-lints=warn" "-e" "RUSTDOCFLAGS=--cap-lints=warn" "-w" "/opt/rustwide/workdir" "--user" "0:0" "46f7da0505be4bcab0a29549ec8283605282b0b29e104342c067d8200a748fcf" "/opt/rustwide/cargo-home/bin/cargo" "+1.100.0-beta.1" "build" "--frozen" "--message-format=json" "--release", kill_on_drop: false }`
[INFO] [stderr]    Compiling libc v0.2.190
[INFO] [stderr]    Compiling zerocopy v0.8.60
[INFO] [stderr]    Compiling thiserror v2.0.21
[INFO] [stderr]    Compiling tracing-core v0.1.36
[INFO] [stderr]    Compiling crc-catalog v2.5.0
[INFO] [stderr]    Compiling crypto-common v0.1.7
[INFO] [stderr]    Compiling syn v2.0.119
[INFO] [stderr]    Compiling syn v3.0.6
[INFO] [stderr]    Compiling digest v0.10.7
[INFO] [stderr]    Compiling crc v3.3.0
[INFO] [stderr]    Compiling smallvec v1.16.2
[INFO] [stderr]    Compiling sha1 v0.10.7
[INFO] [stderr]    Compiling md-5 v0.10.6
[INFO] [stderr]    Compiling hmac v0.12.1
[INFO] [stderr]    Compiling sha2 v0.10.9
[INFO] [stderr]    Compiling siphasher v1.0.4
[INFO] [stderr]    Compiling sans-io-time v0.2.0
[INFO] [stderr]    Compiling rustls-pki-types v1.15.1
[INFO] [stderr]    Compiling rustls v0.23.45
[INFO] [stderr]    Compiling rustls-webpki v0.103.15
[INFO] [stderr]    Compiling getrandom v0.3.4
[INFO] [stderr]    Compiling rand_core v0.9.5
[INFO] [stderr]    Compiling thiserror-impl v2.0.21
[INFO] [stderr]    Compiling tracing-attributes v0.1.31
[INFO] [stderr]    Compiling ppv-lite86 v0.2.21
[INFO] [stderr]    Compiling rand_chacha v0.9.0
[INFO] [stderr]    Compiling tracing v0.1.44
[INFO] [stderr]    Compiling rand v0.9.5
[INFO] [stderr]    Compiling stun-types v2.0.3
[INFO] [stderr]    Compiling stun-proto v2.0.3
[INFO] [stderr]    Compiling turn-types v0.7.3
[INFO] [stderr]    Compiling turn-client-proto v0.7.3
[INFO] [stderr]    Compiling turn-client-rustls v0.1.2 (/opt/rustwide/workdir)
[INFO] [stderr]     Finished `release` profile [optimized] target(s) in 59.20s
[INFO] running `Command { std: "docker" "inspect" "46f7da0505be4bcab0a29549ec8283605282b0b29e104342c067d8200a748fcf", kill_on_drop: false }`
[INFO] running `Command { std: "docker" "exec" "-e" "SOURCE_DIR=/opt/rustwide/workdir" "-e" "CARGO_HOME=/opt/rustwide/cargo-home" "-e" "RUSTUP_HOME=/opt/rustwide/rustup-home" "-e" "CARGO_TARGET_DIR=/opt/rustwide/target" "-e" "CARGO_INCREMENTAL=0" "-e" "RUST_BACKTRACE=full" "-e" "RUSTFLAGS=--cap-lints=warn" "-e" "RUSTDOCFLAGS=--cap-lints=warn" "-w" "/opt/rustwide/workdir" "--user" "0:0" "46f7da0505be4bcab0a29549ec8283605282b0b29e104342c067d8200a748fcf" "/opt/rustwide/cargo-home/bin/cargo" "+1.100.0-beta.1" "test" "--frozen" "--no-run" "--message-format=json" "--release", kill_on_drop: false }`
[INFO] [stderr]    Compiling ring v0.17.14
[INFO] [stderr]    Compiling getrandom v0.2.17
[INFO] [stderr]    Compiling tracing v0.1.44
[INFO] [stderr]    Compiling rustls v0.23.45
[INFO] [stderr]    Compiling powerfmt v0.2.1
[INFO] [stderr]    Compiling rustls-native-certs v0.8.4
[INFO] [stderr]    Compiling tracing-log v0.2.0
[INFO] [stderr]    Compiling deranged v0.4.0
[INFO] [stderr]    Compiling tracing-subscriber v0.3.23
[INFO] [stderr]    Compiling stun-types v2.0.3
[INFO] [stderr]    Compiling time v0.3.41
[INFO] [stderr]    Compiling stun-proto v2.0.3
[INFO] [stderr]    Compiling yasna v0.5.2
[INFO] [stderr]    Compiling turn-types v0.7.3
[INFO] [stderr]    Compiling turn-client-proto v0.7.3
[INFO] [stderr]    Compiling rustls-webpki v0.103.15
[INFO] [stderr]    Compiling rcgen v0.14.7
[INFO] [stderr]    Compiling rustls-platform-verifier v0.6.2
[INFO] [stderr]    Compiling turn-client-rustls v0.1.2 (/opt/rustwide/workdir)
[INFO] [stdout] error[E0433]: cannot find module or crate `turn_server_rustls` in this scope
[INFO] [stdout]   --> tests/rustls.rs:29:5
[INFO] [stdout]    |
[INFO] [stdout] 29 | use turn_server_rustls::api::{TurnServerApi, TurnServerPollRet};
[INFO] [stdout]    |     ^^^^^^^^^^^^^^^^^^ use of unresolved module or unlinked crate `turn_server_rustls`
[INFO] [stdout]    |
[INFO] [stdout] help: there is a crate or module with a similar name
[INFO] [stdout]    |
[INFO] [stdout] 29 - use turn_server_rustls::api::{TurnServerApi, TurnServerPollRet};
[INFO] [stdout] 29 + use turn_client_rustls::api::{TurnServerApi, TurnServerPollRet};
[INFO] [stdout]    |
[INFO] [stdout] 
[INFO] [stdout] 
[INFO] [stdout] error[E0432]: unresolved import `api_tests`
[INFO] [stdout]   --> tests/rustls.rs:34:5
[INFO] [stdout]    |
[INFO] [stdout] 34 | use api_tests::*;
[INFO] [stdout]    |     ^^^^^^^^^ use of unresolved module or unlinked crate `api_tests`
[INFO] [stdout]    |
[INFO] [stdout]    = help: if you wanted to use a crate named `api_tests`, use `cargo add api_tests` to add it to your `Cargo.toml`
[INFO] [stdout] 
[INFO] [stdout] 
[INFO] [stdout] error[E0432]: unresolved import `turn_server_rustls`
[INFO] [stdout]   --> tests/rustls.rs:30:5
[INFO] [stdout]    |
[INFO] [stdout] 30 | use turn_server_rustls::RustlsTurnServer;
[INFO] [stdout]    |     ^^^^^^^^^^^^^^^^^^ use of unresolved module or unlinked crate `turn_server_rustls`
[INFO] [stdout]    |
[INFO] [stdout] help: there is a crate or module with a similar name
[INFO] [stdout]    |
[INFO] [stdout] 30 - use turn_server_rustls::RustlsTurnServer;
[INFO] [stdout] 30 + use turn_client_rustls::RustlsTurnServer;
[INFO] [stdout]    |
[INFO] [stdout] 
[INFO] [stdout] 
[INFO] [stdout] Some errors have detailed explanations: E0432, E0433.
[INFO] [stdout] 
[INFO] [stderr] error: could not compile `turn-client-rustls` (test "rustls") due to 3 previous errors
[INFO] [stdout] For more information about an error, try `rustc --explain E0432`.
[INFO] [stdout] 
[INFO] [stderr] warning: build failed, waiting for other jobs to finish...
[INFO] running `Command { std: "docker" "inspect" "46f7da0505be4bcab0a29549ec8283605282b0b29e104342c067d8200a748fcf", kill_on_drop: false }`
[INFO] running `Command { std: "docker" "rm" "-f" "46f7da0505be4bcab0a29549ec8283605282b0b29e104342c067d8200a748fcf", kill_on_drop: false }`
[INFO] [stdout] 46f7da0505be4bcab0a29549ec8283605282b0b29e104342c067d8200a748fcf
