[INFO] fetching crate turn-client-openssl 0.1.2...
[INFO] testing turn-client-openssl-0.1.2 against 1.100.0-beta.1+cargoflags=--release for beta-release-1.100-2
[INFO] extracting crate turn-client-openssl 0.1.2 into /workspace/builds/worker-0-tc2/source
[INFO] started tweaking crates.io crate turn-client-openssl 0.1.2
[INFO] removed 0 missing tests
[INFO] finished tweaking crates.io crate turn-client-openssl 0.1.2
[INFO] tweaked toml for crates.io crate turn-client-openssl 0.1.2 written to /workspace/builds/worker-0-tc2/source/Cargo.toml
[INFO] validating manifest of crates.io crate turn-client-openssl 0.1.2 on toolchain 1.100.0-beta.1
[INFO] running `Command { std: CARGO_HOME="/workspace/cargo-home" RUSTUP_HOME="/workspace/rustup-home" "/workspace/cargo-home/bin/cargo" "+1.100.0-beta.1" "metadata" "--manifest-path" "Cargo.toml" "--no-deps", kill_on_drop: false }`
[INFO] crate crates.io crate turn-client-openssl 0.1.2 already has a lockfile, it will not be regenerated
[INFO] running `Command { std: CARGO_HOME="/workspace/cargo-home" RUSTUP_HOME="/workspace/rustup-home" "/workspace/cargo-home/bin/cargo" "+1.100.0-beta.1" "fetch" "--manifest-path" "Cargo.toml", kill_on_drop: false }`
[INFO] [stderr]     Blocking waiting for file lock on package cache
[INFO] running `Command { std: "docker" "create" "-v" "/var/lib/crater-agent-workspace/builds/worker-0-tc2/source:/opt/rustwide/workdir:ro,Z" "-v" "/var/lib/crater-agent-workspace/builds/worker-0-tc2/target:/opt/rustwide/target:rw,Z" "-v" "/var/lib/crater-agent-workspace/cargo-home:/opt/rustwide/cargo-home:ro,Z" "-v" "/var/lib/crater-agent-workspace/rustup-home:/opt/rustwide/rustup-home:ro,Z" "-m" "1610612736" "--network" "none" "ghcr.io/rust-lang/crates-build-env/linux@sha256:77db811e55d90add9212f6832c23229e3de5f1c1f9905e8cb07319ea15df73ac" "sleep" "infinity", kill_on_drop: false }`
[INFO] [stdout] 0ffd9d0acdc2dbeeb1b712503c8826e08041416f26d0f3fd634ef0965d03d71f
[INFO] running `Command { std: "docker" "start" "0ffd9d0acdc2dbeeb1b712503c8826e08041416f26d0f3fd634ef0965d03d71f", kill_on_drop: false }`
[INFO] running `Command { std: "docker" "inspect" "0ffd9d0acdc2dbeeb1b712503c8826e08041416f26d0f3fd634ef0965d03d71f", kill_on_drop: false }`
[INFO] running `Command { std: "docker" "exec" "-e" "SOURCE_DIR=/opt/rustwide/workdir" "-e" "CARGO_HOME=/opt/rustwide/cargo-home" "-e" "RUSTUP_HOME=/opt/rustwide/rustup-home" "-e" "CARGO_TARGET_DIR=/opt/rustwide/target" "-w" "/opt/rustwide/workdir" "--user" "0:0" "0ffd9d0acdc2dbeeb1b712503c8826e08041416f26d0f3fd634ef0965d03d71f" "/opt/rustwide/cargo-home/bin/cargo" "+1.100.0-beta.1" "metadata" "--no-deps" "--format-version=1", kill_on_drop: false }`
[INFO] running `Command { std: "docker" "inspect" "0ffd9d0acdc2dbeeb1b712503c8826e08041416f26d0f3fd634ef0965d03d71f", kill_on_drop: false }`
[INFO] running `Command { std: "docker" "exec" "-e" "SOURCE_DIR=/opt/rustwide/workdir" "-e" "CARGO_HOME=/opt/rustwide/cargo-home" "-e" "RUSTUP_HOME=/opt/rustwide/rustup-home" "-e" "CARGO_TARGET_DIR=/opt/rustwide/target" "-e" "CARGO_INCREMENTAL=0" "-e" "RUST_BACKTRACE=full" "-e" "RUSTFLAGS=--cap-lints=warn" "-e" "RUSTDOCFLAGS=--cap-lints=warn" "-w" "/opt/rustwide/workdir" "--user" "0:0" "0ffd9d0acdc2dbeeb1b712503c8826e08041416f26d0f3fd634ef0965d03d71f" "/opt/rustwide/cargo-home/bin/cargo" "+1.100.0-beta.1" "build" "--frozen" "--message-format=json" "--release", kill_on_drop: false }`
[INFO] [stderr]    Compiling thiserror v2.0.21
[INFO] [stderr]    Compiling tracing-core v0.1.36
[INFO] [stderr]    Compiling smallvec v1.16.2
[INFO] [stderr]    Compiling siphasher v1.0.4
[INFO] [stderr]    Compiling sans-io-time v0.2.0
[INFO] [stderr]    Compiling crc v3.3.0
[INFO] [stderr]    Compiling getrandom v0.3.4
[INFO] [stderr]    Compiling crypto-common v0.1.7
[INFO] [stderr]    Compiling thiserror-impl v2.0.21
[INFO] [stderr]    Compiling digest v0.10.7
[INFO] [stderr]    Compiling rand_core v0.9.5
[INFO] [stderr]    Compiling rand_chacha v0.9.0
[INFO] [stderr]    Compiling md-5 v0.10.6
[INFO] [stderr]    Compiling hmac v0.12.1
[INFO] [stderr]    Compiling sha2 v0.10.9
[INFO] [stderr]    Compiling sha1 v0.10.7
[INFO] [stderr]    Compiling rand v0.9.5
[INFO] [stderr]    Compiling tracing v0.1.44
[INFO] [stderr]    Compiling stun-types v2.0.3
[INFO] [stderr]    Compiling stun-proto v2.0.3
[INFO] [stderr]    Compiling turn-types v0.7.3
[INFO] [stderr]    Compiling turn-client-proto v0.7.3
[INFO] [stderr]    Compiling turn-client-openssl v0.1.2 (/opt/rustwide/workdir)
[INFO] [stderr]     Finished `release` profile [optimized] target(s) in 10.50s
[INFO] running `Command { std: "docker" "inspect" "0ffd9d0acdc2dbeeb1b712503c8826e08041416f26d0f3fd634ef0965d03d71f", kill_on_drop: false }`
[INFO] running `Command { std: "docker" "exec" "-e" "SOURCE_DIR=/opt/rustwide/workdir" "-e" "CARGO_HOME=/opt/rustwide/cargo-home" "-e" "RUSTUP_HOME=/opt/rustwide/rustup-home" "-e" "CARGO_TARGET_DIR=/opt/rustwide/target" "-e" "CARGO_INCREMENTAL=0" "-e" "RUST_BACKTRACE=full" "-e" "RUSTFLAGS=--cap-lints=warn" "-e" "RUSTDOCFLAGS=--cap-lints=warn" "-w" "/opt/rustwide/workdir" "--user" "0:0" "0ffd9d0acdc2dbeeb1b712503c8826e08041416f26d0f3fd634ef0965d03d71f" "/opt/rustwide/cargo-home/bin/cargo" "+1.100.0-beta.1" "test" "--frozen" "--no-run" "--message-format=json" "--release", kill_on_drop: false }`
[INFO] [stderr]    Compiling tracing-subscriber v0.3.23
[INFO] [stderr]    Compiling stun-types v2.0.3
[INFO] [stderr]    Compiling stun-proto v2.0.3
[INFO] [stderr]    Compiling turn-types v0.7.3
[INFO] [stderr]    Compiling turn-client-proto v0.7.3
[INFO] [stderr]    Compiling turn-client-openssl v0.1.2 (/opt/rustwide/workdir)
[INFO] [stdout] error[E0433]: cannot find module or crate `turn_server_openssl` in this scope
[INFO] [stdout]   --> tests/openssl.rs:39:5
[INFO] [stdout]    |
[INFO] [stdout] 39 | use turn_server_openssl::api::{TurnServerApi, TurnServerPollRet};
[INFO] [stdout]    |     ^^^^^^^^^^^^^^^^^^^ use of unresolved module or unlinked crate `turn_server_openssl`
[INFO] [stdout]    |
[INFO] [stdout] help: there is a crate or module with a similar name
[INFO] [stdout]    |
[INFO] [stdout] 39 - use turn_server_openssl::api::{TurnServerApi, TurnServerPollRet};
[INFO] [stdout] 39 + use turn_client_openssl::api::{TurnServerApi, TurnServerPollRet};
[INFO] [stdout]    |
[INFO] [stdout] 
[INFO] [stdout] 
[INFO] [stdout] error[E0432]: unresolved import `api_tests`
[INFO] [stdout]   --> tests/openssl.rs:42:5
[INFO] [stdout]    |
[INFO] [stdout] 42 | use api_tests::*;
[INFO] [stdout]    |     ^^^^^^^^^ use of unresolved module or unlinked crate `api_tests`
[INFO] [stdout]    |
[INFO] [stdout]    = help: if you wanted to use a crate named `api_tests`, use `cargo add api_tests` to add it to your `Cargo.toml`
[INFO] [stdout] 
[INFO] [stdout] 
[INFO] [stdout] error[E0432]: unresolved import `turn_server_openssl`
[INFO] [stdout]   --> tests/openssl.rs:40:5
[INFO] [stdout]    |
[INFO] [stdout] 40 | use turn_server_openssl::OpensslTurnServer;
[INFO] [stdout]    |     ^^^^^^^^^^^^^^^^^^^ use of unresolved module or unlinked crate `turn_server_openssl`
[INFO] [stdout]    |
[INFO] [stdout] help: there is a crate or module with a similar name
[INFO] [stdout]    |
[INFO] [stdout] 40 - use turn_server_openssl::OpensslTurnServer;
[INFO] [stdout] 40 + use turn_client_openssl::OpensslTurnServer;
[INFO] [stdout]    |
[INFO] [stdout] 
[INFO] [stdout] 
[INFO] [stdout] Some errors have detailed explanations: E0432, E0433.
[INFO] [stdout] 
[INFO] [stdout] For more information about an error, try `rustc --explain E0432`.
[INFO] [stdout] 
[INFO] [stderr] error: could not compile `turn-client-openssl` (test "openssl") due to 3 previous errors
[INFO] [stderr] warning: build failed, waiting for other jobs to finish...
[INFO] running `Command { std: "docker" "inspect" "0ffd9d0acdc2dbeeb1b712503c8826e08041416f26d0f3fd634ef0965d03d71f", kill_on_drop: false }`
[INFO] running `Command { std: "docker" "rm" "-f" "0ffd9d0acdc2dbeeb1b712503c8826e08041416f26d0f3fd634ef0965d03d71f", kill_on_drop: false }`
[INFO] [stdout] 0ffd9d0acdc2dbeeb1b712503c8826e08041416f26d0f3fd634ef0965d03d71f
