[INFO] fetching crate turbo-test 0.4.6...
[INFO] testing turbo-test-0.4.6 against 1.99.0-beta.8+cargoflags=--release for beta-release-1.100-2
[INFO] extracting crate turbo-test 0.4.6 into /workspace/builds/worker-6-tc1/source
[INFO] started tweaking crates.io crate turbo-test 0.4.6
[INFO] finished tweaking crates.io crate turbo-test 0.4.6
[INFO] tweaked toml for crates.io crate turbo-test 0.4.6 written to /workspace/builds/worker-6-tc1/source/Cargo.toml
[INFO] validating manifest of crates.io crate turbo-test 0.4.6 on toolchain 1.99.0-beta.8
[INFO] running `Command { std: CARGO_HOME="/workspace/cargo-home" RUSTUP_HOME="/workspace/rustup-home" "/workspace/cargo-home/bin/cargo" "+1.99.0-beta.8" "metadata" "--manifest-path" "Cargo.toml" "--no-deps", kill_on_drop: false }`
[INFO] crate crates.io crate turbo-test 0.4.6 already has a lockfile, it will not be regenerated
[INFO] running `Command { std: CARGO_HOME="/workspace/cargo-home" RUSTUP_HOME="/workspace/rustup-home" "/workspace/cargo-home/bin/cargo" "+1.99.0-beta.8" "fetch" "--manifest-path" "Cargo.toml", kill_on_drop: false }`
[INFO] [stderr]     Updating crates.io index
[INFO] [stderr]  Downloading crates ...
[INFO] [stderr]   Downloaded which v6.0.3
[INFO] [stderr]   Downloaded oxc_str v0.134.0
[INFO] [stderr]   Downloaded temporal_capi v0.2.3
[INFO] [stderr]   Downloaded zoneinfo64 v0.3.0
[INFO] [stderr]   Downloaded oxc_ast_macros v0.134.0
[INFO] [stderr]   Downloaded icu_calendar_data v2.2.0
[INFO] [stderr]   Downloaded diplomat-runtime v0.15.1
[INFO] [stderr]   Downloaded gzip-header v1.1.0
[INFO] [stderr]   Downloaded markup5ever_rcdom v0.39.0+unofficial
[INFO] [stderr]   Downloaded strck v1.0.0
[INFO] [stderr]   Downloaded oxc_diagnostics v0.134.0
[INFO] [stderr]   Downloaded icu_locale v2.2.0
[INFO] [stderr]   Downloaded oxc_syntax v0.134.0
[INFO] [stderr]   Downloaded oxc_index v4.1.0
[INFO] [stderr]   Downloaded nonmax v0.5.5
[INFO] [stderr]   Downloaded oxc_compat v0.134.0
[INFO] [stderr]   Downloaded oxc_span v0.134.0
[INFO] [stderr]   Downloaded xml5ever v0.39.0
[INFO] [stderr]   Downloaded oxc_estree v0.134.0
[INFO] [stderr]   Downloaded diplomat v0.15.0
[INFO] [stderr]   Downloaded oxc-miette-derive v2.7.1
[INFO] [stderr]   Downloaded self_cell v1.2.2
[INFO] [stderr]   Downloaded unicode-id-start v1.4.0
[INFO] [stderr]   Downloaded oxc_data_structures v0.134.0
[INFO] [stderr]   Downloaded dragonbox_ecma v0.1.12
[INFO] [stderr]   Downloaded oxc_sourcemap v7.0.0
[INFO] [stderr]   Downloaded nodejs-built-in-modules v1.0.0
[INFO] [stderr]   Downloaded fast-glob v1.0.1
[INFO] [stderr]   Downloaded cssparser-color v0.5.0
[INFO] [stderr]   Downloaded oxc_ast_visit v0.134.0
[INFO] [stderr]   Downloaded json-escape-simd v3.0.2
[INFO] [stderr]   Downloaded seize v0.5.1
[INFO] [stderr]   Downloaded lightningcss-derive v1.0.0-alpha.43
[INFO] [stderr]   Downloaded ixdtf v0.6.5
[INFO] [stderr]   Downloaded oxc_ecmascript v0.134.0
[INFO] [stderr]   Downloaded oxc_regular_expression v0.134.0
[INFO] [stderr]   Downloaded json-strip-comments v3.1.1
[INFO] [stderr]   Downloaded oxc_codegen v0.134.0
[INFO] [stderr]   Downloaded parcel_selectors v0.28.3
[INFO] [stderr]   Downloaded const-str v1.1.0
[INFO] [stderr]   Downloaded borsh v1.7.0
[INFO] [stderr]   Downloaded papaya v0.2.4
[INFO] [stderr]   Downloaded turbo-dom v0.5.2
[INFO] [stderr]   Downloaded oxc_traverse v0.134.0
[INFO] [stderr]   Downloaded oxc-miette v2.7.1
[INFO] [stderr]   Downloaded icu_locale_data v2.2.0
[INFO] [stderr]   Downloaded diplomat_core v0.15.0
[INFO] [stderr]   Downloaded oxc_allocator v0.134.0
[INFO] [stderr]   Downloaded oxc_semantic v0.134.0
[INFO] [stderr]   Downloaded oxc_resolver v11.21.0
[INFO] [stderr]   Downloaded resb v0.1.2
[INFO] [stderr]   Downloaded timezone_provider v0.2.3
[INFO] [stderr]   Downloaded oxc-browserslist v3.0.4
[INFO] [stderr]   Downloaded oxc_parser v0.134.0
[INFO] [stderr]   Downloaded temporal_rs v0.2.3
[INFO] [stderr]   Downloaded oxc_ast v0.134.0
[INFO] [stderr]   Downloaded oxc_transformer v0.134.0
[INFO] [stderr]   Downloaded winsafe v0.0.19
[INFO] [stderr]   Downloaded icu_calendar v2.2.1
[INFO] [stderr]   Downloaded lightningcss v1.0.0-alpha.72
[INFO] [stderr]   Downloaded v8 v149.3.0
[INFO] running `Command { std: "docker" "create" "-v" "/var/lib/crater-agent-workspace/builds/worker-6-tc1/source:/opt/rustwide/workdir:ro,Z" "-v" "/var/lib/crater-agent-workspace/builds/worker-6-tc1/target:/opt/rustwide/target:rw,Z" "-v" "/var/lib/crater-agent-workspace/cargo-home:/opt/rustwide/cargo-home:ro,Z" "-v" "/var/lib/crater-agent-workspace/rustup-home:/opt/rustwide/rustup-home:ro,Z" "-m" "1610612736" "--network" "none" "ghcr.io/rust-lang/crates-build-env/linux@sha256:77db811e55d90add9212f6832c23229e3de5f1c1f9905e8cb07319ea15df73ac" "sleep" "infinity", kill_on_drop: false }`
[INFO] [stdout] b1b8aa17dd899a79e2f129401e0d56f86532d07fd947f581e4045bc0d824fa27
[INFO] running `Command { std: "docker" "start" "b1b8aa17dd899a79e2f129401e0d56f86532d07fd947f581e4045bc0d824fa27", kill_on_drop: false }`
[INFO] running `Command { std: "docker" "inspect" "b1b8aa17dd899a79e2f129401e0d56f86532d07fd947f581e4045bc0d824fa27", kill_on_drop: false }`
[INFO] running `Command { std: "docker" "exec" "-e" "SOURCE_DIR=/opt/rustwide/workdir" "-e" "CARGO_HOME=/opt/rustwide/cargo-home" "-e" "RUSTUP_HOME=/opt/rustwide/rustup-home" "-e" "CARGO_TARGET_DIR=/opt/rustwide/target" "-w" "/opt/rustwide/workdir" "--user" "0:0" "b1b8aa17dd899a79e2f129401e0d56f86532d07fd947f581e4045bc0d824fa27" "/opt/rustwide/cargo-home/bin/cargo" "+1.99.0-beta.8" "metadata" "--no-deps" "--format-version=1", kill_on_drop: false }`
[INFO] running `Command { std: "docker" "inspect" "b1b8aa17dd899a79e2f129401e0d56f86532d07fd947f581e4045bc0d824fa27", kill_on_drop: false }`
[INFO] running `Command { std: "docker" "exec" "-e" "SOURCE_DIR=/opt/rustwide/workdir" "-e" "CARGO_HOME=/opt/rustwide/cargo-home" "-e" "RUSTUP_HOME=/opt/rustwide/rustup-home" "-e" "CARGO_TARGET_DIR=/opt/rustwide/target" "-e" "CARGO_INCREMENTAL=0" "-e" "RUST_BACKTRACE=full" "-e" "RUSTFLAGS=--cap-lints=warn" "-e" "RUSTDOCFLAGS=--cap-lints=warn" "-w" "/opt/rustwide/workdir" "--user" "0:0" "b1b8aa17dd899a79e2f129401e0d56f86532d07fd947f581e4045bc0d824fa27" "/opt/rustwide/cargo-home/bin/cargo" "+1.99.0-beta.8" "build" "--frozen" "--message-format=json" "--release", kill_on_drop: false }`
[INFO] [stderr]    Compiling unicode-ident v1.0.24
[INFO] [stderr]    Compiling proc-macro2 v1.0.106
[INFO] [stderr]    Compiling quote v1.0.45
[INFO] [stderr]    Compiling serde_core v1.0.228
[INFO] [stderr]    Compiling serde v1.0.228
[INFO] [stderr]    Compiling siphasher v1.0.3
[INFO] [stderr]    Compiling cfg-if v1.0.4
[INFO] [stderr]    Compiling fastrand v2.4.1
[INFO] [stderr]    Compiling allocator-api2 v0.2.21
[INFO] [stderr]    Compiling itoa v1.0.18
[INFO] [stderr]    Compiling rustc-hash v2.1.2
[INFO] [stderr]    Compiling thiserror v2.0.18
[INFO] [stderr]    Compiling autocfg v1.5.1
[INFO] [stderr]    Compiling rustversion v1.0.22
[INFO] [stderr]    Compiling libc v0.2.186
[INFO] [stderr]    Compiling phf_shared v0.13.1
[INFO] [stderr]    Compiling ryu v1.0.23
[INFO] [stderr]    Compiling str_indices v0.4.4
[INFO] [stderr]    Compiling bitflags v2.13.0
[INFO] [stderr]    Compiling owo-colors v4.3.0
[INFO] [stderr]    Compiling smawk v0.3.2
[INFO] [stderr]    Compiling unicode-width v0.2.2
[INFO] [stderr]    Compiling phf_generator v0.13.1
[INFO] [stderr]    Compiling static_assertions v1.1.0
[INFO] [stderr]    Compiling unicode-linebreak v0.1.5
[INFO] [stderr]    Compiling stable_deref_trait v1.2.1
[INFO] [stderr]    Compiling unicode-segmentation v1.13.3
[INFO] [stderr]    Compiling phf v0.13.1
[INFO] [stderr]    Compiling oxc_estree v0.134.0
[INFO] [stderr]    Compiling crc32fast v1.5.0
[INFO] [stderr]    Compiling equivalent v1.0.2
[INFO] [stderr]    Compiling writeable v0.6.3
[INFO] [stderr]    Compiling cow-utils v0.1.3
[INFO] [stderr]    Compiling hashbrown v0.17.1
[INFO] [stderr]    Compiling num-traits v0.2.19
[INFO] [stderr]    Compiling dragonbox_ecma v0.1.12
[INFO] [stderr]    Compiling nonmax v0.5.5
[INFO] [stderr]    Compiling unicode-id-start v1.4.0
[INFO] [stderr]    Compiling textwrap v0.16.2
[INFO] [stderr]    Compiling percent-encoding v2.3.2
[INFO] [stderr]    Compiling parking_lot_core v0.9.12
[INFO] [stderr]    Compiling libm v0.2.16
[INFO] [stderr]    Compiling scopeguard v1.2.0
[INFO] [stderr]    Compiling castaway v0.2.4
[INFO] [stderr]    Compiling compact_str v0.9.1
[INFO] [stderr]    Compiling precomputed-hash v0.1.1
[INFO] [stderr]    Compiling litemap v0.8.2
[INFO] [stderr]    Compiling memchr v2.8.1
[INFO] [stderr]    Compiling syn v2.0.117
[INFO] [stderr]    Compiling string_cache_codegen v0.6.1
[INFO] [stderr]    Compiling lock_api v0.4.14
[INFO] [stderr]    Compiling phf_codegen v0.13.1
[INFO] [stderr]    Compiling new_debug_unreachable v1.0.6
[INFO] [stderr]    Compiling glob v0.3.3
[INFO] [stderr]    Compiling either v1.16.0
[INFO] [stderr]    Compiling icu_locale_data v2.2.0
[INFO] [stderr]    Compiling num-integer v0.1.46
[INFO] [stderr]    Compiling zmij v1.0.21
[INFO] [stderr]    Compiling rand_core v0.6.4
[INFO] [stderr]    Compiling clang-sys v1.8.1
[INFO] [stderr]    Compiling log v0.4.32
[INFO] [stderr]    Compiling prettyplease v0.2.37
[INFO] [stderr]    Compiling web_atoms v0.2.4
[INFO] [stderr]    Compiling num-bigint v0.4.6
[INFO] [stderr]    Compiling rand v0.8.8
[INFO] [stderr]    Compiling phf_shared v0.11.3
[INFO] [stderr]    Compiling utf-8 v0.7.6
[INFO] [stderr]    Compiling serde_json v1.0.150
[INFO] [stderr]    Compiling typenum v1.20.1
[INFO] [stderr]    Compiling regex-syntax v0.8.10
[INFO] [stderr]    Compiling rustix v0.38.44
[INFO] [stderr]    Compiling minimal-lexical v0.2.1
[INFO] [stderr]    Compiling utf8_iter v1.0.4
[INFO] [stderr]    Compiling icu_calendar_data v2.2.0
[INFO] [stderr]    Compiling nom v7.1.3
[INFO] [stderr]    Compiling phf_generator v0.11.3
[INFO] [stderr]    Compiling tendril v0.5.0
[INFO] [stderr]    Compiling libloading v0.8.9
[INFO] [stderr]    Compiling dtoa v1.0.11
[INFO] [stderr]    Compiling once_cell v1.21.4
[INFO] [stderr]    Compiling foldhash v0.2.0
[INFO] [stderr]    Compiling simd-adler32 v0.3.9
[INFO] [stderr]    Compiling bindgen v0.72.1
[INFO] [stderr]    Compiling linux-raw-sys v0.4.15
[INFO] [stderr]    Compiling self_cell v1.2.2
[INFO] [stderr]    Compiling core_maths v0.1.1
[INFO] [stderr]    Compiling adler2 v2.0.1
[INFO] [stderr]    Compiling dtoa-short v0.3.5
[INFO] [stderr]    Compiling hashbrown v0.16.1
[INFO] [stderr]    Compiling phf_codegen v0.11.3
[INFO] [stderr]    Compiling itertools v0.13.0
[INFO] [stderr]    Compiling itertools v0.14.0
[INFO] [stderr]    Compiling miniz_oxide v0.8.9
[INFO] [stderr]    Compiling strck v1.0.0
[INFO] [stderr]    Compiling regex-automata v0.4.14
[INFO] [stderr]    Compiling smallvec v1.15.1
[INFO] [stderr]    Compiling shlex v1.3.0
[INFO] [stderr]    Compiling hybrid-array v0.4.12
[INFO] [stderr]    Compiling zerocopy v0.8.62
[INFO] [stderr]    Compiling syn v1.0.109
[INFO] [stderr]    Compiling ref-cast v1.0.25
[INFO] [stderr]    Compiling home v0.5.12
[INFO] [stderr]    Compiling version_check v0.9.5
[INFO] [stderr]    Compiling getrandom v0.3.4
[INFO] [stderr]    Compiling halfbrown v0.4.0
[INFO] [stderr]    Compiling flate2 v1.1.9
[INFO] [stderr]    Compiling crypto-common v0.2.2
[INFO] [stderr]    Compiling block-buffer v0.12.0
[INFO] [stderr]    Compiling cexpr v0.6.0
[INFO] [stderr]    Compiling indexmap v2.14.0
[INFO] [stderr]    Compiling ahash v0.8.12
[INFO] [stderr]    Compiling gzip-header v1.1.0
[INFO] [stderr]    Compiling parcel_selectors v0.28.3
[INFO] [stderr]    Compiling fslock v0.2.1
[INFO] [stderr]    Compiling float-cmp v0.10.0
[INFO] [stderr]    Compiling paste v1.0.15
[INFO] [stderr]    Compiling vsimd v0.8.0
[INFO] [stderr]    Compiling ixdtf v0.6.5
[INFO] [stderr]    Compiling outref v0.5.2
[INFO] [stderr]    Compiling rustix v1.1.4
[INFO] [stderr]    Compiling oxc_sourcemap v7.0.0
[INFO] [stderr]    Compiling const-oid v0.10.2
[INFO] [stderr]    Compiling which v6.0.3
[INFO] [stderr]    Compiling value-trait v0.12.1
[INFO] [stderr]    Compiling phf v0.11.3
[INFO] [stderr]    Compiling tracing-core v0.1.36
[INFO] [stderr]    Compiling convert_case v0.6.0
[INFO] [stderr]    Compiling seize v0.5.1
[INFO] [stderr]    Compiling simdutf8 v0.1.5
[INFO] [stderr]    Compiling diplomat-runtime v0.15.1
[INFO] [stderr]    Compiling regex v1.12.3
[INFO] [stderr]    Compiling json-escape-simd v3.0.2
[INFO] [stderr]    Compiling pin-project-lite v0.2.17
[INFO] [stderr]    Compiling base64-simd v0.8.0
[INFO] [stderr]    Compiling linux-raw-sys v0.12.1
[INFO] [stderr]    Compiling cpufeatures v0.3.0
[INFO] [stderr]    Compiling arrayvec v0.7.6
[INFO] [stderr]    Compiling papaya v0.2.4
[INFO] [stderr]    Compiling digest v0.11.3
[INFO] [stderr]    Compiling sha1 v0.11.0
[INFO] [stderr]    Compiling itertools v0.10.5
[INFO] [stderr]    Compiling json-strip-comments v3.1.1
[INFO] [stderr]    Compiling const-str v1.1.0
[INFO] [stderr]    Compiling fast-glob v1.0.1
[INFO] [stderr]    Compiling base64 v0.22.1
[INFO] [stderr]    Compiling synstructure v0.13.2
[INFO] [stderr]    Compiling pastey v0.1.1
[INFO] [stderr]    Compiling seq-macro v0.3.6
[INFO] [stderr]    Compiling data-encoding v2.11.1
[INFO] [stderr]    Compiling nodejs-built-in-modules v1.0.0
[INFO] [stderr]    Compiling turbo-test v0.4.6 (/opt/rustwide/workdir)
[INFO] [stderr]    Compiling pathdiff v0.2.3
[INFO] [stderr]    Compiling smol_str v0.3.6
[INFO] [stderr]    Compiling lazy_static v1.5.1
[INFO] [stderr]    Compiling libloading v0.9.0
[INFO] [stderr]    Compiling serde_derive v1.0.228
[INFO] [stderr]    Compiling phf_macros v0.13.1
[INFO] [stderr]    Compiling thiserror-impl v2.0.18
[INFO] [stderr]    Compiling zerofrom-derive v0.1.7
[INFO] [stderr]    Compiling yoke-derive v0.8.2
[INFO] [stderr]    Compiling oxc-miette-derive v2.7.1
[INFO] [stderr]    Compiling zerovec-derive v0.11.3
[INFO] [stderr]    Compiling displaydoc v0.2.6
[INFO] [stderr]    Compiling oxc_ast_macros v0.134.0
[INFO] [stderr]    Compiling cssparser-macros v0.7.1
[INFO] [stderr]    Compiling ref-cast-impl v1.0.25
[INFO] [stderr]    Compiling zerotrie v0.2.4
[INFO] [stderr]    Compiling calendrical_calculations v0.2.4
[INFO] [stderr]    Compiling zerofrom v0.1.8
[INFO] [stderr]    Compiling tracing-attributes v0.1.31
[INFO] [stderr]    Compiling cobs v0.3.0
[INFO] [stderr]    Compiling simd-json v0.17.0
[INFO] [stderr]    Compiling yoke v0.8.3
[INFO] [stderr]    Compiling lightningcss-derive v1.0.0-alpha.43
[INFO] [stderr]    Compiling oxc-miette v2.7.1
[INFO] [stderr]    Compiling zerovec v0.11.6
[INFO] [stderr]    Compiling tracing v0.1.44
[INFO] [stderr]    Compiling potential_utf v0.1.5
[INFO] [stderr]    Compiling tinystr v0.8.3
[INFO] [stderr]    Compiling icu_collections v2.2.0
[INFO] [stderr]    Compiling resb v0.1.2
[INFO] [stderr]    Compiling icu_locale_core v2.2.0
[INFO] [stderr]    Compiling oxc_diagnostics v0.134.0
[INFO] [stderr]    Compiling diplomat_core v0.15.0
[INFO] [stderr]    Compiling oxc_index v4.1.0
[INFO] [stderr]    Compiling postcard v1.1.3
[INFO] [stderr]    Compiling oxc_resolver v11.21.0
[INFO] [stderr]    Compiling icu_provider v2.2.0
[INFO] [stderr]    Compiling zoneinfo64 v0.3.0
[INFO] [stderr]    Compiling ropey v1.6.1
[INFO] [stderr]    Compiling cssparser v0.37.0
[INFO] [stderr]    Compiling oxc-browserslist v3.0.4
[INFO] [stderr]    Compiling parking_lot v0.12.5
[INFO] [stderr]    Compiling icu_locale v2.2.0
[INFO] [stderr]    Compiling string_cache v0.9.0
[INFO] [stderr]    Compiling timezone_provider v0.2.3
[INFO] [stderr]    Compiling cssparser-color v0.5.0
[INFO] [stderr]    Compiling oxc_data_structures v0.134.0
[INFO] [stderr]    Compiling oxc_allocator v0.134.0
[INFO] [stderr]    Compiling diplomat v0.15.0
[INFO] [stderr]    Compiling markup5ever v0.39.0
[INFO] [stderr]    Compiling xml5ever v0.39.0
[INFO] [stderr]    Compiling html5ever v0.39.0
[INFO] [stderr]    Compiling icu_calendar v2.2.1
[INFO] [stderr]    Compiling lightningcss v1.0.0-alpha.72
[INFO] [stderr]    Compiling oxc_str v0.134.0
[INFO] [stderr]    Compiling oxc_span v0.134.0
[INFO] [stderr]    Compiling v8 v149.3.0
[INFO] [stderr]    Compiling oxc_syntax v0.134.0
[INFO] [stderr]    Compiling oxc_regular_expression v0.134.0
[INFO] [stderr]    Compiling markup5ever_rcdom v0.39.0+unofficial
[INFO] [stderr]    Compiling turbo-dom v0.5.2
[INFO] [stderr]    Compiling temporal_rs v0.2.3
[INFO] [stderr]    Compiling oxc_compat v0.134.0
[INFO] [stderr]    Compiling oxc_ast v0.134.0
[INFO] [stderr]    Compiling temporal_capi v0.2.3
[INFO] [stderr]    Compiling oxc_ecmascript v0.134.0
[INFO] [stderr]    Compiling oxc_ast_visit v0.134.0
[INFO] [stderr]    Compiling oxc_semantic v0.134.0
[INFO] [stderr]    Compiling oxc_parser v0.134.0
[INFO] [stderr]    Compiling oxc_traverse v0.134.0
[INFO] [stderr]    Compiling oxc_codegen v0.134.0
[INFO] [stderr]    Compiling oxc_transformer v0.134.0
[INFO] [stderr] error: failed to run custom build command for `v8 v149.3.0`
[INFO] [stderr] note: To improve backtraces for build dependencies, set the CARGO_PROFILE_RELEASE_BUILD_OVERRIDE_DEBUG=true environment variable to enable debug information generation.
[INFO] [stderr] 
[INFO] [stderr] Caused by:
[INFO] [stderr]   process didn't exit successfully: `/opt/rustwide/target/release/build/v8-2f0384900e4780a6/build-script-build` (exit status: 101)
[INFO] [stderr]   --- stdout
[INFO] [stderr]   cargo:rerun-if-changed=.gn
[INFO] [stderr]   cargo:rerun-if-changed=BUILD.gn
[INFO] [stderr]   cargo:rerun-if-changed=src/binding.cc
[INFO] [stderr]   cargo:rerun-if-env-changed=CCACHE
[INFO] [stderr]   cargo:rerun-if-env-changed=CLANG_BASE_PATH
[INFO] [stderr]   cargo:rerun-if-env-changed=CXXSTDLIB
[INFO] [stderr]   cargo:rerun-if-env-changed=DENO_TRYBUILD
[INFO] [stderr]   cargo:rerun-if-env-changed=DOCS_RS
[INFO] [stderr]   cargo:rerun-if-env-changed=GN
[INFO] [stderr]   cargo:rerun-if-env-changed=GN_ARGS
[INFO] [stderr]   cargo:rerun-if-env-changed=HOST
[INFO] [stderr]   cargo:rerun-if-env-changed=NINJA
[INFO] [stderr]   cargo:rerun-if-env-changed=OUT_DIR
[INFO] [stderr]   cargo:rerun-if-env-changed=RUSTY_V8_ARCHIVE
[INFO] [stderr]   cargo:rerun-if-env-changed=RUSTY_V8_MIRROR
[INFO] [stderr]   cargo:rerun-if-env-changed=RUSTY_V8_SRC_BINDING_PATH
[INFO] [stderr]   cargo:rerun-if-env-changed=SCCACHE
[INFO] [stderr]   cargo:rerun-if-env-changed=V8_FORCE_DEBUG
[INFO] [stderr]   cargo:rerun-if-env-changed=V8_FROM_SOURCE
[INFO] [stderr]   cargo:rerun-if-env-changed=PYTHON
[INFO] [stderr]   cargo:rerun-if-env-changed=DISABLE_CLANG
[INFO] [stderr]   cargo:rerun-if-env-changed=EXTRA_GN_ARGS
[INFO] [stderr]   cargo:rerun-if-env-changed=PRINT_GN_ARGS
[INFO] [stderr]   cargo:rerun-if-env-changed=CARGO_ENCODED_RUSTFLAGS
[INFO] [stderr]   cargo:rustc-link-lib=static=rusty_v8
[INFO] [stderr]   lockfile: "/opt/rustwide/target/release/build/v8.fslock"
[INFO] [stderr]   cargo:rustc-env=RUSTY_V8_SRC_BINDING_PATH=/opt/rustwide/cargo-home/registry/src/index.crates.io-1949cf8c6b5b557f/v8-149.3.0/gen/src_binding_release_x86_64-unknown-linux-gnu.rs
[INFO] [stderr]   static lib URL: https://github.com/denoland/rusty_v8/releases/download/v149.3.0/librusty_v8_release_x86_64-unknown-linux-gnu.a.gz
[INFO] [stderr]   cargo:rustc-link-search=/opt/rustwide/target/release/gn_out/obj
[INFO] [stderr]   Looking for download in '"/opt/rustwide/cargo-home/.rusty_v8/https___github_com_denoland_rusty_v8_releases_download_v149_3_0_librusty_v8_release_x86_64_unknown_linux_gnu_a_gz"'
[INFO] [stderr]   Downloading https://github.com/denoland/rusty_v8/releases/download/v149.3.0/librusty_v8_release_x86_64-unknown-linux-gnu.a.gz
[INFO] [stderr]   Trying with Python...
[INFO] [stderr]   Downloading https://github.com/denoland/rusty_v8/releases/download/v149.3.0/librusty_v8_release_x86_64-unknown-linux-gnu.a.gz...
[INFO] [stderr]   <urlopen error [Errno -3] Temporary failure in name resolution>
[INFO] [stderr]   Retrying in 5 s ...
[INFO] [stderr]   Downloading https://github.com/denoland/rusty_v8/releases/download/v149.3.0/librusty_v8_release_x86_64-unknown-linux-gnu.a.gz...
[INFO] [stderr]   <urlopen error [Errno -3] Temporary failure in name resolution>
[INFO] [stderr]   Retrying in 10 s ...
[INFO] [stderr]   Downloading https://github.com/denoland/rusty_v8/releases/download/v149.3.0/librusty_v8_release_x86_64-unknown-linux-gnu.a.gz...
[INFO] [stderr]   <urlopen error [Errno -3] Temporary failure in name resolution>
[INFO] [stderr]   Retrying in 20 s ...
[INFO] [stderr]   Downloading https://github.com/denoland/rusty_v8/releases/download/v149.3.0/librusty_v8_release_x86_64-unknown-linux-gnu.a.gz...
[INFO] [stderr]   <urlopen error [Errno -3] Temporary failure in name resolution>
[INFO] [stderr]   Python downloader failed, trying with curl.
[INFO] [stderr] 
[INFO] [stderr]   --- stderr
[INFO] [stderr]   Traceback (most recent call last):
[INFO] [stderr]     File "/usr/lib/python3.14/urllib/request.py", line 1321, in do_open
[INFO] [stderr]       h.request(req.get_method(), req.selector, req.data, headers,
[INFO] [stderr]       ~~~~~~~~~^^^^^^^^^^^^^^^^^^^^^^^^^^^^^^^^^^^^^^^^^^^^^^^^^^^
[INFO] [stderr]                 encode_chunked=req.has_header('Transfer-encoding'))
[INFO] [stderr]                 ^^^^^^^^^^^^^^^^^^^^^^^^^^^^^^^^^^^^^^^^^^^^^^^^^^^
[INFO] [stderr]     File "/usr/lib/python3.14/http/client.py", line 1367, in request
[INFO] [stderr]       self._send_request(method, url, body, headers, encode_chunked)
[INFO] [stderr]       ~~~~~~~~~~~~~~~~~~^^^^^^^^^^^^^^^^^^^^^^^^^^^^^^^^^^^^^^^^^^^^
[INFO] [stderr]     File "/usr/lib/python3.14/http/client.py", line 1413, in _send_request
[INFO] [stderr]       self.endheaders(body, encode_chunked=encode_chunked)
[INFO] [stderr]       ~~~~~~~~~~~~~~~^^^^^^^^^^^^^^^^^^^^^^^^^^^^^^^^^^^^^
[INFO] [stderr]     File "/usr/lib/python3.14/http/client.py", line 1362, in endheaders
[INFO] [stderr]       self._send_output(message_body, encode_chunked=encode_chunked)
[INFO] [stderr]       ~~~~~~~~~~~~~~~~~^^^^^^^^^^^^^^^^^^^^^^^^^^^^^^^^^^^^^^^^^^^^^
[INFO] [stderr]     File "/usr/lib/python3.14/http/client.py", line 1122, in _send_output
[INFO] [stderr]       self.send(msg)
[INFO] [stderr]       ~~~~~~~~~^^^^^
[INFO] [stderr]     File "/usr/lib/python3.14/http/client.py", line 1066, in send
[INFO] [stderr]       self.connect()
[INFO] [stderr]       ~~~~~~~~~~~~^^
[INFO] [stderr]     File "/usr/lib/python3.14/http/client.py", line 1501, in connect
[INFO] [stderr]       super().connect()
[INFO] [stderr]       ~~~~~~~~~~~~~~~^^
[INFO] [stderr]     File "/usr/lib/python3.14/http/client.py", line 1032, in connect
[INFO] [stderr]       self.sock = self._create_connection(
[INFO] [stderr]                   ~~~~~~~~~~~~~~~~~~~~~~~^
[INFO] [stderr]           (self.host,self.port), self.timeout, self.source_address)
[INFO] [stderr]           ^^^^^^^^^^^^^^^^^^^^^^^^^^^^^^^^^^^^^^^^^^^^^^^^^^^^^^^^^
[INFO] [stderr]     File "/usr/lib/python3.14/socket.py", line 846, in create_connection
[INFO] [stderr]       for res in getaddrinfo(host, port, 0, SOCK_STREAM):
[INFO] [stderr]                  ~~~~~~~~~~~^^^^^^^^^^^^^^^^^^^^^^^^^^^^
[INFO] [stderr]     File "/usr/lib/python3.14/socket.py", line 983, in getaddrinfo
[INFO] [stderr]       for res in _socket.getaddrinfo(host, port, family, type, proto, flags):
[INFO] [stderr]                  ~~~~~~~~~~~~~~~~~~~^^^^^^^^^^^^^^^^^^^^^^^^^^^^^^^^^^^^^^^^
[INFO] [stderr]   socket.gaierror: [Errno -3] Temporary failure in name resolution
[INFO] [stderr] 
[INFO] [stderr]   During handling of the above exception, another exception occurred:
[INFO] [stderr] 
[INFO] [stderr]   Traceback (most recent call last):
[INFO] [stderr]     File "/opt/rustwide/cargo-home/registry/src/index.crates.io-1949cf8c6b5b557f/v8-149.3.0/./tools/download_file.py", line 63, in <module>
[INFO] [stderr]       sys.exit(main())
[INFO] [stderr]                ~~~~^^
[INFO] [stderr]     File "/opt/rustwide/cargo-home/registry/src/index.crates.io-1949cf8c6b5b557f/v8-149.3.0/./tools/download_file.py", line 58, in main
[INFO] [stderr]       DownloadUrl(args.url, f)
[INFO] [stderr]       ~~~~~~~~~~~^^^^^^^^^^^^^
[INFO] [stderr]     File "/opt/rustwide/cargo-home/registry/src/index.crates.io-1949cf8c6b5b557f/v8-149.3.0/./tools/download_file.py", line 44, in DownloadUrl
[INFO] [stderr]       raise e
[INFO] [stderr]     File "/opt/rustwide/cargo-home/registry/src/index.crates.io-1949cf8c6b5b557f/v8-149.3.0/./tools/download_file.py", line 28, in DownloadUrl
[INFO] [stderr]       response = urlopen(url)
[INFO] [stderr]     File "/usr/lib/python3.14/urllib/request.py", line 187, in urlopen
[INFO] [stderr]       return opener.open(url, data, timeout)
[INFO] [stderr]              ~~~~~~~~~~~^^^^^^^^^^^^^^^^^^^^
[INFO] [stderr]     File "/usr/lib/python3.14/urllib/request.py", line 487, in open
[INFO] [stderr]       response = self._open(req, data)
[INFO] [stderr]     File "/usr/lib/python3.14/urllib/request.py", line 504, in _open
[INFO] [stderr]       result = self._call_chain(self.handle_open, protocol, protocol +
[INFO] [stderr]                                 '_open', req)
[INFO] [stderr]     File "/usr/lib/python3.14/urllib/request.py", line 464, in _call_chain
[INFO] [stderr]       result = func(*args)
[INFO] [stderr]     File "/usr/lib/python3.14/urllib/request.py", line 1369, in https_open
[INFO] [stderr]       return self.do_open(http.client.HTTPSConnection, req,
[INFO] [stderr]              ~~~~~~~~~~~~^^^^^^^^^^^^^^^^^^^^^^^^^^^^^^^^^^
[INFO] [stderr]                           context=self._context)
[INFO] [stderr]                           ^^^^^^^^^^^^^^^^^^^^^^
[INFO] [stderr]     File "/usr/lib/python3.14/urllib/request.py", line 1324, in do_open
[INFO] [stderr]       raise URLError(err)
[INFO] [stderr]   urllib.error.URLError: <urlopen error [Errno -3] Temporary failure in name resolution>
[INFO] [stderr] 
[INFO] [stderr]   thread 'main' (3314) panicked at /opt/rustwide/cargo-home/registry/src/index.crates.io-1949cf8c6b5b557f/v8-149.3.0/build.rs:732:3:
[INFO] [stderr]   assertion failed: status.success()
[INFO] [stderr]   stack backtrace:
[INFO] [stderr]      0:     0x5a15f61b4d91 - <<std[70759c8f55707aa4]::sys::backtrace::BacktraceLock>::print::DisplayBacktrace as core[df12db4294e9bfd3]::fmt::Display>::fmt
[INFO] [stderr]      1:     0x5a15f61cb3ba - core[df12db4294e9bfd3]::fmt::write
[INFO] [stderr]      2:     0x5a15f61ba19c - <std[70759c8f55707aa4]::sys::stdio::unix::Stderr as core[df12db4294e9bfd3]::io::write::Write>::write_fmt
[INFO] [stderr]      3:     0x5a15f6191d56 - std[70759c8f55707aa4]::panicking::default_hook::{closure#0}
[INFO] [stderr]      4:     0x5a15f61ae7b1 - std[70759c8f55707aa4]::panicking::default_hook
[INFO] [stderr]      5:     0x5a15f61aeadb - std[70759c8f55707aa4]::panicking::panic_with_hook
[INFO] [stderr]      6:     0x5a15f6191e34 - std[70759c8f55707aa4]::panicking::panic_handler::{closure#0}
[INFO] [stderr]      7:     0x5a15f618a4a9 - std[70759c8f55707aa4]::sys::backtrace::__rust_end_short_backtrace::<std[70759c8f55707aa4]::panicking::panic_handler::{closure#0}, !>
[INFO] [stderr]      8:     0x5a15f61927ad - __rustc[8fa7c3cbc660c2b3]::rust_begin_unwind
[INFO] [stderr]      9:     0x5a15f61cbbdc - core[df12db4294e9bfd3]::panicking::panic_fmt
[INFO] [stderr]     10:     0x5a15f61cbba2 - core[df12db4294e9bfd3]::panicking::panic
[INFO] [stderr]     11:     0x5a15f5c7676a - build_script_build[95d6b53f6449e7b6]::download_file
[INFO] [stderr]     12:     0x5a15f5c7b742 - build_script_build[95d6b53f6449e7b6]::download_static_lib_binaries
[INFO] [stderr]     13:     0x5a15f5c7cfec - build_script_build[95d6b53f6449e7b6]::main
[INFO] [stderr]     14:     0x5a15f5c88d9b - <fn() as core[df12db4294e9bfd3]::ops::function::FnOnce<()>>::call_once
[INFO] [stderr]     15:     0x5a15f5c85316 - std[70759c8f55707aa4]::sys::backtrace::__rust_begin_short_backtrace::<fn(), ()>
[INFO] [stderr]     16:     0x5a15f5c863d9 - std[70759c8f55707aa4]::rt::lang_start::<()>::{closure#0}
[INFO] [stderr]     17:     0x5a15f61ad8a9 - std[70759c8f55707aa4]::rt::lang_start_internal
[INFO] [stderr]     18:     0x5a15f5c84701 - std[70759c8f55707aa4]::rt::lang_start::<()>
[INFO] [stderr]     19:     0x5a15f5c81a45 - main
[INFO] [stderr]     20:     0x78ddbdcd5601 - <unknown>
[INFO] [stderr]     21:     0x78ddbdcd5718 - __libc_start_main
[INFO] [stderr]     22:     0x5a15f5c69ea5 - _start
[INFO] [stderr]     23:                0x0 - <unknown>
[INFO] [stderr] warning: build failed, waiting for other jobs to finish...
[INFO] [stderr] error: could not compile `lightningcss` (lib)
[INFO] [stderr] 
[INFO] [stderr] Caused by:
[INFO] [stderr]   process didn't exit successfully: `/opt/rustwide/rustup-home/toolchains/1.99.0-beta.8-x86_64-unknown-linux-gnu/bin/rustc --crate-name lightningcss --edition=2021 /opt/rustwide/cargo-home/registry/src/index.crates.io-1949cf8c6b5b557f/lightningcss-1.0.0-alpha.72/src/lib.rs --error-format=json --json=diagnostic-rendered-ansi,artifacts,future-incompat --crate-type rlib --emit=dep-info,metadata,link -C opt-level=3 -C linker-plugin-lto -C codegen-units=1 --check-cfg 'cfg(docsrs,test)' --check-cfg 'cfg(feature, values("browserslist", "browserslist-rs", "bundler", "clap", "cli", "dashmap", "default", "into_owned", "jemallocator", "jsonschema", "nodejs", "parcel_sourcemap", "rayon", "schemars", "serde", "serde_json", "sourcemap", "static-self", "substitute_variables", "visitor"))' -C metadata=a2a180c89a8b47b8 -C extra-filename=-dee469f38ba30141 --out-dir /opt/rustwide/target/release/deps -C strip=debuginfo -L dependency=/opt/rustwide/target/release/deps --extern ahash=/opt/rustwide/target/release/deps/libahash-a2c58b0b5270adb0.rmeta --extern bitflags=/opt/rustwide/target/release/deps/libbitflags-7541622799998578.rmeta --extern const_str=/opt/rustwide/target/release/deps/libconst_str-84cfe0d308e607df.rmeta --extern cssparser=/opt/rustwide/target/release/deps/libcssparser-b97384b2be3c3353.rmeta --extern cssparser_color=/opt/rustwide/target/release/deps/libcssparser_color-4bf38d10ed408358.rmeta --extern data_encoding=/opt/rustwide/target/release/deps/libdata_encoding-f0f0486c75007dbe.rmeta --extern indexmap=/opt/rustwide/target/release/deps/libindexmap-bfb70ab67d606c2f.rmeta --extern itertools=/opt/rustwide/target/release/deps/libitertools-5eed5db753d27f7e.rmeta --extern lazy_static=/opt/rustwide/target/release/deps/liblazy_static-c15eb68f50f00641.rmeta --extern lightningcss_derive=/opt/rustwide/target/release/deps/liblightningcss_derive-a7ec3d0f3cdb420d.so --extern parcel_selectors=/opt/rustwide/target/release/deps/libparcel_selectors-6758652b6c6f50ff.rmeta --extern pastey=/opt/rustwide/target/release/deps/libpastey-57dd6742e12b10f7.so --extern pathdiff=/opt/rustwide/target/release/deps/libpathdiff-2ebb87b2dfa7f1ab.rmeta --extern smallvec=/opt/rustwide/target/release/deps/libsmallvec-fcf7c0d501f3404b.rmeta --cap-lints allow --cap-lints=warn` (signal: 9, SIGKILL: kill)
[INFO] running `Command { std: "docker" "inspect" "b1b8aa17dd899a79e2f129401e0d56f86532d07fd947f581e4045bc0d824fa27", kill_on_drop: false }`
[INFO] running `Command { std: "docker" "rm" "-f" "b1b8aa17dd899a79e2f129401e0d56f86532d07fd947f581e4045bc0d824fa27", kill_on_drop: false }`
[INFO] [stdout] b1b8aa17dd899a79e2f129401e0d56f86532d07fd947f581e4045bc0d824fa27
