[INFO] fetching crate tst-srt 0.8.0...
[INFO] testing tst-srt-0.8.0 against 1.99.0-beta.8+cargoflags=--release for beta-release-1.100-2
[INFO] extracting crate tst-srt 0.8.0 into /workspace/builds/worker-0-tc1/source
[INFO] started tweaking crates.io crate tst-srt 0.8.0
[INFO] removed 0 missing tests
[INFO] finished tweaking crates.io crate tst-srt 0.8.0
[INFO] tweaked toml for crates.io crate tst-srt 0.8.0 written to /workspace/builds/worker-0-tc1/source/Cargo.toml
[INFO] validating manifest of crates.io crate tst-srt 0.8.0 on toolchain 1.99.0-beta.8
[INFO] running `Command { std: CARGO_HOME="/workspace/cargo-home" RUSTUP_HOME="/workspace/rustup-home" "/workspace/cargo-home/bin/cargo" "+1.99.0-beta.8" "metadata" "--manifest-path" "Cargo.toml" "--no-deps", kill_on_drop: false }`
[INFO] crate crates.io crate tst-srt 0.8.0 already has a lockfile, it will not be regenerated
[INFO] running `Command { std: CARGO_HOME="/workspace/cargo-home" RUSTUP_HOME="/workspace/rustup-home" "/workspace/cargo-home/bin/cargo" "+1.99.0-beta.8" "fetch" "--manifest-path" "Cargo.toml", kill_on_drop: false }`
[INFO] [stderr]     Updating crates.io index
[INFO] [stderr]  Downloading crates ...
[INFO] [stderr]   Downloaded typenum v1.20.0
[INFO] [stderr]   Downloaded os_socketaddr v0.2.5
[INFO] [stderr]   Downloaded tracing-test-macro v0.2.6
[INFO] [stderr]   Downloaded tracing-test v0.2.6
[INFO] [stderr]   Downloaded tst-pipeline v0.8.0
[INFO] [stderr]   Downloaded tstrans-srt-sys v0.8.0
[INFO] [stderr]   Downloaded tst-core v0.8.0
[INFO] [stderr]   Downloaded tstrans-mbedtls-src v0.8.0+3.6.7
[INFO] running `Command { std: "docker" "create" "-v" "/var/lib/crater-agent-workspace/builds/worker-0-tc1/source:/opt/rustwide/workdir:ro,Z" "-v" "/var/lib/crater-agent-workspace/builds/worker-0-tc1/target:/opt/rustwide/target:rw,Z" "-v" "/var/lib/crater-agent-workspace/cargo-home:/opt/rustwide/cargo-home:ro,Z" "-v" "/var/lib/crater-agent-workspace/rustup-home:/opt/rustwide/rustup-home:ro,Z" "-m" "1610612736" "--network" "none" "ghcr.io/rust-lang/crates-build-env/linux@sha256:77db811e55d90add9212f6832c23229e3de5f1c1f9905e8cb07319ea15df73ac" "sleep" "infinity", kill_on_drop: false }`
[INFO] [stdout] d886f67fd5755a4907436abb034c7f4f07d70fcb41c6894c6c47933d70cdbc87
[INFO] running `Command { std: "docker" "start" "d886f67fd5755a4907436abb034c7f4f07d70fcb41c6894c6c47933d70cdbc87", kill_on_drop: false }`
[INFO] running `Command { std: "docker" "inspect" "d886f67fd5755a4907436abb034c7f4f07d70fcb41c6894c6c47933d70cdbc87", kill_on_drop: false }`
[INFO] running `Command { std: "docker" "exec" "-e" "SOURCE_DIR=/opt/rustwide/workdir" "-e" "CARGO_HOME=/opt/rustwide/cargo-home" "-e" "RUSTUP_HOME=/opt/rustwide/rustup-home" "-e" "CARGO_TARGET_DIR=/opt/rustwide/target" "-w" "/opt/rustwide/workdir" "--user" "0:0" "d886f67fd5755a4907436abb034c7f4f07d70fcb41c6894c6c47933d70cdbc87" "/opt/rustwide/cargo-home/bin/cargo" "+1.99.0-beta.8" "metadata" "--no-deps" "--format-version=1", kill_on_drop: false }`
[INFO] running `Command { std: "docker" "inspect" "d886f67fd5755a4907436abb034c7f4f07d70fcb41c6894c6c47933d70cdbc87", kill_on_drop: false }`
[INFO] running `Command { std: "docker" "exec" "-e" "SOURCE_DIR=/opt/rustwide/workdir" "-e" "CARGO_HOME=/opt/rustwide/cargo-home" "-e" "RUSTUP_HOME=/opt/rustwide/rustup-home" "-e" "CARGO_TARGET_DIR=/opt/rustwide/target" "-e" "CARGO_INCREMENTAL=0" "-e" "RUST_BACKTRACE=full" "-e" "RUSTFLAGS=--cap-lints=warn" "-e" "RUSTDOCFLAGS=--cap-lints=warn" "-w" "/opt/rustwide/workdir" "--user" "0:0" "d886f67fd5755a4907436abb034c7f4f07d70fcb41c6894c6c47933d70cdbc87" "/opt/rustwide/cargo-home/bin/cargo" "+1.99.0-beta.8" "build" "--frozen" "--message-format=json" "--release", kill_on_drop: false }`
[INFO] [stderr]    Compiling syn v2.0.117
[INFO] [stderr]    Compiling glob v0.3.3
[INFO] [stderr]    Compiling typenum v1.20.0
[INFO] [stderr]    Compiling prettyplease v0.2.37
[INFO] [stderr]    Compiling libc v0.2.186
[INFO] [stderr]    Compiling minimal-lexical v0.2.1
[INFO] [stderr]    Compiling memchr v2.8.0
[INFO] [stderr]    Compiling regex-syntax v0.8.10
[INFO] [stderr]    Compiling hashbrown v0.17.0
[INFO] [stderr]    Compiling generic-array v0.14.7
[INFO] [stderr]    Compiling libloading v0.8.9
[INFO] [stderr]    Compiling either v1.15.0
[INFO] [stderr]    Compiling bindgen v0.72.1
[INFO] [stderr]    Compiling cc v1.2.61
[INFO] [stderr]    Compiling rustc-hash v2.1.2
[INFO] [stderr]    Compiling log v0.4.29
[INFO] [stderr]    Compiling libm v0.2.16
[INFO] [stderr]    Compiling bitflags v2.11.1
[INFO] [stderr]    Compiling thiserror v2.0.18
[INFO] [stderr]    Compiling itertools v0.12.1
[INFO] [stderr]    Compiling portable-atomic v1.13.1
[INFO] [stderr]    Compiling tstrans-mbedtls-src v0.8.0+3.6.7
[INFO] [stderr]    Compiling pkg-config v0.3.33
[INFO] [stderr]    Compiling cpufeatures v0.2.17
[INFO] [stderr]    Compiling foldhash v0.1.5
[INFO] [stderr]    Compiling tracing v0.1.44
[INFO] [stderr]    Compiling clang-sys v1.8.1
[INFO] [stderr]    Compiling hashbrown v0.15.5
[INFO] [stderr]    Compiling socket2 v0.5.10
[INFO] [stderr]    Compiling spin v0.9.9
[INFO] [stderr]    Compiling zeroize v1.8.2
[INFO] [stderr]    Compiling os_socketaddr v0.2.5
[INFO] [stderr]    Compiling nom v7.1.3
[INFO] [stderr]    Compiling secrecy v0.10.3
[INFO] [stderr]    Compiling serde_json v1.0.149
[INFO] [stderr]    Compiling indexmap v2.14.0
[INFO] [stderr]    Compiling regex-automata v0.4.14
[INFO] [stderr]    Compiling cmake v0.1.58
[INFO] [stderr]    Compiling cexpr v0.6.0
[INFO] [stderr]    Compiling block-buffer v0.10.4
[INFO] [stderr]    Compiling crypto-common v0.1.7
[INFO] [stderr]    Compiling digest v0.10.7
[INFO] [stderr]    Compiling sha2 v0.10.9
[INFO] [stderr]    Compiling regex v1.12.3
[INFO] [stderr]    Compiling serde_derive v1.0.228
[INFO] [stderr]    Compiling thiserror-impl v2.0.18
[INFO] [stderr]    Compiling serde v1.0.228
[INFO] [stderr]    Compiling toml_datetime v0.6.11
[INFO] [stderr]    Compiling serde_spanned v0.6.9
[INFO] [stderr]    Compiling toml_edit v0.22.27
[INFO] [stderr]    Compiling tstrans-srt-sys v0.8.0
[INFO] [stderr]    Compiling toml v0.8.23
[INFO] [stderr]    Compiling tst-core v0.8.0
[INFO] [stderr]    Compiling tst-pipeline v0.8.0
[INFO] [stderr] error: failed to run custom build command for `tstrans-srt-sys v0.8.0`
[INFO] [stderr] note: To improve backtraces for build dependencies, set the CARGO_PROFILE_RELEASE_BUILD_OVERRIDE_DEBUG=true environment variable to enable debug information generation.
[INFO] [stderr] 
[INFO] [stderr] Caused by:
[INFO] [stderr]   process didn't exit successfully: `/opt/rustwide/target/release/build/tstrans-srt-sys-6ea3da950bca5117/build-script-build` (exit status: 101)
[INFO] [stderr]   --- stdout
[INFO] [stderr]   cargo:rerun-if-changed=wrapper.h
[INFO] [stderr]   cargo:rerun-if-changed=build.rs
[INFO] [stderr]   cargo:rerun-if-changed=vendor/srt/CMakeLists.txt
[INFO] [stderr]   cargo:rerun-if-changed=/opt/rustwide/cargo-home/registry/src/index.crates.io-1949cf8c6b5b557f/tstrans-mbedtls-src-0.8.0+3.6.7/vendor/mbedtls/CMakeLists.txt
[INFO] [stderr]   cargo:rerun-if-env-changed=SRT_NO_PKG_CONFIG
[INFO] [stderr]   cargo:rerun-if-env-changed=SRT_FORCE_VENDORED
[INFO] [stderr]   cargo:rerun-if-env-changed=TST_NATIVE_SANITIZER
[INFO] [stderr]   CMAKE_TOOLCHAIN_FILE_x86_64-unknown-linux-gnu = None
[INFO] [stderr]   CMAKE_TOOLCHAIN_FILE_x86_64_unknown_linux_gnu = None
[INFO] [stderr]   HOST_CMAKE_TOOLCHAIN_FILE = None
[INFO] [stderr]   CMAKE_TOOLCHAIN_FILE = None
[INFO] [stderr]   CMAKE_GENERATOR_x86_64-unknown-linux-gnu = None
[INFO] [stderr]   CMAKE_GENERATOR_x86_64_unknown_linux_gnu = None
[INFO] [stderr]   HOST_CMAKE_GENERATOR = None
[INFO] [stderr]   CMAKE_GENERATOR = None
[INFO] [stderr]   CMAKE_PREFIX_PATH_x86_64-unknown-linux-gnu = None
[INFO] [stderr]   CMAKE_PREFIX_PATH_x86_64_unknown_linux_gnu = None
[INFO] [stderr]   HOST_CMAKE_PREFIX_PATH = None
[INFO] [stderr]   CMAKE_PREFIX_PATH = None
[INFO] [stderr]   CMAKE_x86_64-unknown-linux-gnu = None
[INFO] [stderr]   CMAKE_x86_64_unknown_linux_gnu = None
[INFO] [stderr]   HOST_CMAKE = None
[INFO] [stderr]   CMAKE = None
[INFO] [stderr]   -- The C compiler identification is GNU 15.2.0
[INFO] [stderr]   -- Detecting C compiler ABI info
[INFO] [stderr]   -- Detecting C compiler ABI info - done
[INFO] [stderr]   -- Check for working C compiler: /usr/bin/cc - skipped
[INFO] [stderr]   -- Detecting C compile features
[INFO] [stderr]   -- Detecting C compile features - done
[INFO] [stderr]   -- Found Python3: /usr/bin/python3 (found version "3.14.4") found components: Interpreter
[INFO] [stderr]   -- Performing Test CMAKE_HAVE_LIBC_PTHREAD
[INFO] [stderr]   -- Performing Test CMAKE_HAVE_LIBC_PTHREAD - Success
[INFO] [stderr]   -- Found Threads: TRUE
[INFO] [stderr]   -- Performing Test C_COMPILER_SUPPORTS_WFORMAT_SIGNEDNESS
[INFO] [stderr]   -- Performing Test C_COMPILER_SUPPORTS_WFORMAT_SIGNEDNESS - Success
[INFO] [stderr]   -- USING O3
[INFO] [stderr]   -- Configuring done (5.4s)
[INFO] [stderr]   -- Generating done (0.1s)
[INFO] [stderr]   -- Build files have been written to: /opt/rustwide/target/release/build/tstrans-srt-sys-6f07ea00d0914a23/out/build
[INFO] [stderr]   [  1%] Building C object 3rdparty/everest/CMakeFiles/everest.dir/library/x25519.c.o
[INFO] [stderr]   [  2%] Building C object 3rdparty/everest/CMakeFiles/everest.dir/library/Hacl_Curve25519_joined.c.o
[INFO] [stderr]   [  2%] Building C object 3rdparty/everest/CMakeFiles/everest.dir/library/everest.c.o
[INFO] [stderr]   [  3%] Building C object 3rdparty/p256-m/CMakeFiles/p256m.dir/p256-m/p256-m.c.o
[INFO] [stderr]   [  4%] Linking C static library libeverest.a
[INFO] [stderr]   [  5%] Building C object 3rdparty/p256-m/CMakeFiles/p256m.dir/p256-m_driver_entrypoints.c.o
[INFO] [stderr]   [  6%] Linking C static library libp256m.a
[INFO] [stderr]   [  6%] Built target everest
[INFO] [stderr]   [  6%] Built target p256m
[INFO] [stderr]   [  7%] Building C object library/CMakeFiles/mbedcrypto.dir/aesni.c.o
[INFO] [stderr]   [  7%] Building C object library/CMakeFiles/mbedcrypto.dir/aesce.c.o
[INFO] [stderr]   [  9%] Building C object library/CMakeFiles/mbedcrypto.dir/asn1write.c.o
[INFO] [stderr]   [  9%] Building C object library/CMakeFiles/mbedcrypto.dir/base64.c.o
[INFO] [stderr]   [ 10%] Building C object library/CMakeFiles/mbedcrypto.dir/aria.c.o
[INFO] [stderr]   [ 11%] Building C object library/CMakeFiles/mbedcrypto.dir/bignum.c.o
[INFO] [stderr]   [ 12%] Building C object library/CMakeFiles/mbedcrypto.dir/asn1parse.c.o
[INFO] [stderr]   [ 13%] Building C object library/CMakeFiles/mbedcrypto.dir/aes.c.o
[INFO] [stderr]   [ 14%] Building C object library/CMakeFiles/mbedcrypto.dir/bignum_core.c.o
[INFO] [stderr]   [ 14%] Building C object library/CMakeFiles/mbedcrypto.dir/bignum_mod.c.o
[INFO] [stderr]   [ 15%] Building C object library/CMakeFiles/mbedcrypto.dir/bignum_mod_raw.c.o
[INFO] [stderr]   [ 16%] Building C object library/CMakeFiles/mbedcrypto.dir/block_cipher.c.o
[INFO] [stderr]   [ 17%] Building C object library/CMakeFiles/mbedcrypto.dir/camellia.c.o
[INFO] [stderr]   [ 18%] Building C object library/CMakeFiles/mbedcrypto.dir/ccm.c.o
[INFO] [stderr]   [ 19%] Building C object library/CMakeFiles/mbedcrypto.dir/chacha20.c.o
[INFO] [stderr]   [ 19%] Building C object library/CMakeFiles/mbedcrypto.dir/chachapoly.c.o
[INFO] [stderr]   [ 20%] Building C object library/CMakeFiles/mbedcrypto.dir/cipher_wrap.c.o
[INFO] [stderr]   [ 21%] Building C object library/CMakeFiles/mbedcrypto.dir/cipher.c.o
[INFO] [stderr]   [ 22%] Building C object library/CMakeFiles/mbedcrypto.dir/constant_time.c.o
[INFO] [stderr]   [ 23%] Building C object library/CMakeFiles/mbedcrypto.dir/cmac.c.o
[INFO] [stderr]   [ 24%] Building C object library/CMakeFiles/mbedcrypto.dir/ctr_drbg.c.o
[INFO] [stderr]   [ 24%] Building C object library/CMakeFiles/mbedcrypto.dir/dhm.c.o
[INFO] [stderr]   [ 25%] Building C object library/CMakeFiles/mbedcrypto.dir/des.c.o
[INFO] [stderr]   [ 26%] Building C object library/CMakeFiles/mbedcrypto.dir/ecdh.c.o
[INFO] [stderr]   [ 27%] Building C object library/CMakeFiles/mbedcrypto.dir/ecdsa.c.o
[INFO] [stderr]   [ 28%] Building C object library/CMakeFiles/mbedcrypto.dir/ecjpake.c.o
[INFO] [stderr]   [ 29%] Building C object library/CMakeFiles/mbedcrypto.dir/ecp.c.o
[INFO] [stderr]   [ 30%] Building C object library/CMakeFiles/mbedcrypto.dir/ecp_curves.c.o
[INFO] [stderr]   [ 30%] Building C object library/CMakeFiles/mbedcrypto.dir/entropy.c.o
[INFO] [stderr]   [ 31%] Building C object library/CMakeFiles/mbedcrypto.dir/gcm.c.o
[INFO] [stderr]   [ 32%] Building C object library/CMakeFiles/mbedcrypto.dir/entropy_poll.c.o
[INFO] [stderr]   [ 33%] Building C object library/CMakeFiles/mbedcrypto.dir/error.c.o
[INFO] [stderr]   [ 34%] Building C object library/CMakeFiles/mbedcrypto.dir/lmots.c.o
[INFO] [stderr]   [ 35%] Building C object library/CMakeFiles/mbedcrypto.dir/hkdf.c.o
[INFO] [stderr]   [ 36%] Building C object library/CMakeFiles/mbedcrypto.dir/hmac_drbg.c.o
[INFO] [stderr]   [ 36%] Building C object library/CMakeFiles/mbedcrypto.dir/lms.c.o
[INFO] [stderr]   [ 37%] Building C object library/CMakeFiles/mbedcrypto.dir/md.c.o
[INFO] [stderr]   [ 38%] Building C object library/CMakeFiles/mbedcrypto.dir/md5.c.o
[INFO] [stderr]   [ 39%] Building C object library/CMakeFiles/mbedcrypto.dir/memory_buffer_alloc.c.o
[INFO] [stderr]   [ 40%] Building C object library/CMakeFiles/mbedcrypto.dir/nist_kw.c.o
[INFO] [stderr]   [ 41%] Building C object library/CMakeFiles/mbedcrypto.dir/oid.c.o
[INFO] [stderr]   [ 41%] Building C object library/CMakeFiles/mbedcrypto.dir/padlock.c.o
[INFO] [stderr]   [ 42%] Building C object library/CMakeFiles/mbedcrypto.dir/pk.c.o
[INFO] [stderr]   [ 43%] Building C object library/CMakeFiles/mbedcrypto.dir/pem.c.o
[INFO] [stderr]   [ 44%] Building C object library/CMakeFiles/mbedcrypto.dir/pk_ecc.c.o
[INFO] [stderr]   [ 45%] Building C object library/CMakeFiles/mbedcrypto.dir/pk_wrap.c.o
[INFO] [stderr]   [ 46%] Building C object library/CMakeFiles/mbedcrypto.dir/pkcs12.c.o
[INFO] [stderr]   [ 47%] Building C object library/CMakeFiles/mbedcrypto.dir/pkcs5.c.o
[INFO] [stderr]   [ 48%] Building C object library/CMakeFiles/mbedcrypto.dir/pkwrite.c.o
[INFO] [stderr]   [ 48%] Building C object library/CMakeFiles/mbedcrypto.dir/pkparse.c.o
[INFO] [stderr]   [ 49%] Building C object library/CMakeFiles/mbedcrypto.dir/platform.c.o
[INFO] [stderr]   [ 50%] Building C object library/CMakeFiles/mbedcrypto.dir/platform_util.c.o
[INFO] [stderr]   [ 51%] Building C object library/CMakeFiles/mbedcrypto.dir/poly1305.c.o
[INFO] [stderr]   [ 52%] Building C object library/CMakeFiles/mbedcrypto.dir/psa_crypto.c.o
[INFO] [stderr]   [ 53%] Building C object library/CMakeFiles/mbedcrypto.dir/psa_crypto_aead.c.o
[INFO] [stderr]   [ 53%] Building C object library/CMakeFiles/mbedcrypto.dir/psa_crypto_cipher.c.o
[INFO] [stderr]   [ 54%] Building C object library/CMakeFiles/mbedcrypto.dir/psa_crypto_client.c.o
[INFO] [stderr]   [ 55%] Building C object library/CMakeFiles/mbedcrypto.dir/psa_crypto_driver_wrappers_no_static.c.o
[INFO] [stderr]   [ 56%] Building C object library/CMakeFiles/mbedcrypto.dir/psa_crypto_ffdh.c.o
[INFO] [stderr]   [ 57%] Building C object library/CMakeFiles/mbedcrypto.dir/psa_crypto_hash.c.o
[INFO] [stderr]   [ 58%] Building C object library/CMakeFiles/mbedcrypto.dir/psa_crypto_ecp.c.o
[INFO] [stderr]   [ 58%] Building C object library/CMakeFiles/mbedcrypto.dir/psa_crypto_mac.c.o
[INFO] [stderr]   [ 59%] Building C object library/CMakeFiles/mbedcrypto.dir/psa_crypto_pake.c.o
[INFO] [stderr]   [ 60%] Building C object library/CMakeFiles/mbedcrypto.dir/psa_crypto_rsa.c.o
[INFO] [stderr]   [ 61%] Building C object library/CMakeFiles/mbedcrypto.dir/psa_crypto_random.c.o
[INFO] [stderr]   [ 62%] Building C object library/CMakeFiles/mbedcrypto.dir/psa_crypto_se.c.o
[INFO] [stderr]   [ 63%] Building C object library/CMakeFiles/mbedcrypto.dir/psa_crypto_storage.c.o
[INFO] [stderr]   [ 64%] Building C object library/CMakeFiles/mbedcrypto.dir/psa_crypto_slot_management.c.o
[INFO] [stderr]   [ 64%] Building C object library/CMakeFiles/mbedcrypto.dir/psa_its_file.c.o
[INFO] [stderr]   [ 65%] Building C object library/CMakeFiles/mbedcrypto.dir/ripemd160.c.o
[INFO] [stderr]   [ 66%] Building C object library/CMakeFiles/mbedcrypto.dir/psa_util.c.o
[INFO] [stderr]   [ 67%] Building C object library/CMakeFiles/mbedcrypto.dir/sha1.c.o
[INFO] [stderr]   [ 68%] Building C object library/CMakeFiles/mbedcrypto.dir/rsa_alt_helpers.c.o
[INFO] [stderr]   [ 69%] Building C object library/CMakeFiles/mbedcrypto.dir/rsa.c.o
[INFO] [stderr]   [ 69%] Building C object library/CMakeFiles/mbedcrypto.dir/sha256.c.o
[INFO] [stderr]   [ 70%] Building C object library/CMakeFiles/mbedcrypto.dir/threading.c.o
[INFO] [stderr]   [ 71%] Building C object library/CMakeFiles/mbedcrypto.dir/sha512.c.o
[INFO] [stderr]   [ 72%] Building C object library/CMakeFiles/mbedcrypto.dir/timing.c.o
[INFO] [stderr]   [ 73%] Building C object library/CMakeFiles/mbedcrypto.dir/sha3.c.o
[INFO] [stderr]   [ 74%] Building C object library/CMakeFiles/mbedcrypto.dir/version_features.c.o
[INFO] [stderr]   [ 75%] Building C object library/CMakeFiles/mbedcrypto.dir/version.c.o
[INFO] [stderr]   [ 75%] Linking C static library libmbedcrypto.a
[INFO] [stderr]   [ 75%] Built target mbedcrypto
[INFO] [stderr]   [ 76%] Building C object library/CMakeFiles/mbedx509.dir/pkcs7.c.o
[INFO] [stderr]   [ 77%] Building C object library/CMakeFiles/mbedx509.dir/x509_crl.c.o
[INFO] [stderr]   [ 78%] Building C object library/CMakeFiles/mbedx509.dir/x509.c.o
[INFO] [stderr]   [ 79%] Building C object library/CMakeFiles/mbedx509.dir/x509write_crt.c.o
[INFO] [stderr]   [ 80%] Building C object library/CMakeFiles/mbedx509.dir/x509_crt.c.o
[INFO] [stderr]   [ 80%] Building C object library/CMakeFiles/mbedx509.dir/x509write.c.o
[INFO] [stderr]   [ 81%] Building C object library/CMakeFiles/mbedx509.dir/x509_create.c.o
[INFO] [stderr]   [ 82%] Building C object library/CMakeFiles/mbedx509.dir/x509write_csr.c.o
[INFO] [stderr]   [ 83%] Building C object library/CMakeFiles/mbedx509.dir/x509_csr.c.o
[INFO] [stderr]   [ 84%] Linking C static library libmbedx509.a
[INFO] [stderr]   [ 84%] Built target mbedx509
[INFO] [stderr]   [ 85%] Building C object library/CMakeFiles/mbedtls.dir/debug.c.o
[INFO] [stderr]   [ 86%] Building C object library/CMakeFiles/mbedtls.dir/mps_trace.c.o
[INFO] [stderr]   [ 87%] Building C object library/CMakeFiles/mbedtls.dir/mps_reader.c.o
[INFO] [stderr]   [ 87%] Building C object library/CMakeFiles/mbedtls.dir/ssl_ciphersuites.c.o
[INFO] [stderr]   [ 88%] Building C object library/CMakeFiles/mbedtls.dir/ssl_client.c.o
[INFO] [stderr]   [ 89%] Building C object library/CMakeFiles/mbedtls.dir/ssl_tls.c.o
[INFO] [stderr]   [ 90%] Building C object library/CMakeFiles/mbedtls.dir/ssl_debug_helpers_generated.c.o
[INFO] [stderr]   [ 91%] Building C object library/CMakeFiles/mbedtls.dir/ssl_ticket.c.o
[INFO] [stderr]   [ 92%] Building C object library/CMakeFiles/mbedtls.dir/ssl_tls13_keys.c.o
[INFO] [stderr]   [ 93%] Building C object library/CMakeFiles/mbedtls.dir/ssl_tls12_server.c.o
[INFO] [stderr]   [ 94%] Building C object library/CMakeFiles/mbedtls.dir/net_sockets.c.o
[INFO] [stderr]   [ 95%] Building C object library/CMakeFiles/mbedtls.dir/ssl_tls13_server.c.o
[INFO] [stderr]   [ 96%] Building C object library/CMakeFiles/mbedtls.dir/ssl_msg.c.o
[INFO] [stderr]   [ 97%] Building C object library/CMakeFiles/mbedtls.dir/ssl_cache.c.o
[INFO] [stderr]   [ 98%] Building C object library/CMakeFiles/mbedtls.dir/ssl_cookie.c.o
[INFO] [stderr]   [ 98%] Building C object library/CMakeFiles/mbedtls.dir/ssl_tls12_client.c.o
[INFO] [stderr]   [ 99%] Building C object library/CMakeFiles/mbedtls.dir/ssl_tls13_generic.c.o
[INFO] [stderr]   [100%] Building C object library/CMakeFiles/mbedtls.dir/ssl_tls13_client.c.o
[INFO] [stderr]   [100%] Linking C static library libmbedtls.a
[INFO] [stderr]   [100%] Built target mbedtls
[INFO] [stderr]   Install the project...
[INFO] [stderr]   -- Install configuration: "Release"
[INFO] [stderr]   -- Installing: /opt/rustwide/target/release/build/tstrans-srt-sys-6f07ea00d0914a23/out/lib/cmake/MbedTLS/MbedTLSConfig.cmake
[INFO] [stderr]   -- Installing: /opt/rustwide/target/release/build/tstrans-srt-sys-6f07ea00d0914a23/out/lib/cmake/MbedTLS/MbedTLSConfigVersion.cmake
[INFO] [stderr]   -- Installing: /opt/rustwide/target/release/build/tstrans-srt-sys-6f07ea00d0914a23/out/lib/cmake/MbedTLS/MbedTLSTargets.cmake
[INFO] [stderr]   -- Installing: /opt/rustwide/target/release/build/tstrans-srt-sys-6f07ea00d0914a23/out/lib/cmake/MbedTLS/MbedTLSTargets-release.cmake
[INFO] [stderr]   -- Installing: /opt/rustwide/target/release/build/tstrans-srt-sys-6f07ea00d0914a23/out/include/mbedtls/aes.h
[INFO] [stderr]   -- Installing: /opt/rustwide/target/release/build/tstrans-srt-sys-6f07ea00d0914a23/out/include/mbedtls/aria.h
[INFO] [stderr]   -- Installing: /opt/rustwide/target/release/build/tstrans-srt-sys-6f07ea00d0914a23/out/include/mbedtls/asn1.h
[INFO] [stderr]   -- Installing: /opt/rustwide/target/release/build/tstrans-srt-sys-6f07ea00d0914a23/out/include/mbedtls/asn1write.h
[INFO] [stderr]   -- Installing: /opt/rustwide/target/release/build/tstrans-srt-sys-6f07ea00d0914a23/out/include/mbedtls/base64.h
[INFO] [stderr]   -- Installing: /opt/rustwide/target/release/build/tstrans-srt-sys-6f07ea00d0914a23/out/include/mbedtls/bignum.h
[INFO] [stderr]   -- Installing: /opt/rustwide/target/release/build/tstrans-srt-sys-6f07ea00d0914a23/out/include/mbedtls/block_cipher.h
[INFO] [stderr]   -- Installing: /opt/rustwide/target/release/build/tstrans-srt-sys-6f07ea00d0914a23/out/include/mbedtls/build_info.h
[INFO] [stderr]   -- Installing: /opt/rustwide/target/release/build/tstrans-srt-sys-6f07ea00d0914a23/out/include/mbedtls/camellia.h
[INFO] [stderr]   -- Installing: /opt/rustwide/target/release/build/tstrans-srt-sys-6f07ea00d0914a23/out/include/mbedtls/ccm.h
[INFO] [stderr]   -- Installing: /opt/rustwide/target/release/build/tstrans-srt-sys-6f07ea00d0914a23/out/include/mbedtls/chacha20.h
[INFO] [stderr]   -- Installing: /opt/rustwide/target/release/build/tstrans-srt-sys-6f07ea00d0914a23/out/include/mbedtls/chachapoly.h
[INFO] [stderr]   -- Installing: /opt/rustwide/target/release/build/tstrans-srt-sys-6f07ea00d0914a23/out/include/mbedtls/check_config.h
[INFO] [stderr]   -- Installing: /opt/rustwide/target/release/build/tstrans-srt-sys-6f07ea00d0914a23/out/include/mbedtls/cipher.h
[INFO] [stderr]   -- Installing: /opt/rustwide/target/release/build/tstrans-srt-sys-6f07ea00d0914a23/out/include/mbedtls/cmac.h
[INFO] [stderr]   -- Installing: /opt/rustwide/target/release/build/tstrans-srt-sys-6f07ea00d0914a23/out/include/mbedtls/compat-2.x.h
[INFO] [stderr]   -- Installing: /opt/rustwide/target/release/build/tstrans-srt-sys-6f07ea00d0914a23/out/include/mbedtls/config_adjust_legacy_crypto.h
[INFO] [stderr]   -- Installing: /opt/rustwide/target/release/build/tstrans-srt-sys-6f07ea00d0914a23/out/include/mbedtls/config_adjust_legacy_from_psa.h
[INFO] [stderr]   -- Installing: /opt/rustwide/target/release/build/tstrans-srt-sys-6f07ea00d0914a23/out/include/mbedtls/config_adjust_psa_from_legacy.h
[INFO] [stderr]   -- Installing: /opt/rustwide/target/release/build/tstrans-srt-sys-6f07ea00d0914a23/out/include/mbedtls/config_adjust_psa_superset_legacy.h
[INFO] [stderr]   -- Installing: /opt/rustwide/target/release/build/tstrans-srt-sys-6f07ea00d0914a23/out/include/mbedtls/config_adjust_ssl.h
[INFO] [stderr]   -- Installing: /opt/rustwide/target/release/build/tstrans-srt-sys-6f07ea00d0914a23/out/include/mbedtls/config_adjust_x509.h
[INFO] [stderr]   -- Installing: /opt/rustwide/target/release/build/tstrans-srt-sys-6f07ea00d0914a23/out/include/mbedtls/config_psa.h
[INFO] [stderr]   -- Installing: /opt/rustwide/target/release/build/tstrans-srt-sys-6f07ea00d0914a23/out/include/mbedtls/constant_time.h
[INFO] [stderr]   -- Installing: /opt/rustwide/target/release/build/tstrans-srt-sys-6f07ea00d0914a23/out/include/mbedtls/ctr_drbg.h
[INFO] [stderr]   -- Installing: /opt/rustwide/target/release/build/tstrans-srt-sys-6f07ea00d0914a23/out/include/mbedtls/debug.h
[INFO] [stderr]   -- Installing: /opt/rustwide/target/release/build/tstrans-srt-sys-6f07ea00d0914a23/out/include/mbedtls/des.h
[INFO] [stderr]   -- Installing: /opt/rustwide/target/release/build/tstrans-srt-sys-6f07ea00d0914a23/out/include/mbedtls/dhm.h
[INFO] [stderr]   -- Installing: /opt/rustwide/target/release/build/tstrans-srt-sys-6f07ea00d0914a23/out/include/mbedtls/ecdh.h
[INFO] [stderr]   -- Installing: /opt/rustwide/target/release/build/tstrans-srt-sys-6f07ea00d0914a23/out/include/mbedtls/ecdsa.h
[INFO] [stderr]   -- Installing: /opt/rustwide/target/release/build/tstrans-srt-sys-6f07ea00d0914a23/out/include/mbedtls/ecjpake.h
[INFO] [stderr]   -- Installing: /opt/rustwide/target/release/build/tstrans-srt-sys-6f07ea00d0914a23/out/include/mbedtls/ecp.h
[INFO] [stderr]   -- Installing: /opt/rustwide/target/release/build/tstrans-srt-sys-6f07ea00d0914a23/out/include/mbedtls/entropy.h
[INFO] [stderr]   -- Installing: /opt/rustwide/target/release/build/tstrans-srt-sys-6f07ea00d0914a23/out/include/mbedtls/error.h
[INFO] [stderr]   -- Installing: /opt/rustwide/target/release/build/tstrans-srt-sys-6f07ea00d0914a23/out/include/mbedtls/gcm.h
[INFO] [stderr]   -- Installing: /opt/rustwide/target/release/build/tstrans-srt-sys-6f07ea00d0914a23/out/include/mbedtls/hkdf.h
[INFO] [stderr]   -- Installing: /opt/rustwide/target/release/build/tstrans-srt-sys-6f07ea00d0914a23/out/include/mbedtls/hmac_drbg.h
[INFO] [stderr]   -- Installing: /opt/rustwide/target/release/build/tstrans-srt-sys-6f07ea00d0914a23/out/include/mbedtls/lms.h
[INFO] [stderr]   -- Installing: /opt/rustwide/target/release/build/tstrans-srt-sys-6f07ea00d0914a23/out/include/mbedtls/mbedtls_config.h
[INFO] [stderr]   -- Installing: /opt/rustwide/target/release/build/tstrans-srt-sys-6f07ea00d0914a23/out/include/mbedtls/md.h
[INFO] [stderr]   -- Installing: /opt/rustwide/target/release/build/tstrans-srt-sys-6f07ea00d0914a23/out/include/mbedtls/md5.h
[INFO] [stderr]   -- Installing: /opt/rustwide/target/release/build/tstrans-srt-sys-6f07ea00d0914a23/out/include/mbedtls/memory_buffer_alloc.h
[INFO] [stderr]   -- Installing: /opt/rustwide/target/release/build/tstrans-srt-sys-6f07ea00d0914a23/out/include/mbedtls/net_sockets.h
[INFO] [stderr]   -- Installing: /opt/rustwide/target/release/build/tstrans-srt-sys-6f07ea00d0914a23/out/include/mbedtls/nist_kw.h
[INFO] [stderr]   -- Installing: /opt/rustwide/target/release/build/tstrans-srt-sys-6f07ea00d0914a23/out/include/mbedtls/oid.h
[INFO] [stderr]   -- Installing: /opt/rustwide/target/release/build/tstrans-srt-sys-6f07ea00d0914a23/out/include/mbedtls/pem.h
[INFO] [stderr]   -- Installing: /opt/rustwide/target/release/build/tstrans-srt-sys-6f07ea00d0914a23/out/include/mbedtls/pk.h
[INFO] [stderr]   -- Installing: /opt/rustwide/target/release/build/tstrans-srt-sys-6f07ea00d0914a23/out/include/mbedtls/pkcs12.h
[INFO] [stderr]   -- Installing: /opt/rustwide/target/release/build/tstrans-srt-sys-6f07ea00d0914a23/out/include/mbedtls/pkcs5.h
[INFO] [stderr]   -- Installing: /opt/rustwide/target/release/build/tstrans-srt-sys-6f07ea00d0914a23/out/include/mbedtls/pkcs7.h
[INFO] [stderr]   -- Installing: /opt/rustwide/target/release/build/tstrans-srt-sys-6f07ea00d0914a23/out/include/mbedtls/platform.h
[INFO] [stderr]   -- Installing: /opt/rustwide/target/release/build/tstrans-srt-sys-6f07ea00d0914a23/out/include/mbedtls/platform_time.h
[INFO] [stderr]   -- Installing: /opt/rustwide/target/release/build/tstrans-srt-sys-6f07ea00d0914a23/out/include/mbedtls/platform_util.h
[INFO] [stderr]   -- Installing: /opt/rustwide/target/release/build/tstrans-srt-sys-6f07ea00d0914a23/out/include/mbedtls/poly1305.h
[INFO] [stderr]   -- Installing: /opt/rustwide/target/release/build/tstrans-srt-sys-6f07ea00d0914a23/out/include/mbedtls/private_access.h
[INFO] [stderr]   -- Installing: /opt/rustwide/target/release/build/tstrans-srt-sys-6f07ea00d0914a23/out/include/mbedtls/psa_util.h
[INFO] [stderr]   -- Installing: /opt/rustwide/target/release/build/tstrans-srt-sys-6f07ea00d0914a23/out/include/mbedtls/ripemd160.h
[INFO] [stderr]   -- Installing: /opt/rustwide/target/release/build/tstrans-srt-sys-6f07ea00d0914a23/out/include/mbedtls/rsa.h
[INFO] [stderr]   -- Installing: /opt/rustwide/target/release/build/tstrans-srt-sys-6f07ea00d0914a23/out/include/mbedtls/sha1.h
[INFO] [stderr]   -- Installing: /opt/rustwide/target/release/build/tstrans-srt-sys-6f07ea00d0914a23/out/include/mbedtls/sha256.h
[INFO] [stderr]   -- Installing: /opt/rustwide/target/release/build/tstrans-srt-sys-6f07ea00d0914a23/out/include/mbedtls/sha3.h
[INFO] [stderr]   -- Installing: /opt/rustwide/target/release/build/tstrans-srt-sys-6f07ea00d0914a23/out/include/mbedtls/sha512.h
[INFO] [stderr]   -- Installing: /opt/rustwide/target/release/build/tstrans-srt-sys-6f07ea00d0914a23/out/include/mbedtls/ssl.h
[INFO] [stderr]   -- Installing: /opt/rustwide/target/release/build/tstrans-srt-sys-6f07ea00d0914a23/out/include/mbedtls/ssl_cache.h
[INFO] [stderr]   -- Installing: /opt/rustwide/target/release/build/tstrans-srt-sys-6f07ea00d0914a23/out/include/mbedtls/ssl_ciphersuites.h
[INFO] [stderr]   -- Installing: /opt/rustwide/target/release/build/tstrans-srt-sys-6f07ea00d0914a23/out/include/mbedtls/ssl_cookie.h
[INFO] [stderr]   -- Installing: /opt/rustwide/target/release/build/tstrans-srt-sys-6f07ea00d0914a23/out/include/mbedtls/ssl_ticket.h
[INFO] [stderr]   -- Installing: /opt/rustwide/target/release/build/tstrans-srt-sys-6f07ea00d0914a23/out/include/mbedtls/threading.h
[INFO] [stderr]   -- Installing: /opt/rustwide/target/release/build/tstrans-srt-sys-6f07ea00d0914a23/out/include/mbedtls/timing.h
[INFO] [stderr]   -- Installing: /opt/rustwide/target/release/build/tstrans-srt-sys-6f07ea00d0914a23/out/include/mbedtls/version.h
[INFO] [stderr]   -- Installing: /opt/rustwide/target/release/build/tstrans-srt-sys-6f07ea00d0914a23/out/include/mbedtls/x509.h
[INFO] [stderr]   -- Installing: /opt/rustwide/target/release/build/tstrans-srt-sys-6f07ea00d0914a23/out/include/mbedtls/x509_crl.h
[INFO] [stderr]   -- Installing: /opt/rustwide/target/release/build/tstrans-srt-sys-6f07ea00d0914a23/out/include/mbedtls/x509_crt.h
[INFO] [stderr]   -- Installing: /opt/rustwide/target/release/build/tstrans-srt-sys-6f07ea00d0914a23/out/include/mbedtls/x509_csr.h
[INFO] [stderr]   -- Installing: /opt/rustwide/target/release/build/tstrans-srt-sys-6f07ea00d0914a23/out/include/psa/build_info.h
[INFO] [stderr]   -- Installing: /opt/rustwide/target/release/build/tstrans-srt-sys-6f07ea00d0914a23/out/include/psa/crypto.h
[INFO] [stderr]   -- Installing: /opt/rustwide/target/release/build/tstrans-srt-sys-6f07ea00d0914a23/out/include/psa/crypto_adjust_auto_enabled.h
[INFO] [stderr]   -- Installing: /opt/rustwide/target/release/build/tstrans-srt-sys-6f07ea00d0914a23/out/include/psa/crypto_adjust_config_dependencies.h
[INFO] [stderr]   -- Installing: /opt/rustwide/target/release/build/tstrans-srt-sys-6f07ea00d0914a23/out/include/psa/crypto_adjust_config_key_pair_types.h
[INFO] [stderr]   -- Installing: /opt/rustwide/target/release/build/tstrans-srt-sys-6f07ea00d0914a23/out/include/psa/crypto_adjust_config_synonyms.h
[INFO] [stderr]   -- Installing: /opt/rustwide/target/release/build/tstrans-srt-sys-6f07ea00d0914a23/out/include/psa/crypto_builtin_composites.h
[INFO] [stderr]   -- Installing: /opt/rustwide/target/release/build/tstrans-srt-sys-6f07ea00d0914a23/out/include/psa/crypto_builtin_key_derivation.h
[INFO] [stderr]   -- Installing: /opt/rustwide/target/release/build/tstrans-srt-sys-6f07ea00d0914a23/out/include/psa/crypto_builtin_primitives.h
[INFO] [stderr]   -- Installing: /opt/rustwide/target/release/build/tstrans-srt-sys-6f07ea00d0914a23/out/include/psa/crypto_compat.h
[INFO] [stderr]   -- Installing: /opt/rustwide/target/release/build/tstrans-srt-sys-6f07ea00d0914a23/out/include/psa/crypto_config.h
[INFO] [stderr]   -- Installing: /opt/rustwide/target/release/build/tstrans-srt-sys-6f07ea00d0914a23/out/include/psa/crypto_driver_common.h
[INFO] [stderr]   -- Installing: /opt/rustwide/target/release/build/tstrans-srt-sys-6f07ea00d0914a23/out/include/psa/crypto_driver_contexts_composites.h
[INFO] [stderr]   -- Installing: /opt/rustwide/target/release/build/tstrans-srt-sys-6f07ea00d0914a23/out/include/psa/crypto_driver_contexts_key_derivation.h
[INFO] [stderr]   -- Installing: /opt/rustwide/target/release/build/tstrans-srt-sys-6f07ea00d0914a23/out/include/psa/crypto_driver_contexts_primitives.h
[INFO] [stderr]   -- Installing: /opt/rustwide/target/release/build/tstrans-srt-sys-6f07ea00d0914a23/out/include/psa/crypto_extra.h
[INFO] [stderr]   -- Installing: /opt/rustwide/target/release/build/tstrans-srt-sys-6f07ea00d0914a23/out/include/psa/crypto_legacy.h
[INFO] [stderr]   -- Installing: /opt/rustwide/target/release/build/tstrans-srt-sys-6f07ea00d0914a23/out/include/psa/crypto_platform.h
[INFO] [stderr]   -- Installing: /opt/rustwide/target/release/build/tstrans-srt-sys-6f07ea00d0914a23/out/include/psa/crypto_se_driver.h
[INFO] [stderr]   -- Installing: /opt/rustwide/target/release/build/tstrans-srt-sys-6f07ea00d0914a23/out/include/psa/crypto_sizes.h
[INFO] [stderr]   -- Installing: /opt/rustwide/target/release/build/tstrans-srt-sys-6f07ea00d0914a23/out/include/psa/crypto_struct.h
[INFO] [stderr]   -- Installing: /opt/rustwide/target/release/build/tstrans-srt-sys-6f07ea00d0914a23/out/include/psa/crypto_types.h
[INFO] [stderr]   -- Installing: /opt/rustwide/target/release/build/tstrans-srt-sys-6f07ea00d0914a23/out/include/psa/crypto_values.h
[INFO] [stderr]   -- Installing: /opt/rustwide/target/release/build/tstrans-srt-sys-6f07ea00d0914a23/out/include/everest
[INFO] [stderr]   -- Installing: /opt/rustwide/target/release/build/tstrans-srt-sys-6f07ea00d0914a23/out/include/everest/kremlib
[INFO] [stderr]   -- Installing: /opt/rustwide/target/release/build/tstrans-srt-sys-6f07ea00d0914a23/out/include/everest/kremlib/FStar_UInt64_FStar_UInt32_FStar_UInt16_FStar_UInt8.h
[INFO] [stderr]   -- Installing: /opt/rustwide/target/release/build/tstrans-srt-sys-6f07ea00d0914a23/out/include/everest/kremlib/FStar_UInt128.h
[INFO] [stderr]   -- Installing: /opt/rustwide/target/release/build/tstrans-srt-sys-6f07ea00d0914a23/out/include/everest/Hacl_Curve25519.h
[INFO] [stderr]   -- Installing: /opt/rustwide/target/release/build/tstrans-srt-sys-6f07ea00d0914a23/out/include/everest/everest.h
[INFO] [stderr]   -- Installing: /opt/rustwide/target/release/build/tstrans-srt-sys-6f07ea00d0914a23/out/include/everest/kremlib.h
[INFO] [stderr]   -- Installing: /opt/rustwide/target/release/build/tstrans-srt-sys-6f07ea00d0914a23/out/include/everest/x25519.h
[INFO] [stderr]   -- Installing: /opt/rustwide/target/release/build/tstrans-srt-sys-6f07ea00d0914a23/out/include/everest/vs2013
[INFO] [stderr]   -- Installing: /opt/rustwide/target/release/build/tstrans-srt-sys-6f07ea00d0914a23/out/include/everest/vs2013/Hacl_Curve25519.h
[INFO] [stderr]   -- Installing: /opt/rustwide/target/release/build/tstrans-srt-sys-6f07ea00d0914a23/out/include/everest/kremlin
[INFO] [stderr]   -- Installing: /opt/rustwide/target/release/build/tstrans-srt-sys-6f07ea00d0914a23/out/include/everest/kremlin/c_endianness.h
[INFO] [stderr]   -- Installing: /opt/rustwide/target/release/build/tstrans-srt-sys-6f07ea00d0914a23/out/include/everest/kremlin/internal
[INFO] [stderr]   -- Installing: /opt/rustwide/target/release/build/tstrans-srt-sys-6f07ea00d0914a23/out/include/everest/kremlin/internal/target.h
[INFO] [stderr]   -- Installing: /opt/rustwide/target/release/build/tstrans-srt-sys-6f07ea00d0914a23/out/include/everest/kremlin/internal/builtin.h
[INFO] [stderr]   -- Installing: /opt/rustwide/target/release/build/tstrans-srt-sys-6f07ea00d0914a23/out/include/everest/kremlin/internal/types.h
[INFO] [stderr]   -- Installing: /opt/rustwide/target/release/build/tstrans-srt-sys-6f07ea00d0914a23/out/include/everest/kremlin/internal/debug.h
[INFO] [stderr]   -- Installing: /opt/rustwide/target/release/build/tstrans-srt-sys-6f07ea00d0914a23/out/include/everest/kremlin/internal/wasmsupport.h
[INFO] [stderr]   -- Installing: /opt/rustwide/target/release/build/tstrans-srt-sys-6f07ea00d0914a23/out/include/everest/kremlin/internal/compat.h
[INFO] [stderr]   -- Installing: /opt/rustwide/target/release/build/tstrans-srt-sys-6f07ea00d0914a23/out/include/everest/kremlin/internal/callconv.h
[INFO] [stderr]   -- Installing: /opt/rustwide/target/release/build/tstrans-srt-sys-6f07ea00d0914a23/out/lib/libeverest.a
[INFO] [stderr]   -- Installing: /opt/rustwide/target/release/build/tstrans-srt-sys-6f07ea00d0914a23/out/lib/libp256m.a
[INFO] [stderr]   -- Installing: /opt/rustwide/target/release/build/tstrans-srt-sys-6f07ea00d0914a23/out/lib/libmbedcrypto.a
[INFO] [stderr]   -- Installing: /opt/rustwide/target/release/build/tstrans-srt-sys-6f07ea00d0914a23/out/lib/libmbedx509.a
[INFO] [stderr]   -- Installing: /opt/rustwide/target/release/build/tstrans-srt-sys-6f07ea00d0914a23/out/lib/libmbedtls.a
[INFO] [stderr]   -- Installing: /opt/rustwide/target/release/build/tstrans-srt-sys-6f07ea00d0914a23/out/lib/pkgconfig/mbedcrypto.pc
[INFO] [stderr]   -- Installing: /opt/rustwide/target/release/build/tstrans-srt-sys-6f07ea00d0914a23/out/lib/pkgconfig/mbedtls.pc
[INFO] [stderr]   -- Installing: /opt/rustwide/target/release/build/tstrans-srt-sys-6f07ea00d0914a23/out/lib/pkgconfig/mbedx509.pc
[INFO] [stderr]   cargo:root=/opt/rustwide/target/release/build/tstrans-srt-sys-6f07ea00d0914a23/out
[INFO] [stderr]   cargo:rerun-if-env-changed=SRT_NO_PKG_CONFIG
[INFO] [stderr]   cargo:rerun-if-env-changed=PKG_CONFIG_x86_64-unknown-linux-gnu
[INFO] [stderr]   cargo:rerun-if-env-changed=PKG_CONFIG_x86_64_unknown_linux_gnu
[INFO] [stderr]   cargo:rerun-if-env-changed=HOST_PKG_CONFIG
[INFO] [stderr]   cargo:rerun-if-env-changed=PKG_CONFIG
[INFO] [stderr]   cargo:rerun-if-env-changed=SRT_STATIC
[INFO] [stderr]   cargo:rerun-if-env-changed=SRT_DYNAMIC
[INFO] [stderr]   cargo:rerun-if-env-changed=PKG_CONFIG_ALL_STATIC
[INFO] [stderr]   cargo:rerun-if-env-changed=PKG_CONFIG_ALL_DYNAMIC
[INFO] [stderr]   cargo:rerun-if-env-changed=PKG_CONFIG_PATH_x86_64-unknown-linux-gnu
[INFO] [stderr]   cargo:rerun-if-env-changed=PKG_CONFIG_PATH_x86_64_unknown_linux_gnu
[INFO] [stderr]   cargo:rerun-if-env-changed=HOST_PKG_CONFIG_PATH
[INFO] [stderr]   cargo:rerun-if-env-changed=PKG_CONFIG_PATH
[INFO] [stderr]   cargo:rerun-if-env-changed=PKG_CONFIG_LIBDIR_x86_64-unknown-linux-gnu
[INFO] [stderr]   cargo:rerun-if-env-changed=PKG_CONFIG_LIBDIR_x86_64_unknown_linux_gnu
[INFO] [stderr]   cargo:rerun-if-env-changed=HOST_PKG_CONFIG_LIBDIR
[INFO] [stderr]   cargo:rerun-if-env-changed=PKG_CONFIG_LIBDIR
[INFO] [stderr]   cargo:rerun-if-env-changed=PKG_CONFIG_SYSROOT_DIR_x86_64-unknown-linux-gnu
[INFO] [stderr]   cargo:rerun-if-env-changed=PKG_CONFIG_SYSROOT_DIR_x86_64_unknown_linux_gnu
[INFO] [stderr]   cargo:rerun-if-env-changed=HOST_PKG_CONFIG_SYSROOT_DIR
[INFO] [stderr]   cargo:rerun-if-env-changed=PKG_CONFIG_SYSROOT_DIR
[INFO] [stderr]   CMAKE_TOOLCHAIN_FILE_x86_64-unknown-linux-gnu = None
[INFO] [stderr]   CMAKE_TOOLCHAIN_FILE_x86_64_unknown_linux_gnu = None
[INFO] [stderr]   HOST_CMAKE_TOOLCHAIN_FILE = None
[INFO] [stderr]   CMAKE_TOOLCHAIN_FILE = None
[INFO] [stderr]   CMAKE_GENERATOR_x86_64-unknown-linux-gnu = None
[INFO] [stderr]   CMAKE_GENERATOR_x86_64_unknown_linux_gnu = None
[INFO] [stderr]   HOST_CMAKE_GENERATOR = None
[INFO] [stderr]   CMAKE_GENERATOR = None
[INFO] [stderr]   detected home dir change, cleaning out entire build directory
[INFO] [stderr]   CMAKE_PREFIX_PATH_x86_64-unknown-linux-gnu = None
[INFO] [stderr]   CMAKE_PREFIX_PATH_x86_64_unknown_linux_gnu = None
[INFO] [stderr]   HOST_CMAKE_PREFIX_PATH = None
[INFO] [stderr]   CMAKE_PREFIX_PATH = None
[INFO] [stderr]   CMAKE_x86_64-unknown-linux-gnu = None
[INFO] [stderr]   CMAKE_x86_64_unknown_linux_gnu = None
[INFO] [stderr]   HOST_CMAKE = None
[INFO] [stderr]   CMAKE = None
[INFO] [stderr]   -- The C compiler identification is GNU 15.2.0
[INFO] [stderr]   -- The CXX compiler identification is GNU 15.2.0
[INFO] [stderr]   -- Detecting C compiler ABI info
[INFO] [stderr]   -- Detecting C compiler ABI info - done
[INFO] [stderr]   -- Check for working C compiler: /usr/bin/cc - skipped
[INFO] [stderr]   -- Detecting C compile features
[INFO] [stderr]   -- Detecting C compile features - done
[INFO] [stderr]   -- Detecting CXX compiler ABI info
[INFO] [stderr]   -- Detecting CXX compiler ABI info - done
[INFO] [stderr]   -- Check for working CXX compiler: /usr/bin/c++ - skipped
[INFO] [stderr]   -- Detecting CXX compile features
[INFO] [stderr]   -- Detecting CXX compile features - done
[INFO] [stderr]   -- Found PkgConfig: /usr/bin/pkg-config (found version "2.5.1")
[INFO] [stderr]   -- Performing Test CMAKE_HAVE_LIBC_PTHREAD
[INFO] [stderr]   -- Performing Test CMAKE_HAVE_LIBC_PTHREAD - Success
[INFO] [stderr]   -- Found Threads: TRUE
[INFO] [stderr]   -- BUILD TYPE: Release
[INFO] [stderr]   -- Performing Test HAVE_CLOCK_GETTIME_IN
[INFO] [stderr]   -- Performing Test HAVE_CLOCK_GETTIME_IN - Success
[INFO] [stderr]   -- CLOCK_MONOTONIC: available, no extra libs needed
[INFO] [stderr]   -- LOGGING: ENABLED
[INFO] [stderr]   -- USE_BUSY_WAITING: OFF (default)
[INFO] [stderr]   -- No WITH_COMPILER_PREFIX - using C++ compiler /usr/bin/c++
[INFO] [stderr]   -- Looking for inet_pton
[INFO] [stderr]   -- Looking for inet_pton - found
[INFO] [stderr]   -- Checking for pthread_(g/s)etname_np in 'pthread_np.h':
[INFO] [stderr]   -- Looking for pthread_getname_np
[INFO] [stderr]   -- Looking for pthread_getname_np - not found
[INFO] [stderr]   -- Looking for pthread_setname_np
[INFO] [stderr]   -- Looking for pthread_setname_np - not found
[INFO] [stderr]   -- Checking for pthread_(g/s)etname_np in 'pthread.h':
[INFO] [stderr]   -- Looking for pthread_getname_np
[INFO] [stderr]   -- Looking for pthread_getname_np - found
[INFO] [stderr]   -- Looking for pthread_setname_np
[INFO] [stderr]   -- Looking for pthread_setname_np - found
[INFO] [stderr]   -- Found MbedTLS: /opt/rustwide/target/release/build/tstrans-srt-sys-6f07ea00d0914a23/out/lib/libmbedtls.a;/opt/rustwide/target/release/build/tstrans-srt-sys-6f07ea00d0914a23/out/lib/libmbedcrypto.a;/opt/rustwide/target/release/build/tstrans-srt-sys-6f07ea00d0914a23/out/lib/libmbedx509.a
[INFO] [stderr]   -- SSL enforced mbedtls: -I /opt/rustwide/target/release/build/tstrans-srt-sys-6f07ea00d0914a23/out/include -l;/opt/rustwide/target/release/build/tstrans-srt-sys-6f07ea00d0914a23/out/lib/libmbedtls.a;/opt/rustwide/target/release/build/tstrans-srt-sys-6f07ea00d0914a23/out/lib/libmbedcrypto.a;/opt/rustwide/target/release/build/tstrans-srt-sys-6f07ea00d0914a23/out/lib/libmbedx509.a
[INFO] [stderr]   -- ENCRYPTION: ENABLED, using: 
[INFO] [stderr]   -- SSL libraries: /opt/rustwide/target/release/build/tstrans-srt-sys-6f07ea00d0914a23/out/lib/libmbedtls.a;/opt/rustwide/target/release/build/tstrans-srt-sys-6f07ea00d0914a23/out/lib/libmbedcrypto.a;/opt/rustwide/target/release/build/tstrans-srt-sys-6f07ea00d0914a23/out/lib/libmbedx509.a
[INFO] [stderr]   -- ENCRYPTION AEAD API: DISABLED
[INFO] [stderr]   -- MAXREXMITBW API: DISABLED
[INFO] [stderr]   -- COMPILER: GNU (/usr/bin/c++) - GNU compat
[INFO] [stderr]   -- NOTE: GNU 15.2.0 - assuming default C++11.
[INFO] [stderr]   -- Looking for __atomic_fetch_add_8 in atomic
[INFO] [stderr]   -- Looking for __atomic_fetch_add_8 in atomic - found
[INFO] [stderr]   -- Performing Test HAVE_LIBATOMIC_COMPILES
[INFO] [stderr]   -- Performing Test HAVE_LIBATOMIC_COMPILES - Success
[INFO] [stderr]   -- Performing Test HAVE_LIBATOMIC_COMPILES_STATIC
[INFO] [stderr]   -- Performing Test HAVE_LIBATOMIC_COMPILES_STATIC - Success
[INFO] [stderr]   -- Performing Test HAVE_GCCATOMIC_INTRINSICS
[INFO] [stderr]   -- Performing Test HAVE_GCCATOMIC_INTRINSICS - Success
[INFO] [stderr]   -- Performing Test HAVE_CXX_ATOMIC
[INFO] [stderr]   -- Performing Test HAVE_CXX_ATOMIC - Success
[INFO] [stderr]   -- Performing Test HAVE_CXX_ATOMIC_STATIC
[INFO] [stderr]   -- Performing Test HAVE_CXX_ATOMIC_STATIC - Success
[INFO] [stderr]   -- Checking for C++ 'std::put_time()':
[INFO] [stderr]   -- Performing Test HAVE_CXX_STD_PUT_TIME
[INFO] [stderr]   -- Performing Test HAVE_CXX_STD_PUT_TIME - Success
[INFO] [stderr]   -- STDCXX_SYNC: OFF
[INFO] [stderr]   -- MONOTONIC_CLOCK: ON
[INFO] [stderr]   -- DETECTED SYSTEM: LINUX;  LINUX=1
[INFO] [stderr]   -- ENABLE_BONDING: OFF
[INFO] [stderr]   -- Pthread library: 
[INFO] [stderr]   -- Looking for pthread_atfork
[INFO] [stderr]   -- Looking for pthread_atfork - found
[INFO] [stderr]   -- Looking for pthread_condattr_setclock
[INFO] [stderr]   -- Looking for pthread_condattr_setclock - found
[INFO] [stderr]   -- Checking pthread_condattr_setclock: '1'
[INFO] [stderr]   -- FOUND pthread_condattr_setclock - pthread_cond_timedwait will use monotonic clock
[INFO] [stderr]   -- APP: srt_virtual: using default C++ standard
[INFO] [stderr]   -- C STD: srt_virtual: forced C99 standard - portable way
[INFO] [stderr]   -- ADDING TRANSITIVE LINK DEP to:srt_static :  
[INFO] [stderr]   -- INSTALL DIRS: bin=bin lib=lib shlib=lib include=include
[INFO] [stderr]   -- APPS: DISABLED
[INFO] [stderr]   -- Configuring done (7.9s)
[INFO] [stderr]   -- Generating done (0.0s)
[INFO] [stderr]   -- Build files have been written to: /opt/rustwide/target/release/build/tstrans-srt-sys-6f07ea00d0914a23/out/build
[INFO] [stderr]   [  2%] Building CXX object CMakeFiles/srt_virtual.dir/srtcore/channel.cpp.o
[INFO] [stderr]   [  4%] Building CXX object CMakeFiles/srt_virtual.dir/srtcore/buffer_snd.cpp.o
[INFO] [stderr]   [  7%] Building CXX object CMakeFiles/srt_virtual.dir/srtcore/common.cpp.o
[INFO] [stderr]   [ 12%] Building CXX object CMakeFiles/srt_virtual.dir/srtcore/crypto.cpp.o
[INFO] [stderr]   [ 14%] Building CXX object CMakeFiles/srt_virtual.dir/srtcore/epoll.cpp.o
[INFO] [stderr]   [  9%] Building CXX object CMakeFiles/srt_virtual.dir/srtcore/core.cpp.o
[INFO] [stderr]   [ 19%] Building CXX object CMakeFiles/srt_virtual.dir/srtcore/handshake.cpp.o
[INFO] [stderr]   [ 21%] Building CXX object CMakeFiles/srt_virtual.dir/srtcore/fec.cpp.o
[INFO] [stderr]   [ 24%] Building CXX object CMakeFiles/srt_virtual.dir/srtcore/list.cpp.o
[INFO] [stderr]   [ 26%] Building CXX object CMakeFiles/srt_virtual.dir/srtcore/logger_defs.cpp.o
[INFO] [stderr]   [ 29%] Building CXX object CMakeFiles/srt_virtual.dir/srtcore/buffer_tools.cpp.o
[INFO] [stderr]   [ 29%] Building CXX object CMakeFiles/srt_virtual.dir/srtcore/api.cpp.o
[INFO] [stderr]   [ 31%] Building CXX object CMakeFiles/srt_virtual.dir/srtcore/logging.cpp.o
[INFO] [stderr]   [ 34%] Building CXX object CMakeFiles/srt_virtual.dir/srtcore/logger_default.cpp.o
[INFO] [stderr]   [ 36%] Building CXX object CMakeFiles/srt_virtual.dir/srtcore/cache.cpp.o
[INFO] [stderr]   [ 39%] Building CXX object CMakeFiles/srt_virtual.dir/srtcore/buffer_rcv.cpp.o
[INFO] [stderr]   [ 41%] Building CXX object CMakeFiles/srt_virtual.dir/srtcore/md5.cpp.o
[INFO] [stderr] 
[INFO] [stderr]   --- stderr
[INFO] [stderr]   running: cd "/opt/rustwide/target/release/build/tstrans-srt-sys-6f07ea00d0914a23/out/build" && CMAKE_PREFIX_PATH="" LC_ALL="C" "cmake" "/opt/rustwide/cargo-home/registry/src/index.crates.io-1949cf8c6b5b557f/tstrans-mbedtls-src-0.8.0+3.6.7/vendor/mbedtls" "-B" "/opt/rustwide/target/release/build/tstrans-srt-sys-6f07ea00d0914a23/out/build" "-DENABLE_PROGRAMS=OFF" "-DENABLE_TESTING=OFF" "-DUSE_SHARED_MBEDTLS_LIBRARY=OFF" "-DUSE_STATIC_MBEDTLS_LIBRARY=ON" "-DMBEDTLS_FATAL_WARNINGS=OFF" "-DCMAKE_C_FLAGS=-w" "-DCMAKE_POSITION_INDEPENDENT_CODE=ON" "-DCMAKE_INSTALL_PREFIX=/opt/rustwide/target/release/build/tstrans-srt-sys-6f07ea00d0914a23/out" "-DCMAKE_C_COMPILER=/usr/bin/cc" "-DCMAKE_CXX_FLAGS= -ffunction-sections -fdata-sections -fPIC -m64 -w" "-DCMAKE_CXX_COMPILER=/usr/bin/c++" "-DCMAKE_ASM_FLAGS= -ffunction-sections -fdata-sections -fPIC -m64 -w" "-DCMAKE_ASM_COMPILER=/usr/bin/cc" "-DCMAKE_BUILD_TYPE=Release"
[INFO] [stderr]   CMake Deprecation Warning at CMakeLists.txt:21 (cmake_minimum_required):
[INFO] [stderr]     Compatibility with CMake < 3.10 will be removed from a future version of
[INFO] [stderr]     CMake.
[INFO] [stderr] 
[INFO] [stderr]     Update the VERSION argument <min> value.  Or, use the <min>...<max> syntax
[INFO] [stderr]     to tell CMake that the project requires at least <min> but has been updated
[INFO] [stderr]     to work with policies introduced by <max> or earlier.
[INFO] [stderr] 
[INFO] [stderr] 
[INFO] [stderr]   CMake Warning:
[INFO] [stderr]     Manually-specified variables were not used by the project:
[INFO] [stderr] 
[INFO] [stderr]       CMAKE_ASM_COMPILER
[INFO] [stderr]       CMAKE_ASM_FLAGS
[INFO] [stderr]       CMAKE_CXX_COMPILER
[INFO] [stderr]       CMAKE_CXX_FLAGS
[INFO] [stderr] 
[INFO] [stderr] 
[INFO] [stderr]   running: cd "/opt/rustwide/target/release/build/tstrans-srt-sys-6f07ea00d0914a23/out/build" && LC_ALL="C" MAKEFLAGS="-j --jobserver-fds=4,5 --jobserver-auth=4,5" "cmake" "--build" "/opt/rustwide/target/release/build/tstrans-srt-sys-6f07ea00d0914a23/out/build" "--target" "install" "--config" "Release"
[INFO] [stderr]   running: cd "/opt/rustwide/target/release/build/tstrans-srt-sys-6f07ea00d0914a23/out/build" && CMAKE_PREFIX_PATH="" LC_ALL="C" "cmake" "/opt/rustwide/cargo-home/registry/src/index.crates.io-1949cf8c6b5b557f/tstrans-srt-sys-0.8.0/vendor/srt" "-B" "/opt/rustwide/target/release/build/tstrans-srt-sys-6f07ea00d0914a23/out/build" "-DENABLE_APPS=OFF" "-DENABLE_SHARED=OFF" "-DENABLE_STATIC=ON" "-DENABLE_UNITTESTS=OFF" "-DENABLE_HEAVY_LOGGING=OFF" "-DENABLE_ENCRYPTION=ON" "-DUSE_ENCLIB=mbedtls" "-DCMAKE_PREFIX_PATH=/opt/rustwide/target/release/build/tstrans-srt-sys-6f07ea00d0914a23/out" "-DCMAKE_INSTALL_PREFIX=/opt/rustwide/target/release/build/tstrans-srt-sys-6f07ea00d0914a23/out" "-DCMAKE_C_FLAGS= -ffunction-sections -fdata-sections -fPIC -m64 -w" "-DCMAKE_C_COMPILER=/usr/bin/cc" "-DCMAKE_CXX_FLAGS= -ffunction-sections -fdata-sections -fPIC -m64 -w" "-DCMAKE_CXX_COMPILER=/usr/bin/c++" "-DCMAKE_ASM_FLAGS= -ffunction-sections -fdata-sections -fPIC -m64 -w" "-DCMAKE_ASM_COMPILER=/usr/bin/cc" "-DCMAKE_BUILD_TYPE=Release"
[INFO] [stderr]   CMake Deprecation Warning at CMakeLists.txt:10 (cmake_minimum_required):
[INFO] [stderr]     Compatibility with CMake < 3.10 will be removed from a future version of
[INFO] [stderr]     CMake.
[INFO] [stderr] 
[INFO] [stderr]     Update the VERSION argument <min> value.  Or, use the <min>...<max> syntax
[INFO] [stderr]     to tell CMake that the project requires at least <min> but has been updated
[INFO] [stderr]     to work with policies introduced by <max> or earlier.
[INFO] [stderr] 
[INFO] [stderr] 
[INFO] [stderr]   CMake Warning:
[INFO] [stderr]     Manually-specified variables were not used by the project:
[INFO] [stderr] 
[INFO] [stderr]       CMAKE_ASM_COMPILER
[INFO] [stderr]       CMAKE_ASM_FLAGS
[INFO] [stderr] 
[INFO] [stderr] 
[INFO] [stderr]   running: cd "/opt/rustwide/target/release/build/tstrans-srt-sys-6f07ea00d0914a23/out/build" && LC_ALL="C" MAKEFLAGS="-j --jobserver-fds=4,5 --jobserver-auth=4,5" "cmake" "--build" "/opt/rustwide/target/release/build/tstrans-srt-sys-6f07ea00d0914a23/out/build" "--target" "install" "--config" "Release"
[INFO] [stderr]   c++: fatal error: Killed signal terminated program cc1plus
[INFO] [stderr]   compilation terminated.
[INFO] [stderr]   gmake[2]: *** [CMakeFiles/srt_virtual.dir/build.make:163: CMakeFiles/srt_virtual.dir/srtcore/common.cpp.o] Error 1
[INFO] [stderr]   gmake[2]: *** Waiting for unfinished jobs....
[INFO] [stderr]   c++: fatal error: Killed signal terminated program cc1plus
[INFO] [stderr]   compilation terminated.
[INFO] [stderr]   gmake[2]: *** [CMakeFiles/srt_virtual.dir/build.make:121: CMakeFiles/srt_virtual.dir/srtcore/buffer_tools.cpp.o] Error 1
[INFO] [stderr]   c++: fatal error: Killed signal terminated program cc1plus
[INFO] [stderr]   compilation terminated.
[INFO] [stderr]   gmake[2]: *** [CMakeFiles/srt_virtual.dir/build.make:93: CMakeFiles/srt_virtual.dir/srtcore/buffer_snd.cpp.o] Error 1
[INFO] [stderr]   c++: fatal error: Killed signal terminated program cc1plus
[INFO] [stderr]   compilation terminated.
[INFO] [stderr]   gmake[2]: *** [CMakeFiles/srt_virtual.dir/build.make:79: CMakeFiles/srt_virtual.dir/srtcore/api.cpp.o] Error 1
[INFO] [stderr]   gmake[1]: *** [CMakeFiles/Makefile2:90: CMakeFiles/srt_virtual.dir/all] Error 2
[INFO] [stderr]   gmake: *** [Makefile:136: all] Error 2
[INFO] [stderr] 
[INFO] [stderr]   thread 'main' (924) panicked at /opt/rustwide/cargo-home/registry/src/index.crates.io-1949cf8c6b5b557f/cmake-0.1.58/src/lib.rs:1132:5:
[INFO] [stderr] 
[INFO] [stderr]   command did not execute successfully, got: exit status: 2
[INFO] [stderr] 
[INFO] [stderr]   build script failed, must exit now
[INFO] [stderr]   stack backtrace:
[INFO] [stderr]      0:     0x58f2c8138dd1 - <<std[70759c8f55707aa4]::sys::backtrace::BacktraceLock>::print::DisplayBacktrace as core[df12db4294e9bfd3]::fmt::Display>::fmt
[INFO] [stderr]      1:     0x58f2c8150dba - core[df12db4294e9bfd3]::fmt::write
[INFO] [stderr]      2:     0x58f2c813f2fc - <std[70759c8f55707aa4]::sys::stdio::unix::Stderr as core[df12db4294e9bfd3]::io::write::Write>::write_fmt
[INFO] [stderr]      3:     0x58f2c8115b46 - std[70759c8f55707aa4]::panicking::default_hook::{closure#0}
[INFO] [stderr]      4:     0x58f2c8132c71 - std[70759c8f55707aa4]::panicking::default_hook
[INFO] [stderr]      5:     0x58f2c8132f9b - std[70759c8f55707aa4]::panicking::panic_with_hook
[INFO] [stderr]      6:     0x58f2c8115bf2 - std[70759c8f55707aa4]::panicking::panic_handler::{closure#0}
[INFO] [stderr]      7:     0x58f2c810e789 - std[70759c8f55707aa4]::sys::backtrace::__rust_end_short_backtrace::<std[70759c8f55707aa4]::panicking::panic_handler::{closure#0}, !>
[INFO] [stderr]      8:     0x58f2c811640d - __rustc[8fa7c3cbc660c2b3]::rust_begin_unwind
[INFO] [stderr]      9:     0x58f2c81515dc - core[df12db4294e9bfd3]::panicking::panic_fmt
[INFO] [stderr]     10:     0x58f2c80a43e7 - cmake[6bf1a902ab0e145d]::fail
[INFO] [stderr]     11:     0x58f2c80a4073 - cmake[6bf1a902ab0e145d]::run
[INFO] [stderr]     12:     0x58f2c80aa045 - <cmake[6bf1a902ab0e145d]::Config>::build
[INFO] [stderr]     13:     0x58f2c7b97411 - build_script_build[b223f085f4eaf4d3]::build_vendored
[INFO] [stderr]     14:     0x58f2c7b99251 - build_script_build[b223f085f4eaf4d3]::main
[INFO] [stderr]     15:     0x58f2c7b9b413 - <fn() as core[df12db4294e9bfd3]::ops::function::FnOnce<()>>::call_once
[INFO] [stderr]     16:     0x58f2c7b96726 - std[70759c8f55707aa4]::sys::backtrace::__rust_begin_short_backtrace::<fn(), ()>
[INFO] [stderr]     17:     0x58f2c7b96739 - std[70759c8f55707aa4]::rt::lang_start::<()>::{closure#0}
[INFO] [stderr]     18:     0x58f2c8131f29 - std[70759c8f55707aa4]::rt::lang_start_internal
[INFO] [stderr]     19:     0x58f2c7b95fb1 - std[70759c8f55707aa4]::rt::lang_start::<()>
[INFO] [stderr]     20:     0x58f2c7b9b675 - main
[INFO] [stderr]     21:     0x7a3fecbaf601 - <unknown>
[INFO] [stderr]     22:     0x7a3fecbaf718 - __libc_start_main
[INFO] [stderr]     23:     0x58f2c7b942d5 - _start
[INFO] [stderr]     24:                0x0 - <unknown>
[INFO] running `Command { std: "docker" "inspect" "d886f67fd5755a4907436abb034c7f4f07d70fcb41c6894c6c47933d70cdbc87", kill_on_drop: false }`
[INFO] running `Command { std: "docker" "rm" "-f" "d886f67fd5755a4907436abb034c7f4f07d70fcb41c6894c6c47933d70cdbc87", kill_on_drop: false }`
[INFO] [stdout] d886f67fd5755a4907436abb034c7f4f07d70fcb41c6894c6c47933d70cdbc87
