[INFO] fetching crate tst-core 0.8.0...
[INFO] testing tst-core-0.8.0 against 1.100.0-beta.1+cargoflags=--release for beta-release-1.100-2
[INFO] extracting crate tst-core 0.8.0 into /workspace/builds/worker-7-tc2/source
[INFO] started tweaking crates.io crate tst-core 0.8.0
[INFO] removed 0 missing tests
[INFO] finished tweaking crates.io crate tst-core 0.8.0
[INFO] tweaked toml for crates.io crate tst-core 0.8.0 written to /workspace/builds/worker-7-tc2/source/Cargo.toml
[INFO] validating manifest of crates.io crate tst-core 0.8.0 on toolchain 1.100.0-beta.1
[INFO] running `Command { std: CARGO_HOME="/workspace/cargo-home" RUSTUP_HOME="/workspace/rustup-home" "/workspace/cargo-home/bin/cargo" "+1.100.0-beta.1" "metadata" "--manifest-path" "Cargo.toml" "--no-deps", kill_on_drop: false }`
[INFO] crate crates.io crate tst-core 0.8.0 already has a lockfile, it will not be regenerated
[INFO] running `Command { std: CARGO_HOME="/workspace/cargo-home" RUSTUP_HOME="/workspace/rustup-home" "/workspace/cargo-home/bin/cargo" "+1.100.0-beta.1" "fetch" "--manifest-path" "Cargo.toml", kill_on_drop: false }`
[INFO] running `Command { std: "docker" "create" "-v" "/var/lib/crater-agent-workspace/builds/worker-7-tc2/source:/opt/rustwide/workdir:ro,Z" "-v" "/var/lib/crater-agent-workspace/builds/worker-7-tc2/target:/opt/rustwide/target:rw,Z" "-v" "/var/lib/crater-agent-workspace/cargo-home:/opt/rustwide/cargo-home:ro,Z" "-v" "/var/lib/crater-agent-workspace/rustup-home:/opt/rustwide/rustup-home:ro,Z" "-m" "1610612736" "--network" "none" "ghcr.io/rust-lang/crates-build-env/linux@sha256:77db811e55d90add9212f6832c23229e3de5f1c1f9905e8cb07319ea15df73ac" "sleep" "infinity", kill_on_drop: false }`
[INFO] [stdout] 5a8f5c08256155a01fb64cca3e340473f84f107e92bf857224668e9db3ce6d97
[INFO] running `Command { std: "docker" "start" "5a8f5c08256155a01fb64cca3e340473f84f107e92bf857224668e9db3ce6d97", kill_on_drop: false }`
[INFO] running `Command { std: "docker" "inspect" "5a8f5c08256155a01fb64cca3e340473f84f107e92bf857224668e9db3ce6d97", kill_on_drop: false }`
[INFO] running `Command { std: "docker" "exec" "-e" "SOURCE_DIR=/opt/rustwide/workdir" "-e" "CARGO_HOME=/opt/rustwide/cargo-home" "-e" "RUSTUP_HOME=/opt/rustwide/rustup-home" "-e" "CARGO_TARGET_DIR=/opt/rustwide/target" "-w" "/opt/rustwide/workdir" "--user" "0:0" "5a8f5c08256155a01fb64cca3e340473f84f107e92bf857224668e9db3ce6d97" "/opt/rustwide/cargo-home/bin/cargo" "+1.100.0-beta.1" "metadata" "--no-deps" "--format-version=1", kill_on_drop: false }`
[INFO] running `Command { std: "docker" "inspect" "5a8f5c08256155a01fb64cca3e340473f84f107e92bf857224668e9db3ce6d97", kill_on_drop: false }`
[INFO] running `Command { std: "docker" "exec" "-e" "SOURCE_DIR=/opt/rustwide/workdir" "-e" "CARGO_HOME=/opt/rustwide/cargo-home" "-e" "RUSTUP_HOME=/opt/rustwide/rustup-home" "-e" "CARGO_TARGET_DIR=/opt/rustwide/target" "-e" "CARGO_INCREMENTAL=0" "-e" "RUST_BACKTRACE=full" "-e" "RUSTFLAGS=--cap-lints=warn" "-e" "RUSTDOCFLAGS=--cap-lints=warn" "-w" "/opt/rustwide/workdir" "--user" "0:0" "5a8f5c08256155a01fb64cca3e340473f84f107e92bf857224668e9db3ce6d97" "/opt/rustwide/cargo-home/bin/cargo" "+1.100.0-beta.1" "build" "--frozen" "--message-format=json" "--release", kill_on_drop: false }`
[INFO] [stderr]    Compiling serde_core v1.0.228
[INFO] [stderr]    Compiling serde v1.0.228
[INFO] [stderr]    Compiling typenum v1.20.0
[INFO] [stderr]    Compiling hashbrown v0.17.0
[INFO] [stderr]    Compiling winnow v0.7.15
[INFO] [stderr]    Compiling libm v0.2.16
[INFO] [stderr]    Compiling portable-atomic v1.13.1
[INFO] [stderr]    Compiling toml_write v0.1.2
[INFO] [stderr]    Compiling thiserror v2.0.18
[INFO] [stderr]    Compiling memchr v2.8.0
[INFO] [stderr]    Compiling syn v2.0.117
[INFO] [stderr]    Compiling foldhash v0.1.5
[INFO] [stderr]    Compiling socket2 v0.5.10
[INFO] [stderr]    Compiling tracing v0.1.44
[INFO] [stderr]    Compiling hashbrown v0.15.5
[INFO] [stderr]    Compiling indexmap v2.14.0
[INFO] [stderr]    Compiling generic-array v0.14.7
[INFO] [stderr]    Compiling crypto-common v0.1.7
[INFO] [stderr]    Compiling block-buffer v0.10.4
[INFO] [stderr]    Compiling digest v0.10.7
[INFO] [stderr]    Compiling sha2 v0.10.9
[INFO] [stderr]    Compiling serde_derive v1.0.228
[INFO] [stderr]    Compiling thiserror-impl v2.0.18
[INFO] [stderr]    Compiling serde_json v1.0.149
[INFO] [stderr]    Compiling serde_spanned v0.6.9
[INFO] [stderr]    Compiling toml_datetime v0.6.11
[INFO] [stderr]    Compiling toml_edit v0.22.27
[INFO] [stderr]    Compiling toml v0.8.23
[INFO] [stderr]    Compiling tst-core v0.8.0 (/opt/rustwide/workdir)
[INFO] [stderr] warning: unused dependency `libm`
[INFO] [stderr]   --> Cargo.toml:97:15
[INFO] [stderr]    |
[INFO] [stderr] 97 | [dependencies.libm]
[INFO] [stderr]    |               ^^^^^
[INFO] [stderr]    |
[INFO] [stderr]    = note: `cargo::unused_dependencies` is set to `warn` by default
[INFO] [stderr] help: consider removing the dependency on `libm`
[INFO] [stderr] warning: `tst-core` (manifest) generated 1 warning
[INFO] [stderr]     Finished `release` profile [optimized] target(s) in 44.33s
[INFO] running `Command { std: "docker" "inspect" "5a8f5c08256155a01fb64cca3e340473f84f107e92bf857224668e9db3ce6d97", kill_on_drop: false }`
[INFO] running `Command { std: "docker" "exec" "-e" "SOURCE_DIR=/opt/rustwide/workdir" "-e" "CARGO_HOME=/opt/rustwide/cargo-home" "-e" "RUSTUP_HOME=/opt/rustwide/rustup-home" "-e" "CARGO_TARGET_DIR=/opt/rustwide/target" "-e" "CARGO_INCREMENTAL=0" "-e" "RUST_BACKTRACE=full" "-e" "RUSTFLAGS=--cap-lints=warn" "-e" "RUSTDOCFLAGS=--cap-lints=warn" "-w" "/opt/rustwide/workdir" "--user" "0:0" "5a8f5c08256155a01fb64cca3e340473f84f107e92bf857224668e9db3ce6d97" "/opt/rustwide/cargo-home/bin/cargo" "+1.100.0-beta.1" "test" "--frozen" "--no-run" "--message-format=json" "--release", kill_on_drop: false }`
[INFO] [stderr]    Compiling syn v2.0.117
[INFO] [stderr]    Compiling tracing v0.1.44
[INFO] [stderr]    Compiling zerocopy v0.8.48
[INFO] [stderr]    Compiling regex-syntax v0.8.10
[INFO] [stderr]    Compiling rustix v1.1.4
[INFO] [stderr]    Compiling num-traits v0.2.19
[INFO] [stderr]    Compiling getrandom v0.4.2
[INFO] [stderr]    Compiling getrandom v0.3.4
[INFO] [stderr]    Compiling bitflags v2.11.1
[INFO] [stderr]    Compiling fastrand v2.4.1
[INFO] [stderr]    Compiling anstyle v1.0.14
[INFO] [stderr]    Compiling crossbeam-epoch v0.9.20
[INFO] [stderr]    Compiling ciborium-io v0.2.2
[INFO] [stderr]    Compiling plotters-backend v0.3.7
[INFO] [stderr]    Compiling clap_lex v1.1.0
[INFO] [stderr]    Compiling sharded-slab v0.1.7
[INFO] [stderr]    Compiling tracing-log v0.2.0
[INFO] [stderr]    Compiling rand_core v0.9.5
[INFO] [stderr]    Compiling itertools v0.10.5
[INFO] [stderr]    Compiling wait-timeout v0.2.1
[INFO] [stderr]    Compiling plotters-svg v0.3.7
[INFO] [stderr]    Compiling crossbeam-deque v0.8.6
[INFO] [stderr]    Compiling clap_builder v4.6.0
[INFO] [stderr]    Compiling thread_local v1.1.9
[INFO] [stderr]    Compiling smallvec v1.15.1
[INFO] [stderr]    Compiling nu-ansi-term v0.50.3
[INFO] [stderr]    Compiling bit-vec v0.8.0
[INFO] [stderr]    Compiling cast v0.3.0
[INFO] [stderr]    Compiling rayon-core v1.13.0
[INFO] [stderr]    Compiling quick-error v1.2.3
[INFO] [stderr]    Compiling walkdir v2.5.0
[INFO] [stderr]    Compiling rand_xorshift v0.4.0
[INFO] [stderr]    Compiling rand v0.9.4
[INFO] [stderr]    Compiling is-terminal v0.4.17
[INFO] [stderr]    Compiling unarray v0.1.4
[INFO] [stderr]    Compiling anes v0.1.6
[INFO] [stderr]    Compiling oorandom v11.1.5
[INFO] [stderr]    Compiling bit-set v0.8.0
[INFO] [stderr]    Compiling plotters v0.3.7
[INFO] [stderr]    Compiling rayon v1.12.0
[INFO] [stderr]    Compiling criterion-plot v0.5.0
[INFO] [stderr]    Compiling regex-automata v0.4.14
[INFO] [stderr]    Compiling clap v4.6.1
[INFO] [stderr]    Compiling tempfile v3.27.0
[INFO] [stderr]    Compiling rusty-fork v0.3.1
[INFO] [stderr]    Compiling serde_derive v1.0.228
[INFO] [stderr]    Compiling thiserror-impl v2.0.18
[INFO] [stderr]    Compiling zerocopy-derive v0.8.48
[INFO] [stderr]    Compiling tracing-test-macro v0.2.6
[INFO] [stderr]    Compiling thiserror v2.0.18
[INFO] [stderr]    Compiling matchers v0.2.0
[INFO] [stderr]    Compiling regex v1.12.3
[INFO] [stderr]    Compiling tracing-subscriber v0.3.23
[INFO] [stderr]    Compiling serde v1.0.228
[INFO] [stderr]    Compiling toml_datetime v0.6.11
[INFO] [stderr]    Compiling serde_spanned v0.6.9
[INFO] [stderr]    Compiling tinytemplate v1.2.1
[INFO] [stderr]    Compiling toml_edit v0.22.27
[INFO] [stderr]    Compiling tracing-test v0.2.6
[INFO] [stderr]    Compiling toml v0.8.23
[INFO] [stderr]    Compiling half v2.7.1
[INFO] [stderr]    Compiling ppv-lite86 v0.2.21
[INFO] [stderr]    Compiling tst-core v0.8.0 (/opt/rustwide/workdir)
[INFO] [stderr]    Compiling ciborium-ll v0.2.2
[INFO] [stderr]    Compiling rand_chacha v0.9.0
[INFO] [stderr]    Compiling ciborium v0.2.2
[INFO] [stderr]    Compiling proptest v1.11.0
[INFO] [stderr]    Compiling criterion v0.5.1
[INFO] [stdout] error[E0432]: unresolved import `tst_test_helpers`
[INFO] [stdout]   --> tests/mpegts/mux.rs:11:5
[INFO] [stdout]    |
[INFO] [stdout] 11 | use tst_test_helpers::synthetic_nal;
[INFO] [stdout]    |     ^^^^^^^^^^^^^^^^ use of unresolved module or unlinked crate `tst_test_helpers`
[INFO] [stdout]    |
[INFO] [stdout]    = help: if you wanted to use a crate named `tst_test_helpers`, use `cargo add tst_test_helpers` to add it to your `Cargo.toml`
[INFO] [stdout] 
[INFO] [stdout] 
[INFO] [stdout] error[E0432]: unresolved import `tst_test_helpers`
[INFO] [stdout]   --> tests/mpegts/mux.rs:12:5
[INFO] [stdout]    |
[INFO] [stdout] 12 | use tst_test_helpers::ts_parser;
[INFO] [stdout]    |     ^^^^^^^^^^^^^^^^ use of unresolved module or unlinked crate `tst_test_helpers`
[INFO] [stdout]    |
[INFO] [stdout]    = help: if you wanted to use a crate named `tst_test_helpers`, use `cargo add tst_test_helpers` to add it to your `Cargo.toml`
[INFO] [stdout] 
[INFO] [stdout] 
[INFO] [stdout] error[E0432]: unresolved import `tst_test_helpers`
[INFO] [stdout]   --> tests/mpegts/mux_ffprobe.rs:12:5
[INFO] [stdout]    |
[INFO] [stdout] 12 | use tst_test_helpers::synthetic_nal;
[INFO] [stdout]    |     ^^^^^^^^^^^^^^^^ use of unresolved module or unlinked crate `tst_test_helpers`
[INFO] [stdout]    |
[INFO] [stdout]    = help: if you wanted to use a crate named `tst_test_helpers`, use `cargo add tst_test_helpers` to add it to your `Cargo.toml`
[INFO] [stdout] 
[INFO] [stdout] 
[INFO] [stdout] error[E0432]: unresolved import `tst_test_helpers`
[INFO] [stdout]   --> tests/mpegts/mux_local.rs:16:5
[INFO] [stdout]    |
[INFO] [stdout] 16 | use tst_test_helpers::ts_parser;
[INFO] [stdout]    |     ^^^^^^^^^^^^^^^^ use of unresolved module or unlinked crate `tst_test_helpers`
[INFO] [stdout]    |
[INFO] [stdout]    = help: if you wanted to use a crate named `tst_test_helpers`, use `cargo add tst_test_helpers` to add it to your `Cargo.toml`
[INFO] [stdout] 
[INFO] [stdout] 
[INFO] [stdout] error[E0432]: unresolved import `tst_test_helpers`
[INFO] [stdout]   --> tests/mpegts/mux_multi_program.rs:11:5
[INFO] [stdout]    |
[INFO] [stdout] 11 | use tst_test_helpers::synthetic_nal;
[INFO] [stdout]    |     ^^^^^^^^^^^^^^^^ use of unresolved module or unlinked crate `tst_test_helpers`
[INFO] [stdout]    |
[INFO] [stdout]    = help: if you wanted to use a crate named `tst_test_helpers`, use `cargo add tst_test_helpers` to add it to your `Cargo.toml`
[INFO] [stdout] 
[INFO] [stdout] 
[INFO] [stdout] error[E0432]: unresolved import `tst_test_helpers`
[INFO] [stdout]  --> tests/mpegts/mux_proptest.rs:6:5
[INFO] [stdout]   |
[INFO] [stdout] 6 | use tst_test_helpers::synthetic_nal;
[INFO] [stdout]   |     ^^^^^^^^^^^^^^^^ use of unresolved module or unlinked crate `tst_test_helpers`
[INFO] [stdout]   |
[INFO] [stdout]   = help: if you wanted to use a crate named `tst_test_helpers`, use `cargo add tst_test_helpers` to add it to your `Cargo.toml`
[INFO] [stdout] 
[INFO] [stdout] 
[INFO] [stdout] error[E0432]: unresolved import `tst_test_helpers`
[INFO] [stdout]  --> tests/mpegts/mux_proptest.rs:7:5
[INFO] [stdout]   |
[INFO] [stdout] 7 | use tst_test_helpers::ts_parser;
[INFO] [stdout]   |     ^^^^^^^^^^^^^^^^ use of unresolved module or unlinked crate `tst_test_helpers`
[INFO] [stdout]   |
[INFO] [stdout]   = help: if you wanted to use a crate named `tst_test_helpers`, use `cargo add tst_test_helpers` to add it to your `Cargo.toml`
[INFO] [stdout] 
[INFO] [stdout] 
[INFO] [stdout] error[E0432]: unresolved import `tst_test_helpers`
[INFO] [stdout]  --> tests/mpegts/mux_shorthand_multi_program.rs:9:5
[INFO] [stdout]   |
[INFO] [stdout] 9 | use tst_test_helpers::synthetic_nal;
[INFO] [stdout]   |     ^^^^^^^^^^^^^^^^ use of unresolved module or unlinked crate `tst_test_helpers`
[INFO] [stdout]   |
[INFO] [stdout]   = help: if you wanted to use a crate named `tst_test_helpers`, use `cargo add tst_test_helpers` to add it to your `Cargo.toml`
[INFO] [stdout] 
[INFO] [stdout] 
[INFO] [stdout] error[E0283]: type annotations needed
[INFO] [stdout]    --> tests/mpegts/mux_demux_video_raw_roundtrip.rs:195:14
[INFO] [stdout]     |
[INFO] [stdout] 195 |         raw1.as_ref(),
[INFO] [stdout]     |              ^^^^^^
[INFO] [stdout]     |
[INFO] [stdout]     = note: multiple `impl`s satisfying `[u8]: AsRef<_>` found in the following crates: `core`, `winnow`:
[INFO] [stdout]             - impl AsRef<winnow::BStr> for [u8];
[INFO] [stdout]             - impl AsRef<winnow::Bytes> for [u8];
[INFO] [stdout]             - impl<T> AsRef<[T]> for [T];
[INFO] [stdout] help: try using a fully qualified path to specify the expected types
[INFO] [stdout]     |
[INFO] [stdout] 195 -         raw1.as_ref(),
[INFO] [stdout] 195 +         <[u8] as AsRef<T>>::as_ref(raw1),
[INFO] [stdout]     |
[INFO] [stdout] 
[INFO] [stdout] 
[INFO] [stdout] error[E0283]: type annotations needed
[INFO] [stdout]    --> tests/mpegts/mux_demux_video_raw_roundtrip.rs:196:14
[INFO] [stdout]     |
[INFO] [stdout] 196 |         raw2.as_ref(),
[INFO] [stdout]     |              ^^^^^^
[INFO] [stdout]     |
[INFO] [stdout]     = note: multiple `impl`s satisfying `[u8]: AsRef<_>` found in the following crates: `core`, `winnow`:
[INFO] [stdout]             - impl AsRef<winnow::BStr> for [u8];
[INFO] [stdout]             - impl AsRef<winnow::Bytes> for [u8];
[INFO] [stdout]             - impl<T> AsRef<[T]> for [T];
[INFO] [stdout] help: try using a fully qualified path to specify the expected types
[INFO] [stdout]     |
[INFO] [stdout] 196 -         raw2.as_ref(),
[INFO] [stdout] 196 +         <[u8] as AsRef<T>>::as_ref(raw2),
[INFO] [stdout]     |
[INFO] [stdout] 
[INFO] [stdout] 
[INFO] [stdout] Some errors have detailed explanations: E0283, E0432.
[INFO] [stdout] 
[INFO] [stdout] For more information about an error, try `rustc --explain E0283`.
[INFO] [stdout] 
[INFO] [stderr] error: could not compile `tst-core` (test "mpegts") due to 10 previous errors
[INFO] [stderr] warning: build failed, waiting for other jobs to finish...
[INFO] running `Command { std: "docker" "inspect" "5a8f5c08256155a01fb64cca3e340473f84f107e92bf857224668e9db3ce6d97", kill_on_drop: false }`
[INFO] running `Command { std: "docker" "rm" "-f" "5a8f5c08256155a01fb64cca3e340473f84f107e92bf857224668e9db3ce6d97", kill_on_drop: false }`
[INFO] [stdout] 5a8f5c08256155a01fb64cca3e340473f84f107e92bf857224668e9db3ce6d97
