[INFO] fetching crate tss-esapi 8.0.0-alpha.4...
[INFO] testing tss-esapi-8.0.0-alpha.4 against 1.99.0-beta.8+cargoflags=--release for beta-release-1.100-2
[INFO] extracting crate tss-esapi 8.0.0-alpha.4 into /workspace/builds/worker-4-tc1/source
[INFO] started tweaking crates.io crate tss-esapi 8.0.0-alpha.4
[INFO] removed 0 missing examples
[INFO] removed 0 missing tests
[INFO] finished tweaking crates.io crate tss-esapi 8.0.0-alpha.4
[INFO] tweaked toml for crates.io crate tss-esapi 8.0.0-alpha.4 written to /workspace/builds/worker-4-tc1/source/Cargo.toml
[INFO] validating manifest of crates.io crate tss-esapi 8.0.0-alpha.4 on toolchain 1.99.0-beta.8
[INFO] running `Command { std: CARGO_HOME="/workspace/cargo-home" RUSTUP_HOME="/workspace/rustup-home" "/workspace/cargo-home/bin/cargo" "+1.99.0-beta.8" "metadata" "--manifest-path" "Cargo.toml" "--no-deps", kill_on_drop: false }`
[INFO] crate crates.io crate tss-esapi 8.0.0-alpha.4 already has a lockfile, it will not be regenerated
[INFO] running `Command { std: CARGO_HOME="/workspace/cargo-home" RUSTUP_HOME="/workspace/rustup-home" "/workspace/cargo-home/bin/cargo" "+1.99.0-beta.8" "fetch" "--manifest-path" "Cargo.toml", kill_on_drop: false }`
[INFO] [stderr]     Updating crates.io index
[INFO] [stderr]  Downloading crates ...
[INFO] [stderr]   Downloaded sm3 v0.4.2
[INFO] [stderr]   Downloaded lenient_version v0.4.2
[INFO] [stderr]   Downloaded msbuild v0.2.1
[INFO] [stderr]   Downloaded malloced v1.3.1
[INFO] [stderr]   Downloaded hostname-validator v1.1.1
[INFO] [stderr]   Downloaded tss-esapi-sys v0.7.0-alpha.2
[INFO] [stderr]   Downloaded p192 v0.13.0
[INFO] [stderr]   Downloaded p224 v0.13.2
[INFO] [stderr]   Downloaded sm2 v0.13.3
[INFO] running `Command { std: "docker" "create" "-v" "/var/lib/crater-agent-workspace/builds/worker-4-tc1/source:/opt/rustwide/workdir:ro,Z" "-v" "/var/lib/crater-agent-workspace/builds/worker-4-tc1/target:/opt/rustwide/target:rw,Z" "-v" "/var/lib/crater-agent-workspace/cargo-home:/opt/rustwide/cargo-home:ro,Z" "-v" "/var/lib/crater-agent-workspace/rustup-home:/opt/rustwide/rustup-home:ro,Z" "-m" "1610612736" "--network" "none" "ghcr.io/rust-lang/crates-build-env/linux@sha256:77db811e55d90add9212f6832c23229e3de5f1c1f9905e8cb07319ea15df73ac" "sleep" "infinity", kill_on_drop: false }`
[INFO] [stdout] 5fa2fa26d358e0873e31eaf48014dae148960b22ab11e34c3defc437602f01e6
[INFO] running `Command { std: "docker" "start" "5fa2fa26d358e0873e31eaf48014dae148960b22ab11e34c3defc437602f01e6", kill_on_drop: false }`
[INFO] running `Command { std: "docker" "inspect" "5fa2fa26d358e0873e31eaf48014dae148960b22ab11e34c3defc437602f01e6", kill_on_drop: false }`
[INFO] running `Command { std: "docker" "exec" "-e" "SOURCE_DIR=/opt/rustwide/workdir" "-e" "CARGO_HOME=/opt/rustwide/cargo-home" "-e" "RUSTUP_HOME=/opt/rustwide/rustup-home" "-e" "CARGO_TARGET_DIR=/opt/rustwide/target" "-w" "/opt/rustwide/workdir" "--user" "0:0" "5fa2fa26d358e0873e31eaf48014dae148960b22ab11e34c3defc437602f01e6" "/opt/rustwide/cargo-home/bin/cargo" "+1.99.0-beta.8" "metadata" "--no-deps" "--format-version=1", kill_on_drop: false }`
[INFO] running `Command { std: "docker" "inspect" "5fa2fa26d358e0873e31eaf48014dae148960b22ab11e34c3defc437602f01e6", kill_on_drop: false }`
[INFO] running `Command { std: "docker" "exec" "-e" "SOURCE_DIR=/opt/rustwide/workdir" "-e" "CARGO_HOME=/opt/rustwide/cargo-home" "-e" "RUSTUP_HOME=/opt/rustwide/rustup-home" "-e" "CARGO_TARGET_DIR=/opt/rustwide/target" "-e" "CARGO_INCREMENTAL=0" "-e" "RUST_BACKTRACE=full" "-e" "RUSTFLAGS=--cap-lints=warn" "-e" "RUSTDOCFLAGS=--cap-lints=warn" "-w" "/opt/rustwide/workdir" "--user" "0:0" "5fa2fa26d358e0873e31eaf48014dae148960b22ab11e34c3defc437602f01e6" "/opt/rustwide/cargo-home/bin/cargo" "+1.99.0-beta.8" "build" "--frozen" "--message-format=json" "--release", kill_on_drop: false }`
[INFO] [stderr]    Compiling syn v2.0.117
[INFO] [stderr]    Compiling generic-array v0.14.9
[INFO] [stderr]    Compiling target-lexicon v0.13.5
[INFO] [stderr]    Compiling base16ct v0.2.0
[INFO] [stderr]    Compiling tss-esapi v8.0.0-alpha.4 (/opt/rustwide/workdir)
[INFO] [stderr]    Compiling hostname-validator v1.1.1
[INFO] [stderr]    Compiling malloced v1.3.1
[INFO] [stderr]    Compiling regex-automata v0.4.14
[INFO] [stderr]    Compiling getrandom v0.2.17
[INFO] [stderr]    Compiling rand_core v0.6.4
[INFO] [stderr]    Compiling ff v0.13.1
[INFO] [stderr]    Compiling group v0.13.0
[INFO] [stderr]    Compiling tss-esapi-sys v0.7.0-alpha.2
[INFO] [stderr]    Compiling regex v1.12.3
[INFO] [stderr]    Compiling zeroize_derive v1.4.3
[INFO] [stderr]    Compiling der_derive v0.7.3
[INFO] [stderr]    Compiling bitfield-macros v0.19.4
[INFO] [stderr]    Compiling enumflags2_derive v0.7.12
[INFO] [stderr]    Compiling num-derive v0.4.2
[INFO] [stderr]    Compiling enumflags2 v0.7.12
[INFO] [stderr]    Compiling zeroize v1.8.2
[INFO] [stderr]    Compiling bitfield v0.19.4
[INFO] [stderr]    Compiling der v0.7.10
[INFO] [stderr]    Compiling crypto-common v0.1.6
[INFO] [stderr]    Compiling block-buffer v0.10.4
[INFO] [stderr]    Compiling crypto-bigint v0.5.5
[INFO] [stderr]    Compiling digest v0.10.7
[INFO] [stderr]    Compiling signature v2.2.0
[INFO] [stderr]    Compiling spki v0.7.3
[INFO] [stderr]    Compiling sec1 v0.7.3
[INFO] [stderr]    Compiling pkcs8 v0.10.2
[INFO] [stderr]    Compiling x509-cert v0.2.5
[INFO] [stderr]    Compiling elliptic-curve v0.13.8
[INFO] [stderr]    Compiling ecdsa v0.16.9
[INFO] [stdout] warning: use of deprecated trait `elliptic_curve::generic_array::ArrayLength`: please upgrade to generic-array 1.x
[INFO] [stdout]   --> src/abstraction/signatures.rs:14:21
[INFO] [stdout]    |
[INFO] [stdout] 14 |     generic_array::{ArrayLength, typenum::Unsigned},
[INFO] [stdout]    |                     ^^^^^^^^^^^
[INFO] [stdout]    |
[INFO] [stdout]    = note: `#[warn(deprecated)]` on by default
[INFO] [stdout] 
[INFO] [stdout] 
[INFO] [stdout] warning: use of deprecated trait `elliptic_curve::generic_array::ArrayLength`: please upgrade to generic-array 1.x
[INFO] [stdout]   --> src/abstraction/signatures.rs:20:23
[INFO] [stdout]    |
[INFO] [stdout] 20 |     SignatureSize<C>: ArrayLength<u8>,
[INFO] [stdout]    |                       ^^^^^^^^^^^
[INFO] [stdout] 
[INFO] [stdout] 
[INFO] [stdout] warning: use of deprecated trait `elliptic_curve::generic_array::ArrayLength`: please upgrade to generic-array 1.x
[INFO] [stdout]   --> src/abstraction/signatures.rs:47:23
[INFO] [stdout]    |
[INFO] [stdout] 47 |     SignatureSize<C>: ArrayLength<u8>,
[INFO] [stdout]    |                       ^^^^^^^^^^^
[INFO] [stdout] 
[INFO] [stdout] 
[INFO] [stdout] warning: use of deprecated trait `elliptic_curve::generic_array::ArrayLength`: please upgrade to generic-array 1.x
[INFO] [stdout]   --> src/abstraction/signer.rs:32:20
[INFO] [stdout]    |
[INFO] [stdout] 32 |     generic_array::ArrayLength,
[INFO] [stdout]    |                    ^^^^^^^^^^^
[INFO] [stdout] 
[INFO] [stdout] 
[INFO] [stdout] warning: use of deprecated trait `elliptic_curve::generic_array::ArrayLength`: please upgrade to generic-array 1.x
[INFO] [stdout]    --> src/abstraction/signer.rs:216:23
[INFO] [stdout]     |
[INFO] [stdout] 216 |     SignatureSize<C>: ArrayLength<u8>,
[INFO] [stdout]     |                       ^^^^^^^^^^^
[INFO] [stdout] 
[INFO] [stdout] 
[INFO] [stdout] warning: use of deprecated trait `elliptic_curve::generic_array::ArrayLength`: please upgrade to generic-array 1.x
[INFO] [stdout]    --> src/abstraction/signer.rs:227:23
[INFO] [stdout]     |
[INFO] [stdout] 227 |     SignatureSize<C>: ArrayLength<u8>,
[INFO] [stdout]     |                       ^^^^^^^^^^^
[INFO] [stdout] 
[INFO] [stdout] 
[INFO] [stdout] warning: use of deprecated trait `elliptic_curve::generic_array::ArrayLength`: please upgrade to generic-array 1.x
[INFO] [stdout]    --> src/abstraction/signer.rs:239:23
[INFO] [stdout]     |
[INFO] [stdout] 239 |     SignatureSize<C>: ArrayLength<u8>,
[INFO] [stdout]     |                       ^^^^^^^^^^^
[INFO] [stdout] 
[INFO] [stdout] 
[INFO] [stdout] warning: use of deprecated trait `elliptic_curve::generic_array::ArrayLength`: please upgrade to generic-array 1.x
[INFO] [stdout]    --> src/abstraction/signer.rs:268:23
[INFO] [stdout]     |
[INFO] [stdout] 268 |     SignatureSize<C>: ArrayLength<u8>,
[INFO] [stdout]     |                       ^^^^^^^^^^^
[INFO] [stdout] 
[INFO] [stdout] 
[INFO] [stdout] warning: use of deprecated trait `elliptic_curve::generic_array::ArrayLength`: please upgrade to generic-array 1.x
[INFO] [stdout]    --> src/abstraction/signer.rs:270:17
[INFO] [stdout]     |
[INFO] [stdout] 270 |     MaxSize<C>: ArrayLength<u8>,
[INFO] [stdout]     |                 ^^^^^^^^^^^
[INFO] [stdout] 
[INFO] [stdout] 
[INFO] [stdout] warning: use of deprecated trait `elliptic_curve::generic_array::ArrayLength`: please upgrade to generic-array 1.x
[INFO] [stdout]    --> src/abstraction/signer.rs:271:60
[INFO] [stdout]     |
[INFO] [stdout] 271 |     <FieldBytesSize<C> as Add>::Output: Add<MaxOverhead> + ArrayLength<u8>,
[INFO] [stdout]     |                                                            ^^^^^^^^^^^
[INFO] [stdout] 
[INFO] [stdout] 
[INFO] [stdout] warning: use of deprecated trait `elliptic_curve::generic_array::ArrayLength`: please upgrade to generic-array 1.x
[INFO] [stdout]    --> src/abstraction/signer.rs:286:23
[INFO] [stdout]     |
[INFO] [stdout] 286 |     SignatureSize<C>: ArrayLength<u8>,
[INFO] [stdout]     |                       ^^^^^^^^^^^
[INFO] [stdout] 
[INFO] [stdout] 
[INFO] [stdout] warning: use of deprecated trait `elliptic_curve::generic_array::ArrayLength`: please upgrade to generic-array 1.x
[INFO] [stdout]    --> src/abstraction/signer.rs:301:23
[INFO] [stdout]     |
[INFO] [stdout] 301 |     SignatureSize<C>: ArrayLength<u8>,
[INFO] [stdout]     |                       ^^^^^^^^^^^
[INFO] [stdout] 
[INFO] [stdout] 
[INFO] [stdout] warning: use of deprecated trait `elliptic_curve::generic_array::ArrayLength`: please upgrade to generic-array 1.x
[INFO] [stdout]    --> src/abstraction/signer.rs:303:17
[INFO] [stdout]     |
[INFO] [stdout] 303 |     MaxSize<C>: ArrayLength<u8>,
[INFO] [stdout]     |                 ^^^^^^^^^^^
[INFO] [stdout] 
[INFO] [stdout] 
[INFO] [stdout] warning: use of deprecated trait `elliptic_curve::generic_array::ArrayLength`: please upgrade to generic-array 1.x
[INFO] [stdout]    --> src/abstraction/signer.rs:304:60
[INFO] [stdout]     |
[INFO] [stdout] 304 |     <FieldBytesSize<C> as Add>::Output: Add<MaxOverhead> + ArrayLength<u8>,
[INFO] [stdout]     |                                                            ^^^^^^^^^^^
[INFO] [stdout] 
[INFO] [stdout] 
[INFO] [stdout] warning: use of deprecated trait `elliptic_curve::generic_array::ArrayLength`: please upgrade to generic-array 1.x
[INFO] [stdout]    --> src/abstraction/signer.rs:316:23
[INFO] [stdout]     |
[INFO] [stdout] 316 |     SignatureSize<C>: ArrayLength<u8>,
[INFO] [stdout]     |                       ^^^^^^^^^^^
[INFO] [stdout] 
[INFO] [stdout] 
[INFO] [stdout] warning: use of deprecated struct `elliptic_curve::generic_array::GenericArray`: please upgrade to generic-array 1.x
[INFO] [stdout]    --> src/structures/buffers.rs:229:28
[INFO] [stdout]     |
[INFO] [stdout] 229 |             generic_array::GenericArray,
[INFO] [stdout]     |                            ^^^^^^^^^^^^
[INFO] [stdout] 
[INFO] [stdout] 
[INFO] [stdout] warning: use of deprecated struct `elliptic_curve::generic_array::GenericArray`: please upgrade to generic-array 1.x
[INFO] [stdout]    --> src/structures/buffers.rs:237:29
[INFO] [stdout]     |
[INFO] [stdout] 237 |                 $(impl From<GenericArray<u8, $size>> for Digest {
[INFO] [stdout]     |                             ^^^^^^^^^^^^
[INFO] [stdout] ...
[INFO] [stdout] 263 |         impl_from_digest!(U20, U32, U48, U64);
[INFO] [stdout]     |         ------------------------------------- in this macro invocation
[INFO] [stdout]     |
[INFO] [stdout]     = note: this warning originates in the macro `impl_from_digest` (in Nightly builds, run with -Z macro-backtrace for more info)
[INFO] [stdout] 
[INFO] [stdout] 
[INFO] [stdout] warning: use of deprecated struct `elliptic_curve::generic_array::GenericArray`: please upgrade to generic-array 1.x
[INFO] [stdout]    --> src/structures/buffers.rs:245:42
[INFO] [stdout]     |
[INFO] [stdout] 245 |                 impl TryFrom<Digest> for GenericArray<u8, $size> {
[INFO] [stdout]     |                                          ^^^^^^^^^^^^
[INFO] [stdout] ...
[INFO] [stdout] 263 |         impl_from_digest!(U20, U32, U48, U64);
[INFO] [stdout]     |         ------------------------------------- in this macro invocation
[INFO] [stdout]     |
[INFO] [stdout]     = note: this warning originates in the macro `impl_from_digest` (in Nightly builds, run with -Z macro-backtrace for more info)
[INFO] [stdout] 
[INFO] [stdout] 
[INFO] [stdout] warning: use of deprecated struct `elliptic_curve::generic_array::GenericArray`: please upgrade to generic-array 1.x
[INFO] [stdout]    --> src/structures/buffers.rs:238:40
[INFO] [stdout]     |
[INFO] [stdout] 238 |                     fn from(mut value: GenericArray<u8, $size>) -> Self {
[INFO] [stdout]     |                                        ^^^^^^^^^^^^
[INFO] [stdout] ...
[INFO] [stdout] 263 |         impl_from_digest!(U20, U32, U48, U64);
[INFO] [stdout]     |         ------------------------------------- in this macro invocation
[INFO] [stdout]     |
[INFO] [stdout]     = note: this warning originates in the macro `impl_from_digest` (in Nightly builds, run with -Z macro-backtrace for more info)
[INFO] [stdout] 
[INFO] [stdout] 
[INFO] [stdout] warning: use of deprecated associated function `elliptic_curve::generic_array::GenericArray::<T, N>::clone_from_slice`: please upgrade to generic-array 1.x
[INFO] [stdout]   --> src/abstraction/signatures.rs:36:30
[INFO] [stdout]    |
[INFO] [stdout] 36 |             FieldBytes::<C>::clone_from_slice(r),
[INFO] [stdout]    |                              ^^^^^^^^^^^^^^^^
[INFO] [stdout] 
[INFO] [stdout] 
[INFO] [stdout] warning: use of deprecated associated function `elliptic_curve::generic_array::GenericArray::<T, N>::clone_from_slice`: please upgrade to generic-array 1.x
[INFO] [stdout]   --> src/abstraction/signatures.rs:37:30
[INFO] [stdout]    |
[INFO] [stdout] 37 |             FieldBytes::<C>::clone_from_slice(s),
[INFO] [stdout]    |                              ^^^^^^^^^^^^^^^^
[INFO] [stdout] 
[INFO] [stdout] 
[INFO] [stdout] warning: use of deprecated method `elliptic_curve::generic_array::GenericArray::<T, N>::as_slice`: please upgrade to generic-array 1.x
[INFO] [stdout]    --> src/structures/buffers.rs:239:50
[INFO] [stdout]     |
[INFO] [stdout] 239 |                         let value_as_vec = value.as_slice().to_vec();
[INFO] [stdout]     |                                                  ^^^^^^^^
[INFO] [stdout] ...
[INFO] [stdout] 263 |         impl_from_digest!(U20, U32, U48, U64);
[INFO] [stdout]     |         ------------------------------------- in this macro invocation
[INFO] [stdout]     |
[INFO] [stdout]     = note: this warning originates in the macro `impl_from_digest` (in Nightly builds, run with -Z macro-backtrace for more info)
[INFO] [stdout] 
[INFO] [stdout] 
[INFO] [stderr]     Finished `release` profile [optimized] target(s) in 33.63s
[INFO] running `Command { std: "docker" "inspect" "5fa2fa26d358e0873e31eaf48014dae148960b22ab11e34c3defc437602f01e6", kill_on_drop: false }`
[INFO] running `Command { std: "docker" "exec" "-e" "SOURCE_DIR=/opt/rustwide/workdir" "-e" "CARGO_HOME=/opt/rustwide/cargo-home" "-e" "RUSTUP_HOME=/opt/rustwide/rustup-home" "-e" "CARGO_TARGET_DIR=/opt/rustwide/target" "-e" "CARGO_INCREMENTAL=0" "-e" "RUST_BACKTRACE=full" "-e" "RUSTFLAGS=--cap-lints=warn" "-e" "RUSTDOCFLAGS=--cap-lints=warn" "-w" "/opt/rustwide/workdir" "--user" "0:0" "5fa2fa26d358e0873e31eaf48014dae148960b22ab11e34c3defc437602f01e6" "/opt/rustwide/cargo-home/bin/cargo" "+1.99.0-beta.8" "test" "--frozen" "--no-run" "--message-format=json" "--release", kill_on_drop: false }`
[INFO] [stderr]    Compiling crypto-common v0.1.6
[INFO] [stderr]    Compiling serde_core v1.0.228
[INFO] [stderr]    Compiling ff v0.13.1
[INFO] [stderr]    Compiling crypto-bigint v0.5.5
[INFO] [stderr]    Compiling bitflags v2.11.1
[INFO] [stderr]    Compiling env_filter v1.0.1
[INFO] [stderr]    Compiling socket2 v0.6.3
[INFO] [stderr]    Compiling digest v0.10.7
[INFO] [stderr]    Compiling rustix v1.1.4
[INFO] [stderr]    Compiling group v0.13.0
[INFO] [stderr]    Compiling env_logger v0.11.10
[INFO] [stderr]    Compiling signature v2.2.0
[INFO] [stderr]    Compiling sha1 v0.10.6
[INFO] [stderr]    Compiling sha2 v0.10.9
[INFO] [stderr]    Compiling x509-cert v0.2.5
[INFO] [stderr]    Compiling elliptic-curve v0.13.8
[INFO] [stderr]    Compiling ecdsa v0.16.9
[INFO] [stderr]    Compiling tempfile v3.27.0
[INFO] [stderr]    Compiling tss-esapi v8.0.0-alpha.4 (/opt/rustwide/workdir)
[INFO] [stdout] warning: use of deprecated trait `elliptic_curve::generic_array::ArrayLength`: please upgrade to generic-array 1.x
[INFO] [stdout]   --> src/abstraction/signatures.rs:14:21
[INFO] [stdout]    |
[INFO] [stdout] 14 |     generic_array::{ArrayLength, typenum::Unsigned},
[INFO] [stdout]    |                     ^^^^^^^^^^^
[INFO] [stdout]    |
[INFO] [stdout]    = note: `#[warn(deprecated)]` on by default
[INFO] [stdout] 
[INFO] [stdout] 
[INFO] [stdout] warning: use of deprecated trait `elliptic_curve::generic_array::ArrayLength`: please upgrade to generic-array 1.x
[INFO] [stdout]   --> src/abstraction/signatures.rs:20:23
[INFO] [stdout]    |
[INFO] [stdout] 20 |     SignatureSize<C>: ArrayLength<u8>,
[INFO] [stdout]    |                       ^^^^^^^^^^^
[INFO] [stdout] 
[INFO] [stdout] 
[INFO] [stdout] warning: use of deprecated trait `elliptic_curve::generic_array::ArrayLength`: please upgrade to generic-array 1.x
[INFO] [stdout]   --> src/abstraction/signatures.rs:47:23
[INFO] [stdout]    |
[INFO] [stdout] 47 |     SignatureSize<C>: ArrayLength<u8>,
[INFO] [stdout]    |                       ^^^^^^^^^^^
[INFO] [stdout] 
[INFO] [stdout] 
[INFO] [stdout] warning: use of deprecated trait `elliptic_curve::generic_array::ArrayLength`: please upgrade to generic-array 1.x
[INFO] [stdout]   --> src/abstraction/signer.rs:32:20
[INFO] [stdout]    |
[INFO] [stdout] 32 |     generic_array::ArrayLength,
[INFO] [stdout]    |                    ^^^^^^^^^^^
[INFO] [stdout] 
[INFO] [stdout] 
[INFO] [stdout] warning: use of deprecated trait `elliptic_curve::generic_array::ArrayLength`: please upgrade to generic-array 1.x
[INFO] [stdout]    --> src/abstraction/signer.rs:216:23
[INFO] [stdout]     |
[INFO] [stdout] 216 |     SignatureSize<C>: ArrayLength<u8>,
[INFO] [stdout]     |                       ^^^^^^^^^^^
[INFO] [stdout] 
[INFO] [stdout] 
[INFO] [stdout] warning: use of deprecated trait `elliptic_curve::generic_array::ArrayLength`: please upgrade to generic-array 1.x
[INFO] [stdout]    --> src/abstraction/signer.rs:227:23
[INFO] [stdout]     |
[INFO] [stdout] 227 |     SignatureSize<C>: ArrayLength<u8>,
[INFO] [stdout]     |                       ^^^^^^^^^^^
[INFO] [stdout] 
[INFO] [stdout] 
[INFO] [stdout] warning: use of deprecated trait `elliptic_curve::generic_array::ArrayLength`: please upgrade to generic-array 1.x
[INFO] [stdout]    --> src/abstraction/signer.rs:239:23
[INFO] [stdout]     |
[INFO] [stdout] 239 |     SignatureSize<C>: ArrayLength<u8>,
[INFO] [stdout]     |                       ^^^^^^^^^^^
[INFO] [stdout] 
[INFO] [stdout] 
[INFO] [stdout] warning: use of deprecated trait `elliptic_curve::generic_array::ArrayLength`: please upgrade to generic-array 1.x
[INFO] [stdout]    --> src/abstraction/signer.rs:268:23
[INFO] [stdout]     |
[INFO] [stdout] 268 |     SignatureSize<C>: ArrayLength<u8>,
[INFO] [stdout]     |                       ^^^^^^^^^^^
[INFO] [stdout] 
[INFO] [stdout] 
[INFO] [stdout] warning: use of deprecated trait `elliptic_curve::generic_array::ArrayLength`: please upgrade to generic-array 1.x
[INFO] [stdout]    --> src/abstraction/signer.rs:270:17
[INFO] [stdout]     |
[INFO] [stdout] 270 |     MaxSize<C>: ArrayLength<u8>,
[INFO] [stdout]     |                 ^^^^^^^^^^^
[INFO] [stdout] 
[INFO] [stdout] 
[INFO] [stdout] warning: use of deprecated trait `elliptic_curve::generic_array::ArrayLength`: please upgrade to generic-array 1.x
[INFO] [stdout]    --> src/abstraction/signer.rs:271:60
[INFO] [stdout]     |
[INFO] [stdout] 271 |     <FieldBytesSize<C> as Add>::Output: Add<MaxOverhead> + ArrayLength<u8>,
[INFO] [stdout]     |                                                            ^^^^^^^^^^^
[INFO] [stdout] 
[INFO] [stdout] 
[INFO] [stdout] warning: use of deprecated trait `elliptic_curve::generic_array::ArrayLength`: please upgrade to generic-array 1.x
[INFO] [stdout]    --> src/abstraction/signer.rs:286:23
[INFO] [stdout]     |
[INFO] [stdout] 286 |     SignatureSize<C>: ArrayLength<u8>,
[INFO] [stdout]     |                       ^^^^^^^^^^^
[INFO] [stdout] 
[INFO] [stdout] 
[INFO] [stdout] warning: use of deprecated trait `elliptic_curve::generic_array::ArrayLength`: please upgrade to generic-array 1.x
[INFO] [stdout]    --> src/abstraction/signer.rs:301:23
[INFO] [stdout]     |
[INFO] [stdout] 301 |     SignatureSize<C>: ArrayLength<u8>,
[INFO] [stdout]     |                       ^^^^^^^^^^^
[INFO] [stdout] 
[INFO] [stdout] 
[INFO] [stdout] warning: use of deprecated trait `elliptic_curve::generic_array::ArrayLength`: please upgrade to generic-array 1.x
[INFO] [stdout]    --> src/abstraction/signer.rs:303:17
[INFO] [stdout]     |
[INFO] [stdout] 303 |     MaxSize<C>: ArrayLength<u8>,
[INFO] [stdout]     |                 ^^^^^^^^^^^
[INFO] [stdout] 
[INFO] [stdout] 
[INFO] [stdout] warning: use of deprecated trait `elliptic_curve::generic_array::ArrayLength`: please upgrade to generic-array 1.x
[INFO] [stdout]    --> src/abstraction/signer.rs:304:60
[INFO] [stdout]     |
[INFO] [stdout] 304 |     <FieldBytesSize<C> as Add>::Output: Add<MaxOverhead> + ArrayLength<u8>,
[INFO] [stdout]     |                                                            ^^^^^^^^^^^
[INFO] [stdout] 
[INFO] [stdout] 
[INFO] [stdout] warning: use of deprecated trait `elliptic_curve::generic_array::ArrayLength`: please upgrade to generic-array 1.x
[INFO] [stdout]    --> src/abstraction/signer.rs:316:23
[INFO] [stdout]     |
[INFO] [stdout] 316 |     SignatureSize<C>: ArrayLength<u8>,
[INFO] [stdout]     |                       ^^^^^^^^^^^
[INFO] [stdout] 
[INFO] [stdout] 
[INFO] [stdout] warning: use of deprecated struct `elliptic_curve::generic_array::GenericArray`: please upgrade to generic-array 1.x
[INFO] [stdout]    --> src/structures/buffers.rs:229:28
[INFO] [stdout]     |
[INFO] [stdout] 229 |             generic_array::GenericArray,
[INFO] [stdout]     |                            ^^^^^^^^^^^^
[INFO] [stdout] 
[INFO] [stdout] 
[INFO] [stdout] warning: use of deprecated struct `elliptic_curve::generic_array::GenericArray`: please upgrade to generic-array 1.x
[INFO] [stdout]    --> src/structures/buffers.rs:237:29
[INFO] [stdout]     |
[INFO] [stdout] 237 |                 $(impl From<GenericArray<u8, $size>> for Digest {
[INFO] [stdout]     |                             ^^^^^^^^^^^^
[INFO] [stdout] ...
[INFO] [stdout] 263 |         impl_from_digest!(U20, U32, U48, U64);
[INFO] [stdout]     |         ------------------------------------- in this macro invocation
[INFO] [stdout]     |
[INFO] [stdout]     = note: this warning originates in the macro `impl_from_digest` (in Nightly builds, run with -Z macro-backtrace for more info)
[INFO] [stdout] 
[INFO] [stdout] 
[INFO] [stdout] warning: use of deprecated struct `elliptic_curve::generic_array::GenericArray`: please upgrade to generic-array 1.x
[INFO] [stdout]    --> src/structures/buffers.rs:245:42
[INFO] [stdout]     |
[INFO] [stdout] 245 |                 impl TryFrom<Digest> for GenericArray<u8, $size> {
[INFO] [stdout]     |                                          ^^^^^^^^^^^^
[INFO] [stdout] ...
[INFO] [stdout] 263 |         impl_from_digest!(U20, U32, U48, U64);
[INFO] [stdout]     |         ------------------------------------- in this macro invocation
[INFO] [stdout]     |
[INFO] [stdout]     = note: this warning originates in the macro `impl_from_digest` (in Nightly builds, run with -Z macro-backtrace for more info)
[INFO] [stdout] 
[INFO] [stdout] 
[INFO] [stdout] warning: use of deprecated struct `elliptic_curve::generic_array::GenericArray`: please upgrade to generic-array 1.x
[INFO] [stdout]    --> src/structures/buffers.rs:238:40
[INFO] [stdout]     |
[INFO] [stdout] 238 |                     fn from(mut value: GenericArray<u8, $size>) -> Self {
[INFO] [stdout]     |                                        ^^^^^^^^^^^^
[INFO] [stdout] ...
[INFO] [stdout] 263 |         impl_from_digest!(U20, U32, U48, U64);
[INFO] [stdout]     |         ------------------------------------- in this macro invocation
[INFO] [stdout]     |
[INFO] [stdout]     = note: this warning originates in the macro `impl_from_digest` (in Nightly builds, run with -Z macro-backtrace for more info)
[INFO] [stdout] 
[INFO] [stdout] 
[INFO] [stderr]    Compiling serde_json v1.0.149
[INFO] [stdout] warning: use of deprecated associated function `elliptic_curve::generic_array::GenericArray::<T, N>::clone_from_slice`: please upgrade to generic-array 1.x
[INFO] [stdout]   --> src/abstraction/signatures.rs:36:30
[INFO] [stdout]    |
[INFO] [stdout] 36 |             FieldBytes::<C>::clone_from_slice(r),
[INFO] [stdout]    |                              ^^^^^^^^^^^^^^^^
[INFO] [stdout] 
[INFO] [stdout] 
[INFO] [stdout] warning: use of deprecated associated function `elliptic_curve::generic_array::GenericArray::<T, N>::clone_from_slice`: please upgrade to generic-array 1.x
[INFO] [stdout]   --> src/abstraction/signatures.rs:37:30
[INFO] [stdout]    |
[INFO] [stdout] 37 |             FieldBytes::<C>::clone_from_slice(s),
[INFO] [stdout]    |                              ^^^^^^^^^^^^^^^^
[INFO] [stdout] 
[INFO] [stdout] 
[INFO] [stdout] warning: use of deprecated method `elliptic_curve::generic_array::GenericArray::<T, N>::as_slice`: please upgrade to generic-array 1.x
[INFO] [stdout]    --> src/structures/buffers.rs:239:50
[INFO] [stdout]     |
[INFO] [stdout] 239 |                         let value_as_vec = value.as_slice().to_vec();
[INFO] [stdout]     |                                                  ^^^^^^^^
[INFO] [stdout] ...
[INFO] [stdout] 263 |         impl_from_digest!(U20, U32, U48, U64);
[INFO] [stdout]     |         ------------------------------------- in this macro invocation
[INFO] [stdout]     |
[INFO] [stdout]     = note: this warning originates in the macro `impl_from_digest` (in Nightly builds, run with -Z macro-backtrace for more info)
[INFO] [stdout] 
[INFO] [stdout] 
[INFO] [stdout] warning: use of deprecated trait `elliptic_curve::generic_array::ArrayLength`: please upgrade to generic-array 1.x
[INFO] [stdout]   --> src/abstraction/signatures.rs:14:21
[INFO] [stdout]    |
[INFO] [stdout] 14 |     generic_array::{ArrayLength, typenum::Unsigned},
[INFO] [stdout]    |                     ^^^^^^^^^^^
[INFO] [stdout]    |
[INFO] [stdout]    = note: `#[warn(deprecated)]` on by default
[INFO] [stdout] 
[INFO] [stdout] 
[INFO] [stdout] warning: use of deprecated trait `elliptic_curve::generic_array::ArrayLength`: please upgrade to generic-array 1.x
[INFO] [stdout]   --> src/abstraction/signatures.rs:20:23
[INFO] [stdout]    |
[INFO] [stdout] 20 |     SignatureSize<C>: ArrayLength<u8>,
[INFO] [stdout]    |                       ^^^^^^^^^^^
[INFO] [stdout] 
[INFO] [stdout] 
[INFO] [stdout] warning: use of deprecated trait `elliptic_curve::generic_array::ArrayLength`: please upgrade to generic-array 1.x
[INFO] [stdout]   --> src/abstraction/signatures.rs:47:23
[INFO] [stdout]    |
[INFO] [stdout] 47 |     SignatureSize<C>: ArrayLength<u8>,
[INFO] [stdout]    |                       ^^^^^^^^^^^
[INFO] [stdout] 
[INFO] [stdout] 
[INFO] [stdout] warning: use of deprecated trait `elliptic_curve::generic_array::ArrayLength`: please upgrade to generic-array 1.x
[INFO] [stdout]   --> src/abstraction/signer.rs:32:20
[INFO] [stdout]    |
[INFO] [stdout] 32 |     generic_array::ArrayLength,
[INFO] [stdout]    |                    ^^^^^^^^^^^
[INFO] [stdout] 
[INFO] [stdout] 
[INFO] [stdout] warning: use of deprecated trait `elliptic_curve::generic_array::ArrayLength`: please upgrade to generic-array 1.x
[INFO] [stdout]    --> src/abstraction/signer.rs:216:23
[INFO] [stdout]     |
[INFO] [stdout] 216 |     SignatureSize<C>: ArrayLength<u8>,
[INFO] [stdout]     |                       ^^^^^^^^^^^
[INFO] [stdout] 
[INFO] [stdout] 
[INFO] [stdout] warning: use of deprecated trait `elliptic_curve::generic_array::ArrayLength`: please upgrade to generic-array 1.x
[INFO] [stdout]    --> src/abstraction/signer.rs:227:23
[INFO] [stdout]     |
[INFO] [stdout] 227 |     SignatureSize<C>: ArrayLength<u8>,
[INFO] [stdout]     |                       ^^^^^^^^^^^
[INFO] [stdout] 
[INFO] [stdout] 
[INFO] [stdout] warning: use of deprecated trait `elliptic_curve::generic_array::ArrayLength`: please upgrade to generic-array 1.x
[INFO] [stdout]    --> src/abstraction/signer.rs:239:23
[INFO] [stdout]     |
[INFO] [stdout] 239 |     SignatureSize<C>: ArrayLength<u8>,
[INFO] [stdout]     |                       ^^^^^^^^^^^
[INFO] [stdout] 
[INFO] [stdout] 
[INFO] [stdout] warning: use of deprecated trait `elliptic_curve::generic_array::ArrayLength`: please upgrade to generic-array 1.x
[INFO] [stdout]    --> src/abstraction/signer.rs:268:23
[INFO] [stdout]     |
[INFO] [stdout] 268 |     SignatureSize<C>: ArrayLength<u8>,
[INFO] [stdout]     |                       ^^^^^^^^^^^
[INFO] [stdout] 
[INFO] [stdout] 
[INFO] [stdout] warning: use of deprecated trait `elliptic_curve::generic_array::ArrayLength`: please upgrade to generic-array 1.x
[INFO] [stdout]    --> src/abstraction/signer.rs:270:17
[INFO] [stdout]     |
[INFO] [stdout] 270 |     MaxSize<C>: ArrayLength<u8>,
[INFO] [stdout]     |                 ^^^^^^^^^^^
[INFO] [stdout] 
[INFO] [stdout] 
[INFO] [stdout] warning: use of deprecated trait `elliptic_curve::generic_array::ArrayLength`: please upgrade to generic-array 1.x
[INFO] [stdout]    --> src/abstraction/signer.rs:271:60
[INFO] [stdout]     |
[INFO] [stdout] 271 |     <FieldBytesSize<C> as Add>::Output: Add<MaxOverhead> + ArrayLength<u8>,
[INFO] [stdout]     |                                                            ^^^^^^^^^^^
[INFO] [stdout] 
[INFO] [stdout] 
[INFO] [stdout] warning: use of deprecated trait `elliptic_curve::generic_array::ArrayLength`: please upgrade to generic-array 1.x
[INFO] [stdout]    --> src/abstraction/signer.rs:286:23
[INFO] [stdout]     |
[INFO] [stdout] 286 |     SignatureSize<C>: ArrayLength<u8>,
[INFO] [stdout]     |                       ^^^^^^^^^^^
[INFO] [stdout] 
[INFO] [stdout] 
[INFO] [stdout] warning: use of deprecated trait `elliptic_curve::generic_array::ArrayLength`: please upgrade to generic-array 1.x
[INFO] [stdout]    --> src/abstraction/signer.rs:301:23
[INFO] [stdout]     |
[INFO] [stdout] 301 |     SignatureSize<C>: ArrayLength<u8>,
[INFO] [stdout]     |                       ^^^^^^^^^^^
[INFO] [stdout] 
[INFO] [stdout] 
[INFO] [stdout] warning: use of deprecated trait `elliptic_curve::generic_array::ArrayLength`: please upgrade to generic-array 1.x
[INFO] [stdout]    --> src/abstraction/signer.rs:303:17
[INFO] [stdout]     |
[INFO] [stdout] 303 |     MaxSize<C>: ArrayLength<u8>,
[INFO] [stdout]     |                 ^^^^^^^^^^^
[INFO] [stdout] 
[INFO] [stdout] 
[INFO] [stdout] warning: use of deprecated trait `elliptic_curve::generic_array::ArrayLength`: please upgrade to generic-array 1.x
[INFO] [stdout]    --> src/abstraction/signer.rs:304:60
[INFO] [stdout]     |
[INFO] [stdout] 304 |     <FieldBytesSize<C> as Add>::Output: Add<MaxOverhead> + ArrayLength<u8>,
[INFO] [stdout]     |                                                            ^^^^^^^^^^^
[INFO] [stdout] 
[INFO] [stdout] 
[INFO] [stdout] warning: use of deprecated trait `elliptic_curve::generic_array::ArrayLength`: please upgrade to generic-array 1.x
[INFO] [stdout]    --> src/abstraction/signer.rs:316:23
[INFO] [stdout]     |
[INFO] [stdout] 316 |     SignatureSize<C>: ArrayLength<u8>,
[INFO] [stdout]     |                       ^^^^^^^^^^^
[INFO] [stdout] 
[INFO] [stdout] 
[INFO] [stdout] warning: use of deprecated struct `elliptic_curve::generic_array::GenericArray`: please upgrade to generic-array 1.x
[INFO] [stdout]    --> src/structures/buffers.rs:229:28
[INFO] [stdout]     |
[INFO] [stdout] 229 |             generic_array::GenericArray,
[INFO] [stdout]     |                            ^^^^^^^^^^^^
[INFO] [stdout] 
[INFO] [stdout] 
[INFO] [stdout] warning: use of deprecated struct `elliptic_curve::generic_array::GenericArray`: please upgrade to generic-array 1.x
[INFO] [stdout]    --> src/structures/buffers.rs:237:29
[INFO] [stdout]     |
[INFO] [stdout] 237 |                 $(impl From<GenericArray<u8, $size>> for Digest {
[INFO] [stdout]     |                             ^^^^^^^^^^^^
[INFO] [stdout] ...
[INFO] [stdout] 263 |         impl_from_digest!(U20, U32, U48, U64);
[INFO] [stdout]     |         ------------------------------------- in this macro invocation
[INFO] [stdout]     |
[INFO] [stdout]     = note: this warning originates in the macro `impl_from_digest` (in Nightly builds, run with -Z macro-backtrace for more info)
[INFO] [stdout] 
[INFO] [stdout] 
[INFO] [stdout] warning: use of deprecated struct `elliptic_curve::generic_array::GenericArray`: please upgrade to generic-array 1.x
[INFO] [stdout]    --> src/structures/buffers.rs:245:42
[INFO] [stdout]     |
[INFO] [stdout] 245 |                 impl TryFrom<Digest> for GenericArray<u8, $size> {
[INFO] [stdout]     |                                          ^^^^^^^^^^^^
[INFO] [stdout] ...
[INFO] [stdout] 263 |         impl_from_digest!(U20, U32, U48, U64);
[INFO] [stdout]     |         ------------------------------------- in this macro invocation
[INFO] [stdout]     |
[INFO] [stdout]     = note: this warning originates in the macro `impl_from_digest` (in Nightly builds, run with -Z macro-backtrace for more info)
[INFO] [stdout] 
[INFO] [stdout] 
[INFO] [stdout] warning: use of deprecated struct `elliptic_curve::generic_array::GenericArray`: please upgrade to generic-array 1.x
[INFO] [stdout]    --> src/structures/buffers.rs:238:40
[INFO] [stdout]     |
[INFO] [stdout] 238 |                     fn from(mut value: GenericArray<u8, $size>) -> Self {
[INFO] [stdout]     |                                        ^^^^^^^^^^^^
[INFO] [stdout] ...
[INFO] [stdout] 263 |         impl_from_digest!(U20, U32, U48, U64);
[INFO] [stdout]     |         ------------------------------------- in this macro invocation
[INFO] [stdout]     |
[INFO] [stdout]     = note: this warning originates in the macro `impl_from_digest` (in Nightly builds, run with -Z macro-backtrace for more info)
[INFO] [stdout] 
[INFO] [stdout] 
[INFO] [stdout] warning: use of deprecated associated function `elliptic_curve::generic_array::GenericArray::<T, N>::clone_from_slice`: please upgrade to generic-array 1.x
[INFO] [stdout]   --> src/abstraction/signatures.rs:36:30
[INFO] [stdout]    |
[INFO] [stdout] 36 |             FieldBytes::<C>::clone_from_slice(r),
[INFO] [stdout]    |                              ^^^^^^^^^^^^^^^^
[INFO] [stdout] 
[INFO] [stdout] 
[INFO] [stdout] warning: use of deprecated associated function `elliptic_curve::generic_array::GenericArray::<T, N>::clone_from_slice`: please upgrade to generic-array 1.x
[INFO] [stdout]   --> src/abstraction/signatures.rs:37:30
[INFO] [stdout]    |
[INFO] [stdout] 37 |             FieldBytes::<C>::clone_from_slice(s),
[INFO] [stdout]    |                              ^^^^^^^^^^^^^^^^
[INFO] [stdout] 
[INFO] [stdout] 
[INFO] [stdout] warning: use of deprecated method `elliptic_curve::generic_array::GenericArray::<T, N>::as_slice`: please upgrade to generic-array 1.x
[INFO] [stdout]    --> src/structures/buffers.rs:239:50
[INFO] [stdout]     |
[INFO] [stdout] 239 |                         let value_as_vec = value.as_slice().to_vec();
[INFO] [stdout]     |                                                  ^^^^^^^^
[INFO] [stdout] ...
[INFO] [stdout] 263 |         impl_from_digest!(U20, U32, U48, U64);
[INFO] [stdout]     |         ------------------------------------- in this macro invocation
[INFO] [stdout]     |
[INFO] [stdout]     = note: this warning originates in the macro `impl_from_digest` (in Nightly builds, run with -Z macro-backtrace for more info)
[INFO] [stdout] 
[INFO] [stdout] 
[INFO] [stdout] error[E0433]: cannot find module or crate `rsa` in this scope
[INFO] [stdout]  --> tests/integration_tests/abstraction_tests/public_tests.rs:5:9
[INFO] [stdout]   |
[INFO] [stdout] 5 |     use rsa::{BigUint, pkcs1, traits::PublicKeyParts};
[INFO] [stdout]   |         ^^^ use of unresolved module or unlinked crate `rsa`
[INFO] [stdout]   |
[INFO] [stdout]   = help: if you wanted to use a crate named `rsa`, use `cargo add rsa` to add it to your `Cargo.toml`
[INFO] [stdout] 
[INFO] [stdout] 
[INFO] [stdout] error[E0432]: unresolved import `rsa`
[INFO] [stdout]  --> tests/integration_tests/abstraction_tests/public_tests.rs:5:9
[INFO] [stdout]   |
[INFO] [stdout] 5 |     use rsa::{BigUint, pkcs1, traits::PublicKeyParts};
[INFO] [stdout]   |         ^^^ use of unresolved module or unlinked crate `rsa`
[INFO] [stdout]   |
[INFO] [stdout]   = help: if you wanted to use a crate named `rsa`, use `cargo add rsa` to add it to your `Cargo.toml`
[INFO] [stdout] 
[INFO] [stdout] 
[INFO] [stdout] error[E0433]: cannot find module or crate `p256` in this scope
[INFO] [stdout]   --> tests/integration_tests/abstraction_tests/transient_key_context_tests.rs:28:5
[INFO] [stdout]    |
[INFO] [stdout] 28 | use p256::{NistP256, ecdsa::VerifyingKey};
[INFO] [stdout]    |     ^^^^ use of unresolved module or unlinked crate `p256`
[INFO] [stdout]    |
[INFO] [stdout]    = help: if you wanted to use a crate named `p256`, use `cargo add p256` to add it to your `Cargo.toml`
[INFO] [stdout] 
[INFO] [stdout] 
[INFO] [stdout] error[E0432]: unresolved import `p256`
[INFO] [stdout]   --> tests/integration_tests/abstraction_tests/transient_key_context_tests.rs:28:5
[INFO] [stdout]    |
[INFO] [stdout] 28 | use p256::{NistP256, ecdsa::VerifyingKey};
[INFO] [stdout]    |     ^^^^ use of unresolved module or unlinked crate `p256`
[INFO] [stdout]    |
[INFO] [stdout]    = help: if you wanted to use a crate named `p256`, use `cargo add p256` to add it to your `Cargo.toml`
[INFO] [stdout] 
[INFO] [stdout] 
[INFO] [stdout] error[E0432]: unresolved import `sha3`
[INFO] [stdout]   --> tests/integration_tests/abstraction_tests/transient_key_context_tests.rs:30:5
[INFO] [stdout]    |
[INFO] [stdout] 30 | use sha3::Sha3_256;
[INFO] [stdout]    |     ^^^^ use of unresolved module or unlinked crate `sha3`
[INFO] [stdout]    |
[INFO] [stdout] help: there is a crate or module with a similar name
[INFO] [stdout]    |
[INFO] [stdout] 30 - use sha3::Sha3_256;
[INFO] [stdout] 30 + use sha2::Sha3_256;
[INFO] [stdout]    |
[INFO] [stdout] 
[INFO] [stdout] 
[INFO] [stdout] error[E0432]: unresolved import `strum`
[INFO] [stdout]  --> tests/integration_tests/error_tests/return_code_tests/tpm_tests/tpm_format_zero_tests/tpm_format_zero_warning_tests.rs:4:5
[INFO] [stdout]   |
[INFO] [stdout] 4 | use strum::IntoEnumIterator;
[INFO] [stdout]   |     ^^^^^ use of unresolved module or unlinked crate `strum`
[INFO] [stdout]   |
[INFO] [stdout]   = help: if you wanted to use a crate named `strum`, use `cargo add strum` to add it to your `Cargo.toml`
[INFO] [stdout] 
[INFO] [stdout] 
[INFO] [stdout] error[E0433]: cannot find module or crate `rsa` in this scope
[INFO] [stdout]   --> tests/integration_tests/abstraction_tests/public_tests.rs:75:19
[INFO] [stdout]    |
[INFO] [stdout] 75 |         let key = rsa::RsaPublicKey::try_from(&public_rsa)
[INFO] [stdout]    |                   ^^^ use of unresolved module or unlinked crate `rsa`
[INFO] [stdout]    |
[INFO] [stdout]    = help: if you wanted to use a crate named `rsa`, use `cargo add rsa` to add it to your `Cargo.toml`
[INFO] [stdout] 
[INFO] [stdout] 
[INFO] [stdout] error[E0433]: cannot find module or crate `p256` in this scope
[INFO] [stdout]    --> tests/integration_tests/abstraction_tests/public_tests.rs:168:19
[INFO] [stdout]     |
[INFO] [stdout] 168 |         let key = p256::PublicKey::try_from(&public_ecc)
[INFO] [stdout]     |                   ^^^^ use of unresolved module or unlinked crate `p256`
[INFO] [stdout]     |
[INFO] [stdout]     = help: if you wanted to use a crate named `p256`, use `cargo add p256` to add it to your `Cargo.toml`
[INFO] [stdout] 
[INFO] [stdout] 
[INFO] [stdout] error[E0433]: cannot find module or crate `p256` in this scope
[INFO] [stdout]    --> tests/integration_tests/abstraction_tests/public_tests.rs:171:24
[INFO] [stdout]     |
[INFO] [stdout] 171 |         let ec_point = p256::EncodedPoint::from(key);
[INFO] [stdout]     |                        ^^^^ use of unresolved module or unlinked crate `p256`
[INFO] [stdout]     |
[INFO] [stdout]     = help: if you wanted to use a crate named `p256`, use `cargo add p256` to add it to your `Cargo.toml`
[INFO] [stdout] 
[INFO] [stdout] 
[INFO] [stdout] error[E0433]: cannot find module or crate `p256` in this scope
[INFO] [stdout]    --> tests/integration_tests/abstraction_tests/public_tests.rs:184:17
[INFO] [stdout]     |
[INFO] [stdout] 184 |                 p256::PublicKey::ALGORITHM_IDENTIFIER.oid,
[INFO] [stdout]     |                 ^^^^ use of unresolved module or unlinked crate `p256`
[INFO] [stdout]     |
[INFO] [stdout]     = help: if you wanted to use a crate named `p256`, use `cargo add p256` to add it to your `Cargo.toml`
[INFO] [stdout] 
[INFO] [stdout] 
[INFO] [stdout] error[E0433]: cannot find module or crate `p256` in this scope
[INFO] [stdout]    --> tests/integration_tests/abstraction_tests/public_tests.rs:185:17
[INFO] [stdout]     |
[INFO] [stdout] 185 |                 p256::PublicKey::ALGORITHM_IDENTIFIER
[INFO] [stdout]     |                 ^^^^ use of unresolved module or unlinked crate `p256`
[INFO] [stdout]     |
[INFO] [stdout]     = help: if you wanted to use a crate named `p256`, use `cargo add p256` to add it to your `Cargo.toml`
[INFO] [stdout] 
[INFO] [stdout] 
[INFO] [stdout] error[E0433]: cannot find module or crate `p256` in this scope
[INFO] [stdout]    --> tests/integration_tests/abstraction_tests/transient_key_context_tests.rs:907:18
[INFO] [stdout]     |
[INFO] [stdout] 907 |         .build::<p256::ecdsa::DerSignature>()
[INFO] [stdout]     |                  ^^^^ use of unresolved module or unlinked crate `p256`
[INFO] [stdout]     |
[INFO] [stdout]     = help: if you wanted to use a crate named `p256`, use `cargo add p256` to add it to your `Cargo.toml`
[INFO] [stdout] 
[INFO] [stdout] 
[INFO] [stdout] error[E0433]: cannot find module or crate `p256` in this scope
[INFO] [stdout]    --> tests/integration_tests/abstraction_tests/transient_key_context_tests.rs:932:20
[INFO] [stdout]     |
[INFO] [stdout] 932 |     let signature: p256::ecdsa::Signature = signer.sign_digest(hash.clone());
[INFO] [stdout]     |                    ^^^^ use of unresolved module or unlinked crate `p256`
[INFO] [stdout]     |
[INFO] [stdout]     = help: if you wanted to use a crate named `p256`, use `cargo add p256` to add it to your `Cargo.toml`
[INFO] [stdout] 
[INFO] [stdout] 
[INFO] [stdout] error[E0433]: cannot find module or crate `p256` in this scope
[INFO] [stdout]    --> tests/integration_tests/abstraction_tests/transient_key_context_tests.rs:963:63
[INFO] [stdout]     |
[INFO] [stdout] 963 |     let signature = <EcSigner<_, _> as DigestSigner<Sha3_256, p256::ecdsa::Signature>>::sign_digest(
[INFO] [stdout]     |                                                               ^^^^ use of unresolved module or unlinked crate `p256`
[INFO] [stdout]     |
[INFO] [stdout]     = help: if you wanted to use a crate named `p256`, use `cargo add p256` to add it to your `Cargo.toml`
[INFO] [stdout] 
[INFO] [stdout] 
[INFO] [stdout] error[E0425]: cannot find function `checkquote` in module `no_tpm`
[INFO] [stdout]   --> tests/integration_tests/abstraction_tests/no_tpm/quote_test.rs:82:21
[INFO] [stdout]    |
[INFO] [stdout] 82 |             no_tpm::checkquote(
[INFO] [stdout]    |                     ^^^^^^^^^^ not found in `no_tpm`
[INFO] [stdout]    |
[INFO] [stdout] note: found an item that was configured out
[INFO] [stdout]   --> src/abstraction/no_tpm/mod.rs:10:16
[INFO] [stdout]    |
[INFO] [stdout]  7 |     any(feature = "p224", feature = "p256", feature = "p384", feature = "rsa"),
[INFO] [stdout]    |        ----------------------------------------------------------------------- the item is gated here
[INFO] [stdout] ...
[INFO] [stdout] 10 | pub use quote::checkquote;
[INFO] [stdout]    |                ^^^^^^^^^^
[INFO] [stdout] 
[INFO] [stdout] 
[INFO] [stdout] error[E0425]: cannot find function `checkquote` in module `no_tpm`
[INFO] [stdout]   --> tests/integration_tests/abstraction_tests/no_tpm/quote_test.rs:92:25
[INFO] [stdout]    |
[INFO] [stdout] 92 |         assert!(no_tpm::checkquote(&attest, &signature, &public, &None, &qualifying_data).unwrap());
[INFO] [stdout]    |                         ^^^^^^^^^^ not found in `no_tpm`
[INFO] [stdout]    |
[INFO] [stdout] note: found an item that was configured out
[INFO] [stdout]   --> src/abstraction/no_tpm/mod.rs:10:16
[INFO] [stdout]    |
[INFO] [stdout]  7 |     any(feature = "p224", feature = "p256", feature = "p384", feature = "rsa"),
[INFO] [stdout]    |        ----------------------------------------------------------------------- the item is gated here
[INFO] [stdout] ...
[INFO] [stdout] 10 | pub use quote::checkquote;
[INFO] [stdout]    |                ^^^^^^^^^^
[INFO] [stdout] 
[INFO] [stdout] 
[INFO] [stdout] error[E0425]: cannot find function `checkquote` in module `no_tpm`
[INFO] [stdout]   --> tests/integration_tests/abstraction_tests/no_tpm/quote_test.rs:95:26
[INFO] [stdout]    |
[INFO] [stdout] 95 |         assert!(!no_tpm::checkquote(&attest, &signature, &public, &None, &wrong_nonce).unwrap());
[INFO] [stdout]    |                          ^^^^^^^^^^ not found in `no_tpm`
[INFO] [stdout]    |
[INFO] [stdout] note: found an item that was configured out
[INFO] [stdout]   --> src/abstraction/no_tpm/mod.rs:10:16
[INFO] [stdout]    |
[INFO] [stdout]  7 |     any(feature = "p224", feature = "p256", feature = "p384", feature = "rsa"),
[INFO] [stdout]    |        ----------------------------------------------------------------------- the item is gated here
[INFO] [stdout] ...
[INFO] [stdout] 10 | pub use quote::checkquote;
[INFO] [stdout]    |                ^^^^^^^^^^
[INFO] [stdout] 
[INFO] [stdout] 
[INFO] [stdout] error[E0425]: cannot find function `checkquote` in module `no_tpm`
[INFO] [stdout]    --> tests/integration_tests/abstraction_tests/no_tpm/quote_test.rs:108:22
[INFO] [stdout]     |
[INFO] [stdout] 108 |             !no_tpm::checkquote(
[INFO] [stdout]     |                      ^^^^^^^^^^ not found in `no_tpm`
[INFO] [stdout]     |
[INFO] [stdout] note: found an item that was configured out
[INFO] [stdout]    --> src/abstraction/no_tpm/mod.rs:10:16
[INFO] [stdout]     |
[INFO] [stdout]   7 |     any(feature = "p224", feature = "p256", feature = "p384", feature = "rsa"),
[INFO] [stdout]     |        ----------------------------------------------------------------------- the item is gated here
[INFO] [stdout] ...
[INFO] [stdout]  10 | pub use quote::checkquote;
[INFO] [stdout]     |                ^^^^^^^^^^
[INFO] [stdout] 
[INFO] [stdout] 
[INFO] [stdout] error[E0425]: cannot find function `checkquote` in module `no_tpm`
[INFO] [stdout]    --> tests/integration_tests/abstraction_tests/no_tpm/quote_test.rs:124:22
[INFO] [stdout]     |
[INFO] [stdout] 124 |             !no_tpm::checkquote(
[INFO] [stdout]     |                      ^^^^^^^^^^ not found in `no_tpm`
[INFO] [stdout]     |
[INFO] [stdout] note: found an item that was configured out
[INFO] [stdout]    --> src/abstraction/no_tpm/mod.rs:10:16
[INFO] [stdout]     |
[INFO] [stdout]   7 |     any(feature = "p224", feature = "p256", feature = "p384", feature = "rsa"),
[INFO] [stdout]     |        ----------------------------------------------------------------------- the item is gated here
[INFO] [stdout] ...
[INFO] [stdout]  10 | pub use quote::checkquote;
[INFO] [stdout]     |                ^^^^^^^^^^
[INFO] [stdout] 
[INFO] [stdout] 
[INFO] [stdout] error[E0425]: cannot find function `checkquote` in module `no_tpm`
[INFO] [stdout]    --> tests/integration_tests/abstraction_tests/no_tpm/quote_test.rs:140:22
[INFO] [stdout]     |
[INFO] [stdout] 140 |             !no_tpm::checkquote(
[INFO] [stdout]     |                      ^^^^^^^^^^ not found in `no_tpm`
[INFO] [stdout]     |
[INFO] [stdout] note: found an item that was configured out
[INFO] [stdout]    --> src/abstraction/no_tpm/mod.rs:10:16
[INFO] [stdout]     |
[INFO] [stdout]   7 |     any(feature = "p224", feature = "p256", feature = "p384", feature = "rsa"),
[INFO] [stdout]     |        ----------------------------------------------------------------------- the item is gated here
[INFO] [stdout] ...
[INFO] [stdout]  10 | pub use quote::checkquote;
[INFO] [stdout]     |                ^^^^^^^^^^
[INFO] [stdout] 
[INFO] [stdout] 
[INFO] [stdout] error[E0425]: cannot find function `checkquote` in module `no_tpm`
[INFO] [stdout]    --> tests/integration_tests/abstraction_tests/no_tpm/quote_test.rs:163:22
[INFO] [stdout]     |
[INFO] [stdout] 163 |             !no_tpm::checkquote(
[INFO] [stdout]     |                      ^^^^^^^^^^ not found in `no_tpm`
[INFO] [stdout]     |
[INFO] [stdout] note: found an item that was configured out
[INFO] [stdout]    --> src/abstraction/no_tpm/mod.rs:10:16
[INFO] [stdout]     |
[INFO] [stdout]   7 |     any(feature = "p224", feature = "p256", feature = "p384", feature = "rsa"),
[INFO] [stdout]     |        ----------------------------------------------------------------------- the item is gated here
[INFO] [stdout] ...
[INFO] [stdout]  10 | pub use quote::checkquote;
[INFO] [stdout]     |                ^^^^^^^^^^
[INFO] [stdout] 
[INFO] [stdout] 
[INFO] [stdout] error[E0425]: cannot find function `checkquote` in module `no_tpm`
[INFO] [stdout]    --> tests/integration_tests/abstraction_tests/no_tpm/quote_test.rs:239:21
[INFO] [stdout]     |
[INFO] [stdout] 239 |             no_tpm::checkquote(
[INFO] [stdout]     |                     ^^^^^^^^^^ not found in `no_tpm`
[INFO] [stdout]     |
[INFO] [stdout] note: found an item that was configured out
[INFO] [stdout]    --> src/abstraction/no_tpm/mod.rs:10:16
[INFO] [stdout]     |
[INFO] [stdout]   7 |     any(feature = "p224", feature = "p256", feature = "p384", feature = "rsa"),
[INFO] [stdout]     |        ----------------------------------------------------------------------- the item is gated here
[INFO] [stdout] ...
[INFO] [stdout]  10 | pub use quote::checkquote;
[INFO] [stdout]     |                ^^^^^^^^^^
[INFO] [stdout] 
[INFO] [stdout] 
[INFO] [stdout] warning: unused import: `AssociatedAlgorithmIdentifier`
[INFO] [stdout]    --> tests/integration_tests/abstraction_tests/public_tests.rs:118:16
[INFO] [stdout]     |
[INFO] [stdout] 118 |         spki::{AssociatedAlgorithmIdentifier, SubjectPublicKeyInfoOwned},
[INFO] [stdout]     |                ^^^^^^^^^^^^^^^^^^^^^^^^^^^^^
[INFO] [stdout]     |
[INFO] [stdout]     = note: `#[warn(unused_imports)]` (part of `#[warn(unused)]`) on by default
[INFO] [stdout] 
[INFO] [stdout] 
[INFO] [stdout] warning: unused imports: `RsaExponent`, `RsaScheme`, `algorithm::RsaSchemeAlgorithm`, and `key_bits::RsaKeyBits`
[INFO] [stdout]    --> tests/integration_tests/context_tests/tpm_commands/signing_and_signature_verification_tests.rs:180:13
[INFO] [stdout]     |
[INFO] [stdout] 180 |             algorithm::RsaSchemeAlgorithm, key_bits::RsaKeyBits, reserved_handles::Hierarchy,
[INFO] [stdout]     |             ^^^^^^^^^^^^^^^^^^^^^^^^^^^^^  ^^^^^^^^^^^^^^^^^^^^
[INFO] [stdout] 181 |         },
[INFO] [stdout] 182 |         structures::{Auth, Digest, RsaExponent, RsaScheme, SignatureScheme},
[INFO] [stdout]     |                                    ^^^^^^^^^^^  ^^^^^^^^^
[INFO] [stdout] 
[INFO] [stdout] 
[INFO] [stdout] warning: unused imports: `DigestVerifier`, `Keypair`, `Verifier`, and `std::sync::Mutex`
[INFO] [stdout]    --> tests/integration_tests/context_tests/tpm_commands/signing_and_signature_verification_tests.rs:187:21
[INFO] [stdout]     |
[INFO] [stdout] 187 |         signature::{DigestVerifier, Keypair, Signer, Verifier},
[INFO] [stdout]     |                     ^^^^^^^^^^^^^^  ^^^^^^^          ^^^^^^^^
[INFO] [stdout] 188 |         std::sync::Mutex,
[INFO] [stdout]     |         ^^^^^^^^^^^^^^^^
[INFO] [stdout] 
[INFO] [stdout] 
[INFO] [stdout] warning: use of deprecated method `digest::generic_array::GenericArray::<T, N>::as_slice`: please upgrade to generic-array 1.x
[INFO] [stdout]    --> tests/integration_tests/context_tests/tpm_commands/integrity_collection_pcr_tests.rs:297:62
[INFO] [stdout]     |
[INFO] [stdout] 297 |         assert_eq!(sha256_digest.as_bytes(), expected_sha256.as_slice());
[INFO] [stdout]     |                                                              ^^^^^^^^
[INFO] [stdout]     |
[INFO] [stdout]     = note: `#[warn(deprecated)]` on by default
[INFO] [stdout] 
[INFO] [stdout] 
[INFO] [stdout] error[E0599]: no variant, associated function, or constant named `iter` found for enum `TpmFormatZeroWarning` in the current scope
[INFO] [stdout]    --> tests/integration_tests/error_tests/return_code_tests/tpm_tests/tpm_format_zero_tests/tpm_format_zero_warning_tests.rs:238:27
[INFO] [stdout]     |
[INFO] [stdout] 238 |     TpmFormatZeroWarning::iter().for_each(|item| {
[INFO] [stdout]     |                           ^^^^ variant, associated function, or constant not found in `TpmFormatZeroWarning`
[INFO] [stdout] 
[INFO] [stdout] 
[INFO] [stdout] warning: unused import: `Signer`
[INFO] [stdout]    --> tests/integration_tests/context_tests/tpm_commands/signing_and_signature_verification_tests.rs:187:46
[INFO] [stdout]     |
[INFO] [stdout] 187 |         signature::{DigestVerifier, Keypair, Signer, Verifier},
[INFO] [stdout]     |                                              ^^^^^^
[INFO] [stdout] 
[INFO] [stdout] 
[INFO] [stdout] warning: unused import: `digest::Digest`
[INFO] [stdout]    --> tests/integration_tests/context_tests/tpm_commands/signing_and_signature_verification_tests.rs:186:9
[INFO] [stdout]     |
[INFO] [stdout] 186 |         digest::Digest as _,
[INFO] [stdout]     |         ^^^^^^^^^^^^^^
[INFO] [stdout] 
[INFO] [stdout] 
[INFO] [stdout] Some errors have detailed explanations: E0425, E0432, E0433, E0599.
[INFO] [stdout] 
[INFO] [stdout] For more information about an error, try `rustc --explain E0425`.
[INFO] [stdout] 
[INFO] [stderr] error: could not compile `tss-esapi` (test "integration_tests") due to 23 previous errors; 6 warnings emitted
[INFO] running `Command { std: "docker" "inspect" "5fa2fa26d358e0873e31eaf48014dae148960b22ab11e34c3defc437602f01e6", kill_on_drop: false }`
[INFO] running `Command { std: "docker" "rm" "-f" "5fa2fa26d358e0873e31eaf48014dae148960b22ab11e34c3defc437602f01e6", kill_on_drop: false }`
[INFO] [stdout] 5fa2fa26d358e0873e31eaf48014dae148960b22ab11e34c3defc437602f01e6
