[INFO] fetching crate ts_netcheck 0.6.1...
[INFO] testing ts_netcheck-0.6.1 against 1.100.0-beta.1+cargoflags=--release for beta-release-1.100-2
[INFO] extracting crate ts_netcheck 0.6.1 into /workspace/builds/worker-1-tc2/source
[INFO] started tweaking crates.io crate ts_netcheck 0.6.1
[INFO] finished tweaking crates.io crate ts_netcheck 0.6.1
[INFO] tweaked toml for crates.io crate ts_netcheck 0.6.1 written to /workspace/builds/worker-1-tc2/source/Cargo.toml
[INFO] validating manifest of crates.io crate ts_netcheck 0.6.1 on toolchain 1.100.0-beta.1
[INFO] running `Command { std: CARGO_HOME="/workspace/cargo-home" RUSTUP_HOME="/workspace/rustup-home" "/workspace/cargo-home/bin/cargo" "+1.100.0-beta.1" "metadata" "--manifest-path" "Cargo.toml" "--no-deps", kill_on_drop: false }`
[INFO] crate crates.io crate ts_netcheck 0.6.1 already has a lockfile, it will not be regenerated
[INFO] running `Command { std: CARGO_HOME="/workspace/cargo-home" RUSTUP_HOME="/workspace/rustup-home" "/workspace/cargo-home/bin/cargo" "+1.100.0-beta.1" "fetch" "--manifest-path" "Cargo.toml", kill_on_drop: false }`
[INFO] [stderr] warning: Cargo.toml: `lints.rust.let-underscore` is deprecated in favor of `lints.rust.let_underscore` and will not work in a future edition
[INFO] [stderr] warning: `ts_netcheck` (manifest) generated 1 warning
[INFO] running `Command { std: "docker" "create" "-v" "/var/lib/crater-agent-workspace/builds/worker-1-tc2/source:/opt/rustwide/workdir:ro,Z" "-v" "/var/lib/crater-agent-workspace/builds/worker-1-tc2/target:/opt/rustwide/target:rw,Z" "-v" "/var/lib/crater-agent-workspace/cargo-home:/opt/rustwide/cargo-home:ro,Z" "-v" "/var/lib/crater-agent-workspace/rustup-home:/opt/rustwide/rustup-home:ro,Z" "-m" "1610612736" "--network" "none" "ghcr.io/rust-lang/crates-build-env/linux@sha256:77db811e55d90add9212f6832c23229e3de5f1c1f9905e8cb07319ea15df73ac" "sleep" "infinity", kill_on_drop: false }`
[INFO] [stdout] b14d01d71dce76383182b6edf2528e027e36b95ee194a9b9df2ba2094f9934c9
[INFO] running `Command { std: "docker" "start" "b14d01d71dce76383182b6edf2528e027e36b95ee194a9b9df2ba2094f9934c9", kill_on_drop: false }`
[INFO] running `Command { std: "docker" "inspect" "b14d01d71dce76383182b6edf2528e027e36b95ee194a9b9df2ba2094f9934c9", kill_on_drop: false }`
[INFO] running `Command { std: "docker" "exec" "-e" "SOURCE_DIR=/opt/rustwide/workdir" "-e" "CARGO_HOME=/opt/rustwide/cargo-home" "-e" "RUSTUP_HOME=/opt/rustwide/rustup-home" "-e" "CARGO_TARGET_DIR=/opt/rustwide/target" "-w" "/opt/rustwide/workdir" "--user" "0:0" "b14d01d71dce76383182b6edf2528e027e36b95ee194a9b9df2ba2094f9934c9" "/opt/rustwide/cargo-home/bin/cargo" "+1.100.0-beta.1" "metadata" "--no-deps" "--format-version=1", kill_on_drop: false }`
[INFO] running `Command { std: "docker" "inspect" "b14d01d71dce76383182b6edf2528e027e36b95ee194a9b9df2ba2094f9934c9", kill_on_drop: false }`
[INFO] running `Command { std: "docker" "exec" "-e" "SOURCE_DIR=/opt/rustwide/workdir" "-e" "CARGO_HOME=/opt/rustwide/cargo-home" "-e" "RUSTUP_HOME=/opt/rustwide/rustup-home" "-e" "CARGO_TARGET_DIR=/opt/rustwide/target" "-e" "CARGO_INCREMENTAL=0" "-e" "RUST_BACKTRACE=full" "-e" "RUSTFLAGS=--cap-lints=warn" "-e" "RUSTDOCFLAGS=--cap-lints=warn" "-w" "/opt/rustwide/workdir" "--user" "0:0" "b14d01d71dce76383182b6edf2528e027e36b95ee194a9b9df2ba2094f9934c9" "/opt/rustwide/cargo-home/bin/cargo" "+1.100.0-beta.1" "build" "--frozen" "--message-format=json" "--release", kill_on_drop: false }`
[INFO] [stderr] warning: Cargo.toml: `lints.rust.let-underscore` is deprecated in favor of `lints.rust.let_underscore` and will not work in a future edition
[INFO] [stderr] warning: `ts_netcheck` (manifest) generated 1 warning
[INFO] [stderr]    Compiling subtle v2.6.1
[INFO] [stderr]    Compiling generic-array v0.14.7
[INFO] [stderr]    Compiling stable_deref_trait v1.2.1
[INFO] [stderr]    Compiling syn v2.0.119
[INFO] [stderr]    Compiling getrandom v0.2.17
[INFO] [stderr]    Compiling jobserver v0.1.35
[INFO] [stderr]    Compiling find-msvc-tools v0.1.12
[INFO] [stderr]    Compiling zerocopy v0.8.53
[INFO] [stderr]    Compiling curve25519-dalek v4.1.3
[INFO] [stderr]    Compiling mio v1.2.1
[INFO] [stderr]    Compiling socket2 v0.6.4
[INFO] [stderr]    Compiling rand_core v0.6.4
[INFO] [stderr]    Compiling aho-corasick v1.1.4
[INFO] [stderr]    Compiling curve25519-dalek v5.0.0-pre.6
[INFO] [stderr]    Compiling cc v1.4.6
[INFO] [stderr]    Compiling aws-lc-rs v1.18.1
[INFO] [stderr]    Compiling getrandom v0.4.3
[INFO] [stderr]    Compiling hashbrown v0.17.1
[INFO] [stderr]    Compiling thiserror v2.0.18
[INFO] [stderr]    Compiling regex-lite v0.1.9
[INFO] [stderr]    Compiling rand_core v0.10.1
[INFO] [stderr]    Compiling serde_json v1.0.150
[INFO] [stderr]    Compiling heapless v0.9.3
[INFO] [stderr]    Compiling hash32 v0.3.1
[INFO] [stderr]    Compiling ucd-parse v0.1.13
[INFO] [stderr]    Compiling rustls v0.23.45
[INFO] [stderr]    Compiling regex-automata v0.4.18
[INFO] [stderr]    Compiling indexmap v2.14.0
[INFO] [stderr]    Compiling cmake v0.1.58
[INFO] [stderr]    Compiling futures-channel v0.3.34
[INFO] [stderr]    Compiling futures-task v0.3.34
[INFO] [stderr]    Compiling ucd-trie v0.1.7
[INFO] [stderr]    Compiling futures-util v0.3.34
[INFO] [stderr]    Compiling ts_hexdump v0.6.1
[INFO] [stderr]    Compiling smallbox v0.8.8
[INFO] [stderr]    Compiling aws-lc-sys v0.45.0
[INFO] [stderr]    Compiling pest v2.8.7
[INFO] [stderr]    Compiling tinyvec v1.11.0
[INFO] [stderr]    Compiling getrandom v0.3.4
[INFO] [stderr]    Compiling nom v8.0.0
[INFO] [stderr]    Compiling rustix v1.1.4
[INFO] [stderr]    Compiling futures-io v0.3.34
[INFO] [stderr]    Compiling unicode-normalization v0.1.25
[INFO] [stderr]    Compiling pest_meta v2.8.7
[INFO] [stderr]    Compiling regex v1.13.1
[INFO] [stderr]    Compiling futures v0.3.32
[INFO] [stderr]    Compiling rand_core v0.9.5
[INFO] [stderr]    Compiling synstructure v0.13.2
[INFO] [stderr]    Compiling precis-tools v0.1.9
[INFO] [stderr]    Compiling darling_core v0.23.0
[INFO] [stderr]    Compiling pest_generator v2.8.7
[INFO] [stderr]    Compiling precis-core v0.1.11
[INFO] [stderr]    Compiling precis-profiles v0.1.13
[INFO] [stderr]    Compiling http-body-util v0.1.3
[INFO] [stderr]    Compiling dyn-hash v1.0.0
[INFO] [stderr]    Compiling linux-raw-sys v0.12.1
[INFO] [stderr]    Compiling crossbeam-utils v0.8.22
[INFO] [stderr]    Compiling dyn-eq v0.1.3
[INFO] [stderr]    Compiling zeroize_derive v1.5.0
[INFO] [stderr]    Compiling zerofrom-derive v0.1.7
[INFO] [stderr]    Compiling yoke-derive v0.8.2
[INFO] [stderr]    Compiling zeroize v1.9.0
[INFO] [stderr]    Compiling serde_derive v1.0.228
[INFO] [stderr]    Compiling crypto-common v0.1.7
[INFO] [stderr]    Compiling zerofrom v0.1.8
[INFO] [stderr]    Compiling zerovec-derive v0.11.3
[INFO] [stderr]    Compiling displaydoc v0.2.6
[INFO] [stderr]    Compiling yoke v0.8.3
[INFO] [stderr]    Compiling inout v0.1.4
[INFO] [stderr]    Compiling cipher v0.4.4
[INFO] [stderr]    Compiling universal-hash v0.5.1
[INFO] [stderr]    Compiling curve25519-dalek-derive v0.1.1
[INFO] [stderr]    Compiling zerotrie v0.2.4
[INFO] [stderr]    Compiling zerocopy-derive v0.8.53
[INFO] [stderr]    Compiling poly1305 v0.8.0
[INFO] [stderr]    Compiling aead v0.5.2
[INFO] [stderr]    Compiling zerovec v0.11.6
[INFO] [stderr]    Compiling tokio-macros v2.7.0
[INFO] [stderr]    Compiling tracing-attributes v0.1.31
[INFO] [stderr]    Compiling salsa20 v0.10.2
[INFO] [stderr]    Compiling block-buffer v0.10.4
[INFO] [stderr]    Compiling crypto_secretbox v0.1.1
[INFO] [stderr]    Compiling tokio v1.52.3
[INFO] [stderr]    Compiling digest v0.10.7
[INFO] [stderr]    Compiling thiserror-impl v2.0.18
[INFO] [stderr]    Compiling tinystr v0.8.3
[INFO] [stderr]    Compiling potential_utf v0.1.5
[INFO] [stderr]    Compiling icu_locale_core v2.2.0
[INFO] [stderr]    Compiling icu_collections v2.2.0
[INFO] [stderr]    Compiling serde v1.0.228
[INFO] [stderr]    Compiling tracing v0.1.44
[INFO] [stderr]    Compiling crypto_box v0.9.1
[INFO] [stderr]    Compiling rustls-pki-types v1.15.1
[INFO] [stderr]    Compiling icu_provider v2.2.0
[INFO] [stderr]    Compiling icu_properties v2.2.0
[INFO] [stderr]    Compiling icu_normalizer v2.2.0
[INFO] [stderr]    Compiling hmac v0.12.1
[INFO] [stderr]    Compiling ipnet v2.12.0
[INFO] [stderr]    Compiling x25519-dalek v3.0.0-pre.6
[INFO] [stderr]    Compiling idna_adapter v1.2.2
[INFO] [stderr]    Compiling darling_macro v0.23.0
[INFO] [stderr]    Compiling idna v1.1.0
[INFO] [stderr]    Compiling webpki-roots v1.0.8
[INFO] [stderr]    Compiling url v2.5.8
[INFO] [stderr]    Compiling darling v0.23.0
[INFO] [stderr]    Compiling ts_nodecapability v0.6.1
[INFO] [stderr]    Compiling chacha20 v0.9.1
[INFO] [stderr]    Compiling chacha20poly1305 v0.10.1
[INFO] [stderr]    Compiling serde_with_macros v3.21.0
[INFO] [stderr]    Compiling hkdf v0.12.4
[INFO] [stderr]    Compiling ts_capabilityversion v0.6.1
[INFO] [stderr]    Compiling ts_packet v0.6.1
[INFO] [stderr]    Compiling blake2 v0.10.6
[INFO] [stderr]    Compiling ts_peercapability v0.6.1
[INFO] [stderr]    Compiling tokio-util v0.7.18
[INFO] [stderr]    Compiling ts_packetfilter_serde v0.6.1
[INFO] [stderr]    Compiling serde_with v3.21.0
[INFO] [stderr]    Compiling ts_keys v0.6.1
[INFO] [stderr]    Compiling h2 v0.4.16
[INFO] [stderr]    Compiling ppv-lite86 v0.2.21
[INFO] [stderr]    Compiling ts_transport v0.6.1
[INFO] [stderr]    Compiling ts_noise v0.6.1
[INFO] [stderr]    Compiling ts_packetfilter v0.6.1
[INFO] [stderr]    Compiling rand_chacha v0.9.0
[INFO] [stderr]    Compiling chrono v0.4.45
[INFO] [stderr]    Compiling sha1 v0.10.6
[INFO] [stderr]    Compiling serde_repr v0.1.20
[INFO] [stderr]    Compiling enumflags2_derive v0.7.12
[INFO] [stderr]    Compiling pest_derive v2.8.7
[INFO] [stderr]    Compiling ts_bitset v0.6.1
[INFO] [stderr]    Compiling hex v0.4.3
[INFO] [stderr]    Compiling crc-catalog v2.5.0
[INFO] [stderr]    Compiling crc v3.4.0
[INFO] [stderr]    Compiling ts_dynbitset v0.6.1
[INFO] [stderr]    Compiling enumflags2 v0.7.12
[INFO] [stderr]    Compiling ts_control_serde v0.6.1
[INFO] [stderr]    Compiling parking_lot_core v0.9.12
[INFO] [stderr]    Compiling quoted-string-parser v0.1.0
[INFO] [stderr]    Compiling hyper v1.10.1
[INFO] [stderr]    Compiling hmac-sha1 v0.2.2
[INFO] [stderr]    Compiling rand v0.9.4
[INFO] [stderr]    Compiling ts_packetfilter_state v0.6.1
[INFO] [stderr]    Compiling ts_control_noise v0.6.1
[INFO] [stderr]    Compiling gethostname v1.1.0
[INFO] [stderr]    Compiling bounded-integer v0.5.8
[INFO] [stderr]    Compiling md5 v0.7.0
[INFO] [stderr]    Compiling hyper-util v0.1.20
[INFO] [stderr]    Compiling hmac-sha256 v1.1.14
[INFO] [stderr]    Compiling hostname-validator v1.1.1
[INFO] [stderr]    Compiling fallible-iterator v0.3.0
[INFO] [stderr]    Compiling dashmap v6.2.1
[INFO] [stderr]    Compiling stun-rs v0.1.11
[INFO] [stderr]    Compiling rustls-webpki v0.103.15
[INFO] [stderr]    Compiling tokio-rustls v0.26.4
[INFO] [stderr]    Compiling ts_tls_util v0.6.1
[INFO] [stderr]    Compiling ts_http_util v0.6.1
[INFO] [stderr]    Compiling ts_derp v0.6.1
[INFO] [stderr]    Compiling ts_control v0.6.1
[INFO] [stderr]    Compiling ts_netcheck v0.6.1 (/opt/rustwide/workdir)
[INFO] [stderr]     Finished `release` profile [optimized] target(s) in 4m 45s
[INFO] running `Command { std: "docker" "inspect" "b14d01d71dce76383182b6edf2528e027e36b95ee194a9b9df2ba2094f9934c9", kill_on_drop: false }`
[INFO] running `Command { std: "docker" "exec" "-e" "SOURCE_DIR=/opt/rustwide/workdir" "-e" "CARGO_HOME=/opt/rustwide/cargo-home" "-e" "RUSTUP_HOME=/opt/rustwide/rustup-home" "-e" "CARGO_TARGET_DIR=/opt/rustwide/target" "-e" "CARGO_INCREMENTAL=0" "-e" "RUST_BACKTRACE=full" "-e" "RUSTFLAGS=--cap-lints=warn" "-e" "RUSTDOCFLAGS=--cap-lints=warn" "-w" "/opt/rustwide/workdir" "--user" "0:0" "b14d01d71dce76383182b6edf2528e027e36b95ee194a9b9df2ba2094f9934c9" "/opt/rustwide/cargo-home/bin/cargo" "+1.100.0-beta.1" "test" "--frozen" "--no-run" "--message-format=json" "--release", kill_on_drop: false }`
[INFO] [stderr] warning: Cargo.toml: `lints.rust.let-underscore` is deprecated in favor of `lints.rust.let_underscore` and will not work in a future edition
[INFO] [stderr] warning: `ts_netcheck` (manifest) generated 1 warning
[INFO] [stderr]    Compiling ts_netcheck v0.6.1 (/opt/rustwide/workdir)
[INFO] [stdout] error[E0433]: cannot find module or crate `tracing_test` in this scope
[INFO] [stdout]    --> src/derp_latency.rs:132:7
[INFO] [stdout]     |
[INFO] [stdout] 132 |     #[tracing_test::traced_test]
[INFO] [stdout]     |       ^^^^^^^^^^^^ use of unresolved module or unlinked crate `tracing_test`
[INFO] [stdout] 
[INFO] [stdout] 
[INFO] [stdout] error[E0433]: cannot find module or crate `tracing_test` in this scope
[INFO] [stdout]    --> src/https.rs:205:7
[INFO] [stdout]     |
[INFO] [stdout] 205 |     #[tracing_test::traced_test]
[INFO] [stdout]     |       ^^^^^^^^^^^^ use of unresolved module or unlinked crate `tracing_test`
[INFO] [stdout] 
[INFO] [stdout] 
[INFO] [stdout] error[E0433]: cannot find module or crate `tracing_test` in this scope
[INFO] [stdout]    --> src/https.rs:224:7
[INFO] [stdout]     |
[INFO] [stdout] 224 |     #[tracing_test::traced_test]
[INFO] [stdout]     |       ^^^^^^^^^^^^ use of unresolved module or unlinked crate `tracing_test`
[INFO] [stdout] 
[INFO] [stdout] 
[INFO] [stdout] error[E0433]: cannot find module or crate `tracing_test` in this scope
[INFO] [stdout]    --> src/stun.rs:227:7
[INFO] [stdout]     |
[INFO] [stdout] 227 |     #[tracing_test::traced_test]
[INFO] [stdout]     |       ^^^^^^^^^^^^ use of unresolved module or unlinked crate `tracing_test`
[INFO] [stdout] 
[INFO] [stdout] 
[INFO] [stdout] error[E0433]: cannot find module or crate `reqwest` in this scope
[INFO] [stdout]    --> src/derp_latency.rs:148:22
[INFO] [stdout]     |
[INFO] [stdout] 148 |         let result = reqwest::get(DERP_MAP_URL).await.unwrap();
[INFO] [stdout]     |                      ^^^^^^^ use of unresolved module or unlinked crate `reqwest`
[INFO] [stdout]     |
[INFO] [stdout]     = help: if you wanted to use a crate named `reqwest`, use `cargo add reqwest` to add it to your `Cargo.toml`
[INFO] [stdout] 
[INFO] [stdout] 
[INFO] [stdout] error[E0433]: cannot find module or crate `serde_json` in this scope
[INFO] [stdout]    --> src/derp_latency.rs:151:19
[INFO] [stdout]     |
[INFO] [stdout] 151 |         let map = serde_json::from_slice::<ts_control_serde::DerpMap>(&body).unwrap();
[INFO] [stdout]     |                   ^^^^^^^^^^ use of unresolved module or unlinked crate `serde_json`
[INFO] [stdout]     |
[INFO] [stdout]     = help: if you wanted to use a crate named `serde_json`, use `cargo add serde_json` to add it to your `Cargo.toml`
[INFO] [stdout] 
[INFO] [stdout] 
[INFO] [stdout] error[E0433]: cannot find module or crate `ts_test_util` in this scope
[INFO] [stdout]    --> src/derp_latency.rs:135:13
[INFO] [stdout]     |
[INFO] [stdout] 135 |         if !ts_test_util::run_net_tests() {
[INFO] [stdout]     |             ^^^^^^^^^^^^ use of unresolved module or unlinked crate `ts_test_util`
[INFO] [stdout]     |
[INFO] [stdout] help: there is a crate or module with a similar name
[INFO] [stdout]     |
[INFO] [stdout] 135 -         if !ts_test_util::run_net_tests() {
[INFO] [stdout] 135 +         if !ts_http_util::run_net_tests() {
[INFO] [stdout]     |
[INFO] [stdout] 
[INFO] [stdout] 
[INFO] [stdout] error[E0433]: cannot find module or crate `ts_test_util` in this scope
[INFO] [stdout]    --> src/https.rs:208:13
[INFO] [stdout]     |
[INFO] [stdout] 208 |         if !ts_test_util::run_net_tests() {
[INFO] [stdout]     |             ^^^^^^^^^^^^ use of unresolved module or unlinked crate `ts_test_util`
[INFO] [stdout]     |
[INFO] [stdout] help: there is a crate or module with a similar name
[INFO] [stdout]     |
[INFO] [stdout] 208 -         if !ts_test_util::run_net_tests() {
[INFO] [stdout] 208 +         if !ts_http_util::run_net_tests() {
[INFO] [stdout]     |
[INFO] [stdout] 
[INFO] [stdout] 
[INFO] [stdout] error[E0433]: cannot find module or crate `ts_test_util` in this scope
[INFO] [stdout]    --> src/https.rs:227:13
[INFO] [stdout]     |
[INFO] [stdout] 227 |         if !ts_test_util::run_net_tests() {
[INFO] [stdout]     |             ^^^^^^^^^^^^ use of unresolved module or unlinked crate `ts_test_util`
[INFO] [stdout]     |
[INFO] [stdout] help: there is a crate or module with a similar name
[INFO] [stdout]     |
[INFO] [stdout] 227 -         if !ts_test_util::run_net_tests() {
[INFO] [stdout] 227 +         if !ts_http_util::run_net_tests() {
[INFO] [stdout]     |
[INFO] [stdout] 
[INFO] [stdout] 
[INFO] [stdout] error[E0433]: cannot find module or crate `ts_test_util` in this scope
[INFO] [stdout]    --> src/stun.rs:229:13
[INFO] [stdout]     |
[INFO] [stdout] 229 |         if !ts_test_util::run_net_tests() {
[INFO] [stdout]     |             ^^^^^^^^^^^^ use of unresolved module or unlinked crate `ts_test_util`
[INFO] [stdout]     |
[INFO] [stdout] help: there is a crate or module with a similar name
[INFO] [stdout]     |
[INFO] [stdout] 229 -         if !ts_test_util::run_net_tests() {
[INFO] [stdout] 229 +         if !ts_http_util::run_net_tests() {
[INFO] [stdout]     |
[INFO] [stdout] 
[INFO] [stdout] 
[INFO] [stdout] error[E0433]: cannot find module or crate `ts_control_serde` in this scope
[INFO] [stdout]    --> src/derp_latency.rs:151:44
[INFO] [stdout]     |
[INFO] [stdout] 151 |         let map = serde_json::from_slice::<ts_control_serde::DerpMap>(&body).unwrap();
[INFO] [stdout]     |                                            ^^^^^^^^^^^^^^^^ use of unresolved module or unlinked crate `ts_control_serde`
[INFO] [stdout]     |
[INFO] [stdout]     = help: if you wanted to use a crate named `ts_control_serde`, use `cargo add ts_control_serde` to add it to your `Cargo.toml`
[INFO] [stdout] 
[INFO] [stdout] 
[INFO] [stdout] For more information about this error, try `rustc --explain E0433`.
[INFO] [stdout] 
[INFO] [stderr] error: could not compile `ts_netcheck` (lib test) due to 11 previous errors
[INFO] running `Command { std: "docker" "inspect" "b14d01d71dce76383182b6edf2528e027e36b95ee194a9b9df2ba2094f9934c9", kill_on_drop: false }`
[INFO] running `Command { std: "docker" "rm" "-f" "b14d01d71dce76383182b6edf2528e027e36b95ee194a9b9df2ba2094f9934c9", kill_on_drop: false }`
[INFO] [stdout] b14d01d71dce76383182b6edf2528e027e36b95ee194a9b9df2ba2094f9934c9
