[INFO] fetching crate trustflow-attestation-rs 0.3.1-dev20241203...
[INFO] testing trustflow-attestation-rs-0.3.1-dev20241203 against 1.99.0-beta.8+cargoflags=--release for beta-release-1.100-2
[INFO] extracting crate trustflow-attestation-rs 0.3.1-dev20241203 into /workspace/builds/worker-0-tc1/source
[INFO] started tweaking crates.io crate trustflow-attestation-rs 0.3.1-dev20241203
[INFO] finished tweaking crates.io crate trustflow-attestation-rs 0.3.1-dev20241203
[INFO] tweaked toml for crates.io crate trustflow-attestation-rs 0.3.1-dev20241203 written to /workspace/builds/worker-0-tc1/source/Cargo.toml
[INFO] validating manifest of crates.io crate trustflow-attestation-rs 0.3.1-dev20241203 on toolchain 1.99.0-beta.8
[INFO] running `Command { std: CARGO_HOME="/workspace/cargo-home" RUSTUP_HOME="/workspace/rustup-home" "/workspace/cargo-home/bin/cargo" "+1.99.0-beta.8" "metadata" "--manifest-path" "Cargo.toml" "--no-deps", kill_on_drop: false }`
[INFO] running `Command { std: CARGO_HOME="/workspace/cargo-home" RUSTUP_HOME="/workspace/rustup-home" "/workspace/cargo-home/bin/cargo" "+1.99.0-beta.8" "generate-lockfile" "--manifest-path" "Cargo.toml", kill_on_drop: false }`
[INFO] [stderr]     Updating crates.io index
[INFO] [stderr]      Locking 131 packages to highest compatible versions
[INFO] [stderr]       Adding sdc_apis v0.3.0-dev20241104 (available: v0.3.0-hyper-dev20241119)
[INFO] running `Command { std: CARGO_HOME="/workspace/cargo-home" RUSTUP_HOME="/workspace/rustup-home" "/workspace/cargo-home/bin/cargo" "+1.99.0-beta.8" "fetch" "--manifest-path" "Cargo.toml", kill_on_drop: false }`
[INFO] [stderr]  Downloading crates ...
[INFO] [stderr]   Downloaded tonic-build v0.9.2
[INFO] [stderr]   Downloaded trustflow-attestation-sys v0.3.1-dev20241104
[INFO] [stderr]   Downloaded prost-build v0.11.9
[INFO] [stderr]   Downloaded prost-types v0.11.9
[INFO] [stderr]   Downloaded typetag-impl v0.2.23
[INFO] [stderr]   Downloaded prost-wkt v0.4.2
[INFO] [stderr]   Downloaded prost-wkt-build v0.4.2
[INFO] [stderr]   Downloaded multimap v0.8.3
[INFO] [stderr]   Downloaded tonic v0.9.2
[INFO] [stderr]   Downloaded prost-wkt-types v0.4.2
[INFO] [stderr]   Downloaded typetag v0.2.23
[INFO] [stderr]   Downloaded prettyplease v0.1.25
[INFO] [stderr]   Downloaded sdc_apis v0.3.0-dev20241104
[INFO] running `Command { std: "docker" "create" "-v" "/var/lib/crater-agent-workspace/builds/worker-0-tc1/source:/opt/rustwide/workdir:ro,Z" "-v" "/var/lib/crater-agent-workspace/builds/worker-0-tc1/target:/opt/rustwide/target:rw,Z" "-v" "/var/lib/crater-agent-workspace/cargo-home:/opt/rustwide/cargo-home:ro,Z" "-v" "/var/lib/crater-agent-workspace/rustup-home:/opt/rustwide/rustup-home:ro,Z" "-m" "1610612736" "--network" "none" "ghcr.io/rust-lang/crates-build-env/linux@sha256:77db811e55d90add9212f6832c23229e3de5f1c1f9905e8cb07319ea15df73ac" "sleep" "infinity", kill_on_drop: false }`
[INFO] [stdout] 5162e4045df09f251f5ba922718dbddee5fceb00380220fa79063878e6b1586b
[INFO] running `Command { std: "docker" "start" "5162e4045df09f251f5ba922718dbddee5fceb00380220fa79063878e6b1586b", kill_on_drop: false }`
[INFO] running `Command { std: "docker" "inspect" "5162e4045df09f251f5ba922718dbddee5fceb00380220fa79063878e6b1586b", kill_on_drop: false }`
[INFO] running `Command { std: "docker" "exec" "-e" "SOURCE_DIR=/opt/rustwide/workdir" "-e" "CARGO_HOME=/opt/rustwide/cargo-home" "-e" "RUSTUP_HOME=/opt/rustwide/rustup-home" "-e" "CARGO_TARGET_DIR=/opt/rustwide/target" "-w" "/opt/rustwide/workdir" "--user" "0:0" "5162e4045df09f251f5ba922718dbddee5fceb00380220fa79063878e6b1586b" "/opt/rustwide/cargo-home/bin/cargo" "+1.99.0-beta.8" "metadata" "--no-deps" "--format-version=1", kill_on_drop: false }`
[INFO] running `Command { std: "docker" "inspect" "5162e4045df09f251f5ba922718dbddee5fceb00380220fa79063878e6b1586b", kill_on_drop: false }`
[INFO] running `Command { std: "docker" "exec" "-e" "SOURCE_DIR=/opt/rustwide/workdir" "-e" "CARGO_HOME=/opt/rustwide/cargo-home" "-e" "RUSTUP_HOME=/opt/rustwide/rustup-home" "-e" "CARGO_TARGET_DIR=/opt/rustwide/target" "-e" "CARGO_INCREMENTAL=0" "-e" "RUST_BACKTRACE=full" "-e" "RUSTFLAGS=--cap-lints=warn" "-e" "RUSTDOCFLAGS=--cap-lints=warn" "-w" "/opt/rustwide/workdir" "--user" "0:0" "5162e4045df09f251f5ba922718dbddee5fceb00380220fa79063878e6b1586b" "/opt/rustwide/cargo-home/bin/cargo" "+1.99.0-beta.8" "build" "--frozen" "--message-format=json" "--release", kill_on_drop: false }`
[INFO] [stderr]    Compiling libc v0.2.191
[INFO] [stderr]    Compiling syn v3.0.9
[INFO] [stderr]    Compiling either v1.19.0
[INFO] [stderr]    Compiling anyhow v1.0.104
[INFO] [stderr]    Compiling bitflags v2.13.2
[INFO] [stderr]    Compiling rustix v1.1.5
[INFO] [stderr]    Compiling serde_core v1.0.229
[INFO] [stderr]    Compiling getrandom v0.4.3
[INFO] [stderr]    Compiling rustix v0.38.44
[INFO] [stderr]    Compiling syn v2.0.119
[INFO] [stderr]    Compiling linux-raw-sys v0.12.1
[INFO] [stderr]    Compiling prettyplease v0.1.25
[INFO] [stderr]    Compiling linux-raw-sys v0.4.15
[INFO] [stderr]    Compiling fastrand v2.5.0
[INFO] [stderr]    Compiling fixedbitset v0.4.2
[INFO] [stderr]    Compiling home v0.5.12
[INFO] [stderr]    Compiling lazy_static v1.5.1
[INFO] [stderr]    Compiling serde v1.0.229
[INFO] [stderr]    Compiling multimap v0.8.3
[INFO] [stderr]    Compiling futures-task v0.3.34
[INFO] [stderr]    Compiling http v0.2.12
[INFO] [stderr]    Compiling petgraph v0.6.5
[INFO] [stderr]    Compiling futures-util v0.3.34
[INFO] [stderr]    Compiling zerocopy v0.8.63
[INFO] [stderr]    Compiling equivalent v1.0.3
[INFO] [stderr]    Compiling indexmap v2.14.2
[INFO] [stderr]    Compiling indexmap v1.9.3
[INFO] [stderr]    Compiling itertools v0.10.5
[INFO] [stderr]    Compiling erased-serde v0.4.10
[INFO] [stderr]    Compiling typeid v1.0.3
[INFO] [stderr]    Compiling axum-core v0.3.4
[INFO] [stderr]    Compiling futures-channel v0.3.34
[INFO] [stderr]    Compiling hashbrown v0.12.3
[INFO] [stderr]    Compiling typetag v0.2.23
[INFO] [stderr]    Compiling axum v0.6.20
[INFO] [stderr]    Compiling matchit v0.7.3
[INFO] [stderr]    Compiling sync_wrapper v0.1.2
[INFO] [stderr]    Compiling base64 v0.21.7
[INFO] [stderr]    Compiling http-body v0.4.6
[INFO] [stderr]    Compiling trustflow-attestation-rs v0.3.1-dev20241203 (/opt/rustwide/workdir)
[INFO] [stderr]    Compiling trustflow-attestation-sys v0.3.1-dev20241104
[INFO] [stderr]    Compiling prost-derive v0.11.9
[INFO] [stderr]    Compiling socket2 v0.6.5
[INFO] [stderr]    Compiling mio v1.2.4
[INFO] [stderr]    Compiling getrandom v0.2.17
[INFO] [stderr]    Compiling socket2 v0.5.10
[INFO] [stderr]    Compiling rand_core v0.6.4
[INFO] [stderr]    Compiling which v4.4.2
[INFO] [stderr]    Compiling prost v0.11.9
[INFO] [stderr]    Compiling tempfile v3.27.0
[INFO] [stderr]    Compiling prost-types v0.11.9
[INFO] [stderr]    Compiling serde_json v1.0.154
[INFO] [stderr]    Compiling tokio-macros v2.7.2
[INFO] [stderr]    Compiling serde_derive v1.0.229
[INFO] [stderr]    Compiling typetag-impl v0.2.23
[INFO] [stderr]    Compiling async-trait v0.1.92
[INFO] [stderr]    Compiling tokio v1.53.3
[INFO] [stderr]    Compiling prost-build v0.11.9
[INFO] [stderr]    Compiling prost-wkt-build v0.4.2
[INFO] [stderr]    Compiling tonic-build v0.9.2
[INFO] [stderr]    Compiling prost-wkt-types v0.4.2
[INFO] [stderr]    Compiling tracing-attributes v0.1.31
[INFO] [stderr]    Compiling pin-project-internal v1.1.13
[INFO] [stderr]    Compiling sdc_apis v0.3.0-dev20241104
[INFO] [stderr]    Compiling tracing v0.1.44
[INFO] [stderr]    Compiling pin-project v1.1.13
[INFO] [stderr]    Compiling ppv-lite86 v0.2.21
[INFO] [stderr]    Compiling rand_chacha v0.3.1
[INFO] [stderr]    Compiling rand v0.8.8
[INFO] [stderr]    Compiling chrono v0.4.45
[INFO] [stderr]    Compiling prost-wkt v0.4.2
[INFO] [stderr]    Compiling tokio-util v0.7.20
[INFO] [stderr]    Compiling tokio-io-timeout v1.2.1
[INFO] [stderr]    Compiling tokio-stream v0.1.19
[INFO] [stderr]    Compiling h2 v0.3.27
[INFO] [stderr]    Compiling tower v0.4.13
[INFO] [stderr]    Compiling hyper v0.14.32
[INFO] [stderr]    Compiling hyper-timeout v0.4.1
[INFO] [stderr]    Compiling tonic v0.9.2
[INFO] [stderr]     Finished `release` profile [optimized] target(s) in 1m 19s
[INFO] running `Command { std: "docker" "inspect" "5162e4045df09f251f5ba922718dbddee5fceb00380220fa79063878e6b1586b", kill_on_drop: false }`
[INFO] running `Command { std: "docker" "exec" "-e" "SOURCE_DIR=/opt/rustwide/workdir" "-e" "CARGO_HOME=/opt/rustwide/cargo-home" "-e" "RUSTUP_HOME=/opt/rustwide/rustup-home" "-e" "CARGO_TARGET_DIR=/opt/rustwide/target" "-e" "CARGO_INCREMENTAL=0" "-e" "RUST_BACKTRACE=full" "-e" "RUSTFLAGS=--cap-lints=warn" "-e" "RUSTDOCFLAGS=--cap-lints=warn" "-w" "/opt/rustwide/workdir" "--user" "0:0" "5162e4045df09f251f5ba922718dbddee5fceb00380220fa79063878e6b1586b" "/opt/rustwide/cargo-home/bin/cargo" "+1.99.0-beta.8" "test" "--frozen" "--no-run" "--message-format=json" "--release", kill_on_drop: false }`
[INFO] [stderr]    Compiling trustflow-attestation-rs v0.3.1-dev20241203 (/opt/rustwide/workdir)
[INFO] [stdout] error: linking with `cc` failed: exit status: 1
[INFO] [stdout]   |
[INFO] [stdout]   = note:  "cc" "-m64" "/opt/rustwide/target/release/deps/rustcZDym5L/symbols.o" "<2 object files omitted>" "-Wl,--as-needed" "-Wl,-Bdynamic" "-lgeneration" "-lverification" "-Wl,-Bstatic" "/opt/rustwide/target/release/deps/{libserde_json-a6596f8a2586f25c,libmemchr-b836402bd6c4c7f1,libzmij-586d023c1dba25b5,libtrustflow_attestation_sys-e80e802489966c27}.rlib" "<sysroot>/lib/rustlib/x86_64-unknown-linux-gnu/lib/{libtest-*,libgetopts-*,librustc_std_workspace_std-*}.rlib" "/opt/rustwide/target/release/deps/{libsdc_apis-6a757a48ae75f334,libprost_wkt_types-eb05d837f052460b,libprost_wkt-096d194ef6b818fe,libtypetag-74f0b5156eec973f,liberased_serde-392f8ff77b977e5c,libtypeid-521c03413a5a53a9,libinventory-ff1e3f518b790c3e,libchrono-24225ef6714e6784,libnum_traits-edc15f9ab50e8470,libtonic-e8ffca269ba7349e,libaxum-a69728e19ea43ea2,libmatchit-0ab3f88ea1d6385d,libbitflags-68973b8086863992,libserde-cfd30b314e381ca9,libserde_core-ade0fd06ac247b53,libsync_wrapper-549ce4c27f612df6,libaxum_core-f29cfd8ec4928fc2,libmime-6d6703af1a0641fa,libhyper_timeout-f81d202f367dfd2f,libtokio_io_timeout-5359e526cd7be78c,libpercent_encoding-6ee9e8dd7e10ccaa,libtokio_stream-c8502a3e2d5962ec,libhyper-b28958e232a914af,libwant-fdd30a0e84c3b897,libtry_lock-f6d0b473a0eeeda4,libsocket2-06d4b1225f5f78c1,libhttparse-5ae8896e125f1bfe,libh2-208fa3603df87cfc,libindexmap-dc25fd61c93c12c6,libequivalent-edce8fcc016f2345,libhashbrown-e584a62dc81c493d,libfutures_channel-29ca59cf9bba2327,libhttpdate-640331056eb5ecbb,libtower-f6434c6d04c0d1e1,libindexmap-c6cc908475fb5ee4,libhashbrown-9073ac7d48d3152f,libtokio_util-12afd0a7f4f3c18b,libfutures_sink-5b1f2e5a11c9433c,libslab-fc33110460bc6c9a,libtokio-2624b0c09d379f55,libsocket2-c4793464d173204a,libmio-115efc5d162475f4,librand-b37e7eb26ad1837f,librand_chacha-6305b2d856cf7cda,libppv_lite86-cbc071a7b1ce8658,libzerocopy-2501ad56a7ef57f6,librand_core-2452b1a0fb28259a,libgetrandom-9263344c4cd23a72,liblibc-70ef44432283a73c,libcfg_if-aebc73b2fc35ea49,libtower_layer-ef066f11b7c6abbf,libbase64-3f3a561c7d479591,libprost-748f1d277dbc7c7b,libpin_project-2883101dff4c0113,libtracing-92d19c63b9da5248,libtracing_core-3e7f99a7051d5219,libonce_cell-a92ce0590bdd2571,libtower_service-1eef8393de4ac64f,libfutures_util-b9f147f66f751ddb,libfutures_task-560971e82146c611,libfutures_core-000e9c1bb1a1e1f4,libhttp_body-f296c3a4efc16f97,libpin_project_lite-9a89bb36c0c56875,libhttp-cc419af555191242,libitoa-1e9e3b22820c4a15,libfnv-98df728fc8020158,libbytes-654f8a7a557a4087}.rlib" "<sysroot>/lib/rustlib/x86_64-unknown-linux-gnu/lib/{libstd-*,libpanic_unwind-*,libobject-*,libmemchr-*,libaddr2line-*,libgimli-*,libcfg_if-*,librustc_demangle-*,libstd_detect-*,libhashbrown-*,librustc_std_workspace_alloc-*,libminiz_oxide-*,libadler2-*,libunwind-*,liblibc-*,librustc_std_workspace_core-*,liballoc-*,libcore-*,libcompiler_builtins-*}.rlib" "-Wl,-Bdynamic" "-lgcc_s" "-lutil" "-lrt" "-lpthread" "-lm" "-ldl" "-lc" "-L" "/opt/rustwide/target/release/deps/rustcZDym5L/raw-dylibs" "-B<sysroot>/lib/rustlib/x86_64-unknown-linux-gnu/bin/gcc-ld" "-fuse-ld=lld" "-Wl,--eh-frame-hdr" "-Wl,-z,noexecstack" "-L" "<sysroot>/lib/rustlib/x86_64-unknown-linux-gnu/lib" "-o" "/opt/rustwide/target/release/deps/trustflow_attestation_rs-e0429f4ed6bb6d31" "-Wl,--gc-sections" "-pie" "-Wl,-z,relro,-z,now" "-Wl,-O1" "-Wl,--strip-debug" "-nodefaultlibs"
[INFO] [stdout]   = note: some arguments are omitted. use `--verbose` to show all linker arguments
[INFO] [stdout]   = note: rust-lld: error: unable to find library -lgeneration
[INFO] [stdout]           rust-lld: error: unable to find library -lverification
[INFO] [stdout]           collect2: error: ld returned 1 exit status
[INFO] [stdout]           
[INFO] [stdout] 
[INFO] [stdout] 
[INFO] [stderr] error: could not compile `trustflow-attestation-rs` (lib test) due to 1 previous error
[INFO] running `Command { std: "docker" "inspect" "5162e4045df09f251f5ba922718dbddee5fceb00380220fa79063878e6b1586b", kill_on_drop: false }`
[INFO] running `Command { std: "docker" "rm" "-f" "5162e4045df09f251f5ba922718dbddee5fceb00380220fa79063878e6b1586b", kill_on_drop: false }`
[INFO] [stdout] 5162e4045df09f251f5ba922718dbddee5fceb00380220fa79063878e6b1586b
