[INFO] fetching crate trillium-webtransport 0.2.0...
[INFO] testing trillium-webtransport-0.2.0 against 1.99.0-beta.8+cargoflags=--release for beta-release-1.100-2
[INFO] extracting crate trillium-webtransport 0.2.0 into /workspace/builds/worker-5-tc1/source
[INFO] started tweaking crates.io crate trillium-webtransport 0.2.0
[INFO] removed 0 missing examples
[INFO] removed 0 missing tests
[INFO] finished tweaking crates.io crate trillium-webtransport 0.2.0
[INFO] tweaked toml for crates.io crate trillium-webtransport 0.2.0 written to /workspace/builds/worker-5-tc1/source/Cargo.toml
[INFO] validating manifest of crates.io crate trillium-webtransport 0.2.0 on toolchain 1.99.0-beta.8
[INFO] running `Command { std: CARGO_HOME="/workspace/cargo-home" RUSTUP_HOME="/workspace/rustup-home" "/workspace/cargo-home/bin/cargo" "+1.99.0-beta.8" "metadata" "--manifest-path" "Cargo.toml" "--no-deps", kill_on_drop: false }`
[INFO] crate crates.io crate trillium-webtransport 0.2.0 already has a lockfile, it will not be regenerated
[INFO] running `Command { std: CARGO_HOME="/workspace/cargo-home" RUSTUP_HOME="/workspace/rustup-home" "/workspace/cargo-home/bin/cargo" "+1.99.0-beta.8" "fetch" "--manifest-path" "Cargo.toml", kill_on_drop: false }`
[INFO] [stderr]     Updating crates.io index
[INFO] [stderr]  Downloading crates ...
[INFO] [stderr]   Downloaded trillium-tokio v0.6.1
[INFO] [stderr]   Downloaded trillium v1.1.0
[INFO] [stderr]   Downloaded rlimit v0.11.0
[INFO] [stderr]   Downloaded test-harness v0.3.1
[INFO] [stderr]   Downloaded signal-hook-tokio v0.4.0
[INFO] [stderr]   Downloaded async_cell v0.2.3
[INFO] [stderr]   Downloaded async-compat v0.2.5
[INFO] [stderr]   Downloaded size v0.5.0
[INFO] [stderr]   Downloaded trillium-server-common v0.6.0
[INFO] [stderr]   Downloaded trillium-client v0.7.0
[INFO] [stderr]   Downloaded sonic-number v0.1.2
[INFO] [stderr]   Downloaded async-dup v1.2.4
[INFO] [stderr]   Downloaded async-global-executor v3.1.0
[INFO] [stderr]   Downloaded trillium-server-common v0.7.0
[INFO] [stderr]   Downloaded listenfd v1.0.2
[INFO] [stderr]   Downloaded trillium-testing v0.8.0
[INFO] [stderr]   Downloaded trillium-static-compiled v0.6.0
[INFO] [stderr]   Downloaded trillium-static-compiled-macros v0.2.0
[INFO] [stderr]   Downloaded trillium-rustls v0.11.1
[INFO] [stderr]   Downloaded trillium-smol v0.6.1
[INFO] [stderr]   Downloaded sonic-rs v0.5.8
[INFO] [stderr]   Downloaded trillium-http v1.1.0
[INFO] [stderr]   Downloaded tokio v1.52.2
[INFO] [stderr]   Downloaded futures-rustls v0.26.0
[INFO] [stderr]   Downloaded trillium-quinn v0.1.2
[INFO] [stderr]   Downloaded trillium-logger v0.5.0
[INFO] [stderr]   Downloaded rcgen v0.14.7
[INFO] [stderr]   Downloaded asn1-rs v0.7.1
[INFO] [stderr]   Downloaded trillium-client v0.8.1
[INFO] [stderr]   Downloaded trillium-webtransport v0.1.0
[INFO] running `Command { std: "docker" "create" "-v" "/var/lib/crater-agent-workspace/builds/worker-5-tc1/source:/opt/rustwide/workdir:ro,Z" "-v" "/var/lib/crater-agent-workspace/builds/worker-5-tc1/target:/opt/rustwide/target:rw,Z" "-v" "/var/lib/crater-agent-workspace/cargo-home:/opt/rustwide/cargo-home:ro,Z" "-v" "/var/lib/crater-agent-workspace/rustup-home:/opt/rustwide/rustup-home:ro,Z" "-m" "1610612736" "--network" "none" "ghcr.io/rust-lang/crates-build-env/linux@sha256:77db811e55d90add9212f6832c23229e3de5f1c1f9905e8cb07319ea15df73ac" "sleep" "infinity", kill_on_drop: false }`
[INFO] [stdout] 5fbde445be8bc6c19601429ebe67b596b40b7f0c4c1206f3bee95caf42b76f7c
[INFO] running `Command { std: "docker" "start" "5fbde445be8bc6c19601429ebe67b596b40b7f0c4c1206f3bee95caf42b76f7c", kill_on_drop: false }`
[INFO] running `Command { std: "docker" "inspect" "5fbde445be8bc6c19601429ebe67b596b40b7f0c4c1206f3bee95caf42b76f7c", kill_on_drop: false }`
[INFO] running `Command { std: "docker" "exec" "-e" "SOURCE_DIR=/opt/rustwide/workdir" "-e" "CARGO_HOME=/opt/rustwide/cargo-home" "-e" "RUSTUP_HOME=/opt/rustwide/rustup-home" "-e" "CARGO_TARGET_DIR=/opt/rustwide/target" "-w" "/opt/rustwide/workdir" "--user" "0:0" "5fbde445be8bc6c19601429ebe67b596b40b7f0c4c1206f3bee95caf42b76f7c" "/opt/rustwide/cargo-home/bin/cargo" "+1.99.0-beta.8" "metadata" "--no-deps" "--format-version=1", kill_on_drop: false }`
[INFO] running `Command { std: "docker" "inspect" "5fbde445be8bc6c19601429ebe67b596b40b7f0c4c1206f3bee95caf42b76f7c", kill_on_drop: false }`
[INFO] running `Command { std: "docker" "exec" "-e" "SOURCE_DIR=/opt/rustwide/workdir" "-e" "CARGO_HOME=/opt/rustwide/cargo-home" "-e" "RUSTUP_HOME=/opt/rustwide/rustup-home" "-e" "CARGO_TARGET_DIR=/opt/rustwide/target" "-e" "CARGO_INCREMENTAL=0" "-e" "RUST_BACKTRACE=full" "-e" "RUSTFLAGS=--cap-lints=warn" "-e" "RUSTDOCFLAGS=--cap-lints=warn" "-w" "/opt/rustwide/workdir" "--user" "0:0" "5fbde445be8bc6c19601429ebe67b596b40b7f0c4c1206f3bee95caf42b76f7c" "/opt/rustwide/cargo-home/bin/cargo" "+1.99.0-beta.8" "build" "--frozen" "--message-format=json" "--release", kill_on_drop: false }`
[INFO] [stderr]    Compiling fieldwork-derive v0.5.1
[INFO] [stderr]    Compiling futures-io v0.3.32
[INFO] [stderr]    Compiling smartstring v1.0.1
[INFO] [stderr]    Compiling fastrand v2.4.1
[INFO] [stderr]    Compiling hashbrown v0.17.0
[INFO] [stderr]    Compiling trillium-macros v0.1.0
[INFO] [stderr]    Compiling event-listener v5.4.1
[INFO] [stderr]    Compiling type-set v0.3.2
[INFO] [stderr]    Compiling sync_wrapper v1.0.2
[INFO] [stderr]    Compiling idna_adapter v1.2.2
[INFO] [stderr]    Compiling rlimit v0.11.0
[INFO] [stderr]    Compiling num-conv v0.2.1
[INFO] [stderr]    Compiling listenfd v1.0.2
[INFO] [stderr]    Compiling colored v3.1.1
[INFO] [stderr]    Compiling async_cell v0.2.3
[INFO] [stderr]    Compiling size v0.5.0
[INFO] [stderr]    Compiling idna v1.1.0
[INFO] [stderr]    Compiling time-macros v0.2.27
[INFO] [stderr]    Compiling swansong v0.3.4
[INFO] [stderr]    Compiling event-listener-strategy v0.5.4
[INFO] [stderr]    Compiling futures-lite v2.6.1
[INFO] [stderr]    Compiling async-channel v2.5.0
[INFO] [stderr]    Compiling async-lock v3.4.2
[INFO] [stderr]    Compiling smartcow v0.2.1
[INFO] [stderr]    Compiling url v2.5.8
[INFO] [stderr]    Compiling time v0.3.47
[INFO] [stderr]    Compiling fieldwork v0.5.1
[INFO] [stderr]    Compiling trillium-http v1.1.0
[INFO] [stderr]    Compiling trillium v1.1.0
[INFO] [stderr]    Compiling trillium-logger v0.5.0
[INFO] [stderr]    Compiling trillium-server-common v0.7.0
[INFO] [stderr]    Compiling trillium-webtransport v0.2.0 (/opt/rustwide/workdir)
[INFO] [stderr]     Finished `release` profile [optimized] target(s) in 23.44s
[INFO] running `Command { std: "docker" "inspect" "5fbde445be8bc6c19601429ebe67b596b40b7f0c4c1206f3bee95caf42b76f7c", kill_on_drop: false }`
[INFO] running `Command { std: "docker" "exec" "-e" "SOURCE_DIR=/opt/rustwide/workdir" "-e" "CARGO_HOME=/opt/rustwide/cargo-home" "-e" "RUSTUP_HOME=/opt/rustwide/rustup-home" "-e" "CARGO_TARGET_DIR=/opt/rustwide/target" "-e" "CARGO_INCREMENTAL=0" "-e" "RUST_BACKTRACE=full" "-e" "RUSTFLAGS=--cap-lints=warn" "-e" "RUSTDOCFLAGS=--cap-lints=warn" "-w" "/opt/rustwide/workdir" "--user" "0:0" "5fbde445be8bc6c19601429ebe67b596b40b7f0c4c1206f3bee95caf42b76f7c" "/opt/rustwide/cargo-home/bin/cargo" "+1.99.0-beta.8" "test" "--frozen" "--no-run" "--message-format=json" "--release", kill_on_drop: false }`
[INFO] [stderr]    Compiling concurrent-queue v2.5.0
[INFO] [stderr]    Compiling rustls v0.23.40
[INFO] [stderr]    Compiling getrandom v0.3.4
[INFO] [stderr]    Compiling rustix v1.1.4
[INFO] [stderr]    Compiling tokio-macros v2.7.0
[INFO] [stderr]    Compiling mio v1.2.0
[INFO] [stderr]    Compiling aws-lc-rs v1.16.3
[INFO] [stderr]    Compiling aws-lc-sys v0.40.0
[INFO] [stderr]    Compiling linux-raw-sys v0.12.1
[INFO] [stderr]    Compiling async-io v2.6.0
[INFO] [stderr]    Compiling async-task v4.7.1
[INFO] [stderr]    Compiling regex-automata v0.4.14
[INFO] [stderr]    Compiling tracing v0.1.44
[INFO] [stderr]    Compiling quinn-udp v0.5.14
[INFO] [stderr]    Compiling piper v0.2.5
[INFO] [stderr]    Compiling ahash v0.8.12
[INFO] [stderr]    Compiling ref-cast v1.0.25
[INFO] [stderr]    Compiling tinyvec v1.11.0
[INFO] [stderr]    Compiling mime_guess v2.0.5
[INFO] [stderr]    Compiling dashmap v6.1.0
[INFO] [stderr]    Compiling event-listener v5.4.1
[INFO] [stderr]    Compiling serde v1.0.228
[INFO] [stderr]    Compiling signal-hook v0.4.4
[INFO] [stderr]    Compiling rand_core v0.9.5
[INFO] [stderr]    Compiling quinn v0.11.9
[INFO] [stderr]    Compiling ref-cast-impl v1.0.25
[INFO] [stderr]    Compiling rand_chacha v0.9.0
[INFO] [stderr]    Compiling crossbeam-queue v0.3.12
[INFO] [stderr]    Compiling event-listener-strategy v0.5.4
[INFO] [stderr]    Compiling swansong v0.3.4
[INFO] [stderr]    Compiling async-channel v2.5.0
[INFO] [stderr]    Compiling async-lock v3.4.2
[INFO] [stderr]    Compiling simdutf8 v0.1.5
[INFO] [stderr]    Compiling lru-slab v0.1.2
[INFO] [stderr]    Compiling async-executor v1.14.0
[INFO] [stderr]    Compiling blocking v1.6.2
[INFO] [stderr]    Compiling trillium-http v1.1.0
[INFO] [stderr]    Compiling tokio v1.52.2
[INFO] [stderr]    Compiling rand v0.9.4
[INFO] [stderr]    Compiling faststr v0.2.34
[INFO] [stderr]    Compiling rustls-pemfile v2.2.0
[INFO] [stderr]    Compiling sonic-number v0.1.2
[INFO] [stderr]    Compiling sonic-simd v0.1.4
[INFO] [stderr]    Compiling jiff v0.2.24
[INFO] [stderr]    Compiling bumpalo v3.20.2
[INFO] [stderr]    Compiling base64 v0.22.1
[INFO] [stderr]    Compiling async-dup v1.2.4
[INFO] [stderr]    Compiling yasna v0.5.2
[INFO] [stderr]    Compiling test-harness v0.3.1
[INFO] [stderr]    Compiling trillium-static-compiled-macros v0.2.0
[INFO] [stderr]    Compiling sonic-rs v0.5.8
[INFO] [stderr]    Compiling pem v3.0.6
[INFO] [stderr]    Compiling rcgen v0.14.7
[INFO] [stderr]    Compiling rustls-webpki v0.103.13
[INFO] [stderr]    Compiling regex v1.12.3
[INFO] [stderr]    Compiling env_filter v1.0.1
[INFO] [stderr]    Compiling trillium v1.1.0
[INFO] [stderr]    Compiling env_logger v0.11.10
[INFO] [stderr]    Compiling polling v3.11.0
[INFO] [stderr]    Compiling async-compat v0.2.5
[INFO] [stderr]    Compiling signal-hook-tokio v0.4.0
[INFO] [stderr]    Compiling tokio-stream v0.1.18
[INFO] [stderr]    Compiling trillium-server-common v0.7.0
[INFO] [stderr]    Compiling trillium-server-common v0.6.0
[INFO] [stderr]    Compiling trillium-logger v0.5.0
[INFO] [stderr]    Compiling quinn-proto v0.11.14
[INFO] [stderr]    Compiling rustls-platform-verifier v0.6.2
[INFO] [stderr]    Compiling futures-rustls v0.26.0
[INFO] [stderr]    Compiling trillium-client v0.7.0
[INFO] [stdout] error[E0599]: no associated function or constant named `decode` found for struct `FieldSection<'a>` in the current scope
[INFO] [stdout]    --> /opt/rustwide/cargo-home/registry/src/index.crates.io-1949cf8c6b5b557f/trillium-client-0.7.0/src/conn/h3.rs:236:37
[INFO] [stdout]     |
[INFO] [stdout] 236 |                 break FieldSection::decode(payload).map_err(|_| Error::InvalidHead)?;
[INFO] [stdout]     |                                     ^^^^^^ associated function or constant not found in `FieldSection<'_>`
[INFO] [stdout]     |
[INFO] [stdout] note: if you're trying to build a new `FieldSection<'_>`, consider using `FieldSection::<'a>::new` which returns `FieldSection<'_>`
[INFO] [stdout]    --> /opt/rustwide/cargo-home/registry/src/index.crates.io-1949cf8c6b5b557f/trillium-http-1.1.0/src/headers/field_section.rs:135:5
[INFO] [stdout]     |
[INFO] [stdout] 135 |     pub fn new(pseudo_headers: PseudoHeaders<'a>, headers: &'a Headers) -> Self {
[INFO] [stdout]     |     ^^^^^^^^^^^^^^^^^^^^^^^^^^^^^^^^^^^^^^^^^^^^^^^^^^^^^^^^^^^^^^^^^^^^^^^^^^^
[INFO] [stdout] 
[INFO] [stdout] 
[INFO] [stdout] error[E0599]: no method named `encode` found for reference `&FieldSection<'_>` in the current scope
[INFO] [stdout]    --> /opt/rustwide/cargo-home/registry/src/index.crates.io-1949cf8c6b5b557f/trillium-client-0.7.0/src/conn/h3.rs:266:19
[INFO] [stdout]     |
[INFO] [stdout] 266 |     field_section.encode(&mut field_section_buf);
[INFO] [stdout]     |                   ^^^^^^ method not found in `&FieldSection<'_>`
[INFO] [stdout] 
[INFO] [stdout] 
[INFO] [stderr]    Compiling trillium-webtransport v0.1.0
[INFO] [stderr]    Compiling async-net v2.0.0
[INFO] [stderr]    Compiling async-global-executor v3.1.0
[INFO] [stdout] error[E0004]: non-exhaustive patterns: `_` not covered
[INFO] [stdout]   --> /opt/rustwide/cargo-home/registry/src/index.crates.io-1949cf8c6b5b557f/trillium-client-0.7.0/src/conn/h3.rs:15:11
[INFO] [stdout]    |
[INFO] [stdout] 15 |     match e {
[INFO] [stdout]    |           ^ pattern `_` not covered
[INFO] [stdout]    |
[INFO] [stdout] note: `H3Error` defined here
[INFO] [stdout]   --> /opt/rustwide/cargo-home/registry/src/index.crates.io-1949cf8c6b5b557f/trillium-http-1.1.0/src/h3.rs:23:1
[INFO] [stdout]    |
[INFO] [stdout] 23 | pub enum H3Error {
[INFO] [stdout]    | ^^^^^^^^^^^^^^^^
[INFO] [stdout]    = note: the matched value is of type `H3Error`
[INFO] [stdout]    = note: `H3Error` is marked as non-exhaustive, so a wildcard `_` is necessary to match exhaustively
[INFO] [stdout] help: ensure that all possible cases are being handled by adding a match arm with a wildcard pattern or an explicit pattern as shown
[INFO] [stdout]    |
[INFO] [stdout] 17 ~         H3Error::Protocol(code) => io::Error::new(ErrorKind::InvalidData, code.to_string()),
[INFO] [stdout] 18 ~         _ => todo!(),
[INFO] [stdout]    |
[INFO] [stdout] 
[INFO] [stdout] 
[INFO] [stdout] Some errors have detailed explanations: E0004, E0599.
[INFO] [stdout] 
[INFO] [stdout] For more information about an error, try `rustc --explain E0004`.
[INFO] [stdout] 
[INFO] [stderr] error: could not compile `trillium-client` (lib) due to 3 previous errors
[INFO] [stderr] warning: build failed, waiting for other jobs to finish...
[INFO] running `Command { std: "docker" "inspect" "5fbde445be8bc6c19601429ebe67b596b40b7f0c4c1206f3bee95caf42b76f7c", kill_on_drop: false }`
[INFO] running `Command { std: "docker" "rm" "-f" "5fbde445be8bc6c19601429ebe67b596b40b7f0c4c1206f3bee95caf42b76f7c", kill_on_drop: false }`
[INFO] [stdout] 5fbde445be8bc6c19601429ebe67b596b40b7f0c4c1206f3bee95caf42b76f7c
