[INFO] fetching crate trillium-sse 0.4.0...
[INFO] testing trillium-sse-0.4.0 against 1.100.0-beta.1+cargoflags=--release for beta-release-1.100-2
[INFO] extracting crate trillium-sse 0.4.0 into /workspace/builds/worker-2-tc2/source
[INFO] started tweaking crates.io crate trillium-sse 0.4.0
[INFO] removed 0 missing examples
[INFO] removed 0 missing tests
[INFO] finished tweaking crates.io crate trillium-sse 0.4.0
[INFO] tweaked toml for crates.io crate trillium-sse 0.4.0 written to /workspace/builds/worker-2-tc2/source/Cargo.toml
[INFO] validating manifest of crates.io crate trillium-sse 0.4.0 on toolchain 1.100.0-beta.1
[INFO] running `Command { std: CARGO_HOME="/workspace/cargo-home" RUSTUP_HOME="/workspace/rustup-home" "/workspace/cargo-home/bin/cargo" "+1.100.0-beta.1" "metadata" "--manifest-path" "Cargo.toml" "--no-deps", kill_on_drop: false }`
[INFO] crate crates.io crate trillium-sse 0.4.0 already has a lockfile, it will not be regenerated
[INFO] running `Command { std: CARGO_HOME="/workspace/cargo-home" RUSTUP_HOME="/workspace/rustup-home" "/workspace/cargo-home/bin/cargo" "+1.100.0-beta.1" "fetch" "--manifest-path" "Cargo.toml", kill_on_drop: false }`
[INFO] running `Command { std: "docker" "create" "-v" "/var/lib/crater-agent-workspace/builds/worker-2-tc2/source:/opt/rustwide/workdir:ro,Z" "-v" "/var/lib/crater-agent-workspace/builds/worker-2-tc2/target:/opt/rustwide/target:rw,Z" "-v" "/var/lib/crater-agent-workspace/cargo-home:/opt/rustwide/cargo-home:ro,Z" "-v" "/var/lib/crater-agent-workspace/rustup-home:/opt/rustwide/rustup-home:ro,Z" "-m" "1610612736" "--network" "none" "ghcr.io/rust-lang/crates-build-env/linux@sha256:77db811e55d90add9212f6832c23229e3de5f1c1f9905e8cb07319ea15df73ac" "sleep" "infinity", kill_on_drop: false }`
[INFO] [stdout] c5e48a39f8afe32dbb9346f48140852c9b58fb3a2fd4ecc74a7de57e7ee97d56
[INFO] running `Command { std: "docker" "start" "c5e48a39f8afe32dbb9346f48140852c9b58fb3a2fd4ecc74a7de57e7ee97d56", kill_on_drop: false }`
[INFO] running `Command { std: "docker" "inspect" "c5e48a39f8afe32dbb9346f48140852c9b58fb3a2fd4ecc74a7de57e7ee97d56", kill_on_drop: false }`
[INFO] running `Command { std: "docker" "exec" "-e" "SOURCE_DIR=/opt/rustwide/workdir" "-e" "CARGO_HOME=/opt/rustwide/cargo-home" "-e" "RUSTUP_HOME=/opt/rustwide/rustup-home" "-e" "CARGO_TARGET_DIR=/opt/rustwide/target" "-w" "/opt/rustwide/workdir" "--user" "0:0" "c5e48a39f8afe32dbb9346f48140852c9b58fb3a2fd4ecc74a7de57e7ee97d56" "/opt/rustwide/cargo-home/bin/cargo" "+1.100.0-beta.1" "metadata" "--no-deps" "--format-version=1", kill_on_drop: false }`
[INFO] running `Command { std: "docker" "inspect" "c5e48a39f8afe32dbb9346f48140852c9b58fb3a2fd4ecc74a7de57e7ee97d56", kill_on_drop: false }`
[INFO] running `Command { std: "docker" "exec" "-e" "SOURCE_DIR=/opt/rustwide/workdir" "-e" "CARGO_HOME=/opt/rustwide/cargo-home" "-e" "RUSTUP_HOME=/opt/rustwide/rustup-home" "-e" "CARGO_TARGET_DIR=/opt/rustwide/target" "-e" "CARGO_INCREMENTAL=0" "-e" "RUST_BACKTRACE=full" "-e" "RUSTFLAGS=--cap-lints=warn" "-e" "RUSTDOCFLAGS=--cap-lints=warn" "-w" "/opt/rustwide/workdir" "--user" "0:0" "c5e48a39f8afe32dbb9346f48140852c9b58fb3a2fd4ecc74a7de57e7ee97d56" "/opt/rustwide/cargo-home/bin/cargo" "+1.100.0-beta.1" "build" "--frozen" "--message-format=json" "--release", kill_on_drop: false }`
[INFO] [stderr]    Compiling parking v2.2.1
[INFO] [stderr]    Compiling smallvec v1.16.0
[INFO] [stderr]    Compiling smartstring v1.0.1
[INFO] [stderr]    Compiling crossbeam-utils v0.8.22
[INFO] [stderr]    Compiling libc v0.2.189
[INFO] [stderr]    Compiling hashbrown v0.17.1
[INFO] [stderr]    Compiling cfg_aliases v0.2.2
[INFO] [stderr]    Compiling rlimit v0.11.0
[INFO] [stderr]    Compiling syn v3.0.4
[INFO] [stderr]    Compiling syn v2.0.119
[INFO] [stderr]    Compiling percent-encoding v2.3.2
[INFO] [stderr]    Compiling type-set v0.3.3
[INFO] [stderr]    Compiling async_cell v0.2.3
[INFO] [stderr]    Compiling event-listener v5.4.2
[INFO] [stderr]    Compiling futures-lite v2.6.1
[INFO] [stderr]    Compiling trillium-server-common v0.7.12
[INFO] [stderr]    Compiling form_urlencoded v1.2.2
[INFO] [stderr]    Compiling swansong v0.3.6
[INFO] [stderr]    Compiling event-listener-strategy v0.5.4
[INFO] [stderr]    Compiling smartcow v0.2.1
[INFO] [stderr]    Compiling concurrent-queue v2.5.0
[INFO] [stderr]    Compiling async-channel v2.5.0
[INFO] [stderr]    Compiling listenfd v1.0.2
[INFO] [stderr]    Compiling zerovec-derive v0.11.6
[INFO] [stderr]    Compiling displaydoc v0.2.7
[INFO] [stderr]    Compiling fieldwork-derive v0.5.3
[INFO] [stderr]    Compiling thiserror-impl v2.0.20
[INFO] [stderr]    Compiling synstructure v0.13.2
[INFO] [stderr]    Compiling thiserror v2.0.20
[INFO] [stderr]    Compiling fieldwork v0.5.3
[INFO] [stderr]    Compiling zerofrom-derive v0.1.7
[INFO] [stderr]    Compiling yoke-derive v0.8.2
[INFO] [stderr]    Compiling trillium-macros v0.1.0
[INFO] [stderr]    Compiling zerofrom v0.1.8
[INFO] [stderr]    Compiling trillium-http v1.7.0
[INFO] [stderr]    Compiling yoke v0.8.3
[INFO] [stderr]    Compiling zerovec v0.11.8
[INFO] [stderr]    Compiling zerotrie v0.2.5
[INFO] [stderr]    Compiling tinystr v0.8.4
[INFO] [stderr]    Compiling potential_utf v0.1.6
[INFO] [stderr]    Compiling icu_collections v2.3.0
[INFO] [stderr]    Compiling icu_locale_core v2.3.0
[INFO] [stderr]    Compiling icu_provider v2.3.1
[INFO] [stderr]    Compiling icu_properties v2.3.0
[INFO] [stderr]    Compiling icu_normalizer v2.3.0
[INFO] [stderr]    Compiling idna_adapter v1.2.2
[INFO] [stderr]    Compiling idna v1.1.0
[INFO] [stderr]    Compiling trillium v1.4.0
[INFO] [stderr]    Compiling url v2.5.8
[INFO] [stderr]    Compiling trillium-sse v0.4.0 (/opt/rustwide/workdir)
[INFO] [stderr]     Finished `release` profile [optimized] target(s) in 27.16s
[INFO] running `Command { std: "docker" "inspect" "c5e48a39f8afe32dbb9346f48140852c9b58fb3a2fd4ecc74a7de57e7ee97d56", kill_on_drop: false }`
[INFO] running `Command { std: "docker" "exec" "-e" "SOURCE_DIR=/opt/rustwide/workdir" "-e" "CARGO_HOME=/opt/rustwide/cargo-home" "-e" "RUSTUP_HOME=/opt/rustwide/rustup-home" "-e" "CARGO_TARGET_DIR=/opt/rustwide/target" "-e" "CARGO_INCREMENTAL=0" "-e" "RUST_BACKTRACE=full" "-e" "RUSTFLAGS=--cap-lints=warn" "-e" "RUSTDOCFLAGS=--cap-lints=warn" "-w" "/opt/rustwide/workdir" "--user" "0:0" "c5e48a39f8afe32dbb9346f48140852c9b58fb3a2fd4ecc74a7de57e7ee97d56" "/opt/rustwide/cargo-home/bin/cargo" "+1.100.0-beta.1" "test" "--frozen" "--no-run" "--message-format=json" "--release", kill_on_drop: false }`
[INFO] [stderr]    Compiling log v0.4.34
[INFO] [stderr]    Compiling regex-syntax v0.8.11
[INFO] [stderr]    Compiling cfg-if v0.1.10
[INFO] [stderr]    Compiling anstyle-parse v1.0.0
[INFO] [stderr]    Compiling lock_api v0.3.4
[INFO] [stderr]    Compiling futures-macro v0.3.34
[INFO] [stderr]    Compiling colorchoice v1.0.5
[INFO] [stderr]    Compiling jiff-core v0.1.0
[INFO] [stderr]    Compiling futures-channel v0.3.34
[INFO] [stderr]    Compiling parking_lot_core v0.7.3
[INFO] [stderr]    Compiling anstream v1.0.0
[INFO] [stderr]    Compiling parking_lot v0.10.2
[INFO] [stderr]    Compiling swansong v0.3.6
[INFO] [stderr]    Compiling trillium-http v1.7.0
[INFO] [stderr]    Compiling futures-util v0.3.34
[INFO] [stderr]    Compiling regex-automata v0.4.18
[INFO] [stderr]    Compiling jiff v0.2.35
[INFO] [stderr]    Compiling regex v1.13.1
[INFO] [stderr]    Compiling broadcaster v1.0.0
[INFO] [stderr]    Compiling env_filter v2.0.0
[INFO] [stderr]    Compiling trillium v1.4.0
[INFO] [stderr]    Compiling env_logger v0.11.11
[INFO] [stderr]    Compiling trillium-server-common v0.7.12
[INFO] [stderr]    Compiling trillium-sse v0.4.0 (/opt/rustwide/workdir)
[INFO] [stdout] error[E0432]: unresolved import `trillium_testing`
[INFO] [stdout]   --> tests/sse.rs:14:5
[INFO] [stdout]    |
[INFO] [stdout] 14 | use trillium_testing::{RuntimeTrait, TestServer, harness, test, with_transport};
[INFO] [stdout]    |     ^^^^^^^^^^^^^^^^ use of unresolved module or unlinked crate `trillium_testing`
[INFO] [stdout]    |
[INFO] [stdout]    = help: if you wanted to use a crate named `trillium_testing`, use `cargo add trillium_testing` to add it to your `Cargo.toml`
[INFO] [stdout] 
[INFO] [stdout] 
[INFO] [stdout] error[E0432]: unresolved import `trillium_logger`
[INFO] [stdout]  --> examples/sse.rs:4:5
[INFO] [stdout]   |
[INFO] [stdout] 4 | use trillium_logger::logger;
[INFO] [stdout]   |     ^^^^^^^^^^^^^^^ use of unresolved module or unlinked crate `trillium_logger`
[INFO] [stdout]   |
[INFO] [stdout] help: there is a crate or module with a similar name
[INFO] [stdout]   |
[INFO] [stdout] 4 - use trillium_logger::logger;
[INFO] [stdout] 4 + use trillium_sse::logger;
[INFO] [stdout]   |
[INFO] [stdout] 
[INFO] [stdout] 
[INFO] [stdout] error[E0432]: unresolved import `trillium_static_compiled`
[INFO] [stdout]  --> examples/sse.rs:6:5
[INFO] [stdout]   |
[INFO] [stdout] 6 | use trillium_static_compiled::static_compiled;
[INFO] [stdout]   |     ^^^^^^^^^^^^^^^^^^^^^^^^ use of unresolved module or unlinked crate `trillium_static_compiled`
[INFO] [stdout]   |
[INFO] [stdout]   = help: if you wanted to use a crate named `trillium_static_compiled`, use `cargo add trillium_static_compiled` to add it to your `Cargo.toml`
[INFO] [stdout] 
[INFO] [stdout] 
[INFO] [stdout] error[E0432]: unresolved import `trillium_logger`
[INFO] [stdout]  --> examples/all_protocols.rs:4:5
[INFO] [stdout]   |
[INFO] [stdout] 4 | use trillium_logger::logger;
[INFO] [stdout]   |     ^^^^^^^^^^^^^^^ use of unresolved module or unlinked crate `trillium_logger`
[INFO] [stdout]   |
[INFO] [stdout] help: there is a crate or module with a similar name
[INFO] [stdout]   |
[INFO] [stdout] 4 - use trillium_logger::logger;
[INFO] [stdout] 4 + use trillium_sse::logger;
[INFO] [stdout]   |
[INFO] [stdout] 
[INFO] [stdout] 
[INFO] [stdout] error[E0432]: unresolved import `trillium_quinn`
[INFO] [stdout]  --> examples/all_protocols.rs:5:5
[INFO] [stdout]   |
[INFO] [stdout] 5 | use trillium_quinn::QuicConfig;
[INFO] [stdout]   |     ^^^^^^^^^^^^^^ use of unresolved module or unlinked crate `trillium_quinn`
[INFO] [stdout]   |
[INFO] [stdout]   = help: if you wanted to use a crate named `trillium_quinn`, use `cargo add trillium_quinn` to add it to your `Cargo.toml`
[INFO] [stdout] 
[INFO] [stdout] 
[INFO] [stdout] error[E0432]: unresolved import `trillium_rustls`
[INFO] [stdout]  --> examples/all_protocols.rs:6:5
[INFO] [stdout]   |
[INFO] [stdout] 6 | use trillium_rustls::RustlsAcceptor;
[INFO] [stdout]   |     ^^^^^^^^^^^^^^^ use of unresolved module or unlinked crate `trillium_rustls`
[INFO] [stdout]   |
[INFO] [stdout] help: there is a crate or module with a similar name
[INFO] [stdout]   |
[INFO] [stdout] 6 - use trillium_rustls::RustlsAcceptor;
[INFO] [stdout] 6 + use trillium_sse::RustlsAcceptor;
[INFO] [stdout]   |
[INFO] [stdout] 
[INFO] [stdout] 
[INFO] [stdout] error[E0432]: unresolved import `trillium_static_compiled`
[INFO] [stdout]  --> examples/all_protocols.rs:8:5
[INFO] [stdout]   |
[INFO] [stdout] 8 | use trillium_static_compiled::static_compiled;
[INFO] [stdout]   |     ^^^^^^^^^^^^^^^^^^^^^^^^ use of unresolved module or unlinked crate `trillium_static_compiled`
[INFO] [stdout]   |
[INFO] [stdout]   = help: if you wanted to use a crate named `trillium_static_compiled`, use `cargo add trillium_static_compiled` to add it to your `Cargo.toml`
[INFO] [stdout] 
[INFO] [stdout] 
[INFO] [stdout] error[E0433]: cannot find module or crate `trillium_smol` in this scope
[INFO] [stdout]   --> examples/sse.rs:11:5
[INFO] [stdout]    |
[INFO] [stdout] 11 |     trillium_smol::run((
[INFO] [stdout]    |     ^^^^^^^^^^^^^ use of unresolved module or unlinked crate `trillium_smol`
[INFO] [stdout]    |
[INFO] [stdout] help: there is a crate or module with a similar name
[INFO] [stdout]    |
[INFO] [stdout] 11 -     trillium_smol::run((
[INFO] [stdout] 11 +     trillium_sse::run((
[INFO] [stdout]    |
[INFO] [stdout] 
[INFO] [stdout] 
[INFO] [stdout] Some errors have detailed explanations: E0432, E0433.
[INFO] [stdout] 
[INFO] [stdout] For more information about an error, try `rustc --explain E0432`.
[INFO] [stdout] 
[INFO] [stderr] error: could not compile `trillium-sse` (example "sse") due to 3 previous errors
[INFO] [stderr] warning: build failed, waiting for other jobs to finish...
[INFO] [stdout] error[E0433]: cannot find module or crate `trillium_testing` in this scope
[INFO] [stdout]    --> tests/sse.rs:257:23
[INFO] [stdout]     |
[INFO] [stdout] 257 |         let runtime = trillium_testing::runtime();
[INFO] [stdout]     |                       ^^^^^^^^^^^^^^^^ use of unresolved module or unlinked crate `trillium_testing`
[INFO] [stdout]     |
[INFO] [stdout]     = help: if you wanted to use a crate named `trillium_testing`, use `cargo add trillium_testing` to add it to your `Cargo.toml`
[INFO] [stdout] 
[INFO] [stdout] 
[INFO] [stdout] error[E0433]: cannot find module or crate `trillium_testing` in this scope
[INFO] [stdout]    --> tests/sse.rs:273:13
[INFO] [stdout]     |
[INFO] [stdout] 273 |             trillium_testing::runtime().into(),
[INFO] [stdout]     |             ^^^^^^^^^^^^^^^^ use of unresolved module or unlinked crate `trillium_testing`
[INFO] [stdout]     |
[INFO] [stdout]     = help: if you wanted to use a crate named `trillium_testing`, use `cargo add trillium_testing` to add it to your `Cargo.toml`
[INFO] [stdout] 
[INFO] [stdout] 
[INFO] [stdout] error[E0433]: cannot find module or crate `trillium_smol` in this scope
[INFO] [stdout]   --> examples/all_protocols.rs:40:5
[INFO] [stdout]    |
[INFO] [stdout] 40 |     trillium_smol::config()
[INFO] [stdout]    |     ^^^^^^^^^^^^^ use of unresolved module or unlinked crate `trillium_smol`
[INFO] [stdout]    |
[INFO] [stdout] help: there is a crate or module with a similar name
[INFO] [stdout]    |
[INFO] [stdout] 40 -     trillium_smol::config()
[INFO] [stdout] 40 +     trillium_sse::config()
[INFO] [stdout]    |
[INFO] [stdout] 
[INFO] [stdout] 
[INFO] [stdout] Some errors have detailed explanations: E0432, E0433.
[INFO] [stdout] 
[INFO] [stdout] For more information about an error, try `rustc --explain E0432`.
[INFO] [stdout] 
[INFO] [stderr] error: could not compile `trillium-sse` (test "sse") due to 3 previous errors
[INFO] [stdout] Some errors have detailed explanations: E0432, E0433.
[INFO] [stdout] 
[INFO] [stdout] For more information about an error, try `rustc --explain E0432`.
[INFO] [stdout] 
[INFO] [stderr] error: could not compile `trillium-sse` (example "all_protocols") due to 5 previous errors
[INFO] running `Command { std: "docker" "inspect" "c5e48a39f8afe32dbb9346f48140852c9b58fb3a2fd4ecc74a7de57e7ee97d56", kill_on_drop: false }`
[INFO] running `Command { std: "docker" "rm" "-f" "c5e48a39f8afe32dbb9346f48140852c9b58fb3a2fd4ecc74a7de57e7ee97d56", kill_on_drop: false }`
[INFO] [stdout] c5e48a39f8afe32dbb9346f48140852c9b58fb3a2fd4ecc74a7de57e7ee97d56
