[INFO] fetching crate trillium-redirect 0.3.0...
[INFO] testing trillium-redirect-0.3.0 against 1.100.0-beta.1+cargoflags=--release for beta-release-1.100-2
[INFO] extracting crate trillium-redirect 0.3.0 into /workspace/builds/worker-3-tc2/source
[INFO] started tweaking crates.io crate trillium-redirect 0.3.0
[INFO] removed 0 missing tests
[INFO] finished tweaking crates.io crate trillium-redirect 0.3.0
[INFO] tweaked toml for crates.io crate trillium-redirect 0.3.0 written to /workspace/builds/worker-3-tc2/source/Cargo.toml
[INFO] validating manifest of crates.io crate trillium-redirect 0.3.0 on toolchain 1.100.0-beta.1
[INFO] running `Command { std: CARGO_HOME="/workspace/cargo-home" RUSTUP_HOME="/workspace/rustup-home" "/workspace/cargo-home/bin/cargo" "+1.100.0-beta.1" "metadata" "--manifest-path" "Cargo.toml" "--no-deps", kill_on_drop: false }`
[INFO] crate crates.io crate trillium-redirect 0.3.0 already has a lockfile, it will not be regenerated
[INFO] running `Command { std: CARGO_HOME="/workspace/cargo-home" RUSTUP_HOME="/workspace/rustup-home" "/workspace/cargo-home/bin/cargo" "+1.100.0-beta.1" "fetch" "--manifest-path" "Cargo.toml", kill_on_drop: false }`
[INFO] running `Command { std: "docker" "create" "-v" "/var/lib/crater-agent-workspace/builds/worker-3-tc2/source:/opt/rustwide/workdir:ro,Z" "-v" "/var/lib/crater-agent-workspace/builds/worker-3-tc2/target:/opt/rustwide/target:rw,Z" "-v" "/var/lib/crater-agent-workspace/cargo-home:/opt/rustwide/cargo-home:ro,Z" "-v" "/var/lib/crater-agent-workspace/rustup-home:/opt/rustwide/rustup-home:ro,Z" "-m" "1610612736" "--network" "none" "ghcr.io/rust-lang/crates-build-env/linux@sha256:77db811e55d90add9212f6832c23229e3de5f1c1f9905e8cb07319ea15df73ac" "sleep" "infinity", kill_on_drop: false }`
[INFO] [stdout] f7240d8a1a0ba9a4e47070e1a09000111fd927378a9dd4a30d6f90a411f69106
[INFO] running `Command { std: "docker" "start" "f7240d8a1a0ba9a4e47070e1a09000111fd927378a9dd4a30d6f90a411f69106", kill_on_drop: false }`
[INFO] running `Command { std: "docker" "inspect" "f7240d8a1a0ba9a4e47070e1a09000111fd927378a9dd4a30d6f90a411f69106", kill_on_drop: false }`
[INFO] running `Command { std: "docker" "exec" "-e" "SOURCE_DIR=/opt/rustwide/workdir" "-e" "CARGO_HOME=/opt/rustwide/cargo-home" "-e" "RUSTUP_HOME=/opt/rustwide/rustup-home" "-e" "CARGO_TARGET_DIR=/opt/rustwide/target" "-w" "/opt/rustwide/workdir" "--user" "0:0" "f7240d8a1a0ba9a4e47070e1a09000111fd927378a9dd4a30d6f90a411f69106" "/opt/rustwide/cargo-home/bin/cargo" "+1.100.0-beta.1" "metadata" "--no-deps" "--format-version=1", kill_on_drop: false }`
[INFO] running `Command { std: "docker" "inspect" "f7240d8a1a0ba9a4e47070e1a09000111fd927378a9dd4a30d6f90a411f69106", kill_on_drop: false }`
[INFO] running `Command { std: "docker" "exec" "-e" "SOURCE_DIR=/opt/rustwide/workdir" "-e" "CARGO_HOME=/opt/rustwide/cargo-home" "-e" "RUSTUP_HOME=/opt/rustwide/rustup-home" "-e" "CARGO_TARGET_DIR=/opt/rustwide/target" "-e" "CARGO_INCREMENTAL=0" "-e" "RUST_BACKTRACE=full" "-e" "RUSTFLAGS=--cap-lints=warn" "-e" "RUSTDOCFLAGS=--cap-lints=warn" "-w" "/opt/rustwide/workdir" "--user" "0:0" "f7240d8a1a0ba9a4e47070e1a09000111fd927378a9dd4a30d6f90a411f69106" "/opt/rustwide/cargo-home/bin/cargo" "+1.100.0-beta.1" "build" "--frozen" "--message-format=json" "--release", kill_on_drop: false }`
[INFO] [stderr]    Compiling crossbeam-utils v0.8.21
[INFO] [stderr]    Compiling smartstring v1.0.1
[INFO] [stderr]    Compiling futures-lite v2.6.1
[INFO] [stderr]    Compiling type-set v0.3.2
[INFO] [stderr]    Compiling fieldwork-derive v0.5.1
[INFO] [stderr]    Compiling trillium-macros v0.1.0
[INFO] [stderr]    Compiling smartcow v0.2.1
[INFO] [stderr]    Compiling concurrent-queue v2.5.0
[INFO] [stderr]    Compiling event-listener v5.4.1
[INFO] [stderr]    Compiling swansong v0.3.4
[INFO] [stderr]    Compiling fieldwork v0.5.1
[INFO] [stderr]    Compiling trillium-http v1.2.2
[INFO] [stderr]    Compiling trillium v1.1.0
[INFO] [stderr]    Compiling trillium-redirect v0.3.0 (/opt/rustwide/workdir)
[INFO] [stderr]     Finished `release` profile [optimized] target(s) in 15.18s
[INFO] running `Command { std: "docker" "inspect" "f7240d8a1a0ba9a4e47070e1a09000111fd927378a9dd4a30d6f90a411f69106", kill_on_drop: false }`
[INFO] running `Command { std: "docker" "exec" "-e" "SOURCE_DIR=/opt/rustwide/workdir" "-e" "CARGO_HOME=/opt/rustwide/cargo-home" "-e" "RUSTUP_HOME=/opt/rustwide/rustup-home" "-e" "CARGO_TARGET_DIR=/opt/rustwide/target" "-e" "CARGO_INCREMENTAL=0" "-e" "RUST_BACKTRACE=full" "-e" "RUSTFLAGS=--cap-lints=warn" "-e" "RUSTDOCFLAGS=--cap-lints=warn" "-w" "/opt/rustwide/workdir" "--user" "0:0" "f7240d8a1a0ba9a4e47070e1a09000111fd927378a9dd4a30d6f90a411f69106" "/opt/rustwide/cargo-home/bin/cargo" "+1.100.0-beta.1" "test" "--frozen" "--no-run" "--message-format=json" "--release", kill_on_drop: false }`
[INFO] [stderr]    Compiling syn v2.0.117
[INFO] [stderr]    Compiling concurrent-queue v2.5.0
[INFO] [stderr]    Compiling serde_core v1.0.228
[INFO] [stderr]    Compiling aho-corasick v1.1.4
[INFO] [stderr]    Compiling rlimit v0.11.0
[INFO] [stderr]    Compiling ref-cast v1.0.25
[INFO] [stderr]    Compiling getrandom v0.3.4
[INFO] [stderr]    Compiling listenfd v1.0.2
[INFO] [stderr]    Compiling simdutf8 v0.1.5
[INFO] [stderr]    Compiling async_cell v0.2.3
[INFO] [stderr]    Compiling crossbeam-queue v0.3.12
[INFO] [stderr]    Compiling dashmap v6.1.0
[INFO] [stderr]    Compiling anstream v1.0.0
[INFO] [stderr]    Compiling sonic-number v0.1.2
[INFO] [stderr]    Compiling sonic-simd v0.1.4
[INFO] [stderr]    Compiling bumpalo v3.20.2
[INFO] [stderr]    Compiling jiff v0.2.24
[INFO] [stderr]    Compiling size v0.5.0
[INFO] [stderr]    Compiling ahash v0.8.12
[INFO] [stderr]    Compiling event-listener v5.4.1
[INFO] [stderr]    Compiling swansong v0.3.4
[INFO] [stderr]    Compiling event-listener-strategy v0.5.4
[INFO] [stderr]    Compiling async-channel v2.5.0
[INFO] [stderr]    Compiling async-lock v3.4.2
[INFO] [stderr]    Compiling async-dup v1.2.4
[INFO] [stderr]    Compiling regex-automata v0.4.14
[INFO] [stderr]    Compiling synstructure v0.13.2
[INFO] [stderr]    Compiling zerofrom-derive v0.1.7
[INFO] [stderr]    Compiling yoke-derive v0.8.2
[INFO] [stderr]    Compiling zerovec-derive v0.11.3
[INFO] [stderr]    Compiling displaydoc v0.2.5
[INFO] [stderr]    Compiling thiserror-impl v2.0.18
[INFO] [stderr]    Compiling fieldwork-derive v0.5.1
[INFO] [stderr]    Compiling trillium-macros v0.1.0
[INFO] [stderr]    Compiling serde_derive v1.0.228
[INFO] [stderr]    Compiling ref-cast-impl v1.0.25
[INFO] [stderr]    Compiling test-harness v0.3.1
[INFO] [stderr]    Compiling zerofrom v0.1.8
[INFO] [stderr]    Compiling yoke v0.8.2
[INFO] [stderr]    Compiling fieldwork v0.5.1
[INFO] [stderr]    Compiling zerovec v0.11.6
[INFO] [stderr]    Compiling zerotrie v0.2.4
[INFO] [stderr]    Compiling thiserror v2.0.18
[INFO] [stderr]    Compiling trillium-http v1.2.2
[INFO] [stderr]    Compiling tinystr v0.8.3
[INFO] [stderr]    Compiling potential_utf v0.1.5
[INFO] [stderr]    Compiling icu_collections v2.2.0
[INFO] [stderr]    Compiling icu_locale_core v2.2.0
[INFO] [stderr]    Compiling regex v1.12.3
[INFO] [stderr]    Compiling env_filter v1.0.1
[INFO] [stderr]    Compiling env_logger v0.11.10
[INFO] [stderr]    Compiling icu_provider v2.2.0
[INFO] [stderr]    Compiling serde v1.0.228
[INFO] [stderr]    Compiling icu_properties v2.2.0
[INFO] [stderr]    Compiling icu_normalizer v2.2.0
[INFO] [stderr]    Compiling faststr v0.2.34
[INFO] [stderr]    Compiling sonic-rs v0.5.8
[INFO] [stderr]    Compiling idna_adapter v1.2.2
[INFO] [stderr]    Compiling idna v1.1.0
[INFO] [stderr]    Compiling url v2.5.8
[INFO] [stderr]    Compiling trillium v1.1.0
[INFO] [stderr]    Compiling trillium-server-common v0.7.2
[INFO] [stderr]    Compiling trillium-redirect v0.3.0 (/opt/rustwide/workdir)
[INFO] [stderr]    Compiling trillium-client v0.8.4
[INFO] [stderr]    Compiling trillium-testing v0.9.0
[INFO] [stdout] error[E0432]: unresolved import `trillium_redirect::client`
[INFO] [stdout]   --> tests/client.rs:5:24
[INFO] [stdout]    |
[INFO] [stdout]  5 | use trillium_redirect::client::FollowRedirects;
[INFO] [stdout]    |                        ^^^^^^ could not find `client` in `trillium_redirect`
[INFO] [stdout]    |
[INFO] [stdout] note: found an item that was configured out
[INFO] [stdout]   --> src/lib.rs:17:9
[INFO] [stdout]    |
[INFO] [stdout] 16 | #[cfg(feature = "client")]
[INFO] [stdout]    |       ------------------ the item is gated behind the `client` feature
[INFO] [stdout] 17 | pub mod client;
[INFO] [stdout]    |         ^^^^^^
[INFO] [stdout] 
[INFO] [stdout] 
[INFO] [stdout] error[E0433]: cannot find module or crate `trillium_client` in this scope
[INFO] [stdout]  --> tests/client.rs:4:5
[INFO] [stdout]   |
[INFO] [stdout] 4 | use trillium_client::{Client, KnownHeaderName::Authorization, Status, Url};
[INFO] [stdout]   |     ^^^^^^^^^^^^^^^ use of unresolved module or unlinked crate `trillium_client`
[INFO] [stdout]   |
[INFO] [stdout] help: there is a crate or module with a similar name
[INFO] [stdout]   |
[INFO] [stdout] 4 - use trillium_client::{Client, KnownHeaderName::Authorization, Status, Url};
[INFO] [stdout] 4 + use trillium_redirect::{Client, KnownHeaderName::Authorization, Status, Url};
[INFO] [stdout]   |
[INFO] [stdout] 
[INFO] [stdout] 
[INFO] [stdout] error[E0432]: unresolved import `trillium_client`
[INFO] [stdout]  --> tests/client.rs:4:5
[INFO] [stdout]   |
[INFO] [stdout] 4 | use trillium_client::{Client, KnownHeaderName::Authorization, Status, Url};
[INFO] [stdout]   |     ^^^^^^^^^^^^^^^ use of unresolved module or unlinked crate `trillium_client`
[INFO] [stdout]   |
[INFO] [stdout] help: there is a crate or module with a similar name
[INFO] [stdout]   |
[INFO] [stdout] 4 - use trillium_client::{Client, KnownHeaderName::Authorization, Status, Url};
[INFO] [stdout] 4 + use trillium_redirect::{Client, KnownHeaderName::Authorization, Status, Url};
[INFO] [stdout]   |
[INFO] [stdout] 
[INFO] [stdout] 
[INFO] [stdout] error[E0432]: unresolved import `trillium_client`
[INFO] [stdout]    --> tests/client.rs:182:9
[INFO] [stdout]     |
[INFO] [stdout] 182 |     use trillium_client::Body;
[INFO] [stdout]     |         ^^^^^^^^^^^^^^^ use of unresolved module or unlinked crate `trillium_client`
[INFO] [stdout]     |
[INFO] [stdout] help: there is a crate or module with a similar name
[INFO] [stdout]     |
[INFO] [stdout] 182 -     use trillium_client::Body;
[INFO] [stdout] 182 +     use trillium_redirect::Body;
[INFO] [stdout]     |
[INFO] [stdout] 
[INFO] [stdout] 
[INFO] [stdout] warning: method call on a diverging inference variable
[INFO] [stdout]   --> tests/client.rs:66:21
[INFO] [stdout]    |
[INFO] [stdout] 66 |     assert_eq!(conn.status(), Some(Status::Ok));
[INFO] [stdout]    |                     ^^^^^^
[INFO] [stdout]    |
[INFO] [stdout]    = help: consider providing a type annotation
[INFO] [stdout]    = warning: this was previously accepted by the compiler but is being phased out; it will become a hard error in a future release!
[INFO] [stdout]    = note: for more information, see issue #156047 <https://github.com/rust-lang/rust/issues/156047>
[INFO] [stdout]    = note: `#[warn(method_call_on_diverging_infer_var)]` (part of `#[warn(future_incompatible)]`) on by default
[INFO] [stdout] 
[INFO] [stdout] 
[INFO] [stdout] error[E0599]: no method named `status` found for type `!` in the current scope
[INFO] [stdout]   --> tests/client.rs:66:21
[INFO] [stdout]    |
[INFO] [stdout] 66 |     assert_eq!(conn.status(), Some(Status::Ok));
[INFO] [stdout]    |                     ^^^^^^ method not found in `!`
[INFO] [stdout] 
[INFO] [stdout] 
[INFO] [stdout] error[E0599]: no method named `url` found for type `!` in the current scope
[INFO] [stdout]   --> tests/client.rs:67:21
[INFO] [stdout]    |
[INFO] [stdout] 67 |     assert_eq!(conn.url().path(), "/end");
[INFO] [stdout]    |                     ^^^ method not found in `!`
[INFO] [stdout] 
[INFO] [stdout] 
[INFO] [stdout] warning: unreachable call
[INFO] [stdout]   --> tests/client.rs:67:21
[INFO] [stdout]    |
[INFO] [stdout] 67 |     assert_eq!(conn.url().path(), "/end");
[INFO] [stdout]    |                ---- ^^^ unreachable call
[INFO] [stdout]    |                |
[INFO] [stdout]    |                any code following this expression is unreachable
[INFO] [stdout]    |
[INFO] [stdout]    = note: `#[warn(unreachable_code)]` (part of `#[warn(unused)]`) on by default
[INFO] [stdout] 
[INFO] [stdout] 
[INFO] [stdout] error[E0599]: no method named `response_body` found for type `!` in the current scope
[INFO] [stdout]   --> tests/client.rs:68:21
[INFO] [stdout]    |
[INFO] [stdout] 68 |     assert_eq!(conn.response_body().read_string().await?, "destination");
[INFO] [stdout]    |                     ^^^^^^^^^^^^^ method not found in `!`
[INFO] [stdout] 
[INFO] [stdout] 
[INFO] [stdout] warning: unreachable call
[INFO] [stdout]   --> tests/client.rs:68:21
[INFO] [stdout]    |
[INFO] [stdout] 68 |     assert_eq!(conn.response_body().read_string().await?, "destination");
[INFO] [stdout]    |                ---- ^^^^^^^^^^^^^ unreachable call
[INFO] [stdout]    |                |
[INFO] [stdout]    |                any code following this expression is unreachable
[INFO] [stdout] 
[INFO] [stdout] 
[INFO] [stdout] warning: method call on a diverging inference variable
[INFO] [stdout]   --> tests/client.rs:77:21
[INFO] [stdout]    |
[INFO] [stdout] 77 |     assert_eq!(conn.status(), Some(Status::Ok));
[INFO] [stdout]    |                     ^^^^^^
[INFO] [stdout]    |
[INFO] [stdout]    = help: consider providing a type annotation
[INFO] [stdout]    = warning: this was previously accepted by the compiler but is being phased out; it will become a hard error in a future release!
[INFO] [stdout]    = note: for more information, see issue #156047 <https://github.com/rust-lang/rust/issues/156047>
[INFO] [stdout] 
[INFO] [stdout] 
[INFO] [stdout] error[E0599]: no method named `status` found for type `!` in the current scope
[INFO] [stdout]   --> tests/client.rs:77:21
[INFO] [stdout]    |
[INFO] [stdout] 77 |     assert_eq!(conn.status(), Some(Status::Ok));
[INFO] [stdout]    |                     ^^^^^^ method not found in `!`
[INFO] [stdout] 
[INFO] [stdout] 
[INFO] [stdout] error[E0599]: no method named `url` found for type `!` in the current scope
[INFO] [stdout]   --> tests/client.rs:78:21
[INFO] [stdout]    |
[INFO] [stdout] 78 |     assert_eq!(conn.url().path(), "/end");
[INFO] [stdout]    |                     ^^^ method not found in `!`
[INFO] [stdout] 
[INFO] [stdout] 
[INFO] [stdout] warning: unreachable call
[INFO] [stdout]   --> tests/client.rs:78:21
[INFO] [stdout]    |
[INFO] [stdout] 78 |     assert_eq!(conn.url().path(), "/end");
[INFO] [stdout]    |                ---- ^^^ unreachable call
[INFO] [stdout]    |                |
[INFO] [stdout]    |                any code following this expression is unreachable
[INFO] [stdout] 
[INFO] [stdout] 
[INFO] [stdout] error[E0599]: no method named `response_body` found for type `!` in the current scope
[INFO] [stdout]   --> tests/client.rs:79:21
[INFO] [stdout]    |
[INFO] [stdout] 79 |     assert_eq!(conn.response_body().read_string().await?, "destination");
[INFO] [stdout]    |                     ^^^^^^^^^^^^^ method not found in `!`
[INFO] [stdout] 
[INFO] [stdout] 
[INFO] [stdout] warning: unreachable call
[INFO] [stdout]   --> tests/client.rs:79:21
[INFO] [stdout]    |
[INFO] [stdout] 79 |     assert_eq!(conn.response_body().read_string().await?, "destination");
[INFO] [stdout]    |                ---- ^^^^^^^^^^^^^ unreachable call
[INFO] [stdout]    |                |
[INFO] [stdout]    |                any code following this expression is unreachable
[INFO] [stdout] 
[INFO] [stdout] 
[INFO] [stdout] warning: method call on a diverging inference variable
[INFO] [stdout]    --> tests/client.rs:109:21
[INFO] [stdout]     |
[INFO] [stdout] 109 |     let body = conn.response_body().read_string().await?;
[INFO] [stdout]     |                     ^^^^^^^^^^^^^
[INFO] [stdout]     |
[INFO] [stdout]     = help: consider providing a type annotation
[INFO] [stdout]     = warning: this was previously accepted by the compiler but is being phased out; it will become a hard error in a future release!
[INFO] [stdout]     = note: for more information, see issue #156047 <https://github.com/rust-lang/rust/issues/156047>
[INFO] [stdout] 
[INFO] [stdout] 
[INFO] [stdout] error[E0599]: no method named `response_body` found for type `!` in the current scope
[INFO] [stdout]    --> tests/client.rs:109:21
[INFO] [stdout]     |
[INFO] [stdout] 109 |     let body = conn.response_body().read_string().await?;
[INFO] [stdout]     |                     ^^^^^^^^^^^^^ method not found in `!`
[INFO] [stdout] 
[INFO] [stdout] 
[INFO] [stdout] warning: method call on a diverging inference variable
[INFO] [stdout]    --> tests/client.rs:127:21
[INFO] [stdout]     |
[INFO] [stdout] 127 |     assert_eq!(conn.response_body().read_string().await?, "Bearer secret");
[INFO] [stdout]     |                     ^^^^^^^^^^^^^
[INFO] [stdout]     |
[INFO] [stdout]     = help: consider providing a type annotation
[INFO] [stdout]     = warning: this was previously accepted by the compiler but is being phased out; it will become a hard error in a future release!
[INFO] [stdout]     = note: for more information, see issue #156047 <https://github.com/rust-lang/rust/issues/156047>
[INFO] [stdout] 
[INFO] [stdout] 
[INFO] [stdout] error[E0599]: no method named `response_body` found for type `!` in the current scope
[INFO] [stdout]    --> tests/client.rs:127:21
[INFO] [stdout]     |
[INFO] [stdout] 127 |     assert_eq!(conn.response_body().read_string().await?, "Bearer secret");
[INFO] [stdout]     |                     ^^^^^^^^^^^^^ method not found in `!`
[INFO] [stdout] 
[INFO] [stdout] 
[INFO] [stdout] warning: method call on a diverging inference variable
[INFO] [stdout]    --> tests/client.rs:158:21
[INFO] [stdout]     |
[INFO] [stdout] 158 |     assert_eq!(conn.status(), Some(Status::Ok));
[INFO] [stdout]     |                     ^^^^^^
[INFO] [stdout]     |
[INFO] [stdout]     = help: consider providing a type annotation
[INFO] [stdout]     = warning: this was previously accepted by the compiler but is being phased out; it will become a hard error in a future release!
[INFO] [stdout]     = note: for more information, see issue #156047 <https://github.com/rust-lang/rust/issues/156047>
[INFO] [stdout] 
[INFO] [stdout] 
[INFO] [stdout] error[E0599]: no method named `status` found for type `!` in the current scope
[INFO] [stdout]    --> tests/client.rs:158:21
[INFO] [stdout]     |
[INFO] [stdout] 158 |     assert_eq!(conn.status(), Some(Status::Ok));
[INFO] [stdout]     |                     ^^^^^^ method not found in `!`
[INFO] [stdout] 
[INFO] [stdout] 
[INFO] [stdout] error[E0599]: no method named `response_body` found for type `!` in the current scope
[INFO] [stdout]    --> tests/client.rs:159:21
[INFO] [stdout]     |
[INFO] [stdout] 159 |     assert_eq!(conn.response_body().read_string().await?, "destination");
[INFO] [stdout]     |                     ^^^^^^^^^^^^^ method not found in `!`
[INFO] [stdout] 
[INFO] [stdout] 
[INFO] [stdout] warning: unreachable call
[INFO] [stdout]    --> tests/client.rs:159:21
[INFO] [stdout]     |
[INFO] [stdout] 159 |     assert_eq!(conn.response_body().read_string().await?, "destination");
[INFO] [stdout]     |                ---- ^^^^^^^^^^^^^ unreachable call
[INFO] [stdout]     |                |
[INFO] [stdout]     |                any code following this expression is unreachable
[INFO] [stdout] 
[INFO] [stdout] 
[INFO] [stdout] warning: method call on a diverging inference variable
[INFO] [stdout]    --> tests/client.rs:170:21
[INFO] [stdout]     |
[INFO] [stdout] 170 |     assert_eq!(conn.status(), Some(Status::Ok));
[INFO] [stdout]     |                     ^^^^^^
[INFO] [stdout]     |
[INFO] [stdout]     = help: consider providing a type annotation
[INFO] [stdout]     = warning: this was previously accepted by the compiler but is being phased out; it will become a hard error in a future release!
[INFO] [stdout]     = note: for more information, see issue #156047 <https://github.com/rust-lang/rust/issues/156047>
[INFO] [stdout] 
[INFO] [stdout] 
[INFO] [stdout] error[E0599]: no method named `status` found for type `!` in the current scope
[INFO] [stdout]    --> tests/client.rs:170:21
[INFO] [stdout]     |
[INFO] [stdout] 170 |     assert_eq!(conn.status(), Some(Status::Ok));
[INFO] [stdout]     |                     ^^^^^^ method not found in `!`
[INFO] [stdout] 
[INFO] [stdout] 
[INFO] [stdout] error[E0599]: no method named `url` found for type `!` in the current scope
[INFO] [stdout]    --> tests/client.rs:171:21
[INFO] [stdout]     |
[INFO] [stdout] 171 |     assert_eq!(conn.url().path(), "/echo-body");
[INFO] [stdout]     |                     ^^^ method not found in `!`
[INFO] [stdout] 
[INFO] [stdout] 
[INFO] [stdout] warning: unreachable call
[INFO] [stdout]    --> tests/client.rs:171:21
[INFO] [stdout]     |
[INFO] [stdout] 171 |     assert_eq!(conn.url().path(), "/echo-body");
[INFO] [stdout]     |                ---- ^^^ unreachable call
[INFO] [stdout]     |                |
[INFO] [stdout]     |                any code following this expression is unreachable
[INFO] [stdout] 
[INFO] [stdout] 
[INFO] [stdout] error[E0599]: no method named `response_body` found for type `!` in the current scope
[INFO] [stdout]    --> tests/client.rs:173:14
[INFO] [stdout]     |
[INFO] [stdout] 173 |         conn.response_body().read_string().await?,
[INFO] [stdout]     |              ^^^^^^^^^^^^^ method not found in `!`
[INFO] [stdout] 
[INFO] [stdout] 
[INFO] [stdout] warning: unreachable call
[INFO] [stdout]    --> tests/client.rs:173:14
[INFO] [stdout]     |
[INFO] [stdout] 173 |         conn.response_body().read_string().await?,
[INFO] [stdout]     |         ---- ^^^^^^^^^^^^^ unreachable call
[INFO] [stdout]     |         |
[INFO] [stdout]     |         any code following this expression is unreachable
[INFO] [stdout] 
[INFO] [stdout] 
[INFO] [stdout] warning: method call on a diverging inference variable
[INFO] [stdout]    --> tests/client.rs:192:21
[INFO] [stdout]     |
[INFO] [stdout] 192 |     assert_eq!(conn.status(), Some(Status::Ok));
[INFO] [stdout]     |                     ^^^^^^
[INFO] [stdout]     |
[INFO] [stdout]     = help: consider providing a type annotation
[INFO] [stdout]     = warning: this was previously accepted by the compiler but is being phased out; it will become a hard error in a future release!
[INFO] [stdout]     = note: for more information, see issue #156047 <https://github.com/rust-lang/rust/issues/156047>
[INFO] [stdout] 
[INFO] [stdout] 
[INFO] [stdout] error[E0599]: no method named `status` found for type `!` in the current scope
[INFO] [stdout]    --> tests/client.rs:192:21
[INFO] [stdout]     |
[INFO] [stdout] 192 |     assert_eq!(conn.status(), Some(Status::Ok));
[INFO] [stdout]     |                     ^^^^^^ method not found in `!`
[INFO] [stdout] 
[INFO] [stdout] 
[INFO] [stdout] error[E0599]: no method named `url` found for type `!` in the current scope
[INFO] [stdout]    --> tests/client.rs:193:21
[INFO] [stdout]     |
[INFO] [stdout] 193 |     assert_eq!(conn.url().path(), "/echo-body");
[INFO] [stdout]     |                     ^^^ method not found in `!`
[INFO] [stdout] 
[INFO] [stdout] 
[INFO] [stdout] warning: unreachable call
[INFO] [stdout]    --> tests/client.rs:193:21
[INFO] [stdout]     |
[INFO] [stdout] 193 |     assert_eq!(conn.url().path(), "/echo-body");
[INFO] [stdout]     |                ---- ^^^ unreachable call
[INFO] [stdout]     |                |
[INFO] [stdout]     |                any code following this expression is unreachable
[INFO] [stdout] 
[INFO] [stdout] 
[INFO] [stdout] error[E0599]: no method named `response_body` found for type `!` in the current scope
[INFO] [stdout]    --> tests/client.rs:196:21
[INFO] [stdout]     |
[INFO] [stdout] 196 |     assert_eq!(conn.response_body().read_string().await?, "");
[INFO] [stdout]     |                     ^^^^^^^^^^^^^ method not found in `!`
[INFO] [stdout] 
[INFO] [stdout] 
[INFO] [stdout] warning: unreachable call
[INFO] [stdout]    --> tests/client.rs:196:21
[INFO] [stdout]     |
[INFO] [stdout] 196 |     assert_eq!(conn.response_body().read_string().await?, "");
[INFO] [stdout]     |                ---- ^^^^^^^^^^^^^ unreachable call
[INFO] [stdout]     |                |
[INFO] [stdout]     |                any code following this expression is unreachable
[INFO] [stdout] 
[INFO] [stdout] 
[INFO] [stdout] warning: method call on a diverging inference variable
[INFO] [stdout]    --> tests/client.rs:205:21
[INFO] [stdout]     |
[INFO] [stdout] 205 |     assert_eq!(conn.status(), Some(Status::Found));
[INFO] [stdout]     |                     ^^^^^^
[INFO] [stdout]     |
[INFO] [stdout]     = help: consider providing a type annotation
[INFO] [stdout]     = warning: this was previously accepted by the compiler but is being phased out; it will become a hard error in a future release!
[INFO] [stdout]     = note: for more information, see issue #156047 <https://github.com/rust-lang/rust/issues/156047>
[INFO] [stdout] 
[INFO] [stdout] 
[INFO] [stdout] error[E0599]: no method named `status` found for type `!` in the current scope
[INFO] [stdout]    --> tests/client.rs:205:21
[INFO] [stdout]     |
[INFO] [stdout] 205 |     assert_eq!(conn.status(), Some(Status::Found));
[INFO] [stdout]     |                     ^^^^^^ method not found in `!`
[INFO] [stdout] 
[INFO] [stdout] 
[INFO] [stdout] Some errors have detailed explanations: E0432, E0433, E0599.
[INFO] [stdout] 
[INFO] [stdout] For more information about an error, try `rustc --explain E0432`.
[INFO] [stdout] 
[INFO] [stderr] error: could not compile `trillium-redirect` (test "client") due to 21 previous errors; 25 warnings emitted
[INFO] running `Command { std: "docker" "inspect" "f7240d8a1a0ba9a4e47070e1a09000111fd927378a9dd4a30d6f90a411f69106", kill_on_drop: false }`
[INFO] running `Command { std: "docker" "rm" "-f" "f7240d8a1a0ba9a4e47070e1a09000111fd927378a9dd4a30d6f90a411f69106", kill_on_drop: false }`
[INFO] [stdout] f7240d8a1a0ba9a4e47070e1a09000111fd927378a9dd4a30d6f90a411f69106
