[INFO] fetching crate trillium-openssl 0.2.1...
[INFO] testing trillium-openssl-0.2.1 against 1.100.0-beta.1+cargoflags=--release for beta-release-1.100-2
[INFO] extracting crate trillium-openssl 0.2.1 into /workspace/builds/worker-6-tc2/source
[INFO] started tweaking crates.io crate trillium-openssl 0.2.1
[INFO] removed 0 missing examples
[INFO] removed 0 missing tests
[INFO] finished tweaking crates.io crate trillium-openssl 0.2.1
[INFO] tweaked toml for crates.io crate trillium-openssl 0.2.1 written to /workspace/builds/worker-6-tc2/source/Cargo.toml
[INFO] validating manifest of crates.io crate trillium-openssl 0.2.1 on toolchain 1.100.0-beta.1
[INFO] running `Command { std: CARGO_HOME="/workspace/cargo-home" RUSTUP_HOME="/workspace/rustup-home" "/workspace/cargo-home/bin/cargo" "+1.100.0-beta.1" "metadata" "--manifest-path" "Cargo.toml" "--no-deps", kill_on_drop: false }`
[INFO] crate crates.io crate trillium-openssl 0.2.1 already has a lockfile, it will not be regenerated
[INFO] running `Command { std: CARGO_HOME="/workspace/cargo-home" RUSTUP_HOME="/workspace/rustup-home" "/workspace/cargo-home/bin/cargo" "+1.100.0-beta.1" "fetch" "--manifest-path" "Cargo.toml", kill_on_drop: false }`
[INFO] running `Command { std: "docker" "create" "-v" "/var/lib/crater-agent-workspace/builds/worker-6-tc2/source:/opt/rustwide/workdir:ro,Z" "-v" "/var/lib/crater-agent-workspace/builds/worker-6-tc2/target:/opt/rustwide/target:rw,Z" "-v" "/var/lib/crater-agent-workspace/cargo-home:/opt/rustwide/cargo-home:ro,Z" "-v" "/var/lib/crater-agent-workspace/rustup-home:/opt/rustwide/rustup-home:ro,Z" "-m" "1610612736" "--network" "none" "ghcr.io/rust-lang/crates-build-env/linux@sha256:77db811e55d90add9212f6832c23229e3de5f1c1f9905e8cb07319ea15df73ac" "sleep" "infinity", kill_on_drop: false }`
[INFO] [stdout] 23fbd303bcd8011067ff41b4913d9d2be046ecd25b0ed71425155724c9702d17
[INFO] running `Command { std: "docker" "start" "23fbd303bcd8011067ff41b4913d9d2be046ecd25b0ed71425155724c9702d17", kill_on_drop: false }`
[INFO] running `Command { std: "docker" "inspect" "23fbd303bcd8011067ff41b4913d9d2be046ecd25b0ed71425155724c9702d17", kill_on_drop: false }`
[INFO] running `Command { std: "docker" "exec" "-e" "SOURCE_DIR=/opt/rustwide/workdir" "-e" "CARGO_HOME=/opt/rustwide/cargo-home" "-e" "RUSTUP_HOME=/opt/rustwide/rustup-home" "-e" "CARGO_TARGET_DIR=/opt/rustwide/target" "-w" "/opt/rustwide/workdir" "--user" "0:0" "23fbd303bcd8011067ff41b4913d9d2be046ecd25b0ed71425155724c9702d17" "/opt/rustwide/cargo-home/bin/cargo" "+1.100.0-beta.1" "metadata" "--no-deps" "--format-version=1", kill_on_drop: false }`
[INFO] running `Command { std: "docker" "inspect" "23fbd303bcd8011067ff41b4913d9d2be046ecd25b0ed71425155724c9702d17", kill_on_drop: false }`
[INFO] running `Command { std: "docker" "exec" "-e" "SOURCE_DIR=/opt/rustwide/workdir" "-e" "CARGO_HOME=/opt/rustwide/cargo-home" "-e" "RUSTUP_HOME=/opt/rustwide/rustup-home" "-e" "CARGO_TARGET_DIR=/opt/rustwide/target" "-e" "CARGO_INCREMENTAL=0" "-e" "RUST_BACKTRACE=full" "-e" "RUSTFLAGS=--cap-lints=warn" "-e" "RUSTDOCFLAGS=--cap-lints=warn" "-w" "/opt/rustwide/workdir" "--user" "0:0" "23fbd303bcd8011067ff41b4913d9d2be046ecd25b0ed71425155724c9702d17" "/opt/rustwide/cargo-home/bin/cargo" "+1.100.0-beta.1" "build" "--frozen" "--message-format=json" "--release", kill_on_drop: false }`
[INFO] [stderr]    Compiling libc v0.2.186
[INFO] [stderr]    Compiling crossbeam-utils v0.8.21
[INFO] [stderr]    Compiling vcpkg v0.2.15
[INFO] [stderr]    Compiling cc v1.2.64
[INFO] [stderr]    Compiling parking v2.2.1
[INFO] [stderr]    Compiling smallvec v1.15.2
[INFO] [stderr]    Compiling futures-core v0.3.32
[INFO] [stderr]    Compiling smartstring v1.0.1
[INFO] [stderr]    Compiling futures-io v0.3.32
[INFO] [stderr]    Compiling static_assertions v1.1.0
[INFO] [stderr]    Compiling log v0.4.32
[INFO] [stderr]    Compiling syn v2.0.118
[INFO] [stderr]    Compiling foldhash v0.2.0
[INFO] [stderr]    Compiling allocator-api2 v0.2.21
[INFO] [stderr]    Compiling fastrand v2.4.1
[INFO] [stderr]    Compiling encoding_rs v0.8.35
[INFO] [stderr]    Compiling httpdate v1.0.3
[INFO] [stderr]    Compiling type-set v0.3.2
[INFO] [stderr]    Compiling atomic-waker v1.1.2
[INFO] [stderr]    Compiling cfg_aliases v0.2.1
[INFO] [stderr]    Compiling mime v0.3.17
[INFO] [stderr]    Compiling sync_wrapper v1.0.2
[INFO] [stderr]    Compiling foreign-types-shared v0.1.1
[INFO] [stderr]    Compiling futures-lite v2.6.1
[INFO] [stderr]    Compiling openssl v0.10.81
[INFO] [stderr]    Compiling rlimit v0.11.0
[INFO] [stderr]    Compiling memchr v2.8.2
[INFO] [stderr]    Compiling percent-encoding v2.3.2
[INFO] [stderr]    Compiling foreign-types v0.3.2
[INFO] [stderr]    Compiling trillium-server-common v0.7.5
[INFO] [stderr]    Compiling bitflags v2.13.0
[INFO] [stderr]    Compiling hashbrown v0.17.1
[INFO] [stderr]    Compiling form_urlencoded v1.2.2
[INFO] [stderr]    Compiling smartcow v0.2.1
[INFO] [stderr]    Compiling concurrent-queue v2.5.0
[INFO] [stderr]    Compiling async_cell v0.2.3
[INFO] [stderr]    Compiling event-listener v5.4.1
[INFO] [stderr]    Compiling swansong v0.3.4
[INFO] [stderr]    Compiling event-listener-strategy v0.5.4
[INFO] [stderr]    Compiling async-channel v2.5.0
[INFO] [stderr]    Compiling openssl-sys v0.9.117
[INFO] [stderr]    Compiling listenfd v1.0.2
[INFO] [stderr]    Compiling async-openssl v0.2.8
[INFO] [stderr]    Compiling synstructure v0.13.2
[INFO] [stderr]    Compiling zerofrom-derive v0.1.7
[INFO] [stderr]    Compiling yoke-derive v0.8.2
[INFO] [stderr]    Compiling zerovec-derive v0.11.3
[INFO] [stderr]    Compiling displaydoc v0.2.6
[INFO] [stderr]    Compiling fieldwork-derive v0.5.2
[INFO] [stderr]    Compiling thiserror-impl v2.0.18
[INFO] [stderr]    Compiling trillium-macros v0.1.0
[INFO] [stderr]    Compiling openssl-macros v0.1.1
[INFO] [stderr]    Compiling zerofrom v0.1.8
[INFO] [stderr]    Compiling yoke v0.8.3
[INFO] [stderr]    Compiling fieldwork v0.5.2
[INFO] [stderr]    Compiling zerovec v0.11.6
[INFO] [stderr]    Compiling zerotrie v0.2.4
[INFO] [stderr]    Compiling thiserror v2.0.18
[INFO] [stderr]    Compiling trillium-http v1.3.7
[INFO] [stderr]    Compiling tinystr v0.8.3
[INFO] [stderr]    Compiling potential_utf v0.1.5
[INFO] [stderr]    Compiling icu_collections v2.2.0
[INFO] [stderr]    Compiling icu_locale_core v2.2.0
[INFO] [stderr]    Compiling icu_provider v2.2.0
[INFO] [stderr]    Compiling icu_normalizer v2.2.0
[INFO] [stderr]    Compiling icu_properties v2.2.0
[INFO] [stderr]    Compiling idna_adapter v1.2.2
[INFO] [stderr]    Compiling idna v1.1.0
[INFO] [stderr]    Compiling url v2.5.8
[INFO] [stderr]    Compiling trillium v1.3.0
[INFO] [stderr]    Compiling trillium-openssl v0.2.1 (/opt/rustwide/workdir)
[INFO] [stderr]     Finished `release` profile [optimized] target(s) in 32.07s
[INFO] [stderr] warning: the following packages contain code that will be rejected by a future version of Rust: trillium-server-common v0.7.5
[INFO] [stderr] note: to see what the problems were, use the option `--future-incompat-report`, or run `cargo report future-incompatibilities --id 2`
[INFO] running `Command { std: "docker" "inspect" "23fbd303bcd8011067ff41b4913d9d2be046ecd25b0ed71425155724c9702d17", kill_on_drop: false }`
[INFO] running `Command { std: "docker" "exec" "-e" "SOURCE_DIR=/opt/rustwide/workdir" "-e" "CARGO_HOME=/opt/rustwide/cargo-home" "-e" "RUSTUP_HOME=/opt/rustwide/rustup-home" "-e" "CARGO_TARGET_DIR=/opt/rustwide/target" "-e" "CARGO_INCREMENTAL=0" "-e" "RUST_BACKTRACE=full" "-e" "RUSTFLAGS=--cap-lints=warn" "-e" "RUSTDOCFLAGS=--cap-lints=warn" "-w" "/opt/rustwide/workdir" "--user" "0:0" "23fbd303bcd8011067ff41b4913d9d2be046ecd25b0ed71425155724c9702d17" "/opt/rustwide/cargo-home/bin/cargo" "+1.100.0-beta.1" "test" "--frozen" "--no-run" "--message-format=json" "--release", kill_on_drop: false }`
[INFO] [stderr]    Compiling log v0.4.32
[INFO] [stderr]    Compiling zerocopy v0.8.52
[INFO] [stderr]    Compiling getrandom v0.2.17
[INFO] [stderr]    Compiling aho-corasick v1.1.4
[INFO] [stderr]    Compiling regex-syntax v0.8.11
[INFO] [stderr]    Compiling jiff v0.2.28
[INFO] [stderr]    Compiling test-harness v0.3.1
[INFO] [stderr]    Compiling anstream v1.0.0
[INFO] [stderr]    Compiling rand_core v0.6.4
[INFO] [stderr]    Compiling swansong v0.3.4
[INFO] [stderr]    Compiling trillium-http v1.3.7
[INFO] [stderr]    Compiling regex-automata v0.4.14
[INFO] [stderr]    Compiling regex v1.12.4
[INFO] [stderr]    Compiling ppv-lite86 v0.2.21
[INFO] [stderr]    Compiling trillium v1.3.0
[INFO] [stderr]    Compiling env_filter v1.0.1
[INFO] [stderr]    Compiling rand_chacha v0.3.1
[INFO] [stderr]    Compiling env_logger v0.11.10
[INFO] [stderr]    Compiling rand v0.8.6
[INFO] [stderr]    Compiling portpicker v0.1.1
[INFO] [stderr]    Compiling trillium-server-common v0.7.5
[INFO] [stderr]    Compiling trillium-openssl v0.2.1 (/opt/rustwide/workdir)
[INFO] [stdout] error[E0432]: unresolved import `trillium`
[INFO] [stdout]  --> examples/openssl.rs:1:5
[INFO] [stdout]   |
[INFO] [stdout] 1 | use trillium::Conn;
[INFO] [stdout]   |     ^^^^^^^^ use of unresolved module or unlinked crate `trillium`
[INFO] [stdout]   |
[INFO] [stdout]   = help: if you wanted to use a crate named `trillium`, use `cargo add trillium` to add it to your `Cargo.toml`
[INFO] [stdout] 
[INFO] [stdout] 
[INFO] [stdout] error[E0432]: unresolved import `trillium_client`
[INFO] [stdout]  --> tests/against_trillium.rs:3:5
[INFO] [stdout]   |
[INFO] [stdout] 3 | use trillium_client::Client;
[INFO] [stdout]   |     ^^^^^^^^^^^^^^^ use of unresolved module or unlinked crate `trillium_client`
[INFO] [stdout]   |
[INFO] [stdout]   = help: if you wanted to use a crate named `trillium_client`, use `cargo add trillium_client` to add it to your `Cargo.toml`
[INFO] [stdout] 
[INFO] [stdout] 
[INFO] [stdout] error[E0432]: unresolved import `trillium_native_tls`
[INFO] [stdout]  --> tests/against_trillium.rs:4:5
[INFO] [stdout]   |
[INFO] [stdout] 4 | use trillium_native_tls::{NativeTlsAcceptor, NativeTlsConfig};
[INFO] [stdout]   |     ^^^^^^^^^^^^^^^^^^^ use of unresolved module or unlinked crate `trillium_native_tls`
[INFO] [stdout]   |
[INFO] [stdout]   = help: if you wanted to use a crate named `trillium_native_tls`, use `cargo add trillium_native_tls` to add it to your `Cargo.toml`
[INFO] [stdout] 
[INFO] [stdout] 
[INFO] [stdout] error[E0432]: unresolved import `trillium_rustls`
[INFO] [stdout]  --> tests/against_trillium.rs:6:5
[INFO] [stdout]   |
[INFO] [stdout] 6 | use trillium_rustls::{RustlsAcceptor, RustlsConfig};
[INFO] [stdout]   |     ^^^^^^^^^^^^^^^ use of unresolved module or unlinked crate `trillium_rustls`
[INFO] [stdout]   |
[INFO] [stdout]   = help: if you wanted to use a crate named `trillium_rustls`, use `cargo add trillium_rustls` to add it to your `Cargo.toml`
[INFO] [stdout] 
[INFO] [stdout] 
[INFO] [stdout] error[E0432]: unresolved import `trillium_testing`
[INFO] [stdout]  --> tests/against_trillium.rs:8:5
[INFO] [stdout]   |
[INFO] [stdout] 8 | use trillium_testing::{block_on, client_config, config};
[INFO] [stdout]   |     ^^^^^^^^^^^^^^^^ use of unresolved module or unlinked crate `trillium_testing`
[INFO] [stdout]   |
[INFO] [stdout]   = help: if you wanted to use a crate named `trillium_testing`, use `cargo add trillium_testing` to add it to your `Cargo.toml`
[INFO] [stdout] 
[INFO] [stdout] 
[INFO] [stdout] error[E0432]: unresolved import `trillium_client`
[INFO] [stdout]  --> examples/client-openssl.rs:1:5
[INFO] [stdout]   |
[INFO] [stdout] 1 | use trillium_client::Client;
[INFO] [stdout]   |     ^^^^^^^^^^^^^^^ use of unresolved module or unlinked crate `trillium_client`
[INFO] [stdout]   |
[INFO] [stdout]   = help: if you wanted to use a crate named `trillium_client`, use `cargo add trillium_client` to add it to your `Cargo.toml`
[INFO] [stdout] 
[INFO] [stdout] 
[INFO] [stdout] error[E0433]: cannot find module or crate `trillium_smol` in this scope
[INFO] [stdout]  --> examples/client-openssl.rs:3:5
[INFO] [stdout]   |
[INFO] [stdout] 3 | use trillium_smol::{ClientConfig, async_global_executor::block_on};
[INFO] [stdout]   |     ^^^^^^^^^^^^^ use of unresolved module or unlinked crate `trillium_smol`
[INFO] [stdout]   |
[INFO] [stdout]   = help: if you wanted to use a crate named `trillium_smol`, use `cargo add trillium_smol` to add it to your `Cargo.toml`
[INFO] [stdout] 
[INFO] [stdout] 
[INFO] [stdout] error[E0432]: unresolved import `trillium_smol`
[INFO] [stdout]  --> examples/client-openssl.rs:3:5
[INFO] [stdout]   |
[INFO] [stdout] 3 | use trillium_smol::{ClientConfig, async_global_executor::block_on};
[INFO] [stdout]   |     ^^^^^^^^^^^^^ use of unresolved module or unlinked crate `trillium_smol`
[INFO] [stdout]   |
[INFO] [stdout]   = help: if you wanted to use a crate named `trillium_smol`, use `cargo add trillium_smol` to add it to your `Cargo.toml`
[INFO] [stdout] 
[INFO] [stdout] 
[INFO] [stdout] error[E0433]: cannot find module or crate `trillium_smol` in this scope
[INFO] [stdout]  --> examples/openssl.rs:9:5
[INFO] [stdout]   |
[INFO] [stdout] 9 |     trillium_smol::config()
[INFO] [stdout]   |     ^^^^^^^^^^^^^ use of unresolved module or unlinked crate `trillium_smol`
[INFO] [stdout]   |
[INFO] [stdout]   = help: if you wanted to use a crate named `trillium_smol`, use `cargo add trillium_smol` to add it to your `Cargo.toml`
[INFO] [stdout] 
[INFO] [stdout] 
[INFO] [stdout] Some errors have detailed explanations: E0432, E0433.
[INFO] [stdout] 
[INFO] [stdout] For more information about an error, try `rustc --explain E0432`.
[INFO] [stdout] 
[INFO] [stderr] error: could not compile `trillium-openssl` (example "openssl") due to 2 previous errors
[INFO] [stderr] warning: build failed, waiting for other jobs to finish...
[INFO] [stdout] error[E0433]: cannot find module or crate `trillium` in this scope
[INFO] [stdout]   --> tests/against_trillium.rs:10:22
[INFO] [stdout]    |
[INFO] [stdout] 10 | fn handler() -> impl trillium::Handler {
[INFO] [stdout]    |                      ^^^^^^^^ use of unresolved module or unlinked crate `trillium`
[INFO] [stdout]    |
[INFO] [stdout]    = help: if you wanted to use a crate named `trillium`, use `cargo add trillium` to add it to your `Cargo.toml`
[INFO] [stdout] 
[INFO] [stdout] 
[INFO] [stdout] Some errors have detailed explanations: E0432, E0433.
[INFO] [stdout] 
[INFO] [stdout] For more information about an error, try `rustc --explain E0432`.
[INFO] [stdout] 
[INFO] [stderr] error: could not compile `trillium-openssl` (test "against_trillium") due to 5 previous errors
[INFO] [stdout] Some errors have detailed explanations: E0432, E0433.
[INFO] [stdout] 
[INFO] [stdout] For more information about an error, try `rustc --explain E0432`.
[INFO] [stdout] 
[INFO] [stderr] error: could not compile `trillium-openssl` (example "client-openssl") due to 3 previous errors
[INFO] running `Command { std: "docker" "inspect" "23fbd303bcd8011067ff41b4913d9d2be046ecd25b0ed71425155724c9702d17", kill_on_drop: false }`
[INFO] running `Command { std: "docker" "rm" "-f" "23fbd303bcd8011067ff41b4913d9d2be046ecd25b0ed71425155724c9702d17", kill_on_drop: false }`
[INFO] [stdout] 23fbd303bcd8011067ff41b4913d9d2be046ecd25b0ed71425155724c9702d17
