[INFO] fetching crate trillium-native-tls 0.6.3...
[INFO] testing trillium-native-tls-0.6.3 against 1.100.0-beta.1+cargoflags=--release for beta-release-1.100-2
[INFO] extracting crate trillium-native-tls 0.6.3 into /workspace/builds/worker-0-tc2/source
[INFO] started tweaking crates.io crate trillium-native-tls 0.6.3
[INFO] removed 0 missing examples
[INFO] removed 0 missing tests
[INFO] finished tweaking crates.io crate trillium-native-tls 0.6.3
[INFO] tweaked toml for crates.io crate trillium-native-tls 0.6.3 written to /workspace/builds/worker-0-tc2/source/Cargo.toml
[INFO] validating manifest of crates.io crate trillium-native-tls 0.6.3 on toolchain 1.100.0-beta.1
[INFO] running `Command { std: CARGO_HOME="/workspace/cargo-home" RUSTUP_HOME="/workspace/rustup-home" "/workspace/cargo-home/bin/cargo" "+1.100.0-beta.1" "metadata" "--manifest-path" "Cargo.toml" "--no-deps", kill_on_drop: false }`
[INFO] crate crates.io crate trillium-native-tls 0.6.3 already has a lockfile, it will not be regenerated
[INFO] running `Command { std: CARGO_HOME="/workspace/cargo-home" RUSTUP_HOME="/workspace/rustup-home" "/workspace/cargo-home/bin/cargo" "+1.100.0-beta.1" "fetch" "--manifest-path" "Cargo.toml", kill_on_drop: false }`
[INFO] running `Command { std: "docker" "create" "-v" "/var/lib/crater-agent-workspace/builds/worker-0-tc2/source:/opt/rustwide/workdir:ro,Z" "-v" "/var/lib/crater-agent-workspace/builds/worker-0-tc2/target:/opt/rustwide/target:rw,Z" "-v" "/var/lib/crater-agent-workspace/cargo-home:/opt/rustwide/cargo-home:ro,Z" "-v" "/var/lib/crater-agent-workspace/rustup-home:/opt/rustwide/rustup-home:ro,Z" "-m" "1610612736" "--network" "none" "ghcr.io/rust-lang/crates-build-env/linux@sha256:77db811e55d90add9212f6832c23229e3de5f1c1f9905e8cb07319ea15df73ac" "sleep" "infinity", kill_on_drop: false }`
[INFO] [stdout] 525ed7d9f15b674a2d1025d36bc910e0cb773dc393950f880dd43c0c34062ff2
[INFO] running `Command { std: "docker" "start" "525ed7d9f15b674a2d1025d36bc910e0cb773dc393950f880dd43c0c34062ff2", kill_on_drop: false }`
[INFO] running `Command { std: "docker" "inspect" "525ed7d9f15b674a2d1025d36bc910e0cb773dc393950f880dd43c0c34062ff2", kill_on_drop: false }`
[INFO] running `Command { std: "docker" "exec" "-e" "SOURCE_DIR=/opt/rustwide/workdir" "-e" "CARGO_HOME=/opt/rustwide/cargo-home" "-e" "RUSTUP_HOME=/opt/rustwide/rustup-home" "-e" "CARGO_TARGET_DIR=/opt/rustwide/target" "-w" "/opt/rustwide/workdir" "--user" "0:0" "525ed7d9f15b674a2d1025d36bc910e0cb773dc393950f880dd43c0c34062ff2" "/opt/rustwide/cargo-home/bin/cargo" "+1.100.0-beta.1" "metadata" "--no-deps" "--format-version=1", kill_on_drop: false }`
[INFO] running `Command { std: "docker" "inspect" "525ed7d9f15b674a2d1025d36bc910e0cb773dc393950f880dd43c0c34062ff2", kill_on_drop: false }`
[INFO] running `Command { std: "docker" "exec" "-e" "SOURCE_DIR=/opt/rustwide/workdir" "-e" "CARGO_HOME=/opt/rustwide/cargo-home" "-e" "RUSTUP_HOME=/opt/rustwide/rustup-home" "-e" "CARGO_TARGET_DIR=/opt/rustwide/target" "-e" "CARGO_INCREMENTAL=0" "-e" "RUST_BACKTRACE=full" "-e" "RUSTFLAGS=--cap-lints=warn" "-e" "RUSTDOCFLAGS=--cap-lints=warn" "-w" "/opt/rustwide/workdir" "--user" "0:0" "525ed7d9f15b674a2d1025d36bc910e0cb773dc393950f880dd43c0c34062ff2" "/opt/rustwide/cargo-home/bin/cargo" "+1.100.0-beta.1" "build" "--frozen" "--message-format=json" "--release", kill_on_drop: false }`
[INFO] [stderr]    Compiling syn v2.0.118
[INFO] [stderr]    Compiling smallvec v1.15.2
[INFO] [stderr]    Compiling cc v1.2.64
[INFO] [stderr]    Compiling crypto-common v0.1.7
[INFO] [stderr]    Compiling concurrent-queue v2.5.0
[INFO] [stderr]    Compiling smartstring v1.0.1
[INFO] [stderr]    Compiling block-padding v0.3.3
[INFO] [stderr]    Compiling futures-io v0.3.32
[INFO] [stderr]    Compiling log v0.4.32
[INFO] [stderr]    Compiling inout v0.1.4
[INFO] [stderr]    Compiling memchr v2.8.2
[INFO] [stderr]    Compiling cipher v0.4.4
[INFO] [stderr]    Compiling zeroize v1.9.0
[INFO] [stderr]    Compiling event-listener v5.4.1
[INFO] [stderr]    Compiling hashbrown v0.17.1
[INFO] [stderr]    Compiling der v0.8.0
[INFO] [stderr]    Compiling futures-lite v2.6.1
[INFO] [stderr]    Compiling swansong v0.3.4
[INFO] [stderr]    Compiling smartcow v0.2.1
[INFO] [stderr]    Compiling digest v0.10.7
[INFO] [stderr]    Compiling cfg_aliases v0.2.1
[INFO] [stderr]    Compiling native-tls v0.2.18
[INFO] [stderr]    Compiling bitflags v2.13.0
[INFO] [stderr]    Compiling rlimit v0.11.0
[INFO] [stderr]    Compiling type-set v0.3.2
[INFO] [stderr]    Compiling trillium-server-common v0.7.5
[INFO] [stderr]    Compiling event-listener-strategy v0.5.4
[INFO] [stderr]    Compiling sha1 v0.10.6
[INFO] [stderr]    Compiling async-channel v2.5.0
[INFO] [stderr]    Compiling openssl-sys v0.9.117
[INFO] [stderr]    Compiling hmac v0.12.1
[INFO] [stderr]    Compiling cbc v0.1.2
[INFO] [stderr]    Compiling des v0.8.1
[INFO] [stderr]    Compiling rc2 v0.8.1
[INFO] [stderr]    Compiling listenfd v1.0.2
[INFO] [stderr]    Compiling base16ct v1.0.0
[INFO] [stderr]    Compiling async_cell v0.2.3
[INFO] [stderr]    Compiling yasna v0.5.2
[INFO] [stderr]    Compiling pem v3.0.6
[INFO] [stderr]    Compiling spki v0.8.0
[INFO] [stderr]    Compiling openssl v0.10.81
[INFO] [stderr]    Compiling pkcs8 v0.11.0
[INFO] [stderr]    Compiling sec1 v0.8.1
[INFO] [stderr]    Compiling p12 v0.6.3
[INFO] [stderr]    Compiling synstructure v0.13.2
[INFO] [stderr]    Compiling zerofrom-derive v0.1.7
[INFO] [stderr]    Compiling yoke-derive v0.8.2
[INFO] [stderr]    Compiling zerovec-derive v0.11.3
[INFO] [stderr]    Compiling displaydoc v0.2.6
[INFO] [stderr]    Compiling thiserror-impl v2.0.18
[INFO] [stderr]    Compiling fieldwork-derive v0.5.2
[INFO] [stderr]    Compiling openssl-macros v0.1.1
[INFO] [stderr]    Compiling trillium-macros v0.1.0
[INFO] [stderr]    Compiling futures-macro v0.3.32
[INFO] [stderr]    Compiling zerofrom v0.1.8
[INFO] [stderr]    Compiling futures-util v0.3.32
[INFO] [stderr]    Compiling thiserror v2.0.18
[INFO] [stderr]    Compiling yoke v0.8.3
[INFO] [stderr]    Compiling fieldwork v0.5.2
[INFO] [stderr]    Compiling trillium-http v1.3.7
[INFO] [stderr]    Compiling zerovec v0.11.6
[INFO] [stderr]    Compiling zerotrie v0.2.4
[INFO] [stderr]    Compiling tinystr v0.8.3
[INFO] [stderr]    Compiling potential_utf v0.1.5
[INFO] [stderr]    Compiling icu_collections v2.2.0
[INFO] [stderr]    Compiling icu_locale_core v2.2.0
[INFO] [stderr]    Compiling icu_provider v2.2.0
[INFO] [stderr]    Compiling icu_normalizer v2.2.0
[INFO] [stderr]    Compiling icu_properties v2.2.0
[INFO] [stderr]    Compiling idna_adapter v1.2.2
[INFO] [stderr]    Compiling idna v1.1.0
[INFO] [stderr]    Compiling url v2.5.8
[INFO] [stderr]    Compiling trillium v1.3.0
[INFO] [stderr]    Compiling async-native-tls v0.6.0
[INFO] [stderr]    Compiling trillium-native-tls v0.6.3 (/opt/rustwide/workdir)
[INFO] [stderr]     Finished `release` profile [optimized] target(s) in 1m 26s
[INFO] [stderr] warning: the following packages contain code that will be rejected by a future version of Rust: trillium-server-common v0.7.5
[INFO] [stderr] note: to see what the problems were, use the option `--future-incompat-report`, or run `cargo report future-incompatibilities --id 3`
[INFO] running `Command { std: "docker" "inspect" "525ed7d9f15b674a2d1025d36bc910e0cb773dc393950f880dd43c0c34062ff2", kill_on_drop: false }`
[INFO] running `Command { std: "docker" "exec" "-e" "SOURCE_DIR=/opt/rustwide/workdir" "-e" "CARGO_HOME=/opt/rustwide/cargo-home" "-e" "RUSTUP_HOME=/opt/rustwide/rustup-home" "-e" "CARGO_TARGET_DIR=/opt/rustwide/target" "-e" "CARGO_INCREMENTAL=0" "-e" "RUST_BACKTRACE=full" "-e" "RUSTFLAGS=--cap-lints=warn" "-e" "RUSTDOCFLAGS=--cap-lints=warn" "-w" "/opt/rustwide/workdir" "--user" "0:0" "525ed7d9f15b674a2d1025d36bc910e0cb773dc393950f880dd43c0c34062ff2" "/opt/rustwide/cargo-home/bin/cargo" "+1.100.0-beta.1" "test" "--frozen" "--no-run" "--message-format=json" "--release", kill_on_drop: false }`
[INFO] [stderr]    Compiling log v0.4.32
[INFO] [stderr]    Compiling zerocopy v0.8.52
[INFO] [stderr]    Compiling aho-corasick v1.1.4
[INFO] [stderr]    Compiling p12 v0.6.3
[INFO] [stderr]    Compiling jiff v0.2.28
[INFO] [stderr]    Compiling test-harness v0.3.1
[INFO] [stderr]    Compiling swansong v0.3.4
[INFO] [stderr]    Compiling native-tls v0.2.18
[INFO] [stderr]    Compiling trillium-http v1.3.7
[INFO] [stderr]    Compiling async-native-tls v0.6.0
[INFO] [stderr]    Compiling regex-automata v0.4.14
[INFO] [stderr]    Compiling trillium v1.3.0
[INFO] [stderr]    Compiling regex v1.12.4
[INFO] [stderr]    Compiling ppv-lite86 v0.2.21
[INFO] [stderr]    Compiling rand_chacha v0.3.1
[INFO] [stderr]    Compiling rand v0.8.6
[INFO] [stderr]    Compiling env_filter v1.0.1
[INFO] [stderr]    Compiling trillium-server-common v0.7.5
[INFO] [stderr]    Compiling portpicker v0.1.1
[INFO] [stderr]    Compiling env_logger v0.11.10
[INFO] [stderr]    Compiling trillium-native-tls v0.6.3 (/opt/rustwide/workdir)
[INFO] [stdout] error[E0432]: unresolved import `trillium`
[INFO] [stdout]  --> examples/native-tls.rs:1:5
[INFO] [stdout]   |
[INFO] [stdout] 1 | use trillium::Conn;
[INFO] [stdout]   |     ^^^^^^^^ use of unresolved module or unlinked crate `trillium`
[INFO] [stdout]   |
[INFO] [stdout]   = help: if you wanted to use a crate named `trillium`, use `cargo add trillium` to add it to your `Cargo.toml`
[INFO] [stdout] 
[INFO] [stdout] 
[INFO] [stdout] error[E0432]: unresolved import `trillium_client`
[INFO] [stdout]  --> tests/against_trillium.rs:3:5
[INFO] [stdout]   |
[INFO] [stdout] 3 | use trillium_client::Client;
[INFO] [stdout]   |     ^^^^^^^^^^^^^^^ use of unresolved module or unlinked crate `trillium_client`
[INFO] [stdout]   |
[INFO] [stdout]   = help: if you wanted to use a crate named `trillium_client`, use `cargo add trillium_client` to add it to your `Cargo.toml`
[INFO] [stdout] 
[INFO] [stdout] 
[INFO] [stdout] error[E0432]: unresolved import `trillium_rustls`
[INFO] [stdout]  --> tests/against_trillium.rs:5:5
[INFO] [stdout]   |
[INFO] [stdout] 5 | use trillium_rustls::{RustlsAcceptor, RustlsConfig};
[INFO] [stdout]   |     ^^^^^^^^^^^^^^^ use of unresolved module or unlinked crate `trillium_rustls`
[INFO] [stdout]   |
[INFO] [stdout]   = help: if you wanted to use a crate named `trillium_rustls`, use `cargo add trillium_rustls` to add it to your `Cargo.toml`
[INFO] [stdout] 
[INFO] [stdout] 
[INFO] [stdout] error[E0432]: unresolved import `trillium_testing`
[INFO] [stdout]  --> tests/against_trillium.rs:7:5
[INFO] [stdout]   |
[INFO] [stdout] 7 | use trillium_testing::{block_on, client_config, config};
[INFO] [stdout]   |     ^^^^^^^^^^^^^^^^ use of unresolved module or unlinked crate `trillium_testing`
[INFO] [stdout]   |
[INFO] [stdout]   = help: if you wanted to use a crate named `trillium_testing`, use `cargo add trillium_testing` to add it to your `Cargo.toml`
[INFO] [stdout] 
[INFO] [stdout] 
[INFO] [stdout] error[E0433]: cannot find module or crate `trillium_smol` in this scope
[INFO] [stdout]   --> examples/native-tls.rs:10:5
[INFO] [stdout]    |
[INFO] [stdout] 10 |     trillium_smol::config()
[INFO] [stdout]    |     ^^^^^^^^^^^^^ use of unresolved module or unlinked crate `trillium_smol`
[INFO] [stdout]    |
[INFO] [stdout]    = help: if you wanted to use a crate named `trillium_smol`, use `cargo add trillium_smol` to add it to your `Cargo.toml`
[INFO] [stdout] 
[INFO] [stdout] 
[INFO] [stdout] Some errors have detailed explanations: E0432, E0433.
[INFO] [stdout] 
[INFO] [stdout] For more information about an error, try `rustc --explain E0432`.
[INFO] [stdout] 
[INFO] [stdout] error[E0433]: cannot find module or crate `trillium` in this scope
[INFO] [stdout]  --> tests/against_trillium.rs:9:22
[INFO] [stdout]   |
[INFO] [stdout] 9 | fn handler() -> impl trillium::Handler {
[INFO] [stdout]   |                      ^^^^^^^^ use of unresolved module or unlinked crate `trillium`
[INFO] [stdout]   |
[INFO] [stdout]   = help: if you wanted to use a crate named `trillium`, use `cargo add trillium` to add it to your `Cargo.toml`
[INFO] [stdout] 
[INFO] [stdout] 
[INFO] [stderr] error: could not compile `trillium-native-tls` (example "native-tls") due to 2 previous errors
[INFO] [stdout] Some errors have detailed explanations: E0432, E0433.
[INFO] [stdout] 
[INFO] [stderr] warning: build failed, waiting for other jobs to finish...
[INFO] [stdout] For more information about an error, try `rustc --explain E0432`.
[INFO] [stdout] 
[INFO] [stderr] error: could not compile `trillium-native-tls` (test "against_trillium") due to 4 previous errors
[INFO] running `Command { std: "docker" "inspect" "525ed7d9f15b674a2d1025d36bc910e0cb773dc393950f880dd43c0c34062ff2", kill_on_drop: false }`
[INFO] running `Command { std: "docker" "rm" "-f" "525ed7d9f15b674a2d1025d36bc910e0cb773dc393950f880dd43c0c34062ff2", kill_on_drop: false }`
[INFO] [stdout] 525ed7d9f15b674a2d1025d36bc910e0cb773dc393950f880dd43c0c34062ff2
