[INFO] fetching crate trillium-cache 0.2.2...
[INFO] testing trillium-cache-0.2.2 against 1.100.0-beta.1+cargoflags=--release for beta-release-1.100-2
[INFO] extracting crate trillium-cache 0.2.2 into /workspace/builds/worker-5-tc2/source
[INFO] started tweaking crates.io crate trillium-cache 0.2.2
[INFO] removed 0 missing examples
[INFO] finished tweaking crates.io crate trillium-cache 0.2.2
[INFO] tweaked toml for crates.io crate trillium-cache 0.2.2 written to /workspace/builds/worker-5-tc2/source/Cargo.toml
[INFO] validating manifest of crates.io crate trillium-cache 0.2.2 on toolchain 1.100.0-beta.1
[INFO] running `Command { std: CARGO_HOME="/workspace/cargo-home" RUSTUP_HOME="/workspace/rustup-home" "/workspace/cargo-home/bin/cargo" "+1.100.0-beta.1" "metadata" "--manifest-path" "Cargo.toml" "--no-deps", kill_on_drop: false }`
[INFO] crate crates.io crate trillium-cache 0.2.2 already has a lockfile, it will not be regenerated
[INFO] running `Command { std: CARGO_HOME="/workspace/cargo-home" RUSTUP_HOME="/workspace/rustup-home" "/workspace/cargo-home/bin/cargo" "+1.100.0-beta.1" "fetch" "--manifest-path" "Cargo.toml", kill_on_drop: false }`
[INFO] running `Command { std: "docker" "create" "-v" "/var/lib/crater-agent-workspace/builds/worker-5-tc2/source:/opt/rustwide/workdir:ro,Z" "-v" "/var/lib/crater-agent-workspace/builds/worker-5-tc2/target:/opt/rustwide/target:rw,Z" "-v" "/var/lib/crater-agent-workspace/cargo-home:/opt/rustwide/cargo-home:ro,Z" "-v" "/var/lib/crater-agent-workspace/rustup-home:/opt/rustwide/rustup-home:ro,Z" "-m" "1610612736" "--network" "none" "ghcr.io/rust-lang/crates-build-env/linux@sha256:77db811e55d90add9212f6832c23229e3de5f1c1f9905e8cb07319ea15df73ac" "sleep" "infinity", kill_on_drop: false }`
[INFO] [stdout] be92a92ebdd752ba2cc67ebd87734ae43fbfea6db6f4b744241fbfaabe7fab33
[INFO] running `Command { std: "docker" "start" "be92a92ebdd752ba2cc67ebd87734ae43fbfea6db6f4b744241fbfaabe7fab33", kill_on_drop: false }`
[INFO] running `Command { std: "docker" "inspect" "be92a92ebdd752ba2cc67ebd87734ae43fbfea6db6f4b744241fbfaabe7fab33", kill_on_drop: false }`
[INFO] running `Command { std: "docker" "exec" "-e" "SOURCE_DIR=/opt/rustwide/workdir" "-e" "CARGO_HOME=/opt/rustwide/cargo-home" "-e" "RUSTUP_HOME=/opt/rustwide/rustup-home" "-e" "CARGO_TARGET_DIR=/opt/rustwide/target" "-w" "/opt/rustwide/workdir" "--user" "0:0" "be92a92ebdd752ba2cc67ebd87734ae43fbfea6db6f4b744241fbfaabe7fab33" "/opt/rustwide/cargo-home/bin/cargo" "+1.100.0-beta.1" "metadata" "--no-deps" "--format-version=1", kill_on_drop: false }`
[INFO] running `Command { std: "docker" "inspect" "be92a92ebdd752ba2cc67ebd87734ae43fbfea6db6f4b744241fbfaabe7fab33", kill_on_drop: false }`
[INFO] running `Command { std: "docker" "exec" "-e" "SOURCE_DIR=/opt/rustwide/workdir" "-e" "CARGO_HOME=/opt/rustwide/cargo-home" "-e" "RUSTUP_HOME=/opt/rustwide/rustup-home" "-e" "CARGO_TARGET_DIR=/opt/rustwide/target" "-e" "CARGO_INCREMENTAL=0" "-e" "RUST_BACKTRACE=full" "-e" "RUSTFLAGS=--cap-lints=warn" "-e" "RUSTDOCFLAGS=--cap-lints=warn" "-w" "/opt/rustwide/workdir" "--user" "0:0" "be92a92ebdd752ba2cc67ebd87734ae43fbfea6db6f4b744241fbfaabe7fab33" "/opt/rustwide/cargo-home/bin/cargo" "+1.100.0-beta.1" "build" "--frozen" "--message-format=json" "--release", kill_on_drop: false }`
[INFO] [stderr]    Compiling smallvec v1.16.0
[INFO] [stderr]    Compiling libc v0.2.189
[INFO] [stderr]    Compiling crossbeam-utils v0.8.22
[INFO] [stderr]    Compiling proc-macro2 v1.0.107
[INFO] [stderr]    Compiling event-listener v5.4.2
[INFO] [stderr]    Compiling smartstring v1.0.1
[INFO] [stderr]    Compiling thiserror v2.0.20
[INFO] [stderr]    Compiling futures-io v0.3.34
[INFO] [stderr]    Compiling fastrand v2.5.0
[INFO] [stderr]    Compiling allocator-api2 v0.2.21
[INFO] [stderr]    Compiling encoding_rs v0.8.35
[INFO] [stderr]    Compiling memchr v2.8.3
[INFO] [stderr]    Compiling getrandom v0.4.3
[INFO] [stderr]    Compiling sync_wrapper v1.0.2
[INFO] [stderr]    Compiling type-set v0.3.3
[INFO] [stderr]    Compiling crossbeam-epoch v0.9.20
[INFO] [stderr]    Compiling cfg_aliases v0.2.2
[INFO] [stderr]    Compiling percent-encoding v2.3.2
[INFO] [stderr]    Compiling portable-atomic v1.15.0
[INFO] [stderr]    Compiling futures-lite v2.6.1
[INFO] [stderr]    Compiling rlimit v0.11.0
[INFO] [stderr]    Compiling form_urlencoded v1.2.2
[INFO] [stderr]    Compiling trillium-server-common v0.7.12
[INFO] [stderr]    Compiling str-buf v3.0.3
[INFO] [stderr]    Compiling xxhash-rust v0.8.18
[INFO] [stderr]    Compiling event-listener-strategy v0.5.4
[INFO] [stderr]    Compiling swansong v0.3.6
[INFO] [stderr]    Compiling async_cell v0.2.3
[INFO] [stderr]    Compiling tagptr v0.2.0
[INFO] [stderr]    Compiling etag v4.0.0
[INFO] [stderr]    Compiling async-lock v3.4.2
[INFO] [stderr]    Compiling quote v1.0.47
[INFO] [stderr]    Compiling smartcow v0.2.1
[INFO] [stderr]    Compiling hashbrown v0.17.1
[INFO] [stderr]    Compiling concurrent-queue v2.5.0
[INFO] [stderr]    Compiling crossbeam-channel v0.5.16
[INFO] [stderr]    Compiling syn v3.0.4
[INFO] [stderr]    Compiling syn v2.0.119
[INFO] [stderr]    Compiling parking_lot_core v0.9.12
[INFO] [stderr]    Compiling async-channel v2.5.0
[INFO] [stderr]    Compiling uuid v1.26.0
[INFO] [stderr]    Compiling listenfd v1.0.2
[INFO] [stderr]    Compiling parking_lot v0.12.5
[INFO] [stderr]    Compiling synstructure v0.13.2
[INFO] [stderr]    Compiling zerofrom-derive v0.1.7
[INFO] [stderr]    Compiling yoke-derive v0.8.2
[INFO] [stderr]    Compiling trillium-macros v0.1.0
[INFO] [stderr]    Compiling zerovec-derive v0.11.6
[INFO] [stderr]    Compiling displaydoc v0.2.7
[INFO] [stderr]    Compiling fieldwork-derive v0.5.3
[INFO] [stderr]    Compiling thiserror-impl v2.0.20
[INFO] [stderr]    Compiling futures-macro v0.3.34
[INFO] [stderr]    Compiling futures-util v0.3.34
[INFO] [stderr]    Compiling zerofrom v0.1.8
[INFO] [stderr]    Compiling yoke v0.8.3
[INFO] [stderr]    Compiling fieldwork v0.5.3
[INFO] [stderr]    Compiling zerotrie v0.2.5
[INFO] [stderr]    Compiling trillium-http v1.7.0
[INFO] [stderr]    Compiling zerovec v0.11.8
[INFO] [stderr]    Compiling tinystr v0.8.4
[INFO] [stderr]    Compiling potential_utf v0.1.6
[INFO] [stderr]    Compiling icu_collections v2.3.0
[INFO] [stderr]    Compiling icu_locale_core v2.3.0
[INFO] [stderr]    Compiling icu_provider v2.3.1
[INFO] [stderr]    Compiling moka v0.12.16
[INFO] [stderr]    Compiling icu_properties v2.3.0
[INFO] [stderr]    Compiling icu_normalizer v2.3.0
[INFO] [stderr]    Compiling idna_adapter v1.2.2
[INFO] [stderr]    Compiling idna v1.1.0
[INFO] [stderr]    Compiling url v2.5.8
[INFO] [stderr]    Compiling trillium v1.4.0
[INFO] [stderr]    Compiling trillium-caching-headers v0.4.3
[INFO] [stderr]    Compiling trillium-cache v0.2.2 (/opt/rustwide/workdir)
[INFO] [stderr]     Finished `release` profile [optimized] target(s) in 49.86s
[INFO] running `Command { std: "docker" "inspect" "be92a92ebdd752ba2cc67ebd87734ae43fbfea6db6f4b744241fbfaabe7fab33", kill_on_drop: false }`
[INFO] running `Command { std: "docker" "exec" "-e" "SOURCE_DIR=/opt/rustwide/workdir" "-e" "CARGO_HOME=/opt/rustwide/cargo-home" "-e" "RUSTUP_HOME=/opt/rustwide/rustup-home" "-e" "CARGO_TARGET_DIR=/opt/rustwide/target" "-e" "CARGO_INCREMENTAL=0" "-e" "RUST_BACKTRACE=full" "-e" "RUSTFLAGS=--cap-lints=warn" "-e" "RUSTDOCFLAGS=--cap-lints=warn" "-w" "/opt/rustwide/workdir" "--user" "0:0" "be92a92ebdd752ba2cc67ebd87734ae43fbfea6db6f4b744241fbfaabe7fab33" "/opt/rustwide/cargo-home/bin/cargo" "+1.100.0-beta.1" "test" "--frozen" "--no-run" "--message-format=json" "--release", kill_on_drop: false }`
[INFO] [stderr]    Compiling concurrent-queue v2.5.0
[INFO] [stderr]    Compiling log v0.4.34
[INFO] [stderr]    Compiling rustix v1.1.4
[INFO] [stderr]    Compiling linux-raw-sys v0.12.1
[INFO] [stderr]    Compiling bitflags v2.13.1
[INFO] [stderr]    Compiling async-io v2.6.0
[INFO] [stderr]    Compiling serde_core v1.0.229
[INFO] [stderr]    Compiling aho-corasick v1.1.5
[INFO] [stderr]    Compiling async-task v4.7.1
[INFO] [stderr]    Compiling serde v1.0.229
[INFO] [stderr]    Compiling zerocopy v0.8.56
[INFO] [stderr]    Compiling regex-syntax v0.8.11
[INFO] [stderr]    Compiling piper v0.2.5
[INFO] [stderr]    Compiling errno v0.3.14
[INFO] [stderr]    Compiling serde_derive v1.0.229
[INFO] [stderr]    Compiling ref-cast v1.0.27
[INFO] [stderr]    Compiling swansong v0.3.6
[INFO] [stderr]    Compiling hashbrown v0.14.5
[INFO] [stderr]    Compiling signal-hook-registry v1.4.8
[INFO] [stderr]    Compiling getrandom v0.3.4
[INFO] [stderr]    Compiling crossbeam-queue v0.3.13
[INFO] [stderr]    Compiling ref-cast-impl v1.0.27
[INFO] [stderr]    Compiling anstyle v1.0.14
[INFO] [stderr]    Compiling colorchoice v1.0.5
[INFO] [stderr]    Compiling simdutf8 v0.1.5
[INFO] [stderr]    Compiling async-channel v2.5.0
[INFO] [stderr]    Compiling jiff-core v0.1.0
[INFO] [stderr]    Compiling signal-hook v0.4.4
[INFO] [stderr]    Compiling futures-util v0.3.34
[INFO] [stderr]    Compiling async-executor v1.14.0
[INFO] [stderr]    Compiling blocking v1.7.0
[INFO] [stderr]    Compiling trillium-http v1.7.0
[INFO] [stderr]    Compiling anstream v1.0.0
[INFO] [stderr]    Compiling sonic-simd v0.1.4
[INFO] [stderr]    Compiling sonic-number v0.1.2
[INFO] [stderr]    Compiling cidr v0.3.2
[INFO] [stderr]    Compiling bumpalo v3.20.3
[INFO] [stderr]    Compiling dashmap v6.2.1
[INFO] [stderr]    Compiling sluice v0.6.0
[INFO] [stderr]    Compiling async-dup v1.2.4
[INFO] [stderr]    Compiling full-duplex-async-copy v0.1.1
[INFO] [stderr]    Compiling test-harness v0.3.1
[INFO] [stderr]    Compiling size v0.5.0
[INFO] [stderr]    Compiling jiff v0.2.35
[INFO] [stderr]    Compiling regex-automata v0.4.18
[INFO] [stderr]    Compiling moka v0.12.16
[INFO] [stderr]    Compiling faststr v0.2.34
[INFO] [stderr]    Compiling ahash v0.8.12
[INFO] [stderr]    Compiling trillium v1.4.0
[INFO] [stderr]    Compiling sonic-rs v0.5.8
[INFO] [stderr]    Compiling regex v1.13.1
[INFO] [stderr]    Compiling env_filter v2.0.0
[INFO] [stderr]    Compiling env_logger v0.11.11
[INFO] [stderr]    Compiling polling v3.11.0
[INFO] [stderr]    Compiling tempfile v3.27.0
[INFO] [stderr]    Compiling trillium-server-common v0.7.12
[INFO] [stderr]    Compiling async-net v2.0.0
[INFO] [stderr]    Compiling async-global-executor v3.1.0
[INFO] [stderr]    Compiling async-signal v0.2.14
[INFO] [stderr]    Compiling trillium-caching-headers v0.4.3
[INFO] [stderr]    Compiling trillium-forwarding v0.3.1
[INFO] [stderr]    Compiling trillium-client v0.9.18
[INFO] [stderr]    Compiling trillium-cache v0.2.2 (/opt/rustwide/workdir)
[INFO] [stderr]    Compiling trillium-smol v0.7.0
[INFO] [stderr]    Compiling trillium-testing v0.10.2
[INFO] [stderr]    Compiling trillium-proxy v0.8.5
[INFO] [stdout] error[E0432]: unresolved import `trillium_client`
[INFO] [stdout]  --> src/test_helpers.rs:8:5
[INFO] [stdout]   |
[INFO] [stdout] 8 | use trillium_client::{Client, Conn, ConnExt, KnownHeaderName, Method, Status};
[INFO] [stdout]   |     ^^^^^^^^^^^^^^^ use of unresolved module or unlinked crate `trillium_client`
[INFO] [stdout]   |
[INFO] [stdout]   = help: if you wanted to use a crate named `trillium_client`, use `cargo add trillium_client` to add it to your `Cargo.toml`
[INFO] [stdout] 
[INFO] [stdout] 
[INFO] [stdout] error[E0432]: unresolved import `trillium_client`
[INFO] [stdout]    --> src/memory.rs:410:9
[INFO] [stdout]     |
[INFO] [stdout] 410 |     use trillium_client::Conn;
[INFO] [stdout]     |         ^^^^^^^^^^^^^^^ use of unresolved module or unlinked crate `trillium_client`
[INFO] [stdout]     |
[INFO] [stdout]     = help: if you wanted to use a crate named `trillium_client`, use `cargo add trillium_client` to add it to your `Cargo.toml`
[INFO] [stdout] 
[INFO] [stdout] 
[INFO] [stdout] error[E0432]: unresolved import `trillium_client`
[INFO] [stdout]    --> src/policy.rs:318:9
[INFO] [stdout]     |
[INFO] [stdout] 318 |     use trillium_client::ConnExt;
[INFO] [stdout]     |         ^^^^^^^^^^^^^^^ use of unresolved module or unlinked crate `trillium_client`
[INFO] [stdout]     |
[INFO] [stdout]     = help: if you wanted to use a crate named `trillium_client`, use `cargo add trillium_client` to add it to your `Cargo.toml`
[INFO] [stdout] 
[INFO] [stdout] 
[INFO] [stdout] error[E0432]: unresolved import `trillium_client`
[INFO] [stdout]    --> src/validation.rs:475:9
[INFO] [stdout]     |
[INFO] [stdout] 475 |     use trillium_client::ConnExt;
[INFO] [stdout]     |         ^^^^^^^^^^^^^^^ use of unresolved module or unlinked crate `trillium_client`
[INFO] [stdout]     |
[INFO] [stdout]     = help: if you wanted to use a crate named `trillium_client`, use `cargo add trillium_client` to add it to your `Cargo.toml`
[INFO] [stdout] 
[INFO] [stdout] 
[INFO] [stdout] error[E0599]: no method named `stale_while_revalidate_window` found for struct `CachePolicy` in the current scope
[INFO] [stdout]    --> src/freshness.rs:477:20
[INFO] [stdout]     |
[INFO] [stdout] 477 |             policy.stale_while_revalidate_window(),
[INFO] [stdout]     |                    ^^^^^^^^^^^^^^^^^^^^^^^^^^^^^
[INFO] [stdout]     |
[INFO] [stdout]    ::: src/policy.rs:154:1
[INFO] [stdout]     |
[INFO] [stdout] 154 | pub struct CachePolicy {
[INFO] [stdout]     | ---------------------- method `stale_while_revalidate_window` not found for this struct
[INFO] [stdout]     |
[INFO] [stdout] help: there is a method `stale_if_error_window` with a similar name
[INFO] [stdout]     |
[INFO] [stdout] 477 -             policy.stale_while_revalidate_window(),
[INFO] [stdout] 477 +             policy.stale_if_error_window(),
[INFO] [stdout]     |
[INFO] [stdout] 
[INFO] [stdout] 
[INFO] [stdout] error[E0599]: no method named `stale_while_revalidate_window` found for struct `CachePolicy` in the current scope
[INFO] [stdout]    --> src/freshness.rs:493:27
[INFO] [stdout]     |
[INFO] [stdout] 493 |         assert_eq!(policy.stale_while_revalidate_window(), Duration::ZERO);
[INFO] [stdout]     |                           ^^^^^^^^^^^^^^^^^^^^^^^^^^^^^
[INFO] [stdout]     |
[INFO] [stdout]    ::: src/policy.rs:154:1
[INFO] [stdout]     |
[INFO] [stdout] 154 | pub struct CachePolicy {
[INFO] [stdout]     | ---------------------- method `stale_while_revalidate_window` not found for this struct
[INFO] [stdout]     |
[INFO] [stdout] help: there is a method `stale_if_error_window` with a similar name
[INFO] [stdout]     |
[INFO] [stdout] 493 -         assert_eq!(policy.stale_while_revalidate_window(), Duration::ZERO);
[INFO] [stdout] 493 +         assert_eq!(policy.stale_if_error_window(), Duration::ZERO);
[INFO] [stdout]     |
[INFO] [stdout] 
[INFO] [stdout] 
[INFO] [stdout] error[E0599]: no method named `is_swr_eligible` found for struct `CachePolicy` in the current scope
[INFO] [stdout]    --> src/freshness.rs:506:25
[INFO] [stdout]     |
[INFO] [stdout] 506 |         assert!(!policy.is_swr_eligible(t0()));
[INFO] [stdout]     |                         ^^^^^^^^^^^^^^^
[INFO] [stdout]     |
[INFO] [stdout]    ::: src/policy.rs:154:1
[INFO] [stdout]     |
[INFO] [stdout] 154 | pub struct CachePolicy {
[INFO] [stdout]     | ---------------------- method `is_swr_eligible` not found for this struct
[INFO] [stdout]     |
[INFO] [stdout] help: there is a method `is_sie_eligible` with a similar name
[INFO] [stdout]     |
[INFO] [stdout] 506 -         assert!(!policy.is_swr_eligible(t0()));
[INFO] [stdout] 506 +         assert!(!policy.is_sie_eligible(t0()));
[INFO] [stdout]     |
[INFO] [stdout] 
[INFO] [stdout] 
[INFO] [stdout] error[E0599]: no method named `is_swr_eligible` found for struct `CachePolicy` in the current scope
[INFO] [stdout]    --> src/freshness.rs:507:25
[INFO] [stdout]     |
[INFO] [stdout] 507 |         assert!(!policy.is_swr_eligible(at(t0(), 500)));
[INFO] [stdout]     |                         ^^^^^^^^^^^^^^^
[INFO] [stdout]     |
[INFO] [stdout]    ::: src/policy.rs:154:1
[INFO] [stdout]     |
[INFO] [stdout] 154 | pub struct CachePolicy {
[INFO] [stdout]     | ---------------------- method `is_swr_eligible` not found for this struct
[INFO] [stdout]     |
[INFO] [stdout] help: there is a method `is_sie_eligible` with a similar name
[INFO] [stdout]     |
[INFO] [stdout] 507 -         assert!(!policy.is_swr_eligible(at(t0(), 500)));
[INFO] [stdout] 507 +         assert!(!policy.is_sie_eligible(at(t0(), 500)));
[INFO] [stdout]     |
[INFO] [stdout] 
[INFO] [stdout] 
[INFO] [stdout] error[E0599]: no method named `is_swr_eligible` found for struct `CachePolicy` in the current scope
[INFO] [stdout]    --> src/freshness.rs:521:24
[INFO] [stdout]     |
[INFO] [stdout] 521 |         assert!(policy.is_swr_eligible(at(t0(), 100)));
[INFO] [stdout]     |                        ^^^^^^^^^^^^^^^
[INFO] [stdout]     |
[INFO] [stdout]    ::: src/policy.rs:154:1
[INFO] [stdout]     |
[INFO] [stdout] 154 | pub struct CachePolicy {
[INFO] [stdout]     | ---------------------- method `is_swr_eligible` not found for this struct
[INFO] [stdout]     |
[INFO] [stdout] help: there is a method `is_sie_eligible` with a similar name
[INFO] [stdout]     |
[INFO] [stdout] 521 -         assert!(policy.is_swr_eligible(at(t0(), 100)));
[INFO] [stdout] 521 +         assert!(policy.is_sie_eligible(at(t0(), 100)));
[INFO] [stdout]     |
[INFO] [stdout] 
[INFO] [stdout] 
[INFO] [stdout] error[E0599]: no method named `is_swr_eligible` found for struct `CachePolicy` in the current scope
[INFO] [stdout]    --> src/freshness.rs:535:25
[INFO] [stdout]     |
[INFO] [stdout] 535 |         assert!(!policy.is_swr_eligible(at(t0(), 400)));
[INFO] [stdout]     |                         ^^^^^^^^^^^^^^^
[INFO] [stdout]     |
[INFO] [stdout]    ::: src/policy.rs:154:1
[INFO] [stdout]     |
[INFO] [stdout] 154 | pub struct CachePolicy {
[INFO] [stdout]     | ---------------------- method `is_swr_eligible` not found for this struct
[INFO] [stdout]     |
[INFO] [stdout] help: there is a method `is_sie_eligible` with a similar name
[INFO] [stdout]     |
[INFO] [stdout] 535 -         assert!(!policy.is_swr_eligible(at(t0(), 400)));
[INFO] [stdout] 535 +         assert!(!policy.is_sie_eligible(at(t0(), 400)));
[INFO] [stdout]     |
[INFO] [stdout] 
[INFO] [stdout] 
[INFO] [stdout] error[E0599]: no method named `is_swr_eligible` found for struct `CachePolicy` in the current scope
[INFO] [stdout]    --> src/freshness.rs:551:25
[INFO] [stdout]     |
[INFO] [stdout] 551 |         assert!(!policy.is_swr_eligible(at(t0(), 100)));
[INFO] [stdout]     |                         ^^^^^^^^^^^^^^^
[INFO] [stdout]     |
[INFO] [stdout]    ::: src/policy.rs:154:1
[INFO] [stdout]     |
[INFO] [stdout] 154 | pub struct CachePolicy {
[INFO] [stdout]     | ---------------------- method `is_swr_eligible` not found for this struct
[INFO] [stdout]     |
[INFO] [stdout] help: there is a method `is_sie_eligible` with a similar name
[INFO] [stdout]     |
[INFO] [stdout] 551 -         assert!(!policy.is_swr_eligible(at(t0(), 100)));
[INFO] [stdout] 551 +         assert!(!policy.is_sie_eligible(at(t0(), 100)));
[INFO] [stdout]     |
[INFO] [stdout] 
[INFO] [stdout] 
[INFO] [stdout] error[E0599]: no method named `is_swr_eligible` found for struct `CachePolicy` in the current scope
[INFO] [stdout]    --> src/freshness.rs:570:25
[INFO] [stdout]     |
[INFO] [stdout] 570 |         assert!(!shared.is_swr_eligible(at(t0(), 100)));
[INFO] [stdout]     |                         ^^^^^^^^^^^^^^^
[INFO] [stdout]     |
[INFO] [stdout]    ::: src/policy.rs:154:1
[INFO] [stdout]     |
[INFO] [stdout] 154 | pub struct CachePolicy {
[INFO] [stdout]     | ---------------------- method `is_swr_eligible` not found for this struct
[INFO] [stdout]     |
[INFO] [stdout] help: there is a method `is_sie_eligible` with a similar name
[INFO] [stdout]     |
[INFO] [stdout] 570 -         assert!(!shared.is_swr_eligible(at(t0(), 100)));
[INFO] [stdout] 570 +         assert!(!shared.is_sie_eligible(at(t0(), 100)));
[INFO] [stdout]     |
[INFO] [stdout] 
[INFO] [stdout] 
[INFO] [stdout] error[E0599]: no method named `is_swr_eligible` found for struct `CachePolicy` in the current scope
[INFO] [stdout]    --> src/freshness.rs:575:25
[INFO] [stdout]     |
[INFO] [stdout] 575 |         assert!(private.is_swr_eligible(at(t0(), 100)));
[INFO] [stdout]     |                         ^^^^^^^^^^^^^^^
[INFO] [stdout]     |
[INFO] [stdout]    ::: src/policy.rs:154:1
[INFO] [stdout]     |
[INFO] [stdout] 154 | pub struct CachePolicy {
[INFO] [stdout]     | ---------------------- method `is_swr_eligible` not found for this struct
[INFO] [stdout]     |
[INFO] [stdout] help: there is a method `is_sie_eligible` with a similar name
[INFO] [stdout]     |
[INFO] [stdout] 575 -         assert!(private.is_swr_eligible(at(t0(), 100)));
[INFO] [stdout] 575 +         assert!(private.is_sie_eligible(at(t0(), 100)));
[INFO] [stdout]     |
[INFO] [stdout] 
[INFO] [stdout] 
[INFO] [stdout] error[E0599]: no method named `is_swr_eligible` found for struct `CachePolicy` in the current scope
[INFO] [stdout]    --> src/freshness.rs:591:25
[INFO] [stdout]     |
[INFO] [stdout] 591 |         assert!(!policy.is_swr_eligible(at(t0(), 100)));
[INFO] [stdout]     |                         ^^^^^^^^^^^^^^^
[INFO] [stdout]     |
[INFO] [stdout]    ::: src/policy.rs:154:1
[INFO] [stdout]     |
[INFO] [stdout] 154 | pub struct CachePolicy {
[INFO] [stdout]     | ---------------------- method `is_swr_eligible` not found for this struct
[INFO] [stdout]     |
[INFO] [stdout] help: there is a method `is_sie_eligible` with a similar name
[INFO] [stdout]     |
[INFO] [stdout] 591 -         assert!(!policy.is_swr_eligible(at(t0(), 100)));
[INFO] [stdout] 591 +         assert!(!policy.is_sie_eligible(at(t0(), 100)));
[INFO] [stdout]     |
[INFO] [stdout] 
[INFO] [stdout] 
[INFO] [stdout] error[E0599]: no method named `is_swr_eligible` found for struct `CachePolicy` in the current scope
[INFO] [stdout]    --> src/freshness.rs:605:25
[INFO] [stdout]     |
[INFO] [stdout] 605 |         assert!(!policy.is_swr_eligible(at(t0(), 100)));
[INFO] [stdout]     |                         ^^^^^^^^^^^^^^^
[INFO] [stdout]     |
[INFO] [stdout]    ::: src/policy.rs:154:1
[INFO] [stdout]     |
[INFO] [stdout] 154 | pub struct CachePolicy {
[INFO] [stdout]     | ---------------------- method `is_swr_eligible` not found for this struct
[INFO] [stdout]     |
[INFO] [stdout] help: there is a method `is_sie_eligible` with a similar name
[INFO] [stdout]     |
[INFO] [stdout] 605 -         assert!(!policy.is_swr_eligible(at(t0(), 100)));
[INFO] [stdout] 605 +         assert!(!policy.is_sie_eligible(at(t0(), 100)));
[INFO] [stdout]     |
[INFO] [stdout] 
[INFO] [stdout] 
[INFO] [stdout] Some errors have detailed explanations: E0432, E0599.
[INFO] [stdout] 
[INFO] [stdout] For more information about an error, try `rustc --explain E0432`.
[INFO] [stdout] 
[INFO] [stderr] error: could not compile `trillium-cache` (lib test) due to 15 previous errors
[INFO] running `Command { std: "docker" "inspect" "be92a92ebdd752ba2cc67ebd87734ae43fbfea6db6f4b744241fbfaabe7fab33", kill_on_drop: false }`
[INFO] running `Command { std: "docker" "rm" "-f" "be92a92ebdd752ba2cc67ebd87734ae43fbfea6db6f4b744241fbfaabe7fab33", kill_on_drop: false }`
[INFO] [stdout] be92a92ebdd752ba2cc67ebd87734ae43fbfea6db6f4b744241fbfaabe7fab33
