[INFO] fetching crate triblespace-macros 0.47.0...
[INFO] testing triblespace-macros-0.47.0 against 1.100.0-beta.1+cargoflags=--release for beta-release-1.100-2
[INFO] extracting crate triblespace-macros 0.47.0 into /workspace/builds/worker-1-tc2/source
[INFO] started tweaking crates.io crate triblespace-macros 0.47.0
[INFO] removed 0 missing tests
[INFO] finished tweaking crates.io crate triblespace-macros 0.47.0
[INFO] tweaked toml for crates.io crate triblespace-macros 0.47.0 written to /workspace/builds/worker-1-tc2/source/Cargo.toml
[INFO] validating manifest of crates.io crate triblespace-macros 0.47.0 on toolchain 1.100.0-beta.1
[INFO] running `Command { std: CARGO_HOME="/workspace/cargo-home" RUSTUP_HOME="/workspace/rustup-home" "/workspace/cargo-home/bin/cargo" "+1.100.0-beta.1" "metadata" "--manifest-path" "Cargo.toml" "--no-deps", kill_on_drop: false }`
[INFO] crate crates.io crate triblespace-macros 0.47.0 already has a lockfile, it will not be regenerated
[INFO] running `Command { std: CARGO_HOME="/workspace/cargo-home" RUSTUP_HOME="/workspace/rustup-home" "/workspace/cargo-home/bin/cargo" "+1.100.0-beta.1" "fetch" "--manifest-path" "Cargo.toml", kill_on_drop: false }`
[INFO] running `Command { std: "docker" "create" "-v" "/var/lib/crater-agent-workspace/builds/worker-1-tc2/source:/opt/rustwide/workdir:ro,Z" "-v" "/var/lib/crater-agent-workspace/builds/worker-1-tc2/target:/opt/rustwide/target:rw,Z" "-v" "/var/lib/crater-agent-workspace/cargo-home:/opt/rustwide/cargo-home:ro,Z" "-v" "/var/lib/crater-agent-workspace/rustup-home:/opt/rustwide/rustup-home:ro,Z" "-m" "1610612736" "--network" "none" "ghcr.io/rust-lang/crates-build-env/linux@sha256:77db811e55d90add9212f6832c23229e3de5f1c1f9905e8cb07319ea15df73ac" "sleep" "infinity", kill_on_drop: false }`
[INFO] [stdout] 5d709dc730d587c63ddaf6ce6567aa5bc12609725d62f5bbbb707b71b451d0ee
[INFO] running `Command { std: "docker" "start" "5d709dc730d587c63ddaf6ce6567aa5bc12609725d62f5bbbb707b71b451d0ee", kill_on_drop: false }`
[INFO] running `Command { std: "docker" "inspect" "5d709dc730d587c63ddaf6ce6567aa5bc12609725d62f5bbbb707b71b451d0ee", kill_on_drop: false }`
[INFO] running `Command { std: "docker" "exec" "-e" "SOURCE_DIR=/opt/rustwide/workdir" "-e" "CARGO_HOME=/opt/rustwide/cargo-home" "-e" "RUSTUP_HOME=/opt/rustwide/rustup-home" "-e" "CARGO_TARGET_DIR=/opt/rustwide/target" "-w" "/opt/rustwide/workdir" "--user" "0:0" "5d709dc730d587c63ddaf6ce6567aa5bc12609725d62f5bbbb707b71b451d0ee" "/opt/rustwide/cargo-home/bin/cargo" "+1.100.0-beta.1" "metadata" "--no-deps" "--format-version=1", kill_on_drop: false }`
[INFO] running `Command { std: "docker" "inspect" "5d709dc730d587c63ddaf6ce6567aa5bc12609725d62f5bbbb707b71b451d0ee", kill_on_drop: false }`
[INFO] running `Command { std: "docker" "exec" "-e" "SOURCE_DIR=/opt/rustwide/workdir" "-e" "CARGO_HOME=/opt/rustwide/cargo-home" "-e" "RUSTUP_HOME=/opt/rustwide/rustup-home" "-e" "CARGO_TARGET_DIR=/opt/rustwide/target" "-e" "CARGO_INCREMENTAL=0" "-e" "RUST_BACKTRACE=full" "-e" "RUSTFLAGS=--cap-lints=warn" "-e" "RUSTDOCFLAGS=--cap-lints=warn" "-w" "/opt/rustwide/workdir" "--user" "0:0" "5d709dc730d587c63ddaf6ce6567aa5bc12609725d62f5bbbb707b71b451d0ee" "/opt/rustwide/cargo-home/bin/cargo" "+1.100.0-beta.1" "build" "--frozen" "--message-format=json" "--release", kill_on_drop: false }`
[INFO] [stderr]    Compiling zerocopy v0.8.59
[INFO] [stderr]    Compiling libm v0.2.16
[INFO] [stderr]    Compiling syn v2.0.119
[INFO] [stderr]    Compiling once_cell v1.21.4
[INFO] [stderr]    Compiling getrandom v0.2.17
[INFO] [stderr]    Compiling num-traits v0.2.19
[INFO] [stderr]    Compiling serde_core v1.0.229
[INFO] [stderr]    Compiling lexical-util v1.0.7
[INFO] [stderr]    Compiling getrandom v0.4.3
[INFO] [stderr]    Compiling curve25519-dalek v4.1.3
[INFO] [stderr]    Compiling smallvec v1.16.2
[INFO] [stderr]    Compiling rand_core v0.6.4
[INFO] [stderr]    Compiling tempfile v3.27.0
[INFO] [stderr]    Compiling serde v1.0.229
[INFO] [stderr]    Compiling blake3 v1.8.7
[INFO] [stderr]    Compiling page_size v0.6.0
[INFO] [stderr]    Compiling memmap2 v0.9.11
[INFO] [stderr]    Compiling parking_lot_core v0.9.12
[INFO] [stderr]    Compiling syn v3.0.6
[INFO] [stderr]    Compiling bitmaps v2.1.0
[INFO] [stderr]    Compiling lexical-parse-integer v1.0.6
[INFO] [stderr]    Compiling im v15.1.0
[INFO] [stderr]    Compiling signature v2.2.0
[INFO] [stderr]    Compiling winnow v0.7.15
[INFO] [stderr]    Compiling lexical-parse-float v1.0.6
[INFO] [stderr]    Compiling ed25519 v2.2.3
[INFO] [stderr]    Compiling parking_lot v0.12.5
[INFO] [stderr]    Compiling lexical-core v1.0.6
[INFO] [stderr]    Compiling sized-chunks v0.6.5
[INFO] [stderr]    Compiling rand_xoshiro v0.6.0
[INFO] [stderr]    Compiling triblespace-core v0.47.0
[INFO] [stderr]    Compiling sha2 v0.10.9
[INFO] [stderr]    Compiling arrayvec v0.7.8
[INFO] [stderr]    Compiling hashbrown v0.16.1
[INFO] [stderr]    Compiling web-time v1.1.0
[INFO] [stderr]    Compiling constant_time_eq v0.4.2
[INFO] [stderr]    Compiling f256_pow5_div_pow2_lut v0.1.1
[INFO] [stderr]    Compiling f256_pow2_div_pow5_lut v0.1.1
[INFO] [stderr]    Compiling num-integer v0.1.47
[INFO] [stderr]    Compiling f256_pow2_div_pow10_lut v0.2.0
[INFO] [stderr]    Compiling num-bigint v0.4.8
[INFO] [stderr]    Compiling f256_pow10_div_pow2_lut v0.1.1
[INFO] [stderr]    Compiling serde_json v1.0.151
[INFO] [stderr]    Compiling serde_derive v1.0.229
[INFO] [stderr]    Compiling indxvec v1.9.6
[INFO] [stderr]    Compiling f256 v0.7.0
[INFO] [stderr]    Compiling json-event-parser v0.2.3
[INFO] [stderr]    Compiling num-rational v0.4.2
[INFO] [stderr]    Compiling hex-literal v1.1.0
[INFO] [stderr]    Compiling triblespace-macros-common v0.47.0
[INFO] [stderr]    Compiling uuid v1.26.1
[INFO] [stderr]    Compiling ryu v1.0.23
[INFO] [stderr]    Compiling ethnum v1.5.3
[INFO] [stderr]    Compiling ux v0.1.6
[INFO] [stderr]    Compiling sptr v0.3.2
[INFO] [stderr]    Compiling bytemuck v1.25.2
[INFO] [stderr]    Compiling zerocopy-derive v0.8.59
[INFO] [stderr]    Compiling snafu-derive v0.9.2
[INFO] [stderr]    Compiling curve25519-dalek-derive v0.1.1
[INFO] [stderr]    Compiling derive_arbitrary v1.4.2
[INFO] [stderr]    Compiling triblespace-core-macros v0.47.0
[INFO] [stderr]    Compiling arbitrary v1.4.2
[INFO] [stderr]    Compiling snafu v0.9.2
[INFO] [stderr]    Compiling ed25519-dalek v2.2.0
[INFO] [stderr]    Compiling hifitime v4.3.1
[INFO] [stderr]    Compiling ppv-lite86 v0.2.21
[INFO] [stderr]    Compiling anybytes v0.20.3
[INFO] [stderr]    Compiling ahash v0.8.12
[INFO] [stderr]    Compiling quick_cache v0.6.24
[INFO] [stderr]    Compiling jerky v0.10.0
[INFO] [stderr]    Compiling rand_chacha v0.3.1
[INFO] [stderr]    Compiling rand v0.8.8
[INFO] [stderr]    Compiling triblespace-paths v0.47.0
[INFO] [stderr]    Compiling triblespace-macros v0.47.0 (/opt/rustwide/workdir)
[INFO] [stderr]     Finished `release` profile [optimized] target(s) in 1m 40s
[INFO] running `Command { std: "docker" "inspect" "5d709dc730d587c63ddaf6ce6567aa5bc12609725d62f5bbbb707b71b451d0ee", kill_on_drop: false }`
[INFO] running `Command { std: "docker" "exec" "-e" "SOURCE_DIR=/opt/rustwide/workdir" "-e" "CARGO_HOME=/opt/rustwide/cargo-home" "-e" "RUSTUP_HOME=/opt/rustwide/rustup-home" "-e" "CARGO_TARGET_DIR=/opt/rustwide/target" "-e" "CARGO_INCREMENTAL=0" "-e" "RUST_BACKTRACE=full" "-e" "RUSTFLAGS=--cap-lints=warn" "-e" "RUSTDOCFLAGS=--cap-lints=warn" "-w" "/opt/rustwide/workdir" "--user" "0:0" "5d709dc730d587c63ddaf6ce6567aa5bc12609725d62f5bbbb707b71b451d0ee" "/opt/rustwide/cargo-home/bin/cargo" "+1.100.0-beta.1" "test" "--frozen" "--no-run" "--message-format=json" "--release", kill_on_drop: false }`
[INFO] [stderr]    Compiling zerocopy v0.8.59
[INFO] [stderr]    Compiling triblespace-core v0.47.0
[INFO] [stderr]    Compiling smallvec v1.16.2
[INFO] [stderr]    Compiling getrandom v0.2.17
[INFO] [stderr]    Compiling downcast-rs v1.2.1
[INFO] [stderr]    Compiling indexmap-nostd v0.4.0
[INFO] [stderr]    Compiling lexical-util v1.0.7
[INFO] [stderr]    Compiling wasmi_arena v0.4.1
[INFO] [stderr]    Compiling wasmi_core v0.13.0
[INFO] [stderr]    Compiling rand_core v0.6.4
[INFO] [stderr]    Compiling spin v0.9.9
[INFO] [stderr]    Compiling parking_lot_core v0.9.12
[INFO] [stderr]    Compiling wasmparser-nostd v0.100.2
[INFO] [stderr]    Compiling getrandom v0.4.3
[INFO] [stderr]    Compiling getrandom v0.3.4
[INFO] [stderr]    Compiling parking_lot v0.12.5
[INFO] [stderr]    Compiling tempfile v3.27.0
[INFO] [stderr]    Compiling curve25519-dalek v4.1.3
[INFO] [stderr]    Compiling bitmaps v2.1.0
[INFO] [stderr]    Compiling lexical-parse-integer v1.0.6
[INFO] [stderr]    Compiling quick_cache v0.6.24
[INFO] [stderr]    Compiling unicode-ident v1.0.26
[INFO] [stderr]    Compiling lexical-parse-float v1.0.6
[INFO] [stderr]    Compiling ed25519 v2.2.3
[INFO] [stderr]    Compiling sized-chunks v0.6.5
[INFO] [stderr]    Compiling lexical-core v1.0.6
[INFO] [stderr]    Compiling proc-macro2 v1.0.107
[INFO] [stderr]    Compiling num-bigint v0.4.8
[INFO] [stderr]    Compiling rand_xoshiro v0.6.0
[INFO] [stderr]    Compiling sha2 v0.10.9
[INFO] [stderr]    Compiling blake3 v1.8.7
[INFO] [stderr]    Compiling im v15.1.0
[INFO] [stderr]    Compiling snafu v0.9.2
[INFO] [stderr]    Compiling quote v1.0.47
[INFO] [stderr]    Compiling hashbrown v0.16.1
[INFO] [stderr]    Compiling wasmi v0.31.2
[INFO] [stderr]    Compiling f256_pow10_div_pow2_lut v0.1.1
[INFO] [stderr]    Compiling arrayvec v0.7.8
[INFO] [stderr]    Compiling f256_pow2_div_pow10_lut v0.2.0
[INFO] [stderr]    Compiling f256_pow2_div_pow5_lut v0.1.1
[INFO] [stderr]    Compiling f256_pow5_div_pow2_lut v0.1.1
[INFO] [stderr]    Compiling itertools v0.14.0
[INFO] [stderr]    Compiling ppv-lite86 v0.2.21
[INFO] [stderr]    Compiling rand_chacha v0.3.1
[INFO] [stderr]    Compiling ahash v0.8.12
[INFO] [stderr]    Compiling anybytes v0.20.3
[INFO] [stderr]    Compiling f256 v0.7.0
[INFO] [stderr]    Compiling jerky v0.10.0
[INFO] [stderr]    Compiling rand v0.8.8
[INFO] [stderr]    Compiling num-rational v0.4.2
[INFO] [stderr]    Compiling hifitime v4.3.1
[INFO] [stdout] error: failed to compile wasm formatter (install `wasm32-unknown-unknown` with `rustup target add wasm32-unknown-unknown`)
[INFO] [stdout]        
[INFO] [stdout]        stdout:
[INFO] [stdout]        
[INFO] [stdout]        
[INFO] [stdout]        stderr:
[INFO] [stdout]        error[E0463]: can't find crate for `core`
[INFO] [stdout]          |
[INFO] [stdout]          = note: the `wasm32-unknown-unknown` target may not be installed
[INFO] [stdout]          = help: consider downloading the target with `rustup target add wasm32-unknown-unknown`
[INFO] [stdout]        
[INFO] [stdout]        error: aborting due to 1 previous error
[INFO] [stdout]        
[INFO] [stdout]        For more information about this error, try `rustc --explain E0463`.
[INFO] [stdout]        
[INFO] [stdout]   --> /opt/rustwide/cargo-home/registry/src/index.crates.io-1949cf8c6b5b557f/triblespace-core-0.47.0/src/inline/encodings/boolean.rs:76:19
[INFO] [stdout]    |
[INFO] [stdout] 76 |     pub(crate) fn boolean(raw: &[u8; 32], out: &mut impl Write) -> Result<(), u32> {
[INFO] [stdout]    |                   ^^^^^^^
[INFO] [stdout] 
[INFO] [stdout] 
[INFO] [stdout] error: failed to compile wasm formatter (install `wasm32-unknown-unknown` with `rustup target add wasm32-unknown-unknown`)
[INFO] [stdout]        
[INFO] [stdout]        stdout:
[INFO] [stdout]        
[INFO] [stdout]        
[INFO] [stdout]        stderr:
[INFO] [stdout]        error[E0463]: can't find crate for `core`
[INFO] [stdout]          |
[INFO] [stdout]          = note: the `wasm32-unknown-unknown` target may not be installed
[INFO] [stdout]          = help: consider downloading the target with `rustup target add wasm32-unknown-unknown`
[INFO] [stdout]        
[INFO] [stdout]        error: aborting due to 1 previous error
[INFO] [stdout]        
[INFO] [stdout]        For more information about this error, try `rustc --explain E0463`.
[INFO] [stdout]        
[INFO] [stdout]    --> /opt/rustwide/cargo-home/registry/src/index.crates.io-1949cf8c6b5b557f/triblespace-core-0.47.0/src/inline/encodings/ed25519.rs:109:19
[INFO] [stdout]     |
[INFO] [stdout] 109 |     pub(crate) fn ed25519_r(raw: &[u8; 32], out: &mut impl Write) -> Result<(), u32> {
[INFO] [stdout]     |                   ^^^^^^^^^
[INFO] [stdout] 
[INFO] [stdout] 
[INFO] [stdout] error: failed to compile wasm formatter (install `wasm32-unknown-unknown` with `rustup target add wasm32-unknown-unknown`)
[INFO] [stdout]        
[INFO] [stdout]        stdout:
[INFO] [stdout]        
[INFO] [stdout]        
[INFO] [stdout]        stderr:
[INFO] [stdout]        error[E0463]: can't find crate for `core`
[INFO] [stdout]          |
[INFO] [stdout]          = note: the `wasm32-unknown-unknown` target may not be installed
[INFO] [stdout]          = help: consider downloading the target with `rustup target add wasm32-unknown-unknown`
[INFO] [stdout]        
[INFO] [stdout]        error: aborting due to 1 previous error
[INFO] [stdout]        
[INFO] [stdout]        For more information about this error, try `rustc --explain E0463`.
[INFO] [stdout]        
[INFO] [stdout]    --> /opt/rustwide/cargo-home/registry/src/index.crates.io-1949cf8c6b5b557f/triblespace-core-0.47.0/src/inline/encodings/ed25519.rs:122:19
[INFO] [stdout]     |
[INFO] [stdout] 122 |     pub(crate) fn ed25519_s(raw: &[u8; 32], out: &mut impl Write) -> Result<(), u32> {
[INFO] [stdout]     |                   ^^^^^^^^^
[INFO] [stdout] 
[INFO] [stdout] 
[INFO] [stdout] error: failed to compile wasm formatter (install `wasm32-unknown-unknown` with `rustup target add wasm32-unknown-unknown`)
[INFO] [stdout]        
[INFO] [stdout]        stdout:
[INFO] [stdout]        
[INFO] [stdout]        
[INFO] [stdout]        stderr:
[INFO] [stdout]        error[E0463]: can't find crate for `core`
[INFO] [stdout]          |
[INFO] [stdout]          = note: the `wasm32-unknown-unknown` target may not be installed
[INFO] [stdout]          = help: consider downloading the target with `rustup target add wasm32-unknown-unknown`
[INFO] [stdout]        
[INFO] [stdout]        error: aborting due to 1 previous error
[INFO] [stdout]        
[INFO] [stdout]        For more information about this error, try `rustc --explain E0463`.
[INFO] [stdout]        
[INFO] [stdout]    --> /opt/rustwide/cargo-home/registry/src/index.crates.io-1949cf8c6b5b557f/triblespace-core-0.47.0/src/inline/encodings/ed25519.rs:135:19
[INFO] [stdout]     |
[INFO] [stdout] 135 |     pub(crate) fn ed25519_pubkey(raw: &[u8; 32], out: &mut impl Write) -> Result<(), u32> {
[INFO] [stdout]     |                   ^^^^^^^^^^^^^^
[INFO] [stdout] 
[INFO] [stdout] 
[INFO] [stdout] error: failed to compile wasm formatter (install `wasm32-unknown-unknown` with `rustup target add wasm32-unknown-unknown`)
[INFO] [stdout]        
[INFO] [stdout]        stdout:
[INFO] [stdout]        
[INFO] [stdout]        
[INFO] [stdout]        stderr:
[INFO] [stdout]        error[E0463]: can't find crate for `core`
[INFO] [stdout]          |
[INFO] [stdout]          = note: the `wasm32-unknown-unknown` target may not be installed
[INFO] [stdout]          = help: consider downloading the target with `rustup target add wasm32-unknown-unknown`
[INFO] [stdout]        
[INFO] [stdout]        error: aborting due to 1 previous error
[INFO] [stdout]        
[INFO] [stdout]        For more information about this error, try `rustc --explain E0463`.
[INFO] [stdout]        
[INFO] [stdout]   --> /opt/rustwide/cargo-home/registry/src/index.crates.io-1949cf8c6b5b557f/triblespace-core-0.47.0/src/inline/encodings/f256.rs:85:19
[INFO] [stdout]    |
[INFO] [stdout] 85 |     pub(crate) fn f256_le(raw: &[u8; 32], out: &mut impl Write) -> Result<(), u32> {
[INFO] [stdout]    |                   ^^^^^^^
[INFO] [stdout] 
[INFO] [stdout] 
[INFO] [stdout] error: failed to compile wasm formatter (install `wasm32-unknown-unknown` with `rustup target add wasm32-unknown-unknown`)
[INFO] [stdout]        
[INFO] [stdout]        stdout:
[INFO] [stdout]        
[INFO] [stdout]        
[INFO] [stdout]        stderr:
[INFO] [stdout]        error[E0463]: can't find crate for `core`
[INFO] [stdout]          |
[INFO] [stdout]          = note: the `wasm32-unknown-unknown` target may not be installed
[INFO] [stdout]          = help: consider downloading the target with `rustup target add wasm32-unknown-unknown`
[INFO] [stdout]        
[INFO] [stdout]        error: aborting due to 1 previous error
[INFO] [stdout]        
[INFO] [stdout]        For more information about this error, try `rustc --explain E0463`.
[INFO] [stdout]        
[INFO] [stdout]    --> /opt/rustwide/cargo-home/registry/src/index.crates.io-1949cf8c6b5b557f/triblespace-core-0.47.0/src/inline/encodings/f256.rs:173:19
[INFO] [stdout]     |
[INFO] [stdout] 173 |     pub(crate) fn f256_be(raw: &[u8; 32], out: &mut impl Write) -> Result<(), u32> {
[INFO] [stdout]     |                   ^^^^^^^
[INFO] [stdout] 
[INFO] [stdout] 
[INFO] [stdout] error: failed to compile wasm formatter (install `wasm32-unknown-unknown` with `rustup target add wasm32-unknown-unknown`)
[INFO] [stdout]        
[INFO] [stdout]        stdout:
[INFO] [stdout]        
[INFO] [stdout]        
[INFO] [stdout]        stderr:
[INFO] [stdout]        error[E0463]: can't find crate for `core`
[INFO] [stdout]          |
[INFO] [stdout]          = note: the `wasm32-unknown-unknown` target may not be installed
[INFO] [stdout]          = help: consider downloading the target with `rustup target add wasm32-unknown-unknown`
[INFO] [stdout]        
[INFO] [stdout]        error: aborting due to 1 previous error
[INFO] [stdout]        
[INFO] [stdout]        For more information about this error, try `rustc --explain E0463`.
[INFO] [stdout]        
[INFO] [stdout]   --> /opt/rustwide/cargo-home/registry/src/index.crates.io-1949cf8c6b5b557f/triblespace-core-0.47.0/src/inline/encodings/f64.rs:49:19
[INFO] [stdout]    |
[INFO] [stdout] 49 |     pub(crate) fn float64(raw: &[u8; 32], out: &mut impl Write) -> Result<(), u32> {
[INFO] [stdout]    |                   ^^^^^^^
[INFO] [stdout] 
[INFO] [stdout] 
[INFO] [stdout] error: failed to compile wasm formatter (install `wasm32-unknown-unknown` with `rustup target add wasm32-unknown-unknown`)
[INFO] [stdout]        
[INFO] [stdout]        stdout:
[INFO] [stdout]        
[INFO] [stdout]        
[INFO] [stdout]        stderr:
[INFO] [stdout]        error[E0463]: can't find crate for `core`
[INFO] [stdout]          |
[INFO] [stdout]          = note: the `wasm32-unknown-unknown` target may not be installed
[INFO] [stdout]          = help: consider downloading the target with `rustup target add wasm32-unknown-unknown`
[INFO] [stdout]        
[INFO] [stdout]        error: aborting due to 1 previous error
[INFO] [stdout]        
[INFO] [stdout]        For more information about this error, try `rustc --explain E0463`.
[INFO] [stdout]        
[INFO] [stdout]   --> /opt/rustwide/cargo-home/registry/src/index.crates.io-1949cf8c6b5b557f/triblespace-core-0.47.0/src/inline/encodings/genid.rs:61:19
[INFO] [stdout]    |
[INFO] [stdout] 61 |     pub(crate) fn genid(raw: &[u8; 32], out: &mut impl Write) -> Result<(), u32> {
[INFO] [stdout]    |                   ^^^^^
[INFO] [stdout] 
[INFO] [stdout] 
[INFO] [stdout] error: failed to compile wasm formatter (install `wasm32-unknown-unknown` with `rustup target add wasm32-unknown-unknown`)
[INFO] [stdout]        
[INFO] [stdout]        stdout:
[INFO] [stdout]        
[INFO] [stdout]        
[INFO] [stdout]        stderr:
[INFO] [stdout]        error[E0463]: can't find crate for `core`
[INFO] [stdout]          |
[INFO] [stdout]          = note: the `wasm32-unknown-unknown` target may not be installed
[INFO] [stdout]          = help: consider downloading the target with `rustup target add wasm32-unknown-unknown`
[INFO] [stdout]        
[INFO] [stdout]        error: aborting due to 1 previous error
[INFO] [stdout]        
[INFO] [stdout]        For more information about this error, try `rustc --explain E0463`.
[INFO] [stdout]        
[INFO] [stdout]    --> /opt/rustwide/cargo-home/registry/src/index.crates.io-1949cf8c6b5b557f/triblespace-core-0.47.0/src/inline/encodings/hash.rs:230:19
[INFO] [stdout]     |
[INFO] [stdout] 230 |     pub(crate) fn hash_hex(raw: &[u8; 32], out: &mut impl Write) -> Result<(), u32> {
[INFO] [stdout]     |                   ^^^^^^^^
[INFO] [stdout] 
[INFO] [stdout] 
[INFO] [stderr]    Compiling ed25519-dalek v2.2.0
[INFO] [stdout] error: failed to compile wasm formatter (install `wasm32-unknown-unknown` with `rustup target add wasm32-unknown-unknown`)
[INFO] [stdout]        
[INFO] [stdout]        stdout:
[INFO] [stdout]        
[INFO] [stdout]        
[INFO] [stdout]        stderr:
[INFO] [stdout]        error[E0463]: can't find crate for `core`
[INFO] [stdout]          |
[INFO] [stdout]          = note: the `wasm32-unknown-unknown` target may not be installed
[INFO] [stdout]          = help: consider downloading the target with `rustup target add wasm32-unknown-unknown`
[INFO] [stdout]        
[INFO] [stdout]        error: aborting due to 1 previous error
[INFO] [stdout]        
[INFO] [stdout]        For more information about this error, try `rustc --explain E0463`.
[INFO] [stdout]        
[INFO] [stdout]    --> /opt/rustwide/cargo-home/registry/src/index.crates.io-1949cf8c6b5b557f/triblespace-core-0.47.0/src/inline/encodings/iu256.rs:141:19
[INFO] [stdout]     |
[INFO] [stdout] 141 |     pub(crate) fn u256_le(raw: &[u8; 32], out: &mut impl Write) -> Result<(), u32> {
[INFO] [stdout]     |                   ^^^^^^^
[INFO] [stdout] 
[INFO] [stdout] 
[INFO] [stdout] error: failed to compile wasm formatter (install `wasm32-unknown-unknown` with `rustup target add wasm32-unknown-unknown`)
[INFO] [stdout]        
[INFO] [stdout]        stdout:
[INFO] [stdout]        
[INFO] [stdout]        
[INFO] [stdout]        stderr:
[INFO] [stdout]        error[E0463]: can't find crate for `core`
[INFO] [stdout]          |
[INFO] [stdout]          = note: the `wasm32-unknown-unknown` target may not be installed
[INFO] [stdout]          = help: consider downloading the target with `rustup target add wasm32-unknown-unknown`
[INFO] [stdout]        
[INFO] [stdout]        error: aborting due to 1 previous error
[INFO] [stdout]        
[INFO] [stdout]        For more information about this error, try `rustc --explain E0463`.
[INFO] [stdout]        
[INFO] [stdout]    --> /opt/rustwide/cargo-home/registry/src/index.crates.io-1949cf8c6b5b557f/triblespace-core-0.47.0/src/inline/encodings/iu256.rs:188:19
[INFO] [stdout]     |
[INFO] [stdout] 188 |     pub(crate) fn u256_be(raw: &[u8; 32], out: &mut impl Write) -> Result<(), u32> {
[INFO] [stdout]     |                   ^^^^^^^
[INFO] [stdout] 
[INFO] [stdout] 
[INFO] [stdout] error: failed to compile wasm formatter (install `wasm32-unknown-unknown` with `rustup target add wasm32-unknown-unknown`)
[INFO] [stdout]        
[INFO] [stdout]        stdout:
[INFO] [stdout]        
[INFO] [stdout]        
[INFO] [stdout]        stderr:
[INFO] [stdout]        error[E0463]: can't find crate for `core`
[INFO] [stdout]          |
[INFO] [stdout]          = note: the `wasm32-unknown-unknown` target may not be installed
[INFO] [stdout]          = help: consider downloading the target with `rustup target add wasm32-unknown-unknown`
[INFO] [stdout]        
[INFO] [stdout]        error: aborting due to 1 previous error
[INFO] [stdout]        
[INFO] [stdout]        For more information about this error, try `rustc --explain E0463`.
[INFO] [stdout]        
[INFO] [stdout]    --> /opt/rustwide/cargo-home/registry/src/index.crates.io-1949cf8c6b5b557f/triblespace-core-0.47.0/src/inline/encodings/iu256.rs:235:19
[INFO] [stdout]     |
[INFO] [stdout] 235 |     pub(crate) fn i256_le(raw: &[u8; 32], out: &mut impl Write) -> Result<(), u32> {
[INFO] [stdout]     |                   ^^^^^^^
[INFO] [stdout] 
[INFO] [stdout] 
[INFO] [stdout] error: failed to compile wasm formatter (install `wasm32-unknown-unknown` with `rustup target add wasm32-unknown-unknown`)
[INFO] [stdout]        
[INFO] [stdout]        stdout:
[INFO] [stdout]        
[INFO] [stdout]        
[INFO] [stdout]        stderr:
[INFO] [stdout]        error[E0463]: can't find crate for `core`
[INFO] [stdout]          |
[INFO] [stdout]          = note: the `wasm32-unknown-unknown` target may not be installed
[INFO] [stdout]          = help: consider downloading the target with `rustup target add wasm32-unknown-unknown`
[INFO] [stdout]        
[INFO] [stdout]        error: aborting due to 1 previous error
[INFO] [stdout]        
[INFO] [stdout]        For more information about this error, try `rustc --explain E0463`.
[INFO] [stdout]        
[INFO] [stdout]    --> /opt/rustwide/cargo-home/registry/src/index.crates.io-1949cf8c6b5b557f/triblespace-core-0.47.0/src/inline/encodings/iu256.rs:307:19
[INFO] [stdout]     |
[INFO] [stdout] 307 |     pub(crate) fn i256_be(raw: &[u8; 32], out: &mut impl Write) -> Result<(), u32> {
[INFO] [stdout]     |                   ^^^^^^^
[INFO] [stdout] 
[INFO] [stdout] 
[INFO] [stdout] error: failed to compile wasm formatter (install `wasm32-unknown-unknown` with `rustup target add wasm32-unknown-unknown`)
[INFO] [stdout]        
[INFO] [stdout]        stdout:
[INFO] [stdout]        
[INFO] [stdout]        
[INFO] [stdout]        stderr:
[INFO] [stdout]        error[E0463]: can't find crate for `core`
[INFO] [stdout]          |
[INFO] [stdout]          = note: the `wasm32-unknown-unknown` target may not be installed
[INFO] [stdout]          = help: consider downloading the target with `rustup target add wasm32-unknown-unknown`
[INFO] [stdout]        
[INFO] [stdout]        error: aborting due to 1 previous error
[INFO] [stdout]        
[INFO] [stdout]        For more information about this error, try `rustc --explain E0463`.
[INFO] [stdout]        
[INFO] [stdout]   --> /opt/rustwide/cargo-home/registry/src/index.crates.io-1949cf8c6b5b557f/triblespace-core-0.47.0/src/inline/encodings/linelocation.rs:50:19
[INFO] [stdout]    |
[INFO] [stdout] 50 |     pub(crate) fn linelocation(raw: &[u8; 32], out: &mut impl Write) -> Result<(), u32> {
[INFO] [stdout]    |                   ^^^^^^^^^^^^
[INFO] [stdout] 
[INFO] [stdout] 
[INFO] [stdout] error: failed to compile wasm formatter (install `wasm32-unknown-unknown` with `rustup target add wasm32-unknown-unknown`)
[INFO] [stdout]        
[INFO] [stdout]        stdout:
[INFO] [stdout]        
[INFO] [stdout]        
[INFO] [stdout]        stderr:
[INFO] [stdout]        error[E0463]: can't find crate for `core`
[INFO] [stdout]          |
[INFO] [stdout]          = note: the `wasm32-unknown-unknown` target may not be installed
[INFO] [stdout]          = help: consider downloading the target with `rustup target add wasm32-unknown-unknown`
[INFO] [stdout]        
[INFO] [stdout]        error: aborting due to 1 previous error
[INFO] [stdout]        
[INFO] [stdout]        For more information about this error, try `rustc --explain E0463`.
[INFO] [stdout]        
[INFO] [stdout]    --> /opt/rustwide/cargo-home/registry/src/index.crates.io-1949cf8c6b5b557f/triblespace-core-0.47.0/src/inline/encodings/r256.rs:111:19
[INFO] [stdout]     |
[INFO] [stdout] 111 |     pub(crate) fn r256_le(raw: &[u8; 32], out: &mut impl Write) -> Result<(), u32> {
[INFO] [stdout]     |                   ^^^^^^^
[INFO] [stdout] 
[INFO] [stdout] 
[INFO] [stdout] error: failed to compile wasm formatter (install `wasm32-unknown-unknown` with `rustup target add wasm32-unknown-unknown`)
[INFO] [stdout]        
[INFO] [stdout]        stdout:
[INFO] [stdout]        
[INFO] [stdout]        
[INFO] [stdout]        stderr:
[INFO] [stdout]        error[E0463]: can't find crate for `core`
[INFO] [stdout]          |
[INFO] [stdout]          = note: the `wasm32-unknown-unknown` target may not be installed
[INFO] [stdout]          = help: consider downloading the target with `rustup target add wasm32-unknown-unknown`
[INFO] [stdout]        
[INFO] [stdout]        error: aborting due to 1 previous error
[INFO] [stdout]        
[INFO] [stdout]        For more information about this error, try `rustc --explain E0463`.
[INFO] [stdout]        
[INFO] [stdout]    --> /opt/rustwide/cargo-home/registry/src/index.crates.io-1949cf8c6b5b557f/triblespace-core-0.47.0/src/inline/encodings/r256.rs:131:19
[INFO] [stdout]     |
[INFO] [stdout] 131 |     pub(crate) fn r256_be(raw: &[u8; 32], out: &mut impl Write) -> Result<(), u32> {
[INFO] [stdout]     |                   ^^^^^^^
[INFO] [stdout] 
[INFO] [stdout] 
[INFO] [stdout] error: failed to compile wasm formatter (install `wasm32-unknown-unknown` with `rustup target add wasm32-unknown-unknown`)
[INFO] [stdout]        
[INFO] [stdout]        stdout:
[INFO] [stdout]        
[INFO] [stdout]        
[INFO] [stdout]        stderr:
[INFO] [stdout]        error[E0463]: can't find crate for `core`
[INFO] [stdout]          |
[INFO] [stdout]          = note: the `wasm32-unknown-unknown` target may not be installed
[INFO] [stdout]          = help: consider downloading the target with `rustup target add wasm32-unknown-unknown`
[INFO] [stdout]        
[INFO] [stdout]        error: aborting due to 1 previous error
[INFO] [stdout]        
[INFO] [stdout]        For more information about this error, try `rustc --explain E0463`.
[INFO] [stdout]        
[INFO] [stdout]   --> /opt/rustwide/cargo-home/registry/src/index.crates.io-1949cf8c6b5b557f/triblespace-core-0.47.0/src/inline/encodings/range.rs:84:19
[INFO] [stdout]    |
[INFO] [stdout] 84 |     pub(crate) fn range_u128(raw: &[u8; 32], out: &mut impl Write) -> Result<(), u32> {
[INFO] [stdout]    |                   ^^^^^^^^^^
[INFO] [stdout] 
[INFO] [stdout] 
[INFO] [stdout] error: failed to compile wasm formatter (install `wasm32-unknown-unknown` with `rustup target add wasm32-unknown-unknown`)
[INFO] [stdout]        
[INFO] [stdout]        stdout:
[INFO] [stdout]        
[INFO] [stdout]        
[INFO] [stdout]        stderr:
[INFO] [stdout]        error[E0463]: can't find crate for `core`
[INFO] [stdout]          |
[INFO] [stdout]          = note: the `wasm32-unknown-unknown` target may not be installed
[INFO] [stdout]          = help: consider downloading the target with `rustup target add wasm32-unknown-unknown`
[INFO] [stdout]        
[INFO] [stdout]        error: aborting due to 1 previous error
[INFO] [stdout]        
[INFO] [stdout]        For more information about this error, try `rustc --explain E0463`.
[INFO] [stdout]        
[INFO] [stdout]   --> /opt/rustwide/cargo-home/registry/src/index.crates.io-1949cf8c6b5b557f/triblespace-core-0.47.0/src/inline/encodings/range.rs:95:19
[INFO] [stdout]    |
[INFO] [stdout] 95 |     pub(crate) fn range_inclusive_u128(raw: &[u8; 32], out: &mut impl Write) -> Result<(), u32> {
[INFO] [stdout]    |                   ^^^^^^^^^^^^^^^^^^^^
[INFO] [stdout] 
[INFO] [stdout] 
[INFO] [stdout] error: failed to compile wasm formatter (install `wasm32-unknown-unknown` with `rustup target add wasm32-unknown-unknown`)
[INFO] [stdout]        
[INFO] [stdout]        stdout:
[INFO] [stdout]        
[INFO] [stdout]        
[INFO] [stdout]        stderr:
[INFO] [stdout]        error[E0463]: can't find crate for `core`
[INFO] [stdout]          |
[INFO] [stdout]          = note: the `wasm32-unknown-unknown` target may not be installed
[INFO] [stdout]          = help: consider downloading the target with `rustup target add wasm32-unknown-unknown`
[INFO] [stdout]        
[INFO] [stdout]        error: aborting due to 1 previous error
[INFO] [stdout]        
[INFO] [stdout]        For more information about this error, try `rustc --explain E0463`.
[INFO] [stdout]        
[INFO] [stdout]    --> /opt/rustwide/cargo-home/registry/src/index.crates.io-1949cf8c6b5b557f/triblespace-core-0.47.0/src/inline/encodings/rord256.rs:462:19
[INFO] [stdout]     |
[INFO] [stdout] 462 |     pub(crate) fn rord256(raw: &[u8; 32], out: &mut impl Write) -> Result<(), u32> {
[INFO] [stdout]     |                   ^^^^^^^
[INFO] [stdout] 
[INFO] [stdout] 
[INFO] [stdout] error: failed to compile wasm formatter (install `wasm32-unknown-unknown` with `rustup target add wasm32-unknown-unknown`)
[INFO] [stdout]        
[INFO] [stdout]        stdout:
[INFO] [stdout]        
[INFO] [stdout]        
[INFO] [stdout]        stderr:
[INFO] [stdout]        error[E0463]: can't find crate for `core`
[INFO] [stdout]          |
[INFO] [stdout]          = note: the `wasm32-unknown-unknown` target may not be installed
[INFO] [stdout]          = help: consider downloading the target with `rustup target add wasm32-unknown-unknown`
[INFO] [stdout]        
[INFO] [stdout]        error: aborting due to 1 previous error
[INFO] [stdout]        
[INFO] [stdout]        For more information about this error, try `rustc --explain E0463`.
[INFO] [stdout]        
[INFO] [stdout]   --> /opt/rustwide/cargo-home/registry/src/index.crates.io-1949cf8c6b5b557f/triblespace-core-0.47.0/src/inline/encodings/shortstring.rs:71:19
[INFO] [stdout]    |
[INFO] [stdout] 71 |     pub(crate) fn shortstring(raw: &[u8; 32], out: &mut impl Write) -> Result<(), u32> {
[INFO] [stdout]    |                   ^^^^^^^^^^^
[INFO] [stdout] 
[INFO] [stdout] 
[INFO] [stdout] error: failed to compile wasm formatter (install `wasm32-unknown-unknown` with `rustup target add wasm32-unknown-unknown`)
[INFO] [stdout]        
[INFO] [stdout]        stdout:
[INFO] [stdout]        
[INFO] [stdout]        
[INFO] [stdout]        stderr:
[INFO] [stdout]        error[E0463]: can't find crate for `core`
[INFO] [stdout]          |
[INFO] [stdout]          = note: the `wasm32-unknown-unknown` target may not be installed
[INFO] [stdout]          = help: consider downloading the target with `rustup target add wasm32-unknown-unknown`
[INFO] [stdout]        
[INFO] [stdout]        error: aborting due to 1 previous error
[INFO] [stdout]        
[INFO] [stdout]        For more information about this error, try `rustc --explain E0463`.
[INFO] [stdout]        
[INFO] [stdout]   --> /opt/rustwide/cargo-home/registry/src/index.crates.io-1949cf8c6b5b557f/triblespace-core-0.47.0/src/inline/encodings.rs:75:19
[INFO] [stdout]    |
[INFO] [stdout] 75 |     pub(crate) fn unknown_value(raw: &[u8; 32], out: &mut impl Write) -> Result<(), u32> {
[INFO] [stdout]    |                   ^^^^^^^^^^^^^
[INFO] [stdout] 
[INFO] [stdout] 
[INFO] [stderr]    Compiling arbitrary v1.4.2
[INFO] [stderr]    Compiling uuid v1.26.1
[INFO] [stderr]    Compiling diff v0.1.13
[INFO] [stderr]    Compiling ethnum v1.5.3
[INFO] [stderr]    Compiling ux v0.1.6
[INFO] [stderr]    Compiling indxvec v1.9.6
[INFO] [stderr]    Compiling sptr v0.3.2
[INFO] [stderr]    Compiling hex-literal v1.1.0
[INFO] [stderr]    Compiling json-event-parser v0.2.3
[INFO] [stderr]    Compiling bytemuck v1.25.2
[INFO] [stderr]    Compiling pretty_assertions v1.4.1
[INFO] [stderr]    Compiling syn v2.0.119
[INFO] [stderr]    Compiling triblespace-macros-common v0.47.0
[INFO] [stderr] error: could not compile `triblespace-core` (lib) due to 21 previous errors
[INFO] [stderr] warning: build failed, waiting for other jobs to finish...
[INFO] running `Command { std: "docker" "inspect" "5d709dc730d587c63ddaf6ce6567aa5bc12609725d62f5bbbb707b71b451d0ee", kill_on_drop: false }`
[INFO] running `Command { std: "docker" "rm" "-f" "5d709dc730d587c63ddaf6ce6567aa5bc12609725d62f5bbbb707b71b451d0ee", kill_on_drop: false }`
[INFO] [stdout] 5d709dc730d587c63ddaf6ce6567aa5bc12609725d62f5bbbb707b71b451d0ee
