[INFO] fetching crate trezor-thp 0.1.1...
[INFO] testing trezor-thp-0.1.1 against 1.100.0-beta.1+cargoflags=--release for beta-release-1.100-2
[INFO] extracting crate trezor-thp 0.1.1 into /workspace/builds/worker-6-tc2/source
[INFO] started tweaking crates.io crate trezor-thp 0.1.1
[INFO] removed 0 missing examples
[INFO] finished tweaking crates.io crate trezor-thp 0.1.1
[INFO] tweaked toml for crates.io crate trezor-thp 0.1.1 written to /workspace/builds/worker-6-tc2/source/Cargo.toml
[INFO] validating manifest of crates.io crate trezor-thp 0.1.1 on toolchain 1.100.0-beta.1
[INFO] running `Command { std: CARGO_HOME="/workspace/cargo-home" RUSTUP_HOME="/workspace/rustup-home" "/workspace/cargo-home/bin/cargo" "+1.100.0-beta.1" "metadata" "--manifest-path" "Cargo.toml" "--no-deps", kill_on_drop: false }`
[INFO] crate crates.io crate trezor-thp 0.1.1 already has a lockfile, it will not be regenerated
[INFO] running `Command { std: CARGO_HOME="/workspace/cargo-home" RUSTUP_HOME="/workspace/rustup-home" "/workspace/cargo-home/bin/cargo" "+1.100.0-beta.1" "fetch" "--manifest-path" "Cargo.toml", kill_on_drop: false }`
[INFO] running `Command { std: "docker" "create" "-v" "/var/lib/crater-agent-workspace/builds/worker-6-tc2/source:/opt/rustwide/workdir:ro,Z" "-v" "/var/lib/crater-agent-workspace/builds/worker-6-tc2/target:/opt/rustwide/target:rw,Z" "-v" "/var/lib/crater-agent-workspace/cargo-home:/opt/rustwide/cargo-home:ro,Z" "-v" "/var/lib/crater-agent-workspace/rustup-home:/opt/rustwide/rustup-home:ro,Z" "-m" "1610612736" "--network" "none" "ghcr.io/rust-lang/crates-build-env/linux@sha256:77db811e55d90add9212f6832c23229e3de5f1c1f9905e8cb07319ea15df73ac" "sleep" "infinity", kill_on_drop: false }`
[INFO] [stdout] 721ad934d8ab45c76ca63bb7cd4c6b0f9a522f678bc8d2a6dacea199aef00c5d
[INFO] running `Command { std: "docker" "start" "721ad934d8ab45c76ca63bb7cd4c6b0f9a522f678bc8d2a6dacea199aef00c5d", kill_on_drop: false }`
[INFO] running `Command { std: "docker" "inspect" "721ad934d8ab45c76ca63bb7cd4c6b0f9a522f678bc8d2a6dacea199aef00c5d", kill_on_drop: false }`
[INFO] running `Command { std: "docker" "exec" "-e" "SOURCE_DIR=/opt/rustwide/workdir" "-e" "CARGO_HOME=/opt/rustwide/cargo-home" "-e" "RUSTUP_HOME=/opt/rustwide/rustup-home" "-e" "CARGO_TARGET_DIR=/opt/rustwide/target" "-w" "/opt/rustwide/workdir" "--user" "0:0" "721ad934d8ab45c76ca63bb7cd4c6b0f9a522f678bc8d2a6dacea199aef00c5d" "/opt/rustwide/cargo-home/bin/cargo" "+1.100.0-beta.1" "metadata" "--no-deps" "--format-version=1", kill_on_drop: false }`
[INFO] running `Command { std: "docker" "inspect" "721ad934d8ab45c76ca63bb7cd4c6b0f9a522f678bc8d2a6dacea199aef00c5d", kill_on_drop: false }`
[INFO] running `Command { std: "docker" "exec" "-e" "SOURCE_DIR=/opt/rustwide/workdir" "-e" "CARGO_HOME=/opt/rustwide/cargo-home" "-e" "RUSTUP_HOME=/opt/rustwide/rustup-home" "-e" "CARGO_TARGET_DIR=/opt/rustwide/target" "-e" "CARGO_INCREMENTAL=0" "-e" "RUST_BACKTRACE=full" "-e" "RUSTFLAGS=--cap-lints=warn" "-e" "RUSTDOCFLAGS=--cap-lints=warn" "-w" "/opt/rustwide/workdir" "--user" "0:0" "721ad934d8ab45c76ca63bb7cd4c6b0f9a522f678bc8d2a6dacea199aef00c5d" "/opt/rustwide/cargo-home/bin/cargo" "+1.100.0-beta.1" "build" "--frozen" "--message-format=json" "--release", kill_on_drop: false }`
[INFO] [stderr]    Compiling byteorder v1.5.0
[INFO] [stderr]    Compiling heapless v0.9.3
[INFO] [stderr]    Compiling syn v2.0.119
[INFO] [stderr]    Compiling hash32 v0.3.1
[INFO] [stderr]    Compiling zeroize_derive v1.5.0
[INFO] [stderr]    Compiling zeroize v1.9.0
[INFO] [stderr]    Compiling trezor-noise-protocol v0.2.1
[INFO] [stderr]    Compiling trezor-thp v0.1.1 (/opt/rustwide/workdir)
[INFO] [stderr]     Finished `release` profile [optimized] target(s) in 7.18s
[INFO] running `Command { std: "docker" "inspect" "721ad934d8ab45c76ca63bb7cd4c6b0f9a522f678bc8d2a6dacea199aef00c5d", kill_on_drop: false }`
[INFO] running `Command { std: "docker" "exec" "-e" "SOURCE_DIR=/opt/rustwide/workdir" "-e" "CARGO_HOME=/opt/rustwide/cargo-home" "-e" "RUSTUP_HOME=/opt/rustwide/rustup-home" "-e" "CARGO_TARGET_DIR=/opt/rustwide/target" "-e" "CARGO_INCREMENTAL=0" "-e" "RUST_BACKTRACE=full" "-e" "RUSTFLAGS=--cap-lints=warn" "-e" "RUSTDOCFLAGS=--cap-lints=warn" "-w" "/opt/rustwide/workdir" "--user" "0:0" "721ad934d8ab45c76ca63bb7cd4c6b0f9a522f678bc8d2a6dacea199aef00c5d" "/opt/rustwide/cargo-home/bin/cargo" "+1.100.0-beta.1" "test" "--frozen" "--no-run" "--message-format=json" "--release", kill_on_drop: false }`
[INFO] [stderr]    Compiling typenum v1.20.1
[INFO] [stderr]    Compiling libc v0.2.189
[INFO] [stderr]    Compiling cpufeatures v0.2.17
[INFO] [stderr]    Compiling semver v1.0.28
[INFO] [stderr]    Compiling bitflags v2.13.1
[INFO] [stderr]    Compiling rustix v0.38.44
[INFO] [stderr]    Compiling rustix v1.1.4
[INFO] [stderr]    Compiling protobuf v3.7.2
[INFO] [stderr]    Compiling generic-array v0.14.7
[INFO] [stderr]    Compiling regex-automata v0.4.18
[INFO] [stderr]    Compiling opaque-debug v0.3.1
[INFO] [stderr]    Compiling anyhow v1.0.104
[INFO] [stderr]    Compiling linux-raw-sys v0.4.15
[INFO] [stderr]    Compiling linux-raw-sys v0.12.1
[INFO] [stderr]    Compiling thiserror-impl v1.0.69
[INFO] [stderr]    Compiling curve25519-dalek-derive v0.1.1
[INFO] [stderr]    Compiling either v1.18.0
[INFO] [stderr]    Compiling home v0.5.12
[INFO] [stderr]    Compiling fastrand v2.5.0
[INFO] [stderr]    Compiling utf8parse v0.2.2
[INFO] [stderr]    Compiling test-case-core v3.3.1
[INFO] [stderr]    Compiling colorchoice v1.0.5
[INFO] [stderr]    Compiling rustc_version v0.4.1
[INFO] [stderr]    Compiling anstyle-parse v1.0.0
[INFO] [stderr]    Compiling anstyle-query v1.1.5
[INFO] [stderr]    Compiling jiff-core v0.1.0
[INFO] [stderr]    Compiling anstyle v1.0.14
[INFO] [stderr]    Compiling is_terminal_polyfill v1.70.2
[INFO] [stderr]    Compiling hex v0.4.3
[INFO] [stderr]    Compiling trezor-thp v0.1.1 (/opt/rustwide/workdir)
[INFO] [stderr]    Compiling curve25519-dalek v4.1.3
[INFO] [stderr]    Compiling anstream v1.0.0
[INFO] [stderr]    Compiling test-case-macros v3.3.1
[INFO] [stderr]    Compiling thiserror v1.0.69
[INFO] [stderr]    Compiling test-case v3.3.1
[INFO] [stderr]    Compiling protobuf-support v3.7.2
[INFO] [stderr]    Compiling crypto-common v0.1.7
[INFO] [stderr]    Compiling inout v0.1.4
[INFO] [stderr]    Compiling block-buffer v0.10.4
[INFO] [stderr]    Compiling universal-hash v0.5.1
[INFO] [stderr]    Compiling cipher v0.4.4
[INFO] [stderr]    Compiling aead v0.5.2
[INFO] [stderr]    Compiling digest v0.10.7
[INFO] [stderr]    Compiling getrandom v0.2.17
[INFO] [stderr]    Compiling getrandom v0.4.3
[INFO] [stderr]    Compiling getrandom v0.3.4
[INFO] [stderr]    Compiling polyval v0.6.2
[INFO] [stderr]    Compiling sha2 v0.10.9
[INFO] [stderr]    Compiling aes v0.8.4
[INFO] [stderr]    Compiling ctr v0.9.2
[INFO] [stderr]    Compiling ghash v0.5.1
[INFO] [stderr]    Compiling rand_core v0.6.4
[INFO] [stderr]    Compiling x25519-dalek v2.0.1
[INFO] [stderr]    Compiling aes-gcm v0.10.3
[INFO] [stderr]    Compiling trezor-noise-rust-crypto v0.6.2
[INFO] [stderr]    Compiling jiff v0.2.35
[INFO] [stderr]    Compiling tempfile v3.27.0
[INFO] [stderr]    Compiling regex v1.13.1
[INFO] [stderr]    Compiling which v4.4.2
[INFO] [stderr]    Compiling env_filter v2.0.0
[INFO] [stderr]    Compiling protobuf-parse v3.7.2
[INFO] [stderr]    Compiling env_logger v0.11.11
[INFO] [stderr]    Compiling protobuf-codegen v3.7.2
[INFO] [stdout] error[E0432]: unresolved import `trezor_thp::channel::buffered`
[INFO] [stdout]  --> examples/transport-level-ping.rs:7:36
[INFO] [stdout]   |
[INFO] [stdout] 7 | use trezor_thp::{Backend, channel::buffered::ChannelExt, channel::host::Mux};
[INFO] [stdout]   |                                    ^^^^^^^^ could not find `buffered` in `channel`
[INFO] [stdout]   |
[INFO] [stdout] note: found an item that was configured out
[INFO] [stdout]  --> src/channel/mod.rs:2:9
[INFO] [stdout]   |
[INFO] [stdout] 1 | #[cfg(feature = "use_std")]
[INFO] [stdout]   |       ------------------- the item is gated behind the `use_std` feature
[INFO] [stdout] 2 | pub mod buffered;
[INFO] [stdout]   |         ^^^^^^^^
[INFO] [stdout] 
[INFO] [stdout] 
[INFO] [stdout] error[E0432]: unresolved import `trezor_thp::channel::buffered`
[INFO] [stdout]  --> examples/host-cli/client.rs:5:47
[INFO] [stdout]   |
[INFO] [stdout] 5 | use trezor_thp::{Backend, ChannelIO, channel::buffered::Buffered, channel::host::Mux};
[INFO] [stdout]   |                                               ^^^^^^^^ could not find `buffered` in `channel`
[INFO] [stdout]   |
[INFO] [stdout] note: found an item that was configured out
[INFO] [stdout]  --> src/channel/mod.rs:2:9
[INFO] [stdout]   |
[INFO] [stdout] 1 | #[cfg(feature = "use_std")]
[INFO] [stdout]   |       ------------------- the item is gated behind the `use_std` feature
[INFO] [stdout] 2 | pub mod buffered;
[INFO] [stdout]   |         ^^^^^^^^
[INFO] [stdout] 
[INFO] [stdout] 
[INFO] [stdout] error[E0599]: no method named `into_buffered` found for struct `trezor_thp::channel::host::Mux<B>` in the current scope
[INFO] [stdout]   --> examples/transport-level-ping.rs:32:44
[INFO] [stdout]    |
[INFO] [stdout] 32 |     let mut mux = Mux::<RustCrypto>::new().into_buffered();
[INFO] [stdout]    |                                            ^^^^^^^^^^^^^ method not found in `trezor_thp::channel::host::Mux<RustCrypto>`
[INFO] [stdout] 
[INFO] [stdout] 
[INFO] [stdout] Some errors have detailed explanations: E0432, E0599.
[INFO] [stdout] 
[INFO] [stdout] For more information about an error, try `rustc --explain E0432`.
[INFO] [stdout] 
[INFO] [stderr] error: could not compile `trezor-thp` (example "transport-level-ping") due to 2 previous errors
[INFO] [stderr] warning: build failed, waiting for other jobs to finish...
[INFO] [stdout] error[E0433]: cannot find module or crate `std` in this scope
[INFO] [stdout]  --> src/channel/test.rs:1:5
[INFO] [stdout]   |
[INFO] [stdout] 1 | use std::collections::{HashSet, VecDeque};
[INFO] [stdout]   |     ^^^ use of unresolved module or unlinked crate `std`
[INFO] [stdout]   |
[INFO] [stdout]   = help: if you wanted to use a crate named `std`, use `cargo add std` to add it to your `Cargo.toml`
[INFO] [stdout] 
[INFO] [stdout] 
[INFO] [stdout] error[E0433]: cannot find module or crate `std` in this scope
[INFO] [stdout]  --> src/channel/test.rs:2:5
[INFO] [stdout]   |
[INFO] [stdout] 2 | use std::ops::{Deref, DerefMut};
[INFO] [stdout]   |     ^^^ use of unresolved module or unlinked crate `std`
[INFO] [stdout]   |
[INFO] [stdout]   = help: if you wanted to use a crate named `std`, use `cargo add std` to add it to your `Cargo.toml`
[INFO] [stdout] 
[INFO] [stdout] 
[INFO] [stdout] error[E0433]: cannot find module or crate `std` in this scope
[INFO] [stdout]  --> src/channel/test.rs:3:5
[INFO] [stdout]   |
[INFO] [stdout] 3 | use std::sync::Once;
[INFO] [stdout]   |     ^^^ use of unresolved module or unlinked crate `std`
[INFO] [stdout]   |
[INFO] [stdout]   = help: if you wanted to use a crate named `std`, use `cargo add std` to add it to your `Cargo.toml`
[INFO] [stdout] 
[INFO] [stdout] 
[INFO] [stdout] error[E0432]: unresolved import `super::buffered`
[INFO] [stdout]  --> src/channel/test.rs:6:12
[INFO] [stdout]   |
[INFO] [stdout] 6 | use super::buffered::{Buffered, ChannelExt};
[INFO] [stdout]   |            ^^^^^^^^ could not find `buffered` in `super`
[INFO] [stdout]   |
[INFO] [stdout] note: found an item that was configured out
[INFO] [stdout]  --> src/channel/mod.rs:2:9
[INFO] [stdout]   |
[INFO] [stdout] 1 | #[cfg(feature = "use_std")]
[INFO] [stdout]   |       ------------------- the item is gated behind the `use_std` feature
[INFO] [stdout] 2 | pub mod buffered;
[INFO] [stdout]   |         ^^^^^^^^
[INFO] [stdout] 
[INFO] [stdout] 
[INFO] [stdout] error: cannot find macro `vec` in this scope
[INFO] [stdout]    --> src/channel/test.rs:672:19
[INFO] [stdout]     |
[INFO] [stdout] 672 |     let payload = vec![67u8; 160];
[INFO] [stdout]     |                   ^^^
[INFO] [stdout] 
[INFO] [stdout] 
[INFO] [stdout] error: cannot find macro `vec` in this scope
[INFO] [stdout]    --> src/channel/test.rs:627:19
[INFO] [stdout]     |
[INFO] [stdout] 627 |     let payload = vec![69u8; 3200];
[INFO] [stdout]     |                   ^^^
[INFO] [stdout] 
[INFO] [stdout] 
[INFO] [stdout] error: cannot find macro `vec` in this scope
[INFO] [stdout]    --> src/channel/test.rs:612:19
[INFO] [stdout]     |
[INFO] [stdout] 612 |     let payload = vec![42u8; length];
[INFO] [stdout]     |                   ^^^
[INFO] [stdout] 
[INFO] [stdout] 
[INFO] [stdout] error: cannot find macro `vec` in this scope
[INFO] [stdout]    --> src/channel/test.rs:454:38
[INFO] [stdout]     |
[INFO] [stdout] 454 |         &mut check_number_of_packets(vec![1, 2, 2, 1, 1]),
[INFO] [stdout]     |                                      ^^^
[INFO] [stdout] 
[INFO] [stdout] 
[INFO] [stdout] error: cannot find macro `vec` in this scope
[INFO] [stdout]    --> src/channel/test.rs:438:29
[INFO] [stdout]     |
[INFO] [stdout] 438 |     check_number_of_packets(vec![1])(dir, wire)
[INFO] [stdout]     |                             ^^^
[INFO] [stdout] 
[INFO] [stdout] 
[INFO] [stdout] error[E0425]: cannot find type `Vec` in this scope
[INFO] [stdout]   --> src/channel/test.rs:28:15
[INFO] [stdout]    |
[INFO] [stdout] 28 | type Packet = Vec<u8>;
[INFO] [stdout]    |               ^^^ not found in this scope
[INFO] [stdout] 
[INFO] [stdout] 
[INFO] [stdout] error[E0425]: cannot find type `Vec` in this scope
[INFO] [stdout]   --> src/channel/test.rs:29:25
[INFO] [stdout]    |
[INFO] [stdout] 29 | type AppMsg = (u8, u16, Vec<u8>);
[INFO] [stdout]    |                         ^^^ not found in this scope
[INFO] [stdout] 
[INFO] [stdout] 
[INFO] [stdout] error[E0425]: cannot find type `Vec` in this scope
[INFO] [stdout]    --> src/channel/test.rs:421:40
[INFO] [stdout]     |
[INFO] [stdout] 421 | fn check_number_of_packets(mut counts: Vec<usize>) -> impl FnMut(Direction, &mut VecDeque<Packet>) {
[INFO] [stdout]     |                                        ^^^ not found in this scope
[INFO] [stdout] 
[INFO] [stdout] 
[INFO] [stdout] error[E0425]: cannot find type `Vec` in this scope
[INFO] [stdout]    --> src/channel/test.rs:432:52
[INFO] [stdout]     |
[INFO] [stdout] 432 |             wire.iter().map(hex::encode).collect::<Vec<_>>(),
[INFO] [stdout]     |                                                    ^^^ not found in this scope
[INFO] [stdout] 
[INFO] [stdout] 
[INFO] [stdout] error[E0425]: cannot find type `Vec` in this scope
[INFO] [stdout]     --> src/channel/test.rs:1116:40
[INFO] [stdout]      |
[INFO] [stdout] 1116 |     fn make_packet(channel_id: u16) -> Vec<u8> {
[INFO] [stdout]      |                                        ^^^ not found in this scope
[INFO] [stdout] 
[INFO] [stdout] 
[INFO] [stdout] error[E0223]: ambiguous associated type
[INFO] [stdout]    --> src/channel/test.rs:133:25
[INFO] [stdout]     |
[INFO] [stdout] 133 |     fn deref(&self) -> &Self::Target {
[INFO] [stdout]     |                         ^^^^^^^^^^^^
[INFO] [stdout]     |
[INFO] [stdout] help: use fully-qualified syntax
[INFO] [stdout]     |
[INFO] [stdout] 133 -     fn deref(&self) -> &Self::Target {
[INFO] [stdout] 133 +     fn deref(&self) -> &<WithKey<C, B> as Receiver>::Target {
[INFO] [stdout]     |
[INFO] [stdout] 133 -     fn deref(&self) -> &Self::Target {
[INFO] [stdout] 133 +     fn deref(&self) -> &<WithKey<C, B> as anyhow::ptr::CastTo>::Target {
[INFO] [stdout]     |
[INFO] [stdout] 
[INFO] [stdout] 
[INFO] [stdout] error[E0223]: ambiguous associated type
[INFO] [stdout]    --> src/channel/test.rs:139:37
[INFO] [stdout]     |
[INFO] [stdout] 139 |     fn deref_mut(&mut self) -> &mut Self::Target {
[INFO] [stdout]     |                                     ^^^^^^^^^^^^
[INFO] [stdout]     |
[INFO] [stdout] help: use fully-qualified syntax
[INFO] [stdout]     |
[INFO] [stdout] 139 -     fn deref_mut(&mut self) -> &mut Self::Target {
[INFO] [stdout] 139 +     fn deref_mut(&mut self) -> &mut <WithKey<C, B> as Receiver>::Target {
[INFO] [stdout]     |
[INFO] [stdout] 139 -     fn deref_mut(&mut self) -> &mut Self::Target {
[INFO] [stdout] 139 +     fn deref_mut(&mut self) -> &mut <WithKey<C, B> as anyhow::ptr::CastTo>::Target {
[INFO] [stdout]     |
[INFO] [stdout] 
[INFO] [stdout] 
[INFO] [stdout] error[E0433]: cannot find type `Vec` in this scope
[INFO] [stdout]    --> src/channel/test.rs:642:28
[INFO] [stdout]     |
[INFO] [stdout] 642 |     let mut device_chans = Vec::<Buffered<Channel<Device, RustCrypto>>>::new();
[INFO] [stdout]     |                            ^^^ use of undeclared type `Vec`
[INFO] [stdout] 
[INFO] [stdout] 
[INFO] [stdout] error[E0433]: cannot find type `Vec` in this scope
[INFO] [stdout]    --> src/channel/test.rs:643:26
[INFO] [stdout]     |
[INFO] [stdout] 643 |     let mut host_chans = Vec::<Buffered<Channel<Host, RustCrypto>>>::new();
[INFO] [stdout]     |                          ^^^ use of undeclared type `Vec`
[INFO] [stdout] 
[INFO] [stdout] 
[INFO] [stdout] error[E0433]: cannot find type `Vec` in this scope
[INFO] [stdout]     --> src/channel/test.rs:1117:23
[INFO] [stdout]      |
[INFO] [stdout] 1117 |         let mut res = Vec::new();
[INFO] [stdout]      |                       ^^^ use of undeclared type `Vec`
[INFO] [stdout] 
[INFO] [stdout] 
[INFO] [stdout] error[E0433]: cannot find type `Vec` in this scope
[INFO] [stdout]     --> src/channel/test.rs:1185:19
[INFO] [stdout]      |
[INFO] [stdout] 1185 |     let mut buf = Vec::new();
[INFO] [stdout]      |                   ^^^ use of undeclared type `Vec`
[INFO] [stdout] 
[INFO] [stdout] 
[INFO] [stdout] Some errors have detailed explanations: E0223, E0425, E0432, E0433.
[INFO] [stdout] 
[INFO] [stdout] For more information about an error, try `rustc --explain E0223`.
[INFO] [stdout] 
[INFO] [stderr] error: could not compile `trezor-thp` (lib test) due to 20 previous errors
[INFO] [stdout] For more information about this error, try `rustc --explain E0432`.
[INFO] [stdout] 
[INFO] [stderr] error: could not compile `trezor-thp` (example "host-cli") due to 1 previous error
[INFO] running `Command { std: "docker" "inspect" "721ad934d8ab45c76ca63bb7cd4c6b0f9a522f678bc8d2a6dacea199aef00c5d", kill_on_drop: false }`
[INFO] running `Command { std: "docker" "rm" "-f" "721ad934d8ab45c76ca63bb7cd4c6b0f9a522f678bc8d2a6dacea199aef00c5d", kill_on_drop: false }`
[INFO] [stdout] 721ad934d8ab45c76ca63bb7cd4c6b0f9a522f678bc8d2a6dacea199aef00c5d
