[INFO] fetching crate treelog 0.1.0-beta.0...
[INFO] testing treelog-0.1.0-beta.0 against 1.100.0-beta.1+cargoflags=--release for beta-release-1.100-2
[INFO] extracting crate treelog 0.1.0-beta.0 into /workspace/builds/worker-5-tc2/source
[INFO] started tweaking crates.io crate treelog 0.1.0-beta.0
[INFO] removed 0 missing examples
[INFO] finished tweaking crates.io crate treelog 0.1.0-beta.0
[INFO] tweaked toml for crates.io crate treelog 0.1.0-beta.0 written to /workspace/builds/worker-5-tc2/source/Cargo.toml
[INFO] validating manifest of crates.io crate treelog 0.1.0-beta.0 on toolchain 1.100.0-beta.1
[INFO] running `Command { std: CARGO_HOME="/workspace/cargo-home" RUSTUP_HOME="/workspace/rustup-home" "/workspace/cargo-home/bin/cargo" "+1.100.0-beta.1" "metadata" "--manifest-path" "Cargo.toml" "--no-deps", kill_on_drop: false }`
[INFO] crate crates.io crate treelog 0.1.0-beta.0 already has a lockfile, it will not be regenerated
[INFO] running `Command { std: CARGO_HOME="/workspace/cargo-home" RUSTUP_HOME="/workspace/rustup-home" "/workspace/cargo-home/bin/cargo" "+1.100.0-beta.1" "fetch" "--manifest-path" "Cargo.toml", kill_on_drop: false }`
[INFO] [stderr] warning: `package.homepage` is redundant with `package.repository`
[INFO] [stderr]    --> Cargo.toml:283:12
[INFO] [stderr]     |
[INFO] [stderr] 283 | homepage = "https://github.com/muijf/treelog"
[INFO] [stderr]     |            ^^^^^^^^^^^^^^^^^^^^^^^^^^^^^^^^^^
[INFO] [stderr] ...
[INFO] [stderr] 288 | repository = "https://github.com/muijf/treelog"
[INFO] [stderr]     |              ----------------------------------
[INFO] [stderr]     |
[INFO] [stderr]     = note: `cargo::redundant_homepage` is set to `warn` by default
[INFO] [stderr] help: consider removing `package.homepage`
[INFO] [stderr] warning: `treelog` (manifest) generated 1 warning
[INFO] running `Command { std: "docker" "create" "-v" "/var/lib/crater-agent-workspace/builds/worker-5-tc2/source:/opt/rustwide/workdir:ro,Z" "-v" "/var/lib/crater-agent-workspace/builds/worker-5-tc2/target:/opt/rustwide/target:rw,Z" "-v" "/var/lib/crater-agent-workspace/cargo-home:/opt/rustwide/cargo-home:ro,Z" "-v" "/var/lib/crater-agent-workspace/rustup-home:/opt/rustwide/rustup-home:ro,Z" "-m" "1610612736" "--network" "none" "ghcr.io/rust-lang/crates-build-env/linux@sha256:77db811e55d90add9212f6832c23229e3de5f1c1f9905e8cb07319ea15df73ac" "sleep" "infinity", kill_on_drop: false }`
[INFO] [stdout] 537f0a17a94d75b25f277a166fa6f335c1930da75c1a4e8ad72b176067182746
[INFO] running `Command { std: "docker" "start" "537f0a17a94d75b25f277a166fa6f335c1930da75c1a4e8ad72b176067182746", kill_on_drop: false }`
[INFO] running `Command { std: "docker" "inspect" "537f0a17a94d75b25f277a166fa6f335c1930da75c1a4e8ad72b176067182746", kill_on_drop: false }`
[INFO] running `Command { std: "docker" "exec" "-e" "SOURCE_DIR=/opt/rustwide/workdir" "-e" "CARGO_HOME=/opt/rustwide/cargo-home" "-e" "RUSTUP_HOME=/opt/rustwide/rustup-home" "-e" "CARGO_TARGET_DIR=/opt/rustwide/target" "-w" "/opt/rustwide/workdir" "--user" "0:0" "537f0a17a94d75b25f277a166fa6f335c1930da75c1a4e8ad72b176067182746" "/opt/rustwide/cargo-home/bin/cargo" "+1.100.0-beta.1" "metadata" "--no-deps" "--format-version=1", kill_on_drop: false }`
[INFO] running `Command { std: "docker" "inspect" "537f0a17a94d75b25f277a166fa6f335c1930da75c1a4e8ad72b176067182746", kill_on_drop: false }`
[INFO] running `Command { std: "docker" "exec" "-e" "SOURCE_DIR=/opt/rustwide/workdir" "-e" "CARGO_HOME=/opt/rustwide/cargo-home" "-e" "RUSTUP_HOME=/opt/rustwide/rustup-home" "-e" "CARGO_TARGET_DIR=/opt/rustwide/target" "-e" "CARGO_INCREMENTAL=0" "-e" "RUST_BACKTRACE=full" "-e" "RUSTFLAGS=--cap-lints=warn" "-e" "RUSTDOCFLAGS=--cap-lints=warn" "-w" "/opt/rustwide/workdir" "--user" "0:0" "537f0a17a94d75b25f277a166fa6f335c1930da75c1a4e8ad72b176067182746" "/opt/rustwide/cargo-home/bin/cargo" "+1.100.0-beta.1" "build" "--frozen" "--message-format=json" "--release", kill_on_drop: false }`
[INFO] [stderr] warning: `package.homepage` is redundant with `package.repository`
[INFO] [stderr]    --> Cargo.toml:283:12
[INFO] [stderr]     |
[INFO] [stderr] 283 | homepage = "https://github.com/muijf/treelog"
[INFO] [stderr]     |            ^^^^^^^^^^^^^^^^^^^^^^^^^^^^^^^^^^
[INFO] [stderr] ...
[INFO] [stderr] 288 | repository = "https://github.com/muijf/treelog"
[INFO] [stderr]     |              ----------------------------------
[INFO] [stderr]     |
[INFO] [stderr]     = note: `cargo::redundant_homepage` is set to `warn` by default
[INFO] [stderr] help: consider removing `package.homepage`
[INFO] [stderr] warning: `treelog` (manifest) generated 1 warning
[INFO] [stderr]    Compiling treelog v0.1.0-beta.0 (/opt/rustwide/workdir)
[INFO] [stderr]     Finished `release` profile [optimized] target(s) in 0.91s
[INFO] running `Command { std: "docker" "inspect" "537f0a17a94d75b25f277a166fa6f335c1930da75c1a4e8ad72b176067182746", kill_on_drop: false }`
[INFO] running `Command { std: "docker" "exec" "-e" "SOURCE_DIR=/opt/rustwide/workdir" "-e" "CARGO_HOME=/opt/rustwide/cargo-home" "-e" "RUSTUP_HOME=/opt/rustwide/rustup-home" "-e" "CARGO_TARGET_DIR=/opt/rustwide/target" "-e" "CARGO_INCREMENTAL=0" "-e" "RUST_BACKTRACE=full" "-e" "RUSTFLAGS=--cap-lints=warn" "-e" "RUSTDOCFLAGS=--cap-lints=warn" "-w" "/opt/rustwide/workdir" "--user" "0:0" "537f0a17a94d75b25f277a166fa6f335c1930da75c1a4e8ad72b176067182746" "/opt/rustwide/cargo-home/bin/cargo" "+1.100.0-beta.1" "test" "--frozen" "--no-run" "--message-format=json" "--release", kill_on_drop: false }`
[INFO] [stderr] warning: `package.homepage` is redundant with `package.repository`
[INFO] [stderr]    --> Cargo.toml:283:12
[INFO] [stderr]     |
[INFO] [stderr] 283 | homepage = "https://github.com/muijf/treelog"
[INFO] [stderr]     |            ^^^^^^^^^^^^^^^^^^^^^^^^^^^^^^^^^^
[INFO] [stderr] ...
[INFO] [stderr] 288 | repository = "https://github.com/muijf/treelog"
[INFO] [stderr]     |              ----------------------------------
[INFO] [stderr]     |
[INFO] [stderr]     = note: `cargo::redundant_homepage` is set to `warn` by default
[INFO] [stderr] help: consider removing `package.homepage`
[INFO] [stderr] warning: `treelog` (manifest) generated 1 warning
[INFO] [stderr]    Compiling libc v0.2.177
[INFO] [stderr]    Compiling zerocopy v0.8.30
[INFO] [stderr]    Compiling find-msvc-tools v0.1.5
[INFO] [stderr]    Compiling portable-atomic v1.11.1
[INFO] [stderr]    Compiling tree-sitter-language v0.1.5
[INFO] [stderr]    Compiling unit-prefix v0.5.2
[INFO] [stderr]    Compiling colored v3.0.0
[INFO] [stderr]    Compiling cc v1.2.47
[INFO] [stderr]    Compiling getrandom v0.3.4
[INFO] [stderr]    Compiling console v0.16.1
[INFO] [stderr]    Compiling term_size v0.3.2
[INFO] [stderr]    Compiling rand_core v0.9.3
[INFO] [stderr]    Compiling tree-sitter-rust v0.24.0
[INFO] [stderr]    Compiling indicatif v0.18.3
[INFO] [stderr]    Compiling ppv-lite86 v0.2.21
[INFO] [stderr]    Compiling rand_chacha v0.9.0
[INFO] [stderr]    Compiling rand v0.9.2
[INFO] [stderr]    Compiling treelog v0.1.0-beta.0 (/opt/rustwide/workdir)
[INFO] [stdout] error[E0432]: unresolved import `treelog::incremental`
[INFO] [stdout]   --> examples/indicatif.rs:21:14
[INFO] [stdout]    |
[INFO] [stdout] 21 | use treelog::incremental::IncrementalTree;
[INFO] [stdout]    |              ^^^^^^^^^^^ could not find `incremental` in `treelog`
[INFO] [stdout]    |
[INFO] [stdout] note: found an item that was configured out
[INFO] [stdout]   --> src/lib.rs:26:9
[INFO] [stdout]    |
[INFO] [stdout] 25 | #[cfg(any(feature = "incremental", doc))]
[INFO] [stdout]    |          ------------------------------ the item is gated here
[INFO] [stdout] 26 | pub mod incremental;
[INFO] [stdout]    |         ^^^^^^^^^^^
[INFO] [stdout] 
[INFO] [stdout] 
[INFO] [stdout] error[E0599]: no method named `sort_by_label` found for enum `Tree` in the current scope
[INFO] [stdout]   --> examples/sorting.rs:32:11
[INFO] [stdout]    |
[INFO] [stdout] 32 |     tree2.sort_by_label();
[INFO] [stdout]    |           ^^^^^^^^^^^^^ method not found in `Tree`
[INFO] [stdout] 
[INFO] [stdout] 
[INFO] [stdout] error[E0599]: no method named `sort_by_depth` found for enum `Tree` in the current scope
[INFO] [stdout]   --> examples/sorting.rs:51:11
[INFO] [stdout]    |
[INFO] [stdout] 51 |     tree3.sort_by_depth(true);
[INFO] [stdout]    |           ^^^^^^^^^^^^^ method not found in `Tree`
[INFO] [stdout] 
[INFO] [stdout] 
[INFO] [stdout] error[E0599]: no method named `depth` found for enum `Tree` in the current scope
[INFO] [stdout]   --> examples/statistics.rs:33:32
[INFO] [stdout]    |
[INFO] [stdout] 33 |     println!("Depth: {}", tree.depth());
[INFO] [stdout]    |                                ^^^^^ method not found in `Tree`
[INFO] [stdout] 
[INFO] [stdout] 
[INFO] [stdout] error[E0599]: no method named `sort_children` found for enum `Tree` in the current scope
[INFO] [stdout]    --> examples/sorting.rs:63:11
[INFO] [stdout]     |
[INFO] [stdout]  63 |     tree4.sort_children(&mut compare);
[INFO] [stdout]     |           ^^^^^^^^^^^^^
[INFO] [stdout]     |
[INFO] [stdout] help: there is a method `children` with a similar name, but with different arguments
[INFO] [stdout]    --> src/tree.rs:164:5
[INFO] [stdout]     |
[INFO] [stdout] 164 |     pub fn children(&self) -> Option<&[Tree]> {
[INFO] [stdout]     |     ^^^^^^^^^^^^^^^^^^^^^^^^^^^^^^^^^^^^^^^^^
[INFO] [stdout] 
[INFO] [stdout] 
[INFO] [stdout] error[E0599]: no method named `width` found for enum `Tree` in the current scope
[INFO] [stdout]   --> examples/statistics.rs:34:32
[INFO] [stdout]    |
[INFO] [stdout] 34 |     println!("Width: {}", tree.width());
[INFO] [stdout]    |                                ^^^^^ method not found in `Tree`
[INFO] [stdout] 
[INFO] [stdout] 
[INFO] [stdout] For more information about this error, try `rustc --explain E0599`.
[INFO] [stdout] 
[INFO] [stdout] error[E0599]: no method named `node_count` found for enum `Tree` in the current scope
[INFO] [stdout]   --> examples/statistics.rs:35:37
[INFO] [stdout]    |
[INFO] [stdout] 35 |     println!("Node count: {}", tree.node_count());
[INFO] [stdout]    |                                     ^^^^^^^^^^ method not found in `Tree`
[INFO] [stdout] 
[INFO] [stdout] 
[INFO] [stderr] error: could not compile `treelog` (example "sorting") due to 3 previous errors
[INFO] [stderr] warning: build failed, waiting for other jobs to finish...
[INFO] [stdout] error[E0599]: no method named `leaf_count` found for enum `Tree` in the current scope
[INFO] [stdout]   --> examples/statistics.rs:36:37
[INFO] [stdout]    |
[INFO] [stdout] 36 |     println!("Leaf count: {}", tree.leaf_count());
[INFO] [stdout]    |                                     ^^^^^^^^^^ method not found in `Tree`
[INFO] [stdout] 
[INFO] [stdout] 
[INFO] [stdout] error[E0599]: no method named `total_lines` found for enum `Tree` in the current scope
[INFO] [stdout]   --> examples/statistics.rs:37:38
[INFO] [stdout]    |
[INFO] [stdout] 37 |     println!("Total lines: {}", tree.total_lines());
[INFO] [stdout]    |                                      ^^^^^^^^^^^
[INFO] [stdout]    |
[INFO] [stdout] help: there is a method `to_lines` with a similar name
[INFO] [stdout]    |
[INFO] [stdout] 37 -     println!("Total lines: {}", tree.total_lines());
[INFO] [stdout] 37 +     println!("Total lines: {}", tree.to_lines());
[INFO] [stdout]    |
[INFO] [stdout] 
[INFO] [stdout] 
[INFO] [stdout] error[E0599]: no method named `stats` found for enum `Tree` in the current scope
[INFO] [stdout]   --> examples/statistics.rs:41:22
[INFO] [stdout]    |
[INFO] [stdout] 41 |     let stats = tree.stats();
[INFO] [stdout]    |                      ^^^^^ method not found in `Tree`
[INFO] [stdout] 
[INFO] [stdout] 
[INFO] [stdout] For more information about this error, try `rustc --explain E0599`.
[INFO] [stdout] 
[INFO] [stderr] error: could not compile `treelog` (example "statistics") due to 6 previous errors
[INFO] [stdout] For more information about this error, try `rustc --explain E0432`.
[INFO] [stdout] 
[INFO] [stderr] error: could not compile `treelog` (example "indicatif") due to 1 previous error
[INFO] running `Command { std: "docker" "inspect" "537f0a17a94d75b25f277a166fa6f335c1930da75c1a4e8ad72b176067182746", kill_on_drop: false }`
[INFO] running `Command { std: "docker" "rm" "-f" "537f0a17a94d75b25f277a166fa6f335c1930da75c1a4e8ad72b176067182746", kill_on_drop: false }`
[INFO] [stdout] 537f0a17a94d75b25f277a166fa6f335c1930da75c1a4e8ad72b176067182746
