[INFO] fetching crate treelight 0.3.2...
[INFO] testing treelight-0.3.2 against 1.100.0-beta.1+cargoflags=--release for beta-release-1.100-2
[INFO] extracting crate treelight 0.3.2 into /workspace/builds/worker-5-tc2/source
[INFO] started tweaking crates.io crate treelight 0.3.2
[INFO] finished tweaking crates.io crate treelight 0.3.2
[INFO] tweaked toml for crates.io crate treelight 0.3.2 written to /workspace/builds/worker-5-tc2/source/Cargo.toml
[INFO] validating manifest of crates.io crate treelight 0.3.2 on toolchain 1.100.0-beta.1
[INFO] running `Command { std: CARGO_HOME="/workspace/cargo-home" RUSTUP_HOME="/workspace/rustup-home" "/workspace/cargo-home/bin/cargo" "+1.100.0-beta.1" "metadata" "--manifest-path" "Cargo.toml" "--no-deps", kill_on_drop: false }`
[INFO] running `Command { std: CARGO_HOME="/workspace/cargo-home" RUSTUP_HOME="/workspace/rustup-home" "/workspace/cargo-home/bin/cargo" "+1.100.0-beta.1" "generate-lockfile" "--manifest-path" "Cargo.toml", kill_on_drop: false }`
[INFO] [stderr]     Updating crates.io index
[INFO] [stderr]      Locking 17 packages to highest compatible versions
[INFO] [stderr]       Adding tree-sitter v0.20.10 (available: v0.27.1)
[INFO] [stderr]       Adding tree-sitter-highlight v0.20.1 (available: v0.27.1)
[INFO] [stderr]       Adding v_htmlescape v0.15.8 (available: v0.17.0)
[INFO] running `Command { std: CARGO_HOME="/workspace/cargo-home" RUSTUP_HOME="/workspace/rustup-home" "/workspace/cargo-home/bin/cargo" "+1.100.0-beta.1" "fetch" "--manifest-path" "Cargo.toml", kill_on_drop: false }`
[INFO] [stderr] warning: unused build dependency `cc`
[INFO] [stderr]  --> Cargo.toml:1:21
[INFO] [stderr]   |
[INFO] [stderr] 1 | [build-dependencies.cc]
[INFO] [stderr]   |                     ^^^
[INFO] [stderr]   |
[INFO] [stderr]   = note: `cargo::unused_dependencies` is set to `warn` by default
[INFO] [stderr] help: consider removing the dependency on `cc`
[INFO] [stderr] warning: `treelight` (manifest) generated 1 warning
[INFO] running `Command { std: "docker" "create" "-v" "/var/lib/crater-agent-workspace/builds/worker-5-tc2/source:/opt/rustwide/workdir:ro,Z" "-v" "/var/lib/crater-agent-workspace/builds/worker-5-tc2/target:/opt/rustwide/target:rw,Z" "-v" "/var/lib/crater-agent-workspace/cargo-home:/opt/rustwide/cargo-home:ro,Z" "-v" "/var/lib/crater-agent-workspace/rustup-home:/opt/rustwide/rustup-home:ro,Z" "-m" "1610612736" "--network" "none" "ghcr.io/rust-lang/crates-build-env/linux@sha256:77db811e55d90add9212f6832c23229e3de5f1c1f9905e8cb07319ea15df73ac" "sleep" "infinity", kill_on_drop: false }`
[INFO] [stdout] 57986964d5540ec3c9b2cd421363b555b5050f65f35c3266d7c4029cf2090fdd
[INFO] running `Command { std: "docker" "start" "57986964d5540ec3c9b2cd421363b555b5050f65f35c3266d7c4029cf2090fdd", kill_on_drop: false }`
[INFO] running `Command { std: "docker" "inspect" "57986964d5540ec3c9b2cd421363b555b5050f65f35c3266d7c4029cf2090fdd", kill_on_drop: false }`
[INFO] running `Command { std: "docker" "exec" "-e" "SOURCE_DIR=/opt/rustwide/workdir" "-e" "CARGO_HOME=/opt/rustwide/cargo-home" "-e" "RUSTUP_HOME=/opt/rustwide/rustup-home" "-e" "CARGO_TARGET_DIR=/opt/rustwide/target" "-w" "/opt/rustwide/workdir" "--user" "0:0" "57986964d5540ec3c9b2cd421363b555b5050f65f35c3266d7c4029cf2090fdd" "/opt/rustwide/cargo-home/bin/cargo" "+1.100.0-beta.1" "metadata" "--no-deps" "--format-version=1", kill_on_drop: false }`
[INFO] running `Command { std: "docker" "inspect" "57986964d5540ec3c9b2cd421363b555b5050f65f35c3266d7c4029cf2090fdd", kill_on_drop: false }`
[INFO] running `Command { std: "docker" "exec" "-e" "SOURCE_DIR=/opt/rustwide/workdir" "-e" "CARGO_HOME=/opt/rustwide/cargo-home" "-e" "RUSTUP_HOME=/opt/rustwide/rustup-home" "-e" "CARGO_TARGET_DIR=/opt/rustwide/target" "-e" "CARGO_INCREMENTAL=0" "-e" "RUST_BACKTRACE=full" "-e" "RUSTFLAGS=--cap-lints=warn" "-e" "RUSTDOCFLAGS=--cap-lints=warn" "-w" "/opt/rustwide/workdir" "--user" "0:0" "57986964d5540ec3c9b2cd421363b555b5050f65f35c3266d7c4029cf2090fdd" "/opt/rustwide/cargo-home/bin/cargo" "+1.100.0-beta.1" "build" "--frozen" "--message-format=json" "--release", kill_on_drop: false }`
[INFO] [stderr] warning: unused build dependency `cc`
[INFO] [stderr]  --> Cargo.toml:1:21
[INFO] [stderr]   |
[INFO] [stderr] 1 | [build-dependencies.cc]
[INFO] [stderr]   |                     ^^^
[INFO] [stderr]   |
[INFO] [stderr]   = note: `cargo::unused_dependencies` is set to `warn` by default
[INFO] [stderr] help: consider removing the dependency on `cc`
[INFO] [stderr] warning: `treelight` (manifest) generated 1 warning
[INFO] [stderr]    Compiling v_htmlescape v0.15.8
[INFO] [stderr]    Compiling cc v1.8.0
[INFO] [stderr]    Compiling syn v2.0.119
[INFO] [stderr]    Compiling tree-sitter v0.20.10
[INFO] [stderr]    Compiling thiserror-impl v1.0.69
[INFO] [stderr]    Compiling thiserror v1.0.69
[INFO] [stderr]    Compiling tree-sitter-highlight v0.20.1
[INFO] [stderr]    Compiling treelight v0.3.2 (/opt/rustwide/workdir)
[INFO] [stderr]     Finished `release` profile [optimized] target(s) in 16.51s
[INFO] running `Command { std: "docker" "inspect" "57986964d5540ec3c9b2cd421363b555b5050f65f35c3266d7c4029cf2090fdd", kill_on_drop: false }`
[INFO] running `Command { std: "docker" "exec" "-e" "SOURCE_DIR=/opt/rustwide/workdir" "-e" "CARGO_HOME=/opt/rustwide/cargo-home" "-e" "RUSTUP_HOME=/opt/rustwide/rustup-home" "-e" "CARGO_TARGET_DIR=/opt/rustwide/target" "-e" "CARGO_INCREMENTAL=0" "-e" "RUST_BACKTRACE=full" "-e" "RUSTFLAGS=--cap-lints=warn" "-e" "RUSTDOCFLAGS=--cap-lints=warn" "-w" "/opt/rustwide/workdir" "--user" "0:0" "57986964d5540ec3c9b2cd421363b555b5050f65f35c3266d7c4029cf2090fdd" "/opt/rustwide/cargo-home/bin/cargo" "+1.100.0-beta.1" "test" "--frozen" "--no-run" "--message-format=json" "--release", kill_on_drop: false }`
[INFO] [stderr] warning: unused build dependency `cc`
[INFO] [stderr]  --> Cargo.toml:1:21
[INFO] [stderr]   |
[INFO] [stderr] 1 | [build-dependencies.cc]
[INFO] [stderr]   |                     ^^^
[INFO] [stderr]   |
[INFO] [stderr]   = note: `cargo::unused_dependencies` is set to `warn` by default
[INFO] [stderr] help: consider removing the dependency on `cc`
[INFO] [stderr] warning: `treelight` (manifest) generated 1 warning
[INFO] [stderr]    Compiling treelight v0.3.2 (/opt/rustwide/workdir)
[INFO] [stdout] error: linking with `cc` failed: exit status: 1
[INFO] [stdout]   |
[INFO] [stdout]   = note:  "cc" "-m64" "/opt/rustwide/target/release/build/treelight/ee6d3a38c5ca55d1/out/rustcmOTiKD/symbols.o" "<6 object files omitted>" "-Wl,--as-needed" "-Wl,-Bstatic" "<sysroot>/lib/rustlib/x86_64-unknown-linux-gnu/lib/{libtest-*,libgetopts-*,librustc_std_workspace_std-*}.rlib" "/opt/rustwide/target/release/build/v_htmlescape/437a0357e31e58a6/out/libv_htmlescape-437a0357e31e58a6.rlib" "/opt/rustwide/target/release/build/tree-sitter-highlight/88fb02ca97bee6f4/out/libtree_sitter_highlight-88fb02ca97bee6f4.rlib" "/opt/rustwide/target/release/build/thiserror/f6159b61ae3c4a67/out/libthiserror-f6159b61ae3c4a67.rlib" "/opt/rustwide/target/release/build/tree-sitter/6c5536c813a97eb2/out/libtree_sitter-6c5536c813a97eb2.rlib" "/opt/rustwide/target/release/build/regex/5bb273558e11c3aa/out/libregex-5bb273558e11c3aa.rlib" "/opt/rustwide/target/release/build/regex-automata/ae4cd0bca86fe251/out/libregex_automata-ae4cd0bca86fe251.rlib" "/opt/rustwide/target/release/build/aho-corasick/7333bf41a260803b/out/libaho_corasick-7333bf41a260803b.rlib" "/opt/rustwide/target/release/build/memchr/b09fcc675b44dbcc/out/libmemchr-b09fcc675b44dbcc.rlib" "/opt/rustwide/target/release/build/regex-syntax/7010b26951f94357/out/libregex_syntax-7010b26951f94357.rlib" "<sysroot>/lib/rustlib/x86_64-unknown-linux-gnu/lib/{libstd-*,libpanic_unwind-*,libobject-*,libmemchr-*,libaddr2line-*,libgimli-*,libcfg_if-*,librustc_demangle-*,libstd_detect-*,libhashbrown-*,librustc_std_workspace_alloc-*,libminiz_oxide-*,libadler2-*,libunwind-*,liblibc-*,librustc_std_workspace_core-*,liballoc-*,libcore-*,libcompiler_builtins-*}.rlib" "-Wl,-Bdynamic" "-lgcc_s" "-lutil" "-lrt" "-lpthread" "-lm" "-ldl" "-lc" "-L" "/opt/rustwide/target/release/build/treelight/ee6d3a38c5ca55d1/out/rustcmOTiKD/raw-dylibs" "-B<sysroot>/lib/rustlib/x86_64-unknown-linux-gnu/bin/gcc-ld" "-fuse-ld=lld" "-Wl,--eh-frame-hdr" "-Wl,-z,noexecstack" "-L" "/opt/rustwide/target/release/build/tree-sitter/356f4e2c0d0ed39b/out" "-L" "<sysroot>/lib/rustlib/x86_64-unknown-linux-gnu/lib" "-o" "/opt/rustwide/target/release/build/treelight/ee6d3a38c5ca55d1/out/treelight-ee6d3a38c5ca55d1" "-Wl,--gc-sections" "-pie" "-Wl,-z,relro,-z,now" "-Wl,-O1" "-Wl,--strip-debug" "-nodefaultlibs"
[INFO] [stdout]   = note: some arguments are omitted. use `--verbose` to show all linker arguments
[INFO] [stdout]   = note: rust-lld: error: undefined symbol: tree_sitter_rust
[INFO] [stdout]           >>> referenced by treelight.19ff05d1c2c577cb-cgu.0
[INFO] [stdout]           >>>               /opt/rustwide/target/release/build/treelight/ee6d3a38c5ca55d1/out/treelight-ee6d3a38c5ca55d1.treelight.19ff05d1c2c577cb-cgu.0.rcgu.o:(treelight::highlight_to_html)
[INFO] [stdout]           >>> referenced by treelight.19ff05d1c2c577cb-cgu.3
[INFO] [stdout]           >>>               /opt/rustwide/target/release/build/treelight/ee6d3a38c5ca55d1/out/treelight-ee6d3a38c5ca55d1.treelight.19ff05d1c2c577cb-cgu.3.rcgu.o:(<treelight::rust::tests::can_load_grammar::{closure#0} as core::ops::function::FnOnce<()>>::call_once (.llvm.9180374406388200297))
[INFO] [stdout]           
[INFO] [stdout]           rust-lld: error: undefined symbol: tree_sitter_c
[INFO] [stdout]           >>> referenced by treelight.19ff05d1c2c577cb-cgu.0
[INFO] [stdout]           >>>               /opt/rustwide/target/release/build/treelight/ee6d3a38c5ca55d1/out/treelight-ee6d3a38c5ca55d1.treelight.19ff05d1c2c577cb-cgu.0.rcgu.o:(treelight::highlight_to_html)
[INFO] [stdout]           >>> referenced by treelight.19ff05d1c2c577cb-cgu.3
[INFO] [stdout]           >>>               /opt/rustwide/target/release/build/treelight/ee6d3a38c5ca55d1/out/treelight-ee6d3a38c5ca55d1.treelight.19ff05d1c2c577cb-cgu.3.rcgu.o:(<treelight::c::tests::can_load_grammar::{closure#0} as core::ops::function::FnOnce<()>>::call_once (.llvm.9180374406388200297))
[INFO] [stdout]           
[INFO] [stdout]           rust-lld: error: undefined symbol: tree_sitter_json
[INFO] [stdout]           >>> referenced by treelight.19ff05d1c2c577cb-cgu.0
[INFO] [stdout]           >>>               /opt/rustwide/target/release/build/treelight/ee6d3a38c5ca55d1/out/treelight-ee6d3a38c5ca55d1.treelight.19ff05d1c2c577cb-cgu.0.rcgu.o:(treelight::highlight_to_html)
[INFO] [stdout]           >>> referenced by treelight.19ff05d1c2c577cb-cgu.2
[INFO] [stdout]           >>>               /opt/rustwide/target/release/build/treelight/ee6d3a38c5ca55d1/out/treelight-ee6d3a38c5ca55d1.treelight.19ff05d1c2c577cb-cgu.2.rcgu.o:(<treelight::json::tests::test_can_load_grammar::{closure#0} as core::ops::function::FnOnce<()>>::call_once (.llvm.13410773643756889282))
[INFO] [stdout]           
[INFO] [stdout]           rust-lld: error: undefined symbol: tree_sitter_haskell
[INFO] [stdout]           >>> referenced by treelight.19ff05d1c2c577cb-cgu.0
[INFO] [stdout]           >>>               /opt/rustwide/target/release/build/treelight/ee6d3a38c5ca55d1/out/treelight-ee6d3a38c5ca55d1.treelight.19ff05d1c2c577cb-cgu.0.rcgu.o:(treelight::highlight_to_html)
[INFO] [stdout]           >>> referenced by treelight.19ff05d1c2c577cb-cgu.3
[INFO] [stdout]           >>>               /opt/rustwide/target/release/build/treelight/ee6d3a38c5ca55d1/out/treelight-ee6d3a38c5ca55d1.treelight.19ff05d1c2c577cb-cgu.3.rcgu.o:(<treelight::haskell::tests::test_can_load_grammar::{closure#0} as core::ops::function::FnOnce<()>>::call_once (.llvm.9180374406388200297))
[INFO] [stdout]           
[INFO] [stdout]           rust-lld: error: undefined symbol: tree_sitter_tsx
[INFO] [stdout]           >>> referenced by treelight.19ff05d1c2c577cb-cgu.0
[INFO] [stdout]           >>>               /opt/rustwide/target/release/build/treelight/ee6d3a38c5ca55d1/out/treelight-ee6d3a38c5ca55d1.treelight.19ff05d1c2c577cb-cgu.0.rcgu.o:(treelight::highlight_to_html)
[INFO] [stdout]           >>> referenced by treelight.19ff05d1c2c577cb-cgu.2
[INFO] [stdout]           >>>               /opt/rustwide/target/release/build/treelight/ee6d3a38c5ca55d1/out/treelight-ee6d3a38c5ca55d1.treelight.19ff05d1c2c577cb-cgu.2.rcgu.o:(<treelight::typescript::tests::can_load_grammar_tsx::{closure#0} as core::ops::function::FnOnce<()>>::call_once (.llvm.13410773643756889282))
[INFO] [stdout]           
[INFO] [stdout]           rust-lld: error: undefined symbol: tree_sitter_ruby
[INFO] [stdout]           >>> referenced by treelight.19ff05d1c2c577cb-cgu.0
[INFO] [stdout]           >>>               /opt/rustwide/target/release/build/treelight/ee6d3a38c5ca55d1/out/treelight-ee6d3a38c5ca55d1.treelight.19ff05d1c2c577cb-cgu.0.rcgu.o:(treelight::highlight_to_html)
[INFO] [stdout]           >>> referenced by treelight.19ff05d1c2c577cb-cgu.3
[INFO] [stdout]           >>>               /opt/rustwide/target/release/build/treelight/ee6d3a38c5ca55d1/out/treelight-ee6d3a38c5ca55d1.treelight.19ff05d1c2c577cb-cgu.3.rcgu.o:(<treelight::ruby::tests::can_load_grammar::{closure#0} as core::ops::function::FnOnce<()>>::call_once (.llvm.9180374406388200297))
[INFO] [stdout]           
[INFO] [stdout]           rust-lld: error: undefined symbol: tree_sitter_go
[INFO] [stdout]           >>> referenced by treelight.19ff05d1c2c577cb-cgu.0
[INFO] [stdout]           >>>               /opt/rustwide/target/release/build/treelight/ee6d3a38c5ca55d1/out/treelight-ee6d3a38c5ca55d1.treelight.19ff05d1c2c577cb-cgu.0.rcgu.o:(treelight::highlight_to_html)
[INFO] [stdout]           >>> referenced by treelight.19ff05d1c2c577cb-cgu.2
[INFO] [stdout]           >>>               /opt/rustwide/target/release/build/treelight/ee6d3a38c5ca55d1/out/treelight-ee6d3a38c5ca55d1.treelight.19ff05d1c2c577cb-cgu.2.rcgu.o:(<treelight::go::tests::can_load_grammar::{closure#0} as core::ops::function::FnOnce<()>>::call_once (.llvm.13410773643756889282))
[INFO] [stdout]           
[INFO] [stdout]           rust-lld: error: undefined symbol: tree_sitter_javascript
[INFO] [stdout]           >>> referenced by treelight.19ff05d1c2c577cb-cgu.0
[INFO] [stdout]           >>>               /opt/rustwide/target/release/build/treelight/ee6d3a38c5ca55d1/out/treelight-ee6d3a38c5ca55d1.treelight.19ff05d1c2c577cb-cgu.0.rcgu.o:(treelight::highlight_to_html)
[INFO] [stdout]           >>> referenced by treelight.19ff05d1c2c577cb-cgu.0
[INFO] [stdout]           >>>               /opt/rustwide/target/release/build/treelight/ee6d3a38c5ca55d1/out/treelight-ee6d3a38c5ca55d1.treelight.19ff05d1c2c577cb-cgu.0.rcgu.o:(treelight::highlight_to_html)
[INFO] [stdout]           >>> referenced by treelight.19ff05d1c2c577cb-cgu.2
[INFO] [stdout]           >>>               /opt/rustwide/target/release/build/treelight/ee6d3a38c5ca55d1/out/treelight-ee6d3a38c5ca55d1.treelight.19ff05d1c2c577cb-cgu.2.rcgu.o:(<treelight::javascript::tests::can_load_grammar::{closure#0} as core::ops::function::FnOnce<()>>::call_once (.llvm.13410773643756889282))
[INFO] [stdout]           
[INFO] [stdout]           rust-lld: error: undefined symbol: tree_sitter_c_sharp
[INFO] [stdout]           >>> referenced by treelight.19ff05d1c2c577cb-cgu.0
[INFO] [stdout]           >>>               /opt/rustwide/target/release/build/treelight/ee6d3a38c5ca55d1/out/treelight-ee6d3a38c5ca55d1.treelight.19ff05d1c2c577cb-cgu.0.rcgu.o:(treelight::highlight_to_html)
[INFO] [stdout]           >>> referenced by treelight.19ff05d1c2c577cb-cgu.2
[INFO] [stdout]           >>>               /opt/rustwide/target/release/build/treelight/ee6d3a38c5ca55d1/out/treelight-ee6d3a38c5ca55d1.treelight.19ff05d1c2c577cb-cgu.2.rcgu.o:(<treelight::c_sharp::tests::can_load_grammar::{closure#0} as core::ops::function::FnOnce<()>>::call_once (.llvm.13410773643756889282))
[INFO] [stdout]           
[INFO] [stdout]           rust-lld: error: undefined symbol: tree_sitter_typescript
[INFO] [stdout]           >>> referenced by treelight.19ff05d1c2c577cb-cgu.0
[INFO] [stdout]           >>>               /opt/rustwide/target/release/build/treelight/ee6d3a38c5ca55d1/out/treelight-ee6d3a38c5ca55d1.treelight.19ff05d1c2c577cb-cgu.0.rcgu.o:(treelight::highlight_to_html)
[INFO] [stdout]           >>> referenced by treelight.19ff05d1c2c577cb-cgu.2
[INFO] [stdout]           >>>               /opt/rustwide/target/release/build/treelight/ee6d3a38c5ca55d1/out/treelight-ee6d3a38c5ca55d1.treelight.19ff05d1c2c577cb-cgu.2.rcgu.o:(<treelight::typescript::tests::can_load_grammar_typescript::{closure#0} as core::ops::function::FnOnce<()>>::call_once (.llvm.13410773643756889282))
[INFO] [stdout]           
[INFO] [stdout]           rust-lld: error: undefined symbol: tree_sitter_java
[INFO] [stdout]           >>> referenced by treelight.19ff05d1c2c577cb-cgu.0
[INFO] [stdout]           >>>               /opt/rustwide/target/release/build/treelight/ee6d3a38c5ca55d1/out/treelight-ee6d3a38c5ca55d1.treelight.19ff05d1c2c577cb-cgu.0.rcgu.o:(treelight::highlight_to_html)
[INFO] [stdout]           >>> referenced by treelight.19ff05d1c2c577cb-cgu.2
[INFO] [stdout]           >>>               /opt/rustwide/target/release/build/treelight/ee6d3a38c5ca55d1/out/treelight-ee6d3a38c5ca55d1.treelight.19ff05d1c2c577cb-cgu.2.rcgu.o:(<treelight::java::tests::can_load_grammar::{closure#0} as core::ops::function::FnOnce<()>>::call_once (.llvm.13410773643756889282))
[INFO] [stdout]           
[INFO] [stdout]           rust-lld: error: undefined symbol: tree_sitter_bash
[INFO] [stdout]           >>> referenced by treelight.19ff05d1c2c577cb-cgu.0
[INFO] [stdout]           >>>               /opt/rustwide/target/release/build/treelight/ee6d3a38c5ca55d1/out/treelight-ee6d3a38c5ca55d1.treelight.19ff05d1c2c577cb-cgu.0.rcgu.o:(treelight::highlight_to_html)
[INFO] [stdout]           >>> referenced by treelight.19ff05d1c2c577cb-cgu.2
[INFO] [stdout]           >>>               /opt/rustwide/target/release/build/treelight/ee6d3a38c5ca55d1/out/treelight-ee6d3a38c5ca55d1.treelight.19ff05d1c2c577cb-cgu.2.rcgu.o:(<treelight::bash::tests::test_can_load_grammar::{closure#0} as core::ops::function::FnOnce<()>>::call_once (.llvm.13410773643756889282))
[INFO] [stdout]           
[INFO] [stdout]           rust-lld: error: undefined symbol: tree_sitter_python
[INFO] [stdout]           >>> referenced by treelight.19ff05d1c2c577cb-cgu.0
[INFO] [stdout]           >>>               /opt/rustwide/target/release/build/treelight/ee6d3a38c5ca55d1/out/treelight-ee6d3a38c5ca55d1.treelight.19ff05d1c2c577cb-cgu.0.rcgu.o:(treelight::highlight_to_html)
[INFO] [stdout]           >>> referenced by treelight.19ff05d1c2c577cb-cgu.2
[INFO] [stdout]           >>>               /opt/rustwide/target/release/build/treelight/ee6d3a38c5ca55d1/out/treelight-ee6d3a38c5ca55d1.treelight.19ff05d1c2c577cb-cgu.2.rcgu.o:(<treelight::python::tests::can_load_grammar::{closure#0} as core::ops::function::FnOnce<()>>::call_once (.llvm.13410773643756889282))
[INFO] [stdout]           
[INFO] [stdout]           rust-lld: error: undefined symbol: tree_sitter_julia
[INFO] [stdout]           >>> referenced by treelight.19ff05d1c2c577cb-cgu.0
[INFO] [stdout]           >>>               /opt/rustwide/target/release/build/treelight/ee6d3a38c5ca55d1/out/treelight-ee6d3a38c5ca55d1.treelight.19ff05d1c2c577cb-cgu.0.rcgu.o:(treelight::highlight_to_html)
[INFO] [stdout]           >>> referenced by treelight.19ff05d1c2c577cb-cgu.3
[INFO] [stdout]           >>>               /opt/rustwide/target/release/build/treelight/ee6d3a38c5ca55d1/out/treelight-ee6d3a38c5ca55d1.treelight.19ff05d1c2c577cb-cgu.3.rcgu.o:(<treelight::julia::tests::can_load_grammar::{closure#0} as core::ops::function::FnOnce<()>>::call_once (.llvm.9180374406388200297))
[INFO] [stdout]           
[INFO] [stdout]           rust-lld: error: undefined symbol: tree_sitter_cpp
[INFO] [stdout]           >>> referenced by treelight.19ff05d1c2c577cb-cgu.0
[INFO] [stdout]           >>>               /opt/rustwide/target/release/build/treelight/ee6d3a38c5ca55d1/out/treelight-ee6d3a38c5ca55d1.treelight.19ff05d1c2c577cb-cgu.0.rcgu.o:(treelight::highlight_to_html)
[INFO] [stdout]           >>> referenced by treelight.19ff05d1c2c577cb-cgu.0
[INFO] [stdout]           >>>               /opt/rustwide/target/release/build/treelight/ee6d3a38c5ca55d1/out/treelight-ee6d3a38c5ca55d1.treelight.19ff05d1c2c577cb-cgu.0.rcgu.o:(<treelight::cpp::tests::can_load_grammar::{closure#0} as core::ops::function::FnOnce<()>>::call_once)
[INFO] [stdout]           
[INFO] [stdout]           rust-lld: error: undefined symbol: tree_sitter_scala
[INFO] [stdout]           >>> referenced by treelight.19ff05d1c2c577cb-cgu.0
[INFO] [stdout]           >>>               /opt/rustwide/target/release/build/treelight/ee6d3a38c5ca55d1/out/treelight-ee6d3a38c5ca55d1.treelight.19ff05d1c2c577cb-cgu.0.rcgu.o:(treelight::highlight_to_html)
[INFO] [stdout]           >>> referenced by treelight.19ff05d1c2c577cb-cgu.2
[INFO] [stdout]           >>>               /opt/rustwide/target/release/build/treelight/ee6d3a38c5ca55d1/out/treelight-ee6d3a38c5ca55d1.treelight.19ff05d1c2c577cb-cgu.2.rcgu.o:(<treelight::scala::tests::test_can_load_grammar::{closure#0} as core::ops::function::FnOnce<()>>::call_once (.llvm.13410773643756889282))
[INFO] [stdout]           
[INFO] [stdout]           rust-lld: error: undefined symbol: tree_sitter_php
[INFO] [stdout]           >>> referenced by treelight.19ff05d1c2c577cb-cgu.0
[INFO] [stdout]           >>>               /opt/rustwide/target/release/build/treelight/ee6d3a38c5ca55d1/out/treelight-ee6d3a38c5ca55d1.treelight.19ff05d1c2c577cb-cgu.0.rcgu.o:(treelight::highlight_to_html)
[INFO] [stdout]           >>> referenced by treelight.19ff05d1c2c577cb-cgu.2
[INFO] [stdout]           >>>               /opt/rustwide/target/release/build/treelight/ee6d3a38c5ca55d1/out/treelight-ee6d3a38c5ca55d1.treelight.19ff05d1c2c577cb-cgu.2.rcgu.o:(<treelight::php::tests::test_can_load_grammar::{closure#0} as core::ops::function::FnOnce<()>>::call_once (.llvm.13410773643756889282))
[INFO] [stdout]           collect2: error: ld returned 1 exit status
[INFO] [stdout]           
[INFO] [stdout] 
[INFO] [stdout] 
[INFO] [stderr] error: could not compile `treelight` (lib test) due to 1 previous error
[INFO] running `Command { std: "docker" "inspect" "57986964d5540ec3c9b2cd421363b555b5050f65f35c3266d7c4029cf2090fdd", kill_on_drop: false }`
[INFO] running `Command { std: "docker" "rm" "-f" "57986964d5540ec3c9b2cd421363b555b5050f65f35c3266d7c4029cf2090fdd", kill_on_drop: false }`
[INFO] [stdout] 57986964d5540ec3c9b2cd421363b555b5050f65f35c3266d7c4029cf2090fdd
