[INFO] fetching crate transmux 0.26.0...
[INFO] testing transmux-0.26.0 against 1.100.0-beta.1+cargoflags=--release for beta-release-1.100-2
[INFO] extracting crate transmux 0.26.0 into /workspace/builds/worker-1-tc2/source
[INFO] started tweaking crates.io crate transmux 0.26.0
[INFO] removed 0 missing examples
[INFO] removed 0 missing tests
[INFO] finished tweaking crates.io crate transmux 0.26.0
[INFO] tweaked toml for crates.io crate transmux 0.26.0 written to /workspace/builds/worker-1-tc2/source/Cargo.toml
[INFO] validating manifest of crates.io crate transmux 0.26.0 on toolchain 1.100.0-beta.1
[INFO] running `Command { std: CARGO_HOME="/workspace/cargo-home" RUSTUP_HOME="/workspace/rustup-home" "/workspace/cargo-home/bin/cargo" "+1.100.0-beta.1" "metadata" "--manifest-path" "Cargo.toml" "--no-deps", kill_on_drop: false }`
[INFO] crate crates.io crate transmux 0.26.0 already has a lockfile, it will not be regenerated
[INFO] running `Command { std: CARGO_HOME="/workspace/cargo-home" RUSTUP_HOME="/workspace/rustup-home" "/workspace/cargo-home/bin/cargo" "+1.100.0-beta.1" "fetch" "--manifest-path" "Cargo.toml", kill_on_drop: false }`
[INFO] running `Command { std: "docker" "create" "-v" "/var/lib/crater-agent-workspace/builds/worker-1-tc2/source:/opt/rustwide/workdir:ro,Z" "-v" "/var/lib/crater-agent-workspace/builds/worker-1-tc2/target:/opt/rustwide/target:rw,Z" "-v" "/var/lib/crater-agent-workspace/cargo-home:/opt/rustwide/cargo-home:ro,Z" "-v" "/var/lib/crater-agent-workspace/rustup-home:/opt/rustwide/rustup-home:ro,Z" "-m" "1610612736" "--network" "none" "ghcr.io/rust-lang/crates-build-env/linux@sha256:77db811e55d90add9212f6832c23229e3de5f1c1f9905e8cb07319ea15df73ac" "sleep" "infinity", kill_on_drop: false }`
[INFO] [stdout] b0c7cc57c4956b74fe77acfe1b8ab2a13a13014029abfaa49424ee945ad10a2e
[INFO] running `Command { std: "docker" "start" "b0c7cc57c4956b74fe77acfe1b8ab2a13a13014029abfaa49424ee945ad10a2e", kill_on_drop: false }`
[INFO] running `Command { std: "docker" "inspect" "b0c7cc57c4956b74fe77acfe1b8ab2a13a13014029abfaa49424ee945ad10a2e", kill_on_drop: false }`
[INFO] running `Command { std: "docker" "exec" "-e" "SOURCE_DIR=/opt/rustwide/workdir" "-e" "CARGO_HOME=/opt/rustwide/cargo-home" "-e" "RUSTUP_HOME=/opt/rustwide/rustup-home" "-e" "CARGO_TARGET_DIR=/opt/rustwide/target" "-w" "/opt/rustwide/workdir" "--user" "0:0" "b0c7cc57c4956b74fe77acfe1b8ab2a13a13014029abfaa49424ee945ad10a2e" "/opt/rustwide/cargo-home/bin/cargo" "+1.100.0-beta.1" "metadata" "--no-deps" "--format-version=1", kill_on_drop: false }`
[INFO] running `Command { std: "docker" "inspect" "b0c7cc57c4956b74fe77acfe1b8ab2a13a13014029abfaa49424ee945ad10a2e", kill_on_drop: false }`
[INFO] running `Command { std: "docker" "exec" "-e" "SOURCE_DIR=/opt/rustwide/workdir" "-e" "CARGO_HOME=/opt/rustwide/cargo-home" "-e" "RUSTUP_HOME=/opt/rustwide/rustup-home" "-e" "CARGO_TARGET_DIR=/opt/rustwide/target" "-e" "CARGO_INCREMENTAL=0" "-e" "RUST_BACKTRACE=full" "-e" "RUSTFLAGS=--cap-lints=warn" "-e" "RUSTDOCFLAGS=--cap-lints=warn" "-w" "/opt/rustwide/workdir" "--user" "0:0" "b0c7cc57c4956b74fe77acfe1b8ab2a13a13014029abfaa49424ee945ad10a2e" "/opt/rustwide/cargo-home/bin/cargo" "+1.100.0-beta.1" "build" "--frozen" "--message-format=json" "--release", kill_on_drop: false }`
[INFO] [stderr]    Compiling zerovec-derive v0.11.3
[INFO] [stderr]    Compiling displaydoc v0.2.7
[INFO] [stderr]    Compiling thiserror v2.0.21
[INFO] [stderr]    Compiling inout v0.2.2
[INFO] [stderr]    Compiling serde v1.0.229
[INFO] [stderr]    Compiling toml_edit v0.25.13+spec-1.1.0
[INFO] [stderr]    Compiling dvb-si v11.1.0
[INFO] [stderr]    Compiling bytes v1.12.1
[INFO] [stderr]    Compiling bstr v1.13.0
[INFO] [stderr]    Compiling encoding_rs v0.8.42
[INFO] [stderr]    Compiling jiff-core v0.1.1
[INFO] [stderr]    Compiling quick-xml v0.42.0
[INFO] [stderr]    Compiling base64 v0.23.1
[INFO] [stderr]    Compiling cipher v0.5.2
[INFO] [stderr]    Compiling sdp-types v0.2.0
[INFO] [stderr]    Compiling zerotrie v0.2.4
[INFO] [stderr]    Compiling ctr v0.10.1
[INFO] [stderr]    Compiling aes v0.9.3
[INFO] [stderr]    Compiling cbc v0.2.1
[INFO] [stderr]    Compiling broadcast-common v9.4.0
[INFO] [stderr]    Compiling proc-macro-crate v3.5.0
[INFO] [stderr]    Compiling mpeg-pes v0.5.0
[INFO] [stderr]    Compiling mpeg-ts v0.5.0
[INFO] [stderr]    Compiling broadcast-hls v0.3.1
[INFO] [stderr]    Compiling rtcp-packet v0.5.0
[INFO] [stderr]    Compiling mp4-emsg v0.4.1
[INFO] [stderr]    Compiling rtp-packet v0.4.0
[INFO] [stderr]    Compiling zerovec v0.11.6
[INFO] [stderr]    Compiling jiff v0.2.38
[INFO] [stderr]    Compiling num_enum_derive v0.7.6
[INFO] [stderr]    Compiling mpeg-ps v0.5.0
[INFO] [stderr]    Compiling num_enum v0.7.6
[INFO] [stderr]    Compiling tinystr v0.8.3
[INFO] [stderr]    Compiling potential_utf v0.1.5
[INFO] [stderr]    Compiling icu_locale_core v2.2.0
[INFO] [stderr]    Compiling icu_collections v2.2.0
[INFO] [stderr]    Compiling icu_provider v2.2.0
[INFO] [stderr]    Compiling icu_properties v2.2.0
[INFO] [stderr]    Compiling icu_normalizer v2.2.0
[INFO] [stderr]    Compiling idna_adapter v1.2.2
[INFO] [stderr]    Compiling idna v1.1.0
[INFO] [stderr]    Compiling url v2.5.8
[INFO] [stderr]    Compiling transmux v0.26.0 (/opt/rustwide/workdir)
[INFO] [stderr]     Finished `release` profile [optimized] target(s) in 1m 01s
[INFO] running `Command { std: "docker" "inspect" "b0c7cc57c4956b74fe77acfe1b8ab2a13a13014029abfaa49424ee945ad10a2e", kill_on_drop: false }`
[INFO] running `Command { std: "docker" "exec" "-e" "SOURCE_DIR=/opt/rustwide/workdir" "-e" "CARGO_HOME=/opt/rustwide/cargo-home" "-e" "RUSTUP_HOME=/opt/rustwide/rustup-home" "-e" "CARGO_TARGET_DIR=/opt/rustwide/target" "-e" "CARGO_INCREMENTAL=0" "-e" "RUST_BACKTRACE=full" "-e" "RUSTFLAGS=--cap-lints=warn" "-e" "RUSTDOCFLAGS=--cap-lints=warn" "-w" "/opt/rustwide/workdir" "--user" "0:0" "b0c7cc57c4956b74fe77acfe1b8ab2a13a13014029abfaa49424ee945ad10a2e" "/opt/rustwide/cargo-home/bin/cargo" "+1.100.0-beta.1" "test" "--frozen" "--no-run" "--message-format=json" "--release", kill_on_drop: false }`
[INFO] [stderr]    Compiling serde_json v1.0.152
[INFO] [stderr]    Compiling scte35-splice v3.0.1
[INFO] [stderr]    Compiling transmux v0.26.0 (/opt/rustwide/workdir)
[INFO] [stdout] error[E0432]: unresolved import `test_alloc`
[INFO] [stdout]   --> tests/alloc_measurement.rs:46:5
[INFO] [stdout]    |
[INFO] [stdout] 46 | use test_alloc::ThreadCounting;
[INFO] [stdout]    |     ^^^^^^^^^^ use of unresolved module or unlinked crate `test_alloc`
[INFO] [stdout]    |
[INFO] [stdout]    = help: if you wanted to use a crate named `test_alloc`, use `cargo add test_alloc` to add it to your `Cargo.toml`
[INFO] [stdout] 
[INFO] [stdout] 
[INFO] [stdout] For more information about this error, try `rustc --explain E0432`.
[INFO] [stdout] 
[INFO] [stderr] error: could not compile `transmux` (test "alloc_measurement") due to 1 previous error
[INFO] [stderr] warning: build failed, waiting for other jobs to finish...
[INFO] [stdout] error[E0433]: cannot find module or crate `test_alloc` in this scope
[INFO] [stdout]   --> tests/hostile_input_bounds.rs:32:51
[INFO] [stdout]    |
[INFO] [stdout] 32 | static GLOBAL: test_alloc::ThreadCapped<BUDGET> = test_alloc::ThreadCapped::new();
[INFO] [stdout]    |                                                   ^^^^^^^^^^ use of unresolved module or unlinked crate `test_alloc`
[INFO] [stdout]    |
[INFO] [stdout]    = help: if you wanted to use a crate named `test_alloc`, use `cargo add test_alloc` to add it to your `Cargo.toml`
[INFO] [stdout] 
[INFO] [stdout] 
[INFO] [stdout] error[E0433]: cannot find module or crate `test_alloc` in this scope
[INFO] [stdout]   --> tests/hostile_input_bounds.rs:32:16
[INFO] [stdout]    |
[INFO] [stdout] 32 | static GLOBAL: test_alloc::ThreadCapped<BUDGET> = test_alloc::ThreadCapped::new();
[INFO] [stdout]    |                ^^^^^^^^^^ use of unresolved module or unlinked crate `test_alloc`
[INFO] [stdout]    |
[INFO] [stdout]    = help: if you wanted to use a crate named `test_alloc`, use `cargo add test_alloc` to add it to your `Cargo.toml`
[INFO] [stdout] 
[INFO] [stdout] 
[INFO] [stdout] For more information about this error, try `rustc --explain E0433`.
[INFO] [stdout] 
[INFO] [stderr] error: could not compile `transmux` (test "hostile_input_bounds") due to 2 previous errors
[INFO] running `Command { std: "docker" "inspect" "b0c7cc57c4956b74fe77acfe1b8ab2a13a13014029abfaa49424ee945ad10a2e", kill_on_drop: false }`
[INFO] running `Command { std: "docker" "rm" "-f" "b0c7cc57c4956b74fe77acfe1b8ab2a13a13014029abfaa49424ee945ad10a2e", kill_on_drop: false }`
[INFO] [stdout] b0c7cc57c4956b74fe77acfe1b8ab2a13a13014029abfaa49424ee945ad10a2e
