[INFO] fetching crate trad 0.1.0...
[INFO] testing trad-0.1.0 against 1.100.0-beta.1+cargoflags=--release for beta-release-1.100-2
[INFO] extracting crate trad 0.1.0 into /workspace/builds/worker-1-tc2/source
[INFO] started tweaking crates.io crate trad 0.1.0
[INFO] removed 0 missing examples
[INFO] finished tweaking crates.io crate trad 0.1.0
[INFO] tweaked toml for crates.io crate trad 0.1.0 written to /workspace/builds/worker-1-tc2/source/Cargo.toml
[INFO] validating manifest of crates.io crate trad 0.1.0 on toolchain 1.100.0-beta.1
[INFO] running `Command { std: CARGO_HOME="/workspace/cargo-home" RUSTUP_HOME="/workspace/rustup-home" "/workspace/cargo-home/bin/cargo" "+1.100.0-beta.1" "metadata" "--manifest-path" "Cargo.toml" "--no-deps", kill_on_drop: false }`
[INFO] crate crates.io crate trad 0.1.0 already has a lockfile, it will not be regenerated
[INFO] running `Command { std: CARGO_HOME="/workspace/cargo-home" RUSTUP_HOME="/workspace/rustup-home" "/workspace/cargo-home/bin/cargo" "+1.100.0-beta.1" "fetch" "--manifest-path" "Cargo.toml", kill_on_drop: false }`
[INFO] running `Command { std: "docker" "create" "-v" "/var/lib/crater-agent-workspace/builds/worker-1-tc2/source:/opt/rustwide/workdir:ro,Z" "-v" "/var/lib/crater-agent-workspace/builds/worker-1-tc2/target:/opt/rustwide/target:rw,Z" "-v" "/var/lib/crater-agent-workspace/cargo-home:/opt/rustwide/cargo-home:ro,Z" "-v" "/var/lib/crater-agent-workspace/rustup-home:/opt/rustwide/rustup-home:ro,Z" "-m" "1610612736" "--network" "none" "ghcr.io/rust-lang/crates-build-env/linux@sha256:77db811e55d90add9212f6832c23229e3de5f1c1f9905e8cb07319ea15df73ac" "sleep" "infinity", kill_on_drop: false }`
[INFO] [stdout] 1d06418e55aa7f79c98adfad7b73d6813555a65c7f7a93076f4dbbee7311942f
[INFO] running `Command { std: "docker" "start" "1d06418e55aa7f79c98adfad7b73d6813555a65c7f7a93076f4dbbee7311942f", kill_on_drop: false }`
[INFO] running `Command { std: "docker" "inspect" "1d06418e55aa7f79c98adfad7b73d6813555a65c7f7a93076f4dbbee7311942f", kill_on_drop: false }`
[INFO] running `Command { std: "docker" "exec" "-e" "SOURCE_DIR=/opt/rustwide/workdir" "-e" "CARGO_HOME=/opt/rustwide/cargo-home" "-e" "RUSTUP_HOME=/opt/rustwide/rustup-home" "-e" "CARGO_TARGET_DIR=/opt/rustwide/target" "-w" "/opt/rustwide/workdir" "--user" "0:0" "1d06418e55aa7f79c98adfad7b73d6813555a65c7f7a93076f4dbbee7311942f" "/opt/rustwide/cargo-home/bin/cargo" "+1.100.0-beta.1" "metadata" "--no-deps" "--format-version=1", kill_on_drop: false }`
[INFO] running `Command { std: "docker" "inspect" "1d06418e55aa7f79c98adfad7b73d6813555a65c7f7a93076f4dbbee7311942f", kill_on_drop: false }`
[INFO] running `Command { std: "docker" "exec" "-e" "SOURCE_DIR=/opt/rustwide/workdir" "-e" "CARGO_HOME=/opt/rustwide/cargo-home" "-e" "RUSTUP_HOME=/opt/rustwide/rustup-home" "-e" "CARGO_TARGET_DIR=/opt/rustwide/target" "-e" "CARGO_INCREMENTAL=0" "-e" "RUST_BACKTRACE=full" "-e" "RUSTFLAGS=--cap-lints=warn" "-e" "RUSTDOCFLAGS=--cap-lints=warn" "-w" "/opt/rustwide/workdir" "--user" "0:0" "1d06418e55aa7f79c98adfad7b73d6813555a65c7f7a93076f4dbbee7311942f" "/opt/rustwide/cargo-home/bin/cargo" "+1.100.0-beta.1" "build" "--frozen" "--message-format=json" "--release", kill_on_drop: false }`
[INFO] [stderr]    Compiling libc v0.2.180
[INFO] [stderr]    Compiling cc v1.2.55
[INFO] [stderr]    Compiling bytes v1.11.1
[INFO] [stderr]    Compiling zerocopy v0.8.39
[INFO] [stderr]    Compiling rustls-pki-types v1.14.0
[INFO] [stderr]    Compiling zerovec-derive v0.11.2
[INFO] [stderr]    Compiling displaydoc v0.2.5
[INFO] [stderr]    Compiling tokio-macros v2.6.0
[INFO] [stderr]    Compiling futures-macro v0.3.31
[INFO] [stderr]    Compiling portable-atomic v1.13.1
[INFO] [stderr]    Compiling yoke-derive v0.8.1
[INFO] [stderr]    Compiling serde v1.0.228
[INFO] [stderr]    Compiling zerofrom v0.1.6
[INFO] [stderr]    Compiling darling_macro v0.20.11
[INFO] [stderr]    Compiling indexmap v2.13.0
[INFO] [stderr]    Compiling pkg-config v0.3.32
[INFO] [stderr]    Compiling rustls v0.23.36
[INFO] [stderr]    Compiling darling v0.20.11
[INFO] [stderr]    Compiling either v1.15.0
[INFO] [stderr]    Compiling cxxbridge-flags v1.0.194
[INFO] [stderr]    Compiling serde_json v1.0.149
[INFO] [stderr]    Compiling http v1.4.0
[INFO] [stderr]    Compiling derive_builder_core v0.20.2
[INFO] [stderr]    Compiling cmake v0.1.57
[INFO] [stderr]    Compiling thiserror-impl v2.0.18
[INFO] [stderr]    Compiling aho-corasick v1.1.4
[INFO] [stderr]    Compiling regex-syntax v0.8.9
[INFO] [stderr]    Compiling nom v7.1.3
[INFO] [stderr]    Compiling yoke v0.8.1
[INFO] [stderr]    Compiling futures-util v0.3.31
[INFO] [stderr]    Compiling zerovec v0.11.5
[INFO] [stderr]    Compiling zerotrie v0.2.3
[INFO] [stderr]    Compiling rayon v1.11.0
[INFO] [stderr]    Compiling cxx-build v1.0.194
[INFO] [stderr]    Compiling ring v0.17.14
[INFO] [stderr]    Compiling parking_lot_core v0.9.12
[INFO] [stderr]    Compiling errno v0.3.14
[INFO] [stderr]    Compiling signal-hook-registry v1.4.8
[INFO] [stderr]    Compiling socket2 v0.6.2
[INFO] [stderr]    Compiling mio v1.1.1
[INFO] [stderr]    Compiling parking_lot v0.12.5
[INFO] [stderr]    Compiling getrandom v0.3.4
[INFO] [stderr]    Compiling tinystr v0.8.2
[INFO] [stderr]    Compiling potential_utf v0.1.4
[INFO] [stderr]    Compiling http-body v1.0.1
[INFO] [stderr]    Compiling icu_locale_core v2.1.1
[INFO] [stderr]    Compiling icu_collections v2.1.1
[INFO] [stderr]    Compiling getrandom v0.2.17
[INFO] [stderr]    Compiling tokio v1.49.0
[INFO] [stderr]    Compiling link-cplusplus v1.0.12
[INFO] [stderr]    Compiling rand_core v0.9.5
[INFO] [stderr]    Compiling onig_sys v69.9.1
[INFO] [stderr]    Compiling esaxx-rs v0.1.10
[INFO] [stderr]    Compiling cxx v1.0.194
[INFO] [stderr]    Compiling onednn-src v0.1.6
[INFO] [stderr]    Compiling regex-automata v0.4.14
[INFO] [stderr]    Compiling derive_builder_macro v0.20.2
[INFO] [stderr]    Compiling icu_provider v2.1.1
[INFO] [stderr]    Compiling icu_normalizer v2.1.1
[INFO] [stderr]    Compiling icu_properties v2.1.2
[INFO] [stderr] error: could not compile `zerocopy` (lib)
[INFO] [stderr] 
[INFO] [stderr] Caused by:
[INFO] [stderr]   process didn't exit successfully: `/opt/rustwide/rustup-home/toolchains/1.100.0-beta.1-x86_64-unknown-linux-gnu/bin/rustc --crate-name zerocopy --edition=2021 /opt/rustwide/cargo-home/registry/src/index.crates.io-1949cf8c6b5b557f/zerocopy-0.8.39/src/lib.rs --error-format=json --json=diagnostic-rendered-ansi,artifacts,future-incompat,unused-externs-silent --crate-type lib --emit=dep-info,metadata,link -C opt-level=3 -C embed-bitcode=no --cfg 'feature="simd"' --check-cfg 'cfg(docsrs,test)' --check-cfg 'cfg(feature, values("__internal_use_only_features_that_work_on_stable", "alloc", "derive", "float-nightly", "simd", "simd-nightly", "std", "zerocopy-derive"))' -C metadata=e7f3d86905fa1ea5 -C extra-filename=-07e6cb6fc08628e0 --out-dir /opt/rustwide/target/release/build/zerocopy/07e6cb6fc08628e0/out -C strip=debuginfo --cap-lints allow --cap-lints=warn --force-warn=unused_crate_dependencies --check-cfg 'cfg(no_zerocopy_simd_x86_avx12_1_89_0)' --check-cfg 'cfg(rust, values("1.89.0"))' --check-cfg 'cfg(no_zerocopy_core_error_1_81_0)' --check-cfg 'cfg(rust, values("1.81.0"))' --check-cfg 'cfg(no_zerocopy_diagnostic_on_unimplemented_1_78_0)' --check-cfg 'cfg(rust, values("1.78.0"))' --check-cfg 'cfg(no_zerocopy_generic_bounds_in_const_fn_1_61_0)' --check-cfg 'cfg(rust, values("1.61.0"))' --check-cfg 'cfg(no_zerocopy_target_has_atomics_1_60_0)' --check-cfg 'cfg(rust, values("1.60.0"))' --check-cfg 'cfg(no_zerocopy_aarch64_simd_1_59_0)' --check-cfg 'cfg(rust, values("1.59.0"))' --check-cfg 'cfg(no_zerocopy_panic_in_const_and_vec_try_reserve_1_57_0)' --check-cfg 'cfg(rust, values("1.57.0"))' --check-cfg 'cfg(doc_cfg)' --check-cfg 'cfg(kani)' --check-cfg 'cfg(__ZEROCOPY_INTERNAL_USE_ONLY_NIGHTLY_FEATURES_IN_TESTS)' --check-cfg 'cfg(__ZEROCOPY_INTERNAL_USE_ONLY_DEV_MODE)' --check-cfg 'cfg(coverage_nightly)'` (signal: 9, SIGKILL: kill)
[INFO] [stderr] warning: build failed, waiting for other jobs to finish...
[INFO] [stderr] error: could not compile `futures-util` (lib)
[INFO] [stderr] 
[INFO] [stderr] Caused by:
[INFO] [stderr]   process didn't exit successfully: `/opt/rustwide/rustup-home/toolchains/1.100.0-beta.1-x86_64-unknown-linux-gnu/bin/rustc --crate-name futures_util --edition=2018 /opt/rustwide/cargo-home/registry/src/index.crates.io-1949cf8c6b5b557f/futures-util-0.3.31/src/lib.rs --error-format=json --json=diagnostic-rendered-ansi,artifacts,future-incompat,unused-externs-silent --crate-type lib --emit=dep-info,metadata,link -C opt-level=3 -C embed-bitcode=no --cfg 'feature="alloc"' --cfg 'feature="async-await"' --cfg 'feature="async-await-macro"' --cfg 'feature="channel"' --cfg 'feature="futures-channel"' --cfg 'feature="futures-io"' --cfg 'feature="futures-macro"' --cfg 'feature="futures-sink"' --cfg 'feature="io"' --cfg 'feature="memchr"' --cfg 'feature="sink"' --cfg 'feature="slab"' --cfg 'feature="std"' --check-cfg 'cfg(docsrs,test)' --check-cfg 'cfg(feature, values("alloc", "async-await", "async-await-macro", "bilock", "cfg-target-has-atomic", "channel", "compat", "default", "futures-channel", "futures-io", "futures-macro", "futures-sink", "futures_01", "io", "io-compat", "memchr", "portable-atomic", "sink", "slab", "std", "tokio-io", "unstable", "write-all-vectored"))' -C metadata=93e70ee6b11eefef -C extra-filename=-248a5f7ca7f4020a --out-dir /opt/rustwide/target/release/build/futures-util/248a5f7ca7f4020a/out -C strip=debuginfo -L dependency=/opt/rustwide/target/release/build/futures-core/66c9efc205c292af/out -L dependency=/opt/rustwide/target/release/build/futures-sink/260a0ab3d14dcdc8/out --extern futures_channel=/opt/rustwide/target/release/build/futures-channel/97e02d2f4e59d5fe/out/libfutures_channel-97e02d2f4e59d5fe.rmeta --extern futures_core=/opt/rustwide/target/release/build/futures-core/66c9efc205c292af/out/libfutures_core-66c9efc205c292af.rmeta --extern futures_io=/opt/rustwide/target/release/build/futures-io/c3a463472a7d129d/out/libfutures_io-c3a463472a7d129d.rmeta --extern futures_macro=/opt/rustwide/target/release/build/futures-macro/720d4e04fec78c8d/out/libfutures_macro-720d4e04fec78c8d.so --extern futures_sink=/opt/rustwide/target/release/build/futures-sink/260a0ab3d14dcdc8/out/libfutures_sink-260a0ab3d14dcdc8.rmeta --extern futures_task=/opt/rustwide/target/release/build/futures-task/4b529e0327c731b5/out/libfutures_task-4b529e0327c731b5.rmeta --extern memchr=/opt/rustwide/target/release/build/memchr/67bd3f6c39c2c1d0/out/libmemchr-67bd3f6c39c2c1d0.rmeta --extern pin_project_lite=/opt/rustwide/target/release/build/pin-project-lite/a042d89c9815bfb5/out/libpin_project_lite-a042d89c9815bfb5.rmeta --extern pin_utils=/opt/rustwide/target/release/build/pin-utils/bd5b26767cd4a338/out/libpin_utils-bd5b26767cd4a338.rmeta --extern slab=/opt/rustwide/target/release/build/slab/fc33110460bc6c9a/out/libslab-fc33110460bc6c9a.rmeta --cap-lints allow --cap-lints=warn --force-warn=unused_crate_dependencies` (signal: 9, SIGKILL: kill)
[INFO] [stderr] error: could not compile `rayon` (lib)
[INFO] [stderr] 
[INFO] [stderr] Caused by:
[INFO] [stderr]   process didn't exit successfully: `/opt/rustwide/rustup-home/toolchains/1.100.0-beta.1-x86_64-unknown-linux-gnu/bin/rustc --crate-name rayon --edition=2021 /opt/rustwide/cargo-home/registry/src/index.crates.io-1949cf8c6b5b557f/rayon-1.11.0/src/lib.rs --error-format=json --json=diagnostic-rendered-ansi,artifacts,future-incompat,unused-externs-silent --crate-type lib --emit=dep-info,metadata,link -C opt-level=3 -C embed-bitcode=no --check-cfg 'cfg(docsrs,test)' --check-cfg 'cfg(feature, values("web_spin_lock"))' -C metadata=446f05761731bc61 -C extra-filename=-d57807fc262a9776 --out-dir /opt/rustwide/target/release/build/rayon/d57807fc262a9776/out -C strip=debuginfo -L dependency=/opt/rustwide/target/release/build/crossbeam-deque/2a0d55b5d488e9da/out -L dependency=/opt/rustwide/target/release/build/crossbeam-epoch/5071d9e21cd7edca/out -L dependency=/opt/rustwide/target/release/build/crossbeam-utils/c35c21890820cf1a/out --extern either=/opt/rustwide/target/release/build/either/a06cfe1710e9e538/out/libeither-a06cfe1710e9e538.rmeta --extern rayon_core=/opt/rustwide/target/release/build/rayon-core/200cbe5ba623cbda/out/librayon_core-200cbe5ba623cbda.rmeta --cap-lints allow --cap-lints=warn --force-warn=unused_crate_dependencies` (signal: 9, SIGKILL: kill)
[INFO] [stderr] error: could not compile `tokio` (lib)
[INFO] [stderr] 
[INFO] [stderr] Caused by:
[INFO] [stderr]   process didn't exit successfully: `/opt/rustwide/rustup-home/toolchains/1.100.0-beta.1-x86_64-unknown-linux-gnu/bin/rustc --crate-name tokio --edition=2021 /opt/rustwide/cargo-home/registry/src/index.crates.io-1949cf8c6b5b557f/tokio-1.49.0/src/lib.rs --error-format=json --json=diagnostic-rendered-ansi,artifacts,future-incompat,unused-externs-silent --crate-type lib --emit=dep-info,metadata,link -C opt-level=3 -C embed-bitcode=no --cfg 'feature="bytes"' --cfg 'feature="default"' --cfg 'feature="fs"' --cfg 'feature="full"' --cfg 'feature="io-std"' --cfg 'feature="io-util"' --cfg 'feature="libc"' --cfg 'feature="macros"' --cfg 'feature="mio"' --cfg 'feature="net"' --cfg 'feature="parking_lot"' --cfg 'feature="process"' --cfg 'feature="rt"' --cfg 'feature="rt-multi-thread"' --cfg 'feature="signal"' --cfg 'feature="signal-hook-registry"' --cfg 'feature="socket2"' --cfg 'feature="sync"' --cfg 'feature="time"' --cfg 'feature="tokio-macros"' --check-cfg 'cfg(docsrs,test)' --check-cfg 'cfg(feature, values("bytes", "default", "fs", "full", "io-std", "io-uring", "io-util", "libc", "macros", "mio", "net", "parking_lot", "process", "rt", "rt-multi-thread", "signal", "signal-hook-registry", "socket2", "sync", "taskdump", "test-util", "time", "tokio-macros", "tracing", "windows-sys"))' -C metadata=2b2c261da22c9144 -C extra-filename=-516618b84015fbe6 --out-dir /opt/rustwide/target/release/build/tokio/516618b84015fbe6/out -C strip=debuginfo -L dependency=/opt/rustwide/target/release/build/cfg-if/6d8dca19095bb388/out -L dependency=/opt/rustwide/target/release/build/errno/4ca092270256cfc4/out -L dependency=/opt/rustwide/target/release/build/libc/6e32314a1a8360bf/out -L dependency=/opt/rustwide/target/release/build/lock_api/0c6a3406bef68330/out -L dependency=/opt/rustwide/target/release/build/parking_lot_core/18f5efe745461aff/out -L dependency=/opt/rustwide/target/release/build/scopeguard/5f9373ec660020b4/out -L dependency=/opt/rustwide/target/release/build/smallvec/b3db98ac3a44e96a/out --extern bytes=/opt/rustwide/target/release/build/bytes/4eeb723b82a97eeb/out/libbytes-4eeb723b82a97eeb.rmeta --extern libc=/opt/rustwide/target/release/build/libc/6e32314a1a8360bf/out/liblibc-6e32314a1a8360bf.rmeta --extern mio=/opt/rustwide/target/release/build/mio/4ac8ae01c4bcdecc/out/libmio-4ac8ae01c4bcdecc.rmeta --extern parking_lot=/opt/rustwide/target/release/build/parking_lot/8ce6463e49b43649/out/libparking_lot-8ce6463e49b43649.rmeta --extern pin_project_lite=/opt/rustwide/target/release/build/pin-project-lite/a042d89c9815bfb5/out/libpin_project_lite-a042d89c9815bfb5.rmeta --extern signal_hook_registry=/opt/rustwide/target/release/build/signal-hook-registry/463600c4ea9b0567/out/libsignal_hook_registry-463600c4ea9b0567.rmeta --extern socket2=/opt/rustwide/target/release/build/socket2/c8d8150bde797e28/out/libsocket2-c8d8150bde797e28.rmeta --extern tokio_macros=/opt/rustwide/target/release/build/tokio-macros/cf64e80278ba9230/out/libtokio_macros-cf64e80278ba9230.so --cap-lints allow --cap-lints=warn --force-warn=unused_crate_dependencies` (signal: 9, SIGKILL: kill)
[INFO] [stderr] error: could not compile `regex-automata` (lib)
[INFO] [stderr] 
[INFO] [stderr] Caused by:
[INFO] [stderr]   process didn't exit successfully: `/opt/rustwide/rustup-home/toolchains/1.100.0-beta.1-x86_64-unknown-linux-gnu/bin/rustc --crate-name regex_automata --edition=2021 /opt/rustwide/cargo-home/registry/src/index.crates.io-1949cf8c6b5b557f/regex-automata-0.4.14/src/lib.rs --error-format=json --json=diagnostic-rendered-ansi,artifacts,future-incompat,unused-externs-silent --crate-type lib --emit=dep-info,metadata,link -C opt-level=3 -C embed-bitcode=no --cfg 'feature="alloc"' --cfg 'feature="dfa-onepass"' --cfg 'feature="hybrid"' --cfg 'feature="meta"' --cfg 'feature="nfa-backtrack"' --cfg 'feature="nfa-pikevm"' --cfg 'feature="nfa-thompson"' --cfg 'feature="perf-inline"' --cfg 'feature="perf-literal"' --cfg 'feature="perf-literal-multisubstring"' --cfg 'feature="perf-literal-substring"' --cfg 'feature="std"' --cfg 'feature="syntax"' --cfg 'feature="unicode"' --cfg 'feature="unicode-age"' --cfg 'feature="unicode-bool"' --cfg 'feature="unicode-case"' --cfg 'feature="unicode-gencat"' --cfg 'feature="unicode-perl"' --cfg 'feature="unicode-script"' --cfg 'feature="unicode-segment"' --cfg 'feature="unicode-word-boundary"' --check-cfg 'cfg(docsrs,test)' --check-cfg 'cfg(feature, values("alloc", "default", "dfa", "dfa-build", "dfa-onepass", "dfa-search", "hybrid", "internal-instrument", "internal-instrument-pikevm", "logging", "meta", "nfa", "nfa-backtrack", "nfa-pikevm", "nfa-thompson", "perf", "perf-inline", "perf-literal", "perf-literal-multisubstring", "perf-literal-substring", "std", "syntax", "unicode", "unicode-age", "unicode-bool", "unicode-case", "unicode-gencat", "unicode-perl", "unicode-script", "unicode-segment", "unicode-word-boundary"))' -C metadata=004aef229e41e8da -C extra-filename=-3773fc484e1e8385 --out-dir /opt/rustwide/target/release/build/regex-automata/3773fc484e1e8385/out -C strip=debuginfo -L dependency=/opt/rustwide/target/release/build/memchr/67bd3f6c39c2c1d0/out --extern aho_corasick=/opt/rustwide/target/release/build/aho-corasick/c5361bd5a36bf8bb/out/libaho_corasick-c5361bd5a36bf8bb.rmeta --extern memchr=/opt/rustwide/target/release/build/memchr/67bd3f6c39c2c1d0/out/libmemchr-67bd3f6c39c2c1d0.rmeta --extern regex_syntax=/opt/rustwide/target/release/build/regex-syntax/6a69f59dbfa7f9f8/out/libregex_syntax-6a69f59dbfa7f9f8.rmeta --cap-lints allow --cap-lints=warn --force-warn=unused_crate_dependencies` (signal: 9, SIGKILL: kill)
[INFO] [stderr] error: could not compile `aho-corasick` (lib)
[INFO] [stderr] 
[INFO] [stderr] Caused by:
[INFO] [stderr]   process didn't exit successfully: `/opt/rustwide/rustup-home/toolchains/1.100.0-beta.1-x86_64-unknown-linux-gnu/bin/rustc --crate-name aho_corasick --edition=2021 /opt/rustwide/cargo-home/registry/src/index.crates.io-1949cf8c6b5b557f/aho-corasick-1.1.4/src/lib.rs --error-format=json --json=diagnostic-rendered-ansi,artifacts,future-incompat,unused-externs-silent --crate-type lib --emit=dep-info,metadata,link -C opt-level=3 -C embed-bitcode=no --cfg 'feature="default"' --cfg 'feature="perf-literal"' --cfg 'feature="std"' --check-cfg 'cfg(docsrs,test)' --check-cfg 'cfg(feature, values("default", "logging", "perf-literal", "std"))' -C metadata=a85e3cdb63698b38 -C extra-filename=-c5361bd5a36bf8bb --out-dir /opt/rustwide/target/release/build/aho-corasick/c5361bd5a36bf8bb/out -C strip=debuginfo --extern memchr=/opt/rustwide/target/release/build/memchr/67bd3f6c39c2c1d0/out/libmemchr-67bd3f6c39c2c1d0.rmeta --cap-lints allow --cap-lints=warn --force-warn=unused_crate_dependencies` (signal: 9, SIGKILL: kill)
[INFO] [stderr] error: could not compile `regex-syntax` (lib)
[INFO] [stderr] 
[INFO] [stderr] Caused by:
[INFO] [stderr]   process didn't exit successfully: `/opt/rustwide/rustup-home/toolchains/1.100.0-beta.1-x86_64-unknown-linux-gnu/bin/rustc --crate-name regex_syntax --edition=2021 /opt/rustwide/cargo-home/registry/src/index.crates.io-1949cf8c6b5b557f/regex-syntax-0.8.9/src/lib.rs --error-format=json --json=diagnostic-rendered-ansi,artifacts,future-incompat,unused-externs-silent --crate-type lib --emit=dep-info,metadata,link -C opt-level=3 -C embed-bitcode=no --cfg 'feature="default"' --cfg 'feature="std"' --cfg 'feature="unicode"' --cfg 'feature="unicode-age"' --cfg 'feature="unicode-bool"' --cfg 'feature="unicode-case"' --cfg 'feature="unicode-gencat"' --cfg 'feature="unicode-perl"' --cfg 'feature="unicode-script"' --cfg 'feature="unicode-segment"' --check-cfg 'cfg(docsrs,test)' --check-cfg 'cfg(feature, values("arbitrary", "default", "std", "unicode", "unicode-age", "unicode-bool", "unicode-case", "unicode-gencat", "unicode-perl", "unicode-script", "unicode-segment"))' -C metadata=d135edc2ee882db3 -C extra-filename=-6a69f59dbfa7f9f8 --out-dir /opt/rustwide/target/release/build/regex-syntax/6a69f59dbfa7f9f8/out -C strip=debuginfo --cap-lints allow --cap-lints=warn --force-warn=unused_crate_dependencies` (signal: 9, SIGKILL: kill)
[INFO] [stderr] warning: ring@0.17.14: cc: fatal error: Killed signal terminated program cc1
[INFO] [stderr] warning: ring@0.17.14: compilation terminated.
[INFO] [stderr] error: failed to run custom build command for `ring v0.17.14`
[INFO] [stderr] note: To improve backtraces for build dependencies, set the CARGO_PROFILE_RELEASE_BUILD_OVERRIDE_DEBUG=true environment variable to enable debug information generation.
[INFO] [stderr] 
[INFO] [stderr] Caused by:
[INFO] [stderr]   process didn't exit successfully: `/opt/rustwide/target/release/build/ring/9d29174bcb6b5c89/out/build_script_build` (exit status: 1)
[INFO] [stderr]   --- stdout
[INFO] [stderr]   cargo:rerun-if-env-changed=CARGO_MANIFEST_DIR
[INFO] [stderr]   cargo:rerun-if-env-changed=CARGO_PKG_NAME
[INFO] [stderr]   cargo:rerun-if-env-changed=CARGO_PKG_VERSION_MAJOR
[INFO] [stderr]   cargo:rerun-if-env-changed=CARGO_PKG_VERSION_MINOR
[INFO] [stderr]   cargo:rerun-if-env-changed=CARGO_PKG_VERSION_PATCH
[INFO] [stderr]   cargo:rerun-if-env-changed=CARGO_PKG_VERSION_PRE
[INFO] [stderr]   cargo:rerun-if-env-changed=CARGO_MANIFEST_LINKS
[INFO] [stderr]   cargo:rerun-if-env-changed=RING_PREGENERATE_ASM
[INFO] [stderr]   cargo:rerun-if-env-changed=OUT_DIR
[INFO] [stderr]   cargo:rerun-if-env-changed=CARGO_CFG_TARGET_ARCH
[INFO] [stderr]   cargo:rerun-if-env-changed=CARGO_CFG_TARGET_OS
[INFO] [stderr]   cargo:rerun-if-env-changed=CARGO_CFG_TARGET_ENV
[INFO] [stderr]   cargo:rerun-if-env-changed=CARGO_CFG_TARGET_ENDIAN
[INFO] [stderr]   OPT_LEVEL = Some(3)
[INFO] [stderr]   OUT_DIR = Some(/opt/rustwide/target/release/build/ring/fc7239e8c36c5fd5/out)
[INFO] [stderr]   TARGET = Some(x86_64-unknown-linux-gnu)
[INFO] [stderr]   CARGO_ENCODED_RUSTFLAGS = Some(--cap-lints=warn)
[INFO] [stderr]   HOST = Some(x86_64-unknown-linux-gnu)
[INFO] [stderr]   cargo:rerun-if-env-changed=CC_x86_64-unknown-linux-gnu
[INFO] [stderr]   CC_x86_64-unknown-linux-gnu = None
[INFO] [stderr]   cargo:rerun-if-env-changed=CC_x86_64_unknown_linux_gnu
[INFO] [stderr]   CC_x86_64_unknown_linux_gnu = None
[INFO] [stderr]   cargo:rerun-if-env-changed=HOST_CC
[INFO] [stderr]   HOST_CC = None
[INFO] [stderr]   cargo:rerun-if-env-changed=CC
[INFO] [stderr]   CC = None
[INFO] [stderr]   cargo:rerun-if-env-changed=CC_ENABLE_DEBUG_OUTPUT
[INFO] [stderr]   RUSTC_WRAPPER = None
[INFO] [stderr]   cargo:rerun-if-env-changed=CRATE_CC_NO_DEFAULTS
[INFO] [stderr]   CRATE_CC_NO_DEFAULTS = None
[INFO] [stderr]   DEBUG = Some(false)
[INFO] [stderr]   CARGO_CFG_TARGET_FEATURE = Some(fxsr,sse,sse2)
[INFO] [stderr]   cargo:rerun-if-env-changed=CFLAGS
[INFO] [stderr]   CFLAGS = None
[INFO] [stderr]   cargo:rerun-if-env-changed=HOST_CFLAGS
[INFO] [stderr]   HOST_CFLAGS = None
[INFO] [stderr]   cargo:rerun-if-env-changed=CFLAGS_x86_64_unknown_linux_gnu
[INFO] [stderr]   CFLAGS_x86_64_unknown_linux_gnu = None
[INFO] [stderr]   cargo:rerun-if-env-changed=CFLAGS_x86_64-unknown-linux-gnu
[INFO] [stderr]   CFLAGS_x86_64-unknown-linux-gnu = None
[INFO] [stderr]   cargo:warning=cc: fatal error: Killed signal terminated program cc1
[INFO] [stderr]   cargo:warning=compilation terminated.
[INFO] [stderr] 
[INFO] [stderr]   --- stderr
[INFO] [stderr] 
[INFO] [stderr] 
[INFO] [stderr]   error occurred in cc-rs: command did not execute successfully (status code exit status: 1): LC_ALL="C" "cc" "-O3" "-ffunction-sections" "-fdata-sections" "-fPIC" "-m64" "-I" "/opt/rustwide/cargo-home/registry/src/index.crates.io-1949cf8c6b5b557f/ring-0.17.14/include" "-I" "/opt/rustwide/cargo-home/registry/src/index.crates.io-1949cf8c6b5b557f/ring-0.17.14/pregenerated" "-Wall" "-Wextra" "-fvisibility=hidden" "-std=c1x" "-Wall" "-Wbad-function-cast" "-Wcast-align" "-Wcast-qual" "-Wconversion" "-Wmissing-field-initializers" "-Wmissing-include-dirs" "-Wnested-externs" "-Wredundant-decls" "-Wshadow" "-Wsign-compare" "-Wsign-conversion" "-Wstrict-prototypes" "-Wundef" "-Wuninitialized" "-g3" "-DNDEBUG" "-o" "/opt/rustwide/target/release/build/ring/fc7239e8c36c5fd5/out/25ac62e5b3c53843-curve25519.o" "-c" "/opt/rustwide/cargo-home/registry/src/index.crates.io-1949cf8c6b5b557f/ring-0.17.14/crypto/curve25519/curve25519.c"
[INFO] [stderr] 
[INFO] [stderr] 
[INFO] [stderr] error: failed to run custom build command for `onednn-src v0.1.6`
[INFO] [stderr] note: To improve backtraces for build dependencies, set the CARGO_PROFILE_RELEASE_BUILD_OVERRIDE_DEBUG=true environment variable to enable debug information generation.
[INFO] [stderr] 
[INFO] [stderr] Caused by:
[INFO] [stderr]   process didn't exit successfully: `/opt/rustwide/target/release/build/onednn-src/96f6e45a0db93396/out/build_script_build` (exit status: 101)
[INFO] [stderr]   --- stdout
[INFO] [stderr]   cargo::rerun-if-changed=build.rs
[INFO] [stderr]   cargo::rerun-if-env-changed=DOCS_RS
[INFO] [stderr]   CMAKE_TOOLCHAIN_FILE_x86_64-unknown-linux-gnu = None
[INFO] [stderr]   CMAKE_TOOLCHAIN_FILE_x86_64_unknown_linux_gnu = None
[INFO] [stderr]   HOST_CMAKE_TOOLCHAIN_FILE = None
[INFO] [stderr]   CMAKE_TOOLCHAIN_FILE = None
[INFO] [stderr]   CMAKE_GENERATOR_x86_64-unknown-linux-gnu = None
[INFO] [stderr]   CMAKE_GENERATOR_x86_64_unknown_linux_gnu = None
[INFO] [stderr]   HOST_CMAKE_GENERATOR = None
[INFO] [stderr]   CMAKE_GENERATOR = None
[INFO] [stderr]   CMAKE_PREFIX_PATH_x86_64-unknown-linux-gnu = None
[INFO] [stderr]   CMAKE_PREFIX_PATH_x86_64_unknown_linux_gnu = None
[INFO] [stderr]   HOST_CMAKE_PREFIX_PATH = None
[INFO] [stderr]   CMAKE_PREFIX_PATH = None
[INFO] [stderr]   CMAKE_x86_64-unknown-linux-gnu = None
[INFO] [stderr]   CMAKE_x86_64_unknown_linux_gnu = None
[INFO] [stderr]   HOST_CMAKE = None
[INFO] [stderr]   CMAKE = None
[INFO] [stderr]   -- The C compiler identification is GNU 15.2.0
[INFO] [stderr]   -- The CXX compiler identification is GNU 15.2.0
[INFO] [stderr]   -- Detecting C compiler ABI info
[INFO] [stderr]   -- Detecting C compiler ABI info - done
[INFO] [stderr]   -- Check for working C compiler: /usr/bin/cc - skipped
[INFO] [stderr]   -- Detecting C compile features
[INFO] [stderr]   -- Detecting C compile features - done
[INFO] [stderr]   -- Detecting CXX compiler ABI info
[INFO] [stderr]   -- Detecting CXX compiler ABI info - done
[INFO] [stderr]   -- Check for working CXX compiler: /usr/bin/c++ - skipped
[INFO] [stderr]   -- Detecting CXX compile features
[INFO] [stderr]   -- Detecting CXX compile features - done
[INFO] [stderr]   -- DNNL_TARGET_ARCH: X64
[INFO] [stderr]   -- DNNL compat: set DNNL_EXPERIMENTAL to ONEDNN_EXPERIMENTAL with value `OFF`
[INFO] [stderr]   -- DNNL compat: set DNNL_VERBOSE to ONEDNN_VERBOSE with value `OFF`
[INFO] [stderr]   -- DNNL compat: set DNNL_BUILD_DOC to ONEDNN_BUILD_DOC with value `OFF`
[INFO] [stderr]   -- DNNL compat: set DNNL_BUILD_EXAMPLES to ONEDNN_BUILD_EXAMPLES with value `OFF`
[INFO] [stderr]   -- DNNL compat: set DNNL_BUILD_TESTS to ONEDNN_BUILD_TESTS with value `OFF`
[INFO] [stderr]   -- DNNL compat: set DNNL_LIBRARY_TYPE to ONEDNN_LIBRARY_TYPE with value `STATIC`
[INFO] [stderr]   -- DNNL compat: set DNNL_ENABLE_WORKLOAD to ONEDNN_ENABLE_WORKLOAD with value `TRAINING`
[INFO] [stderr]   -- DNNL_LIBRARY_NAME: dnnl
[INFO] [stderr]   -- Performing Test CMAKE_HAVE_LIBC_PTHREAD
[INFO] [stderr]   -- Performing Test CMAKE_HAVE_LIBC_PTHREAD - Success
[INFO] [stderr]   -- Found Threads: TRUE
[INFO] [stderr]   -- Found OpenMP_C: -fopenmp (found version "4.5")
[INFO] [stderr]   -- Found OpenMP_CXX: -fopenmp (found version "4.5")
[INFO] [stderr]   -- Found OpenMP: TRUE (found version "4.5")
[INFO] [stderr]   -- Found Git: /usr/bin/git (found version "2.53.0")
[INFO] [stderr]   -- Enabled testing coverage: CI
[INFO] [stderr]   -- Enabled workload: TRAINING
[INFO] [stderr]   -- Enabled primitives: ALL
[INFO] [stderr]   -- Enabled primitive CPU ISA: ALL
[INFO] [stderr]   -- Enabled primitive GPU ISA: ALL
[INFO] [stderr]   -- Enabled GeMM kernels ISA: ALL
[INFO] [stderr]   -- Primitive cache is enabled
[INFO] [stderr]   -- The ASM compiler identification is GNU
[INFO] [stderr]   -- Found assembler: /usr/bin/cc
[INFO] [stderr]   -- Configuring done (10.4s)
[INFO] [stderr]   -- Generating done (1.5s)
[INFO] [stderr]   -- Build files have been written to: /opt/rustwide/target/release/build/onednn-src/755c55b7f929cef9/out/build
[INFO] [stderr]   [  0%] Building CXX object src/cpu/x64/CMakeFiles/dnnl_cpu_x64.dir/amx_tile_configure.cpp.o
[INFO] [stderr]   [  0%] Building CXX object src/common/CMakeFiles/dnnl_common.dir/batch_normalization.cpp.o
[INFO] [stderr]   [  0%] Building CXX object src/cpu/x64/CMakeFiles/dnnl_cpu_x64.dir/brgemm/brgemm.cpp.o
[INFO] [stderr]   [  0%] Building CXX object src/cpu/CMakeFiles/dnnl_cpu.dir/bfloat16.cpp.o
[INFO] [stderr]   [  0%] Building CXX object src/common/CMakeFiles/dnnl_common.dir/bfloat16.cpp.o
[INFO] [stderr]   [  0%] Building CXX object src/cpu/x64/CMakeFiles/dnnl_cpu_x64.dir/brgemm/brgemm_containers.cpp.o
[INFO] [stderr]   [  0%] Building CXX object src/cpu/CMakeFiles/dnnl_cpu.dir/binary_injector_utils.cpp.o
[INFO] [stderr]   [  1%] Building CXX object src/cpu/x64/CMakeFiles/dnnl_cpu_x64.dir/brgemm/brgemm_utils.cpp.o
[INFO] [stderr]   [  1%] Building CXX object src/common/CMakeFiles/dnnl_common.dir/binary.cpp.o
[INFO] [stderr]   [  1%] Building CXX object src/cpu/x64/CMakeFiles/dnnl_cpu_x64.dir/brgemm/jit_brdgmm_kernel.cpp.o
[INFO] [stderr]   [  2%] Building CXX object src/common/CMakeFiles/dnnl_common.dir/broadcast_strategy.cpp.o
[INFO] [stderr]   [  2%] Building CXX object src/cpu/CMakeFiles/dnnl_cpu.dir/cpu_batch_normalization_list.cpp.o
[INFO] [stderr]   [  2%] Building CXX object src/cpu/x64/CMakeFiles/dnnl_cpu_x64.dir/brgemm/jit_brgemm_amx_uker.cpp.o
[INFO] [stderr]   [  3%] Building CXX object src/cpu/CMakeFiles/dnnl_cpu.dir/cpu_batch_normalization_utils.cpp.o
[INFO] [stderr]   [  3%] Building CXX object src/cpu/CMakeFiles/dnnl_cpu.dir/cpu_binary_list.cpp.o
[INFO] [stderr]   [  3%] Building CXX object src/cpu/CMakeFiles/dnnl_cpu.dir/cpu_concat.cpp.o
[INFO] [stderr]   [  3%] Building CXX object src/cpu/CMakeFiles/dnnl_cpu.dir/cpu_convolution_list.cpp.o
[INFO] [stderr]   [  3%] Building CXX object src/cpu/CMakeFiles/dnnl_cpu.dir/cpu_deconvolution_list.cpp.o
[INFO] [stderr]   [  4%] Building CXX object src/cpu/CMakeFiles/dnnl_cpu.dir/cpu_eltwise_list.cpp.o
[INFO] [stderr] 
[INFO] [stderr]   --- stderr
[INFO] [stderr]   running: cd "/opt/rustwide/target/release/build/onednn-src/755c55b7f929cef9/out/build" && CMAKE_PREFIX_PATH="" LC_ALL="C" "cmake" "/opt/rustwide/cargo-home/registry/src/index.crates.io-1949cf8c6b5b557f/onednn-src-0.1.6/oneDNN" "-B" "/opt/rustwide/target/release/build/onednn-src/755c55b7f929cef9/out/build" "-DONEDNN_LIBRARY_TYPE=STATIC" "-DONEDNN_BUILD_DOC=OFF" "-DONEDNN_BUILD_EXAMPLES=OFF" "-DONEDNN_BUILD_TESTS=OFF" "-DONEDNN_BUILD_GRAPH=OFF" "-DONEDNN_ENABLE_WORKLOAD=TRAINING" "-DONEDNN_EXPERIMENTAL=OFF" "-DONEDNN_VERBOSE=OFF" "-DCMAKE_INSTALL_PREFIX=/opt/rustwide/target/release/build/onednn-src/755c55b7f929cef9/out" "-DCMAKE_C_FLAGS= -ffunction-sections -fdata-sections -fPIC -m64 -w" "-DCMAKE_C_COMPILER=/usr/bin/cc" "-DCMAKE_CXX_FLAGS= -ffunction-sections -fdata-sections -fPIC -m64 -w" "-DCMAKE_CXX_COMPILER=/usr/bin/c++" "-DCMAKE_ASM_FLAGS= -ffunction-sections -fdata-sections -fPIC -m64 -w" "-DCMAKE_ASM_COMPILER=/usr/bin/cc" "-DCMAKE_BUILD_TYPE=Release"
[INFO] [stderr]   running: cd "/opt/rustwide/target/release/build/onednn-src/755c55b7f929cef9/out/build" && LC_ALL="C" MAKEFLAGS="-j --jobserver-fds=4,5 --jobserver-auth=4,5" "cmake" "--build" "/opt/rustwide/target/release/build/onednn-src/755c55b7f929cef9/out/build" "--target" "install" "--config" "Release"
[INFO] [stderr]   c++: fatal error: Killed signal terminated program cc1plus
[INFO] [stderr]   compilation terminated.
[INFO] [stderr]   gmake[2]: *** [src/cpu/x64/CMakeFiles/dnnl_cpu_x64.dir/build.make:79: src/cpu/x64/CMakeFiles/dnnl_cpu_x64.dir/amx_tile_configure.cpp.o] Error 1
[INFO] [stderr]   gmake[2]: *** Waiting for unfinished jobs....
[INFO] [stderr]   c++: fatal error: Killed signal terminated program cc1plus
[INFO] [stderr]   compilation terminated.
[INFO] [stderr]   gmake[2]: *** [src/common/CMakeFiles/dnnl_common.dir/build.make:79: src/common/CMakeFiles/dnnl_common.dir/batch_normalization.cpp.o] Error 1
[INFO] [stderr]   gmake[2]: *** Waiting for unfinished jobs....
[INFO] [stderr]   c++: fatal error: Killed signal terminated program cc1plus
[INFO] [stderr]   compilation terminated.
[INFO] [stderr]   gmake[2]: *** [src/cpu/x64/CMakeFiles/dnnl_cpu_x64.dir/build.make:121: src/cpu/x64/CMakeFiles/dnnl_cpu_x64.dir/brgemm/brgemm_utils.cpp.o] Error 1
[INFO] [stderr]   c++: fatal error: Killed signal terminated program cc1plus
[INFO] [stderr]   compilation terminated.
[INFO] [stderr]   gmake[2]: *** [src/cpu/x64/CMakeFiles/dnnl_cpu_x64.dir/build.make:93: src/cpu/x64/CMakeFiles/dnnl_cpu_x64.dir/brgemm/brgemm.cpp.o] Error 1
[INFO] [stderr]   c++: fatal error: Killed signal terminated program cc1plus
[INFO] [stderr]   compilation terminated.
[INFO] [stderr]   gmake[2]: *** [src/cpu/CMakeFiles/dnnl_cpu.dir/build.make:79: src/cpu/CMakeFiles/dnnl_cpu.dir/bfloat16.cpp.o] Error 1
[INFO] [stderr]   gmake[2]: *** Waiting for unfinished jobs....
[INFO] [stderr]   c++: fatal error: Killed signal terminated program cc1plus
[INFO] [stderr]   compilation terminated.
[INFO] [stderr]   gmake[2]: *** [src/cpu/CMakeFiles/dnnl_cpu.dir/build.make:93: src/cpu/CMakeFiles/dnnl_cpu.dir/binary_injector_utils.cpp.o] Error 1
[INFO] [stderr]   c++: fatal error: Killed signal terminated program cc1plus
[INFO] [stderr]   compilation terminated.
[INFO] [stderr]   gmake[2]: *** [src/cpu/x64/CMakeFiles/dnnl_cpu_x64.dir/build.make:107: src/cpu/x64/CMakeFiles/dnnl_cpu_x64.dir/brgemm/brgemm_containers.cpp.o] Error 1
[INFO] [stderr]   c++: fatal error: Killed signal terminated program cc1plus
[INFO] [stderr]   compilation terminated.
[INFO] [stderr]   gmake[2]: *** [src/common/CMakeFiles/dnnl_common.dir/build.make:107: src/common/CMakeFiles/dnnl_common.dir/binary.cpp.o] Error 1
[INFO] [stderr]   c++: fatal error: Killed signal terminated program cc1plus
[INFO] [stderr]   compilation terminated.
[INFO] [stderr]   gmake[2]: *** [src/cpu/CMakeFiles/dnnl_cpu.dir/build.make:107: src/cpu/CMakeFiles/dnnl_cpu.dir/cpu_batch_normalization_list.cpp.o] Error 1
[INFO] [stderr]   c++: fatal error: Killed signal terminated program cc1plus
[INFO] [stderr]   compilation terminated.
[INFO] [stderr]   gmake[2]: *** [src/cpu/x64/CMakeFiles/dnnl_cpu_x64.dir/build.make:135: src/cpu/x64/CMakeFiles/dnnl_cpu_x64.dir/brgemm/jit_brdgmm_kernel.cpp.o] Error 1
[INFO] [stderr]   gmake[1]: *** [CMakeFiles/Makefile2:253: src/common/CMakeFiles/dnnl_common.dir/all] Error 2
[INFO] [stderr]   gmake[1]: *** Waiting for unfinished jobs....
[INFO] [stderr]   c++: fatal error: Killed signal terminated program cc1plus
[INFO] [stderr]   compilation terminated.
[INFO] [stderr]   gmake[2]: *** [src/cpu/x64/CMakeFiles/dnnl_cpu_x64.dir/build.make:149: src/cpu/x64/CMakeFiles/dnnl_cpu_x64.dir/brgemm/jit_brgemm_amx_uker.cpp.o] Error 1
[INFO] [stderr]   gmake[1]: *** [CMakeFiles/Makefile2:317: src/cpu/x64/CMakeFiles/dnnl_cpu_x64.dir/all] Error 2
[INFO] [stderr]   c++: fatal error: Killed signal terminated program cc1plus
[INFO] [stderr]   compilation terminated.
[INFO] [stderr]   gmake[2]: *** [src/cpu/CMakeFiles/dnnl_cpu.dir/build.make:135: src/cpu/CMakeFiles/dnnl_cpu.dir/cpu_binary_list.cpp.o] Error 1
[INFO] [stderr]   c++: fatal error: Killed signal terminated program cc1plus
[INFO] [stderr]   compilation terminated.
[INFO] [stderr]   gmake[2]: *** [src/cpu/CMakeFiles/dnnl_cpu.dir/build.make:149: src/cpu/CMakeFiles/dnnl_cpu.dir/cpu_concat.cpp.o] Error 1
[INFO] [stderr]   c++: fatal error: Killed signal terminated program cc1plus
[INFO] [stderr]   compilation terminated.
[INFO] [stderr]   gmake[2]: *** [src/cpu/CMakeFiles/dnnl_cpu.dir/build.make:163: src/cpu/CMakeFiles/dnnl_cpu.dir/cpu_convolution_list.cpp.o] Error 1
[INFO] [stderr]   gmake[1]: *** [CMakeFiles/Makefile2:285: src/cpu/CMakeFiles/dnnl_cpu.dir/all] Error 2
[INFO] [stderr]   gmake: *** [Makefile:146: all] Error 2
[INFO] [stderr] 
[INFO] [stderr]   thread 'main' (942) panicked at /opt/rustwide/cargo-home/registry/src/index.crates.io-1949cf8c6b5b557f/cmake-0.1.57/src/lib.rs:1132:5:
[INFO] [stderr] 
[INFO] [stderr]   command did not execute successfully, got: exit status: 2
[INFO] [stderr] 
[INFO] [stderr]   build script failed, must exit now
[INFO] [stderr]   stack backtrace:
[INFO] [stderr]      0:     0x590748138901 - <<std[617be2ca0a6fd877]::sys::backtrace::BacktraceLock>::print::DisplayBacktrace as core[a373ad73a504971]::fmt::Display>::fmt
[INFO] [stderr]      1:     0x59074814c8fa - core[a373ad73a504971]::fmt::write
[INFO] [stderr]      2:     0x59074813e14c - <std[617be2ca0a6fd877]::sys::stdio::unix::Stderr as core[a373ad73a504971]::io::write::Write>::write_fmt
[INFO] [stderr]      3:     0x590748117e76 - std[617be2ca0a6fd877]::panicking::default_hook::{closure#0}
[INFO] [stderr]      4:     0x590748133621 - std[617be2ca0a6fd877]::panicking::default_hook
[INFO] [stderr]      5:     0x5907481337db - std[617be2ca0a6fd877]::panicking::panic_with_hook
[INFO] [stderr]      6:     0x590748117f22 - std[617be2ca0a6fd877]::panicking::panic_handler::{closure#0}
[INFO] [stderr]      7:     0x590748110b99 - std[617be2ca0a6fd877]::sys::backtrace::__rust_end_short_backtrace::<std[617be2ca0a6fd877]::panicking::panic_handler::{closure#0}, !>
[INFO] [stderr]      8:     0x59074811870d - __rustc[ea4f61d10b84890b]::rust_begin_unwind
[INFO] [stderr]      9:     0x59074814d06c - core[a373ad73a504971]::panicking::panic_fmt
[INFO] [stderr]     10:     0x5907480a5b47 - cmake[296454b18a7457b1]::fail
[INFO] [stderr]     11:     0x5907480a57d3 - cmake[296454b18a7457b1]::run
[INFO] [stderr]     12:     0x5907480ab7a5 - <cmake[296454b18a7457b1]::Config>::build
[INFO] [stderr]     13:     0x590748098614 - build_script_build[969a8b560d18c78f]::main
[INFO] [stderr]     14:     0x590748098f33 - <fn() as core[a373ad73a504971]::ops::function::FnOnce<()>>::call_once
[INFO] [stderr]     15:     0x5907480982e6 - std[617be2ca0a6fd877]::sys::backtrace::__rust_begin_short_backtrace::<fn(), ()>
[INFO] [stderr]     16:     0x5907480982f9 - std[617be2ca0a6fd877]::rt::lang_start::<()>::{closure#0}
[INFO] [stderr]     17:     0x590748132928 - std[617be2ca0a6fd877]::rt::lang_start_internal
[INFO] [stderr]     18:     0x590748097e71 - std[617be2ca0a6fd877]::rt::lang_start::<()>
[INFO] [stderr]     19:     0x590748098fa5 - main
[INFO] [stderr]     20:     0x7ce2cde0d601 - <unknown>
[INFO] [stderr]     21:     0x7ce2cde0d718 - __libc_start_main
[INFO] [stderr]     22:     0x590748097265 - _start
[INFO] [stderr]     23:                0x0 - <unknown>
[INFO] running `Command { std: "docker" "inspect" "1d06418e55aa7f79c98adfad7b73d6813555a65c7f7a93076f4dbbee7311942f", kill_on_drop: false }`
[INFO] running `Command { std: "docker" "rm" "-f" "1d06418e55aa7f79c98adfad7b73d6813555a65c7f7a93076f4dbbee7311942f", kill_on_drop: false }`
[INFO] [stdout] 1d06418e55aa7f79c98adfad7b73d6813555a65c7f7a93076f4dbbee7311942f
