[INFO] fetching crate tpuf_icu_provider_211 7.0.0...
[INFO] testing tpuf_icu_provider_211-7.0.0 against 1.99.0-beta.8+cargoflags=--release for beta-release-1.100-2
[INFO] extracting crate tpuf_icu_provider_211 7.0.0 into /workspace/builds/worker-1-tc1/source
[INFO] started tweaking crates.io crate tpuf_icu_provider_211 7.0.0
[INFO] finished tweaking crates.io crate tpuf_icu_provider_211 7.0.0
[INFO] tweaked toml for crates.io crate tpuf_icu_provider_211 7.0.0 written to /workspace/builds/worker-1-tc1/source/Cargo.toml
[INFO] validating manifest of crates.io crate tpuf_icu_provider_211 7.0.0 on toolchain 1.99.0-beta.8
[INFO] running `Command { std: CARGO_HOME="/workspace/cargo-home" RUSTUP_HOME="/workspace/rustup-home" "/workspace/cargo-home/bin/cargo" "+1.99.0-beta.8" "metadata" "--manifest-path" "Cargo.toml" "--no-deps", kill_on_drop: false }`
[INFO] crate crates.io crate tpuf_icu_provider_211 7.0.0 already has a lockfile, it will not be regenerated
[INFO] running `Command { std: CARGO_HOME="/workspace/cargo-home" RUSTUP_HOME="/workspace/rustup-home" "/workspace/cargo-home/bin/cargo" "+1.99.0-beta.8" "fetch" "--manifest-path" "Cargo.toml", kill_on_drop: false }`
[INFO] [stderr]     Updating crates.io index
[INFO] [stderr]  Downloading crates ...
[INFO] [stderr]   Downloaded zerovec-derive v0.11.2
[INFO] [stderr]   Downloaded zerovec v0.11.5
[INFO] [stderr]   Downloaded zerofrom v0.1.6
[INFO] [stderr]   Downloaded is-terminal v0.4.17
[INFO] [stderr]   Downloaded zerofrom-derive v0.1.6
[INFO] [stderr]   Downloaded databake v0.2.0
[INFO] [stderr]   Downloaded wasm-bindgen-shared v0.2.104
[INFO] [stderr]   Downloaded databake-derive v0.2.0
[INFO] [stderr]   Downloaded yoke-derive v0.8.1
[INFO] [stderr]   Downloaded wasm-bindgen-macro v0.2.104
[INFO] [stderr]   Downloaded wasm-bindgen-macro-support v0.2.104
[INFO] [stderr]   Downloaded anstyle v1.0.13
[INFO] [stderr]   Downloaded yoke v0.8.1
[INFO] [stderr]   Downloaded tinystr v0.8.2
[INFO] [stderr]   Downloaded wasm-bindgen-backend v0.2.104
[INFO] [stderr]   Downloaded erased-serde v0.4.8
[INFO] [stderr]   Downloaded writeable v0.6.2
[INFO] [stderr]   Downloaded unicode-ident v1.0.20
[INFO] [stderr]   Downloaded litemap v0.8.1
[INFO] [stderr]   Downloaded wasm-bindgen v0.2.104
[INFO] [stderr]   Downloaded half v2.4.1
[INFO] [stderr]   Downloaded js-sys v0.3.81
[INFO] [stderr]   Downloaded clap v4.4.18
[INFO] [stderr]   Downloaded rayon-core v1.12.1
[INFO] [stderr]   Downloaded zerotrie v0.2.3
[INFO] [stderr]   Downloaded tpuf_icu_locale_core_211 v7.0.0
[INFO] [stderr]   Downloaded clap_builder v4.4.18
[INFO] [stderr]   Downloaded serde_json v1.0.145
[INFO] [stderr]   Downloaded rayon v1.10.0
[INFO] [stderr]   Downloaded web-sys v0.3.81
[INFO] running `Command { std: "docker" "create" "-v" "/var/lib/crater-agent-workspace/builds/worker-1-tc1/source:/opt/rustwide/workdir:ro,Z" "-v" "/var/lib/crater-agent-workspace/builds/worker-1-tc1/target:/opt/rustwide/target:rw,Z" "-v" "/var/lib/crater-agent-workspace/cargo-home:/opt/rustwide/cargo-home:ro,Z" "-v" "/var/lib/crater-agent-workspace/rustup-home:/opt/rustwide/rustup-home:ro,Z" "-m" "1610612736" "--network" "none" "ghcr.io/rust-lang/crates-build-env/linux@sha256:77db811e55d90add9212f6832c23229e3de5f1c1f9905e8cb07319ea15df73ac" "sleep" "infinity", kill_on_drop: false }`
[INFO] [stdout] a7c05a0ccdba0691e308b083a2f80948bc039c1d25434688c4155f652cf0a873
[INFO] running `Command { std: "docker" "start" "a7c05a0ccdba0691e308b083a2f80948bc039c1d25434688c4155f652cf0a873", kill_on_drop: false }`
[INFO] running `Command { std: "docker" "inspect" "a7c05a0ccdba0691e308b083a2f80948bc039c1d25434688c4155f652cf0a873", kill_on_drop: false }`
[INFO] running `Command { std: "docker" "exec" "-e" "SOURCE_DIR=/opt/rustwide/workdir" "-e" "CARGO_HOME=/opt/rustwide/cargo-home" "-e" "RUSTUP_HOME=/opt/rustwide/rustup-home" "-e" "CARGO_TARGET_DIR=/opt/rustwide/target" "-w" "/opt/rustwide/workdir" "--user" "0:0" "a7c05a0ccdba0691e308b083a2f80948bc039c1d25434688c4155f652cf0a873" "/opt/rustwide/cargo-home/bin/cargo" "+1.99.0-beta.8" "metadata" "--no-deps" "--format-version=1", kill_on_drop: false }`
[INFO] running `Command { std: "docker" "inspect" "a7c05a0ccdba0691e308b083a2f80948bc039c1d25434688c4155f652cf0a873", kill_on_drop: false }`
[INFO] running `Command { std: "docker" "exec" "-e" "SOURCE_DIR=/opt/rustwide/workdir" "-e" "CARGO_HOME=/opt/rustwide/cargo-home" "-e" "RUSTUP_HOME=/opt/rustwide/rustup-home" "-e" "CARGO_TARGET_DIR=/opt/rustwide/target" "-e" "CARGO_INCREMENTAL=0" "-e" "RUST_BACKTRACE=full" "-e" "RUSTFLAGS=--cap-lints=warn" "-e" "RUSTDOCFLAGS=--cap-lints=warn" "-w" "/opt/rustwide/workdir" "--user" "0:0" "a7c05a0ccdba0691e308b083a2f80948bc039c1d25434688c4155f652cf0a873" "/opt/rustwide/cargo-home/bin/cargo" "+1.99.0-beta.8" "build" "--frozen" "--message-format=json" "--release", kill_on_drop: false }`
[INFO] [stderr]    Compiling proc-macro2 v1.0.103
[INFO] [stderr]    Compiling unicode-ident v1.0.20
[INFO] [stderr]    Compiling quote v1.0.41
[INFO] [stderr]    Compiling writeable v0.6.2
[INFO] [stderr]    Compiling litemap v0.8.1
[INFO] [stderr]    Compiling syn v2.0.108
[INFO] [stderr]    Compiling synstructure v0.13.2
[INFO] [stderr]    Compiling displaydoc v0.2.5
[INFO] [stderr]    Compiling zerovec-derive v0.11.2
[INFO] [stderr]    Compiling zerofrom-derive v0.1.6
[INFO] [stderr]    Compiling yoke-derive v0.8.1
[INFO] [stderr]    Compiling tinystr v0.8.2
[INFO] [stderr]    Compiling tpuf_icu_locale_core_211 v7.0.0
[INFO] [stderr]    Compiling zerofrom v0.1.6
[INFO] [stderr]    Compiling zerovec v0.11.5
[INFO] [stderr]    Compiling yoke v0.8.1
[INFO] [stderr]    Compiling tpuf_icu_provider_211 v7.0.0 (/opt/rustwide/workdir)
[INFO] [stderr]     Finished `release` profile [optimized] target(s) in 8.51s
[INFO] running `Command { std: "docker" "inspect" "a7c05a0ccdba0691e308b083a2f80948bc039c1d25434688c4155f652cf0a873", kill_on_drop: false }`
[INFO] running `Command { std: "docker" "exec" "-e" "SOURCE_DIR=/opt/rustwide/workdir" "-e" "CARGO_HOME=/opt/rustwide/cargo-home" "-e" "RUSTUP_HOME=/opt/rustwide/rustup-home" "-e" "CARGO_TARGET_DIR=/opt/rustwide/target" "-e" "CARGO_INCREMENTAL=0" "-e" "RUST_BACKTRACE=full" "-e" "RUSTFLAGS=--cap-lints=warn" "-e" "RUSTDOCFLAGS=--cap-lints=warn" "-w" "/opt/rustwide/workdir" "--user" "0:0" "a7c05a0ccdba0691e308b083a2f80948bc039c1d25434688c4155f652cf0a873" "/opt/rustwide/cargo-home/bin/cargo" "+1.99.0-beta.8" "test" "--frozen" "--no-run" "--message-format=json" "--release", kill_on_drop: false }`
[INFO] [stderr]    Compiling crossbeam-utils v0.8.21
[INFO] [stderr]    Compiling serde_core v1.0.228
[INFO] [stderr]    Compiling autocfg v1.5.0
[INFO] [stderr]    Compiling serde v1.0.228
[INFO] [stderr]    Compiling serde_json v1.0.145
[INFO] [stderr]    Compiling rayon-core v1.12.1
[INFO] [stderr]    Compiling either v1.15.0
[INFO] [stderr]    Compiling libc v0.2.177
[INFO] [stderr]    Compiling anstyle v1.0.13
[INFO] [stderr]    Compiling itoa v1.0.15
[INFO] [stderr]    Compiling ryu v1.0.20
[INFO] [stderr]    Compiling memchr v2.7.6
[INFO] [stderr]    Compiling half v2.4.1
[INFO] [stderr]    Compiling regex-syntax v0.8.8
[INFO] [stderr]    Compiling clap_lex v0.6.0
[INFO] [stderr]    Compiling serde_derive v1.0.228
[INFO] [stderr]    Compiling ciborium-io v0.2.2
[INFO] [stderr]    Compiling plotters-backend v0.3.7
[INFO] [stderr]    Compiling same-file v1.0.6
[INFO] [stderr]    Compiling cast v0.3.0
[INFO] [stderr]    Compiling clap_builder v4.4.18
[INFO] [stderr]    Compiling walkdir v2.5.0
[INFO] [stderr]    Compiling once_cell v1.21.3
[INFO] [stderr]    Compiling plotters-svg v0.3.7
[INFO] [stderr]    Compiling anes v0.1.6
[INFO] [stderr]    Compiling itertools v0.10.5
[INFO] [stderr]    Compiling ciborium-ll v0.2.2
[INFO] [stderr]    Compiling num-traits v0.2.19
[INFO] [stderr]    Compiling oorandom v11.1.5
[INFO] [stderr]    Compiling crossbeam-epoch v0.9.18
[INFO] [stderr]    Compiling crossbeam-deque v0.8.6
[INFO] [stderr]    Compiling is-terminal v0.4.17
[INFO] [stderr]    Compiling plotters v0.3.7
[INFO] [stderr]    Compiling rayon v1.10.0
[INFO] [stderr]    Compiling regex-automata v0.4.13
[INFO] [stderr]    Compiling criterion-plot v0.5.0
[INFO] [stderr]    Compiling clap v4.4.18
[INFO] [stderr]    Compiling regex v1.12.2
[INFO] [stderr]    Compiling ciborium v0.2.2
[INFO] [stderr]    Compiling tinytemplate v1.2.1
[INFO] [stderr]    Compiling criterion v0.5.1
[INFO] [stderr]    Compiling tpuf_icu_provider_211 v7.0.0 (/opt/rustwide/workdir)
[INFO] [stdout] error[E0432]: unresolved import `crate::hello_world`
[INFO] [stdout]    --> src/data_provider.rs:464:16
[INFO] [stdout]     |
[INFO] [stdout] 464 |     use crate::hello_world::*;
[INFO] [stdout]     |                ^^^^^^^^^^^ could not find `hello_world` in the crate root
[INFO] [stdout] 
[INFO] [stdout] 
[INFO] [stdout] error[E0432]: unresolved import `crate::hello_world`
[INFO] [stdout]    --> src/response.rs:334:16
[INFO] [stdout]     |
[INFO] [stdout] 334 |     use crate::hello_world::*;
[INFO] [stdout]     |                ^^^^^^^^^^^ could not find `hello_world` in the crate root
[INFO] [stdout] 
[INFO] [stdout] 
[INFO] [stdout] error[E0433]: cannot find module or crate `alloc` in this scope
[INFO] [stdout]    --> src/data_provider.rs:465:9
[INFO] [stdout]     |
[INFO] [stdout] 465 |     use alloc::borrow::Cow;
[INFO] [stdout]     |         ^^^^^ use of unresolved module or unlinked crate `alloc`
[INFO] [stdout]     |
[INFO] [stdout]     = help: add `extern crate alloc` to use the `alloc` crate
[INFO] [stdout] 
[INFO] [stdout] 
[INFO] [stdout] error[E0433]: cannot find module or crate `alloc` in this scope
[INFO] [stdout]    --> src/data_provider.rs:466:9
[INFO] [stdout]     |
[INFO] [stdout] 466 |     use alloc::string::String;
[INFO] [stdout]     |         ^^^^^ use of unresolved module or unlinked crate `alloc`
[INFO] [stdout]     |
[INFO] [stdout]     = help: add `extern crate alloc` to use the `alloc` crate
[INFO] [stdout] 
[INFO] [stdout] 
[INFO] [stdout] error[E0432]: unresolved import `crate::hello_world`
[INFO] [stdout]     --> src/response.rs:1110:16
[INFO] [stdout]      |
[INFO] [stdout] 1110 |     use crate::hello_world::*;
[INFO] [stdout]      |                ^^^^^^^^^^^ could not find `hello_world` in the crate root
[INFO] [stdout] 
[INFO] [stdout] 
[INFO] [stdout] error[E0432]: unresolved import `serde`
[INFO] [stdout]    --> src/data_provider.rs:468:9
[INFO] [stdout]     |
[INFO] [stdout] 468 |     use serde::{Deserialize, Serialize};
[INFO] [stdout]     |         ^^^^^ use of unresolved module or unlinked crate `serde`
[INFO] [stdout]     |
[INFO] [stdout]     = help: if you wanted to use a crate named `serde`, use `cargo add serde` to add it to your `Cargo.toml`
[INFO] [stdout] 
[INFO] [stdout] 
[INFO] [stdout] error: cannot find attribute `serde` in this scope
[INFO] [stdout]    --> src/data_provider.rs:483:11
[INFO] [stdout]     |
[INFO] [stdout] 483 |         #[serde(borrow)]
[INFO] [stdout]     |           ^^^^^
[INFO] [stdout]     |
[INFO] [stdout]     = note: `serde` is an attribute that can be used by the derive macros `Deserialize` and `Serialize`, you might be missing a `derive` attribute
[INFO] [stdout] 
[INFO] [stdout] 
[INFO] [stdout] error[E0277]: the trait bound `HelloCombined<'_>: serde::Deserialize<'de>` is not satisfied
[INFO] [stdout]     --> src/data_provider.rs:545:35
[INFO] [stdout]      |
[INFO] [stdout]  545 |         let data: HelloCombined = serde_json::from_str(data).expect("Well-formed data");
[INFO] [stdout]      |                                   ^^^^^^^^^^^^^^^^^^^^^^^^^^ unsatisfied trait bound
[INFO] [stdout]      |
[INFO] [stdout] help: the trait `serde::Deserialize<'_>` is not implemented for `HelloCombined<'_>`
[INFO] [stdout]     --> src/data_provider.rs:482:5
[INFO] [stdout]      |
[INFO] [stdout]  482 |     struct HelloCombined<'data> {
[INFO] [stdout]      |     ^^^^^^^^^^^^^^^^^^^^^^^^^^^
[INFO] [stdout]      = note: for local types consider adding `#[derive(serde::Deserialize)]` to your `HelloCombined<'_>` type
[INFO] [stdout]      = note: for types from other crates check whether the crate offers a `serde` feature flag
[INFO] [stdout]      = help: the following other types implement trait `serde::Deserialize<'de>`:
[INFO] [stdout]                &'a Path
[INFO] [stdout]                &'a [u8]
[INFO] [stdout]                &'a str
[INFO] [stdout]                ()
[INFO] [stdout]                (T,)
[INFO] [stdout]                (T0, T1)
[INFO] [stdout]                (T0, T1, T2)
[INFO] [stdout]                (T0, T1, T2, T3)
[INFO] [stdout]              and 155 others
[INFO] [stdout] note: required by a bound in `serde_json::from_str`
[INFO] [stdout]     --> /opt/rustwide/cargo-home/registry/src/index.crates.io-1949cf8c6b5b557f/serde_json-1.0.145/src/de.rs:2699:8
[INFO] [stdout]      |
[INFO] [stdout] 2697 | pub fn from_str<'a, T>(s: &'a str) -> Result<T>
[INFO] [stdout]      |        -------- required by a bound in this function
[INFO] [stdout] 2698 | where
[INFO] [stdout] 2699 |     T: de::Deserialize<'a>,
[INFO] [stdout]      |        ^^^^^^^^^^^^^^^^^^^ required by this bound in `from_str`
[INFO] [stdout] 
[INFO] [stdout] 
[INFO] [stdout] error[E0609]: no field `debug` on type `DataMarkerId`
[INFO] [stdout]    --> src/marker.rs:642:58
[INFO] [stdout]     |
[INFO] [stdout] 642 |     assert_eq!(DataMarkerId::from_name("BarV1").unwrap().debug, "BarV1");
[INFO] [stdout]     |                                                          ^^^^^ unknown field
[INFO] [stdout]     |
[INFO] [stdout]     = note: available field is: `hash`
[INFO] [stdout] 
[INFO] [stdout] 
[INFO] [stdout] Some errors have detailed explanations: E0277, E0432, E0433, E0609.
[INFO] [stdout] 
[INFO] [stdout] For more information about an error, try `rustc --explain E0277`.
[INFO] [stdout] 
[INFO] [stderr] error: could not compile `tpuf_icu_provider_211` (lib test) due to 9 previous errors
[INFO] running `Command { std: "docker" "inspect" "a7c05a0ccdba0691e308b083a2f80948bc039c1d25434688c4155f652cf0a873", kill_on_drop: false }`
[INFO] running `Command { std: "docker" "rm" "-f" "a7c05a0ccdba0691e308b083a2f80948bc039c1d25434688c4155f652cf0a873", kill_on_drop: false }`
[INFO] [stdout] a7c05a0ccdba0691e308b083a2f80948bc039c1d25434688c4155f652cf0a873
