[INFO] fetching crate tower-sessions-ext-memory-store 1.3.1...
[INFO] testing tower-sessions-ext-memory-store-1.3.1 against 1.100.0-beta.1+cargoflags=--release for beta-release-1.100-2
[INFO] extracting crate tower-sessions-ext-memory-store 1.3.1 into /workspace/builds/worker-6-tc2/source
[INFO] started tweaking crates.io crate tower-sessions-ext-memory-store 1.3.1
[INFO] finished tweaking crates.io crate tower-sessions-ext-memory-store 1.3.1
[INFO] tweaked toml for crates.io crate tower-sessions-ext-memory-store 1.3.1 written to /workspace/builds/worker-6-tc2/source/Cargo.toml
[INFO] validating manifest of crates.io crate tower-sessions-ext-memory-store 1.3.1 on toolchain 1.100.0-beta.1
[INFO] running `Command { std: CARGO_HOME="/workspace/cargo-home" RUSTUP_HOME="/workspace/rustup-home" "/workspace/cargo-home/bin/cargo" "+1.100.0-beta.1" "metadata" "--manifest-path" "Cargo.toml" "--no-deps", kill_on_drop: false }`
[INFO] crate crates.io crate tower-sessions-ext-memory-store 1.3.1 already has a lockfile, it will not be regenerated
[INFO] running `Command { std: CARGO_HOME="/workspace/cargo-home" RUSTUP_HOME="/workspace/rustup-home" "/workspace/cargo-home/bin/cargo" "+1.100.0-beta.1" "fetch" "--manifest-path" "Cargo.toml", kill_on_drop: false }`
[INFO] [stderr]     Blocking waiting for file lock on package cache
[INFO] running `Command { std: "docker" "create" "-v" "/var/lib/crater-agent-workspace/builds/worker-6-tc2/source:/opt/rustwide/workdir:ro,Z" "-v" "/var/lib/crater-agent-workspace/builds/worker-6-tc2/target:/opt/rustwide/target:rw,Z" "-v" "/var/lib/crater-agent-workspace/cargo-home:/opt/rustwide/cargo-home:ro,Z" "-v" "/var/lib/crater-agent-workspace/rustup-home:/opt/rustwide/rustup-home:ro,Z" "-m" "1610612736" "--network" "none" "ghcr.io/rust-lang/crates-build-env/linux@sha256:77db811e55d90add9212f6832c23229e3de5f1c1f9905e8cb07319ea15df73ac" "sleep" "infinity", kill_on_drop: false }`
[INFO] [stdout] 7f6fb09fea9c981524c059f50ddd67a1ea39b98c6cd08f3d819d4b295140c8f1
[INFO] running `Command { std: "docker" "start" "7f6fb09fea9c981524c059f50ddd67a1ea39b98c6cd08f3d819d4b295140c8f1", kill_on_drop: false }`
[INFO] running `Command { std: "docker" "inspect" "7f6fb09fea9c981524c059f50ddd67a1ea39b98c6cd08f3d819d4b295140c8f1", kill_on_drop: false }`
[INFO] running `Command { std: "docker" "exec" "-e" "SOURCE_DIR=/opt/rustwide/workdir" "-e" "CARGO_HOME=/opt/rustwide/cargo-home" "-e" "RUSTUP_HOME=/opt/rustwide/rustup-home" "-e" "CARGO_TARGET_DIR=/opt/rustwide/target" "-w" "/opt/rustwide/workdir" "--user" "0:0" "7f6fb09fea9c981524c059f50ddd67a1ea39b98c6cd08f3d819d4b295140c8f1" "/opt/rustwide/cargo-home/bin/cargo" "+1.100.0-beta.1" "metadata" "--no-deps" "--format-version=1", kill_on_drop: false }`
[INFO] running `Command { std: "docker" "inspect" "7f6fb09fea9c981524c059f50ddd67a1ea39b98c6cd08f3d819d4b295140c8f1", kill_on_drop: false }`
[INFO] running `Command { std: "docker" "exec" "-e" "SOURCE_DIR=/opt/rustwide/workdir" "-e" "CARGO_HOME=/opt/rustwide/cargo-home" "-e" "RUSTUP_HOME=/opt/rustwide/rustup-home" "-e" "CARGO_TARGET_DIR=/opt/rustwide/target" "-e" "CARGO_INCREMENTAL=0" "-e" "RUST_BACKTRACE=full" "-e" "RUSTFLAGS=--cap-lints=warn" "-e" "RUSTDOCFLAGS=--cap-lints=warn" "-w" "/opt/rustwide/workdir" "--user" "0:0" "7f6fb09fea9c981524c059f50ddd67a1ea39b98c6cd08f3d819d4b295140c8f1" "/opt/rustwide/cargo-home/bin/cargo" "+1.100.0-beta.1" "build" "--frozen" "--message-format=json" "--release", kill_on_drop: false }`
[INFO] [stderr]    Compiling proc-macro2 v1.0.101
[INFO] [stderr]    Compiling libc v0.2.175
[INFO] [stderr]    Compiling serde v1.0.219
[INFO] [stderr]    Compiling getrandom v0.3.3
[INFO] [stderr]    Compiling futures-core v0.3.31
[INFO] [stderr]    Compiling futures-sink v0.3.31
[INFO] [stderr]    Compiling serde_json v1.0.143
[INFO] [stderr]    Compiling lock_api v0.4.13
[INFO] [stderr]    Compiling futures-task v0.3.31
[INFO] [stderr]    Compiling time-core v0.1.6
[INFO] [stderr]    Compiling futures-io v0.3.31
[INFO] [stderr]    Compiling log v0.4.28
[INFO] [stderr]    Compiling tokio v1.47.1
[INFO] [stderr]    Compiling futures-channel v0.3.31
[INFO] [stderr]    Compiling quote v1.0.40
[INFO] [stderr]    Compiling syn v2.0.106
[INFO] [stderr]    Compiling parking_lot_core v0.9.11
[INFO] [stderr]    Compiling rand_core v0.9.3
[INFO] [stderr]    Compiling rand_chacha v0.9.0
[INFO] [stderr]    Compiling rand v0.9.2
[INFO] [stderr]    Compiling serde_derive v1.0.219
[INFO] [stderr]    Compiling futures-macro v0.3.31
[INFO] [stderr]    Compiling tracing-attributes v0.1.30
[INFO] [stderr]    Compiling thiserror-impl v2.0.16
[INFO] [stderr]    Compiling async-trait v0.1.89
[INFO] [stderr]    Compiling futures-util v0.3.31
[INFO] [stderr]    Compiling tracing v0.1.41
[INFO] [stderr]    Compiling thiserror v2.0.16
[INFO] [stderr]    Compiling futures v0.3.31
[INFO] [stderr]    Compiling deranged v0.5.3
[INFO] [stderr]    Compiling parking_lot v0.12.4
[INFO] [stderr]    Compiling time v0.3.43
[INFO] [stderr]    Compiling tower-sessions-ext-core v1.3.1
[INFO] [stderr]    Compiling tower-sessions-ext-memory-store v1.3.1 (/opt/rustwide/workdir)
[INFO] [stderr]     Finished `release` profile [optimized] target(s) in 17.80s
[INFO] running `Command { std: "docker" "inspect" "7f6fb09fea9c981524c059f50ddd67a1ea39b98c6cd08f3d819d4b295140c8f1", kill_on_drop: false }`
[INFO] running `Command { std: "docker" "exec" "-e" "SOURCE_DIR=/opt/rustwide/workdir" "-e" "CARGO_HOME=/opt/rustwide/cargo-home" "-e" "RUSTUP_HOME=/opt/rustwide/rustup-home" "-e" "CARGO_TARGET_DIR=/opt/rustwide/target" "-e" "CARGO_INCREMENTAL=0" "-e" "RUST_BACKTRACE=full" "-e" "RUSTFLAGS=--cap-lints=warn" "-e" "RUSTDOCFLAGS=--cap-lints=warn" "-w" "/opt/rustwide/workdir" "--user" "0:0" "7f6fb09fea9c981524c059f50ddd67a1ea39b98c6cd08f3d819d4b295140c8f1" "/opt/rustwide/cargo-home/bin/cargo" "+1.100.0-beta.1" "test" "--frozen" "--no-run" "--message-format=json" "--release", kill_on_drop: false }`
[INFO] [stderr]    Compiling tower-sessions-ext-memory-store v1.3.1 (/opt/rustwide/workdir)
[INFO] [stdout] error[E0433]: cannot find `test` in `tokio`
[INFO] [stdout]   --> src/lib.rs:68:14
[INFO] [stdout]    |
[INFO] [stdout] 68 |     #[tokio::test]
[INFO] [stdout]    |              ^^^^ could not find `test` in `tokio`
[INFO] [stdout] 
[INFO] [stdout] 
[INFO] [stdout] error[E0433]: cannot find `test` in `tokio`
[INFO] [stdout]   --> src/lib.rs:79:14
[INFO] [stdout]    |
[INFO] [stdout] 79 |     #[tokio::test]
[INFO] [stdout]    |              ^^^^ could not find `test` in `tokio`
[INFO] [stdout] 
[INFO] [stdout] 
[INFO] [stdout] error[E0433]: cannot find `test` in `tokio`
[INFO] [stdout]   --> src/lib.rs:90:14
[INFO] [stdout]    |
[INFO] [stdout] 90 |     #[tokio::test]
[INFO] [stdout]    |              ^^^^ could not find `test` in `tokio`
[INFO] [stdout] 
[INFO] [stdout] 
[INFO] [stdout] error[E0433]: cannot find `test` in `tokio`
[INFO] [stdout]    --> src/lib.rs:103:14
[INFO] [stdout]     |
[INFO] [stdout] 103 |     #[tokio::test]
[INFO] [stdout]     |              ^^^^ could not find `test` in `tokio`
[INFO] [stdout] 
[INFO] [stdout] 
[INFO] [stdout] error[E0433]: cannot find `test` in `tokio`
[INFO] [stdout]    --> src/lib.rs:116:14
[INFO] [stdout]     |
[INFO] [stdout] 116 |     #[tokio::test]
[INFO] [stdout]     |              ^^^^ could not find `test` in `tokio`
[INFO] [stdout] 
[INFO] [stdout] 
[INFO] [stdout] For more information about this error, try `rustc --explain E0433`.
[INFO] [stdout] 
[INFO] [stderr] error: could not compile `tower-sessions-ext-memory-store` (lib test) due to 5 previous errors
[INFO] running `Command { std: "docker" "inspect" "7f6fb09fea9c981524c059f50ddd67a1ea39b98c6cd08f3d819d4b295140c8f1", kill_on_drop: false }`
[INFO] running `Command { std: "docker" "rm" "-f" "7f6fb09fea9c981524c059f50ddd67a1ea39b98c6cd08f3d819d4b295140c8f1", kill_on_drop: false }`
[INFO] [stdout] 7f6fb09fea9c981524c059f50ddd67a1ea39b98c6cd08f3d819d4b295140c8f1
