[INFO] fetching crate totsu_f32cuda 0.1.1...
[INFO] testing totsu_f32cuda-0.1.1 against 1.100.0-beta.1+cargoflags=--release for beta-release-1.100-2
[INFO] extracting crate totsu_f32cuda 0.1.1 into /workspace/builds/worker-1-tc2/source
[INFO] started tweaking crates.io crate totsu_f32cuda 0.1.1
[INFO] finished tweaking crates.io crate totsu_f32cuda 0.1.1
[INFO] tweaked toml for crates.io crate totsu_f32cuda 0.1.1 written to /workspace/builds/worker-1-tc2/source/Cargo.toml
[INFO] validating manifest of crates.io crate totsu_f32cuda 0.1.1 on toolchain 1.100.0-beta.1
[INFO] running `Command { std: CARGO_HOME="/workspace/cargo-home" RUSTUP_HOME="/workspace/rustup-home" "/workspace/cargo-home/bin/cargo" "+1.100.0-beta.1" "metadata" "--manifest-path" "Cargo.toml" "--no-deps", kill_on_drop: false }`
[INFO] running `Command { std: CARGO_HOME="/workspace/cargo-home" RUSTUP_HOME="/workspace/rustup-home" "/workspace/cargo-home/bin/cargo" "+1.100.0-beta.1" "generate-lockfile" "--manifest-path" "Cargo.toml", kill_on_drop: false }`
[INFO] [stderr]     Updating crates.io index
[INFO] [stderr]      Locking 33 packages to highest compatible versions
[INFO] [stderr]       Adding env_logger v0.10.2 (available: v0.11.11)
[INFO] running `Command { std: CARGO_HOME="/workspace/cargo-home" RUSTUP_HOME="/workspace/rustup-home" "/workspace/cargo-home/bin/cargo" "+1.100.0-beta.1" "fetch" "--manifest-path" "Cargo.toml", kill_on_drop: false }`
[INFO] running `Command { std: "docker" "create" "-v" "/var/lib/crater-agent-workspace/builds/worker-1-tc2/source:/opt/rustwide/workdir:ro,Z" "-v" "/var/lib/crater-agent-workspace/builds/worker-1-tc2/target:/opt/rustwide/target:rw,Z" "-v" "/var/lib/crater-agent-workspace/cargo-home:/opt/rustwide/cargo-home:ro,Z" "-v" "/var/lib/crater-agent-workspace/rustup-home:/opt/rustwide/rustup-home:ro,Z" "-m" "1610612736" "--network" "none" "ghcr.io/rust-lang/crates-build-env/linux@sha256:77db811e55d90add9212f6832c23229e3de5f1c1f9905e8cb07319ea15df73ac" "sleep" "infinity", kill_on_drop: false }`
[INFO] [stdout] 579233589aac094f839f631d65dc287e875669563ef4833155dd1a2fcd386ce5
[INFO] running `Command { std: "docker" "start" "579233589aac094f839f631d65dc287e875669563ef4833155dd1a2fcd386ce5", kill_on_drop: false }`
[INFO] running `Command { std: "docker" "inspect" "579233589aac094f839f631d65dc287e875669563ef4833155dd1a2fcd386ce5", kill_on_drop: false }`
[INFO] running `Command { std: "docker" "exec" "-e" "SOURCE_DIR=/opt/rustwide/workdir" "-e" "CARGO_HOME=/opt/rustwide/cargo-home" "-e" "RUSTUP_HOME=/opt/rustwide/rustup-home" "-e" "CARGO_TARGET_DIR=/opt/rustwide/target" "-w" "/opt/rustwide/workdir" "--user" "0:0" "579233589aac094f839f631d65dc287e875669563ef4833155dd1a2fcd386ce5" "/opt/rustwide/cargo-home/bin/cargo" "+1.100.0-beta.1" "metadata" "--no-deps" "--format-version=1", kill_on_drop: false }`
[INFO] running `Command { std: "docker" "inspect" "579233589aac094f839f631d65dc287e875669563ef4833155dd1a2fcd386ce5", kill_on_drop: false }`
[INFO] running `Command { std: "docker" "exec" "-e" "SOURCE_DIR=/opt/rustwide/workdir" "-e" "CARGO_HOME=/opt/rustwide/cargo-home" "-e" "RUSTUP_HOME=/opt/rustwide/rustup-home" "-e" "CARGO_TARGET_DIR=/opt/rustwide/target" "-e" "CARGO_INCREMENTAL=0" "-e" "RUST_BACKTRACE=full" "-e" "RUSTFLAGS=--cap-lints=warn" "-e" "RUSTDOCFLAGS=--cap-lints=warn" "-w" "/opt/rustwide/workdir" "--user" "0:0" "579233589aac094f839f631d65dc287e875669563ef4833155dd1a2fcd386ce5" "/opt/rustwide/cargo-home/bin/cargo" "+1.100.0-beta.1" "build" "--frozen" "--message-format=json" "--release", kill_on_drop: false }`
[INFO] [stderr]    Compiling cuda-config v0.1.0
[INFO] [stderr]    Compiling syn v1.0.109
[INFO] [stderr]    Compiling rustacuda_core v0.1.2
[INFO] [stderr]    Compiling log v0.4.34
[INFO] [stderr]    Compiling cublas-sys v0.1.0
[INFO] [stderr]    Compiling totsu_core v0.1.1
[INFO] [stderr]    Compiling cuda-driver-sys v0.3.0
[INFO] [stderr]    Compiling rustacuda_derive v0.1.2
[INFO] [stderr]    Compiling rustacuda v0.1.3
[INFO] [stderr]    Compiling totsu_f32cuda v0.1.1 (/opt/rustwide/workdir)
[INFO] [stderr]     Finished `release` profile [optimized] target(s) in 4.34s
[INFO] running `Command { std: "docker" "inspect" "579233589aac094f839f631d65dc287e875669563ef4833155dd1a2fcd386ce5", kill_on_drop: false }`
[INFO] running `Command { std: "docker" "exec" "-e" "SOURCE_DIR=/opt/rustwide/workdir" "-e" "CARGO_HOME=/opt/rustwide/cargo-home" "-e" "RUSTUP_HOME=/opt/rustwide/rustup-home" "-e" "CARGO_TARGET_DIR=/opt/rustwide/target" "-e" "CARGO_INCREMENTAL=0" "-e" "RUST_BACKTRACE=full" "-e" "RUSTFLAGS=--cap-lints=warn" "-e" "RUSTDOCFLAGS=--cap-lints=warn" "-w" "/opt/rustwide/workdir" "--user" "0:0" "579233589aac094f839f631d65dc287e875669563ef4833155dd1a2fcd386ce5" "/opt/rustwide/cargo-home/bin/cargo" "+1.100.0-beta.1" "test" "--frozen" "--no-run" "--message-format=json" "--release", kill_on_drop: false }`
[INFO] [stderr]    Compiling aho-corasick v1.1.5
[INFO] [stderr]    Compiling humantime v2.4.0
[INFO] [stderr]    Compiling termcolor v1.4.1
[INFO] [stderr]    Compiling float_eq v1.0.1
[INFO] [stderr]    Compiling is-terminal v0.4.17
[INFO] [stderr]    Compiling totsu v0.10.2
[INFO] [stderr]    Compiling regex-automata v0.4.18
[INFO] [stderr]    Compiling regex v1.13.1
[INFO] [stderr]    Compiling env_logger v0.10.2
[INFO] [stderr]    Compiling totsu_f32cuda v0.1.1 (/opt/rustwide/workdir)
[INFO] [stdout] error: linking with `cc` failed: exit status: 1
[INFO] [stdout]   |
[INFO] [stdout]   = note:  "cc" "-m64" "/opt/rustwide/target/release/build/totsu_f32cuda/b632bcc86d6607b3/out/rustc5LbBbr/symbols.o" "<2 object files omitted>" "-Wl,--as-needed" "-Wl,-Bdynamic" "-lcusolver" "-Wl,-Bstatic" "<sysroot>/lib/rustlib/x86_64-unknown-linux-gnu/lib/{libtest-*,libgetopts-*,librustc_std_workspace_std-*}.rlib" "/opt/rustwide/target/release/build/totsu_core/50e4dba526b5583a/out/libtotsu_core-50e4dba526b5583a.rlib" "/opt/rustwide/target/release/build/log/d8c2df6ef41c90a5/out/liblog-d8c2df6ef41c90a5.rlib" "/opt/rustwide/target/release/build/cublas-sys/8dc06eca6efa6553/out/libcublas_sys-8dc06eca6efa6553.rlib" "/opt/rustwide/target/release/build/libc/a0a6e54f1566fa83/out/liblibc-a0a6e54f1566fa83.rlib" "/opt/rustwide/target/release/build/rustacuda/5b04f4736b6d9aea/out/librustacuda-5b04f4736b6d9aea.rlib" "/opt/rustwide/target/release/build/cuda-driver-sys/b10af0c2e62dcc88/out/libcuda_driver_sys-b10af0c2e62dcc88.rlib" "/opt/rustwide/target/release/build/rustacuda_core/4ae9ce4cbfeea96c/out/librustacuda_core-4ae9ce4cbfeea96c.rlib" "/opt/rustwide/target/release/build/bitflags/68973b8086863992/out/libbitflags-68973b8086863992.rlib" "/opt/rustwide/target/release/build/num-traits/889aba9987c3ffcc/out/libnum_traits-889aba9987c3ffcc.rlib" "<sysroot>/lib/rustlib/x86_64-unknown-linux-gnu/lib/{libstd-*,libpanic_unwind-*,libobject-*,libmemchr-*,libaddr2line-*,libgimli-*,libcfg_if-*,librustc_demangle-*,libstd_detect-*,libhashbrown-*,librustc_std_workspace_alloc-*,libminiz_oxide-*,libadler2-*,libunwind-*,liblibc-*,librustc_std_workspace_core-*,liballoc-*,libcore-*,libcompiler_builtins-*}.rlib" "-Wl,-Bdynamic" "-lcublas" "-lcuda" "-lgcc_s" "-lutil" "-lrt" "-lpthread" "-lm" "-ldl" "-lc" "-L" "/opt/rustwide/target/release/build/totsu_f32cuda/b632bcc86d6607b3/out/rustc5LbBbr/raw-dylibs" "-B<sysroot>/lib/rustlib/x86_64-unknown-linux-gnu/bin/gcc-ld" "-fuse-ld=lld" "-Wl,--eh-frame-hdr" "-Wl,-z,noexecstack" "-L" "<sysroot>/lib/rustlib/x86_64-unknown-linux-gnu/lib" "-o" "/opt/rustwide/target/release/build/totsu_f32cuda/b632bcc86d6607b3/out/totsu_f32cuda-b632bcc86d6607b3" "-Wl,--gc-sections" "-pie" "-Wl,-z,relro,-z,now" "-Wl,-O1" "-Wl,--strip-debug" "-nodefaultlibs"
[INFO] [stdout]   = note: some arguments are omitted. use `--verbose` to show all linker arguments
[INFO] [stdout]   = note: rust-lld: error: unable to find library -lcusolver
[INFO] [stdout]           rust-lld: error: unable to find library -lcublas
[INFO] [stdout]           rust-lld: error: unable to find library -lcuda
[INFO] [stdout]           collect2: error: ld returned 1 exit status
[INFO] [stdout]           
[INFO] [stdout] 
[INFO] [stdout] 
[INFO] [stderr] error: could not compile `totsu_f32cuda` (lib test) due to 1 previous error
[INFO] [stderr] warning: build failed, waiting for other jobs to finish...
[INFO] [stdout] error: linking with `cc` failed: exit status: 1
[INFO] [stdout]   |
[INFO] [stdout]   = note:  "cc" "-m64" "/opt/rustwide/target/release/build/totsu_f32cuda/f8f28b43086dae18/out/rustcTugwNT/symbols.o" "<4 object files omitted>" "-Wl,--as-needed" "-Wl,-Bstatic" "/opt/rustwide/target/release/build/env_logger/da3a25da999dc9ed/out/libenv_logger-da3a25da999dc9ed.rlib" "/opt/rustwide/target/release/build/termcolor/7fdbd35a1ab5fb9d/out/libtermcolor-7fdbd35a1ab5fb9d.rlib" "/opt/rustwide/target/release/build/is-terminal/5ac475a3f8d2d753/out/libis_terminal-5ac475a3f8d2d753.rlib" "/opt/rustwide/target/release/build/humantime/e7dd7a3109c8f367/out/libhumantime-e7dd7a3109c8f367.rlib" "/opt/rustwide/target/release/build/regex/d3407a2ed35cac0f/out/libregex-d3407a2ed35cac0f.rlib" "/opt/rustwide/target/release/build/regex-automata/98f55c78598defaf/out/libregex_automata-98f55c78598defaf.rlib" "/opt/rustwide/target/release/build/aho-corasick/7333bf41a260803b/out/libaho_corasick-7333bf41a260803b.rlib" "/opt/rustwide/target/release/build/memchr/b09fcc675b44dbcc/out/libmemchr-b09fcc675b44dbcc.rlib" "/opt/rustwide/target/release/build/regex-syntax/5510b2d5eacb7225/out/libregex_syntax-5510b2d5eacb7225.rlib" "<sysroot>/lib/rustlib/x86_64-unknown-linux-gnu/lib/{libtest-*,libgetopts-*,librustc_std_workspace_std-*}.rlib" "/opt/rustwide/target/release/build/totsu_f32cuda/feff9a4033132087/out/libtotsu_f32cuda-feff9a4033132087.rlib" "/opt/rustwide/target/release/build/cublas-sys/8dc06eca6efa6553/out/libcublas_sys-8dc06eca6efa6553.rlib" "/opt/rustwide/target/release/build/libc/a0a6e54f1566fa83/out/liblibc-a0a6e54f1566fa83.rlib" "/opt/rustwide/target/release/build/rustacuda/5b04f4736b6d9aea/out/librustacuda-5b04f4736b6d9aea.rlib" "/opt/rustwide/target/release/build/cuda-driver-sys/b10af0c2e62dcc88/out/libcuda_driver_sys-b10af0c2e62dcc88.rlib" "/opt/rustwide/target/release/build/rustacuda_core/4ae9ce4cbfeea96c/out/librustacuda_core-4ae9ce4cbfeea96c.rlib" "/opt/rustwide/target/release/build/bitflags/68973b8086863992/out/libbitflags-68973b8086863992.rlib" "/opt/rustwide/target/release/build/totsu_core/50e4dba526b5583a/out/libtotsu_core-50e4dba526b5583a.rlib" "/opt/rustwide/target/release/build/log/d8c2df6ef41c90a5/out/liblog-d8c2df6ef41c90a5.rlib" "/opt/rustwide/target/release/build/num-traits/889aba9987c3ffcc/out/libnum_traits-889aba9987c3ffcc.rlib" "/opt/rustwide/target/release/build/float_eq/71d92fcb0fb724a0/out/libfloat_eq-71d92fcb0fb724a0.rlib" "<sysroot>/lib/rustlib/x86_64-unknown-linux-gnu/lib/{libstd-*,libpanic_unwind-*,libobject-*,libmemchr-*,libaddr2line-*,libgimli-*,libcfg_if-*,librustc_demangle-*,libstd_detect-*,libhashbrown-*,librustc_std_workspace_alloc-*,libminiz_oxide-*,libadler2-*,libunwind-*,liblibc-*,librustc_std_workspace_core-*,liballoc-*,libcore-*,libcompiler_builtins-*}.rlib" "-Wl,-Bdynamic" "-lcusolver" "-lcublas" "-lcuda" "-lgcc_s" "-lutil" "-lrt" "-lpthread" "-lm" "-ldl" "-lc" "-L" "/opt/rustwide/target/release/build/totsu_f32cuda/f8f28b43086dae18/out/rustcTugwNT/raw-dylibs" "-B<sysroot>/lib/rustlib/x86_64-unknown-linux-gnu/bin/gcc-ld" "-fuse-ld=lld" "-Wl,--eh-frame-hdr" "-Wl,-z,noexecstack" "-L" "<sysroot>/lib/rustlib/x86_64-unknown-linux-gnu/lib" "-o" "/opt/rustwide/target/release/build/totsu_f32cuda/f8f28b43086dae18/out/solver-f8f28b43086dae18" "-Wl,--gc-sections" "-pie" "-Wl,-z,relro,-z,now" "-Wl,-O1" "-Wl,--strip-debug" "-nodefaultlibs"
[INFO] [stdout]   = note: some arguments are omitted. use `--verbose` to show all linker arguments
[INFO] [stdout]   = note: rust-lld: error: unable to find library -lcusolver
[INFO] [stdout]           rust-lld: error: unable to find library -lcublas
[INFO] [stdout]           rust-lld: error: unable to find library -lcuda
[INFO] [stdout]           collect2: error: ld returned 1 exit status
[INFO] [stdout]           
[INFO] [stdout] 
[INFO] [stdout] 
[INFO] [stderr] error: could not compile `totsu_f32cuda` (test "solver") due to 1 previous error
[INFO] running `Command { std: "docker" "inspect" "579233589aac094f839f631d65dc287e875669563ef4833155dd1a2fcd386ce5", kill_on_drop: false }`
[INFO] running `Command { std: "docker" "rm" "-f" "579233589aac094f839f631d65dc287e875669563ef4833155dd1a2fcd386ce5", kill_on_drop: false }`
[INFO] [stdout] 579233589aac094f839f631d65dc287e875669563ef4833155dd1a2fcd386ce5
