[INFO] fetching crate tosca-esp32c3 0.1.1...
[INFO] testing tosca-esp32c3-0.1.1 against 1.99.0-beta.8+cargoflags=--release for beta-release-1.100-2
[INFO] extracting crate tosca-esp32c3 0.1.1 into /workspace/builds/worker-6-tc1/source
[INFO] removed /workspace/builds/worker-6-tc1/source/.cargo/config.toml
[INFO] removed /workspace/builds/worker-6-tc1/source/rust-toolchain.toml
[INFO] started tweaking crates.io crate tosca-esp32c3 0.1.1
[INFO] finished tweaking crates.io crate tosca-esp32c3 0.1.1
[INFO] tweaked toml for crates.io crate tosca-esp32c3 0.1.1 written to /workspace/builds/worker-6-tc1/source/Cargo.toml
[INFO] validating manifest of crates.io crate tosca-esp32c3 0.1.1 on toolchain 1.99.0-beta.8
[INFO] running `Command { std: CARGO_HOME="/workspace/cargo-home" RUSTUP_HOME="/workspace/rustup-home" "/workspace/cargo-home/bin/cargo" "+1.99.0-beta.8" "metadata" "--manifest-path" "Cargo.toml" "--no-deps", kill_on_drop: false }`
[INFO] crate crates.io crate tosca-esp32c3 0.1.1 already has a lockfile, it will not be regenerated
[INFO] running `Command { std: CARGO_HOME="/workspace/cargo-home" RUSTUP_HOME="/workspace/rustup-home" "/workspace/cargo-home/bin/cargo" "+1.99.0-beta.8" "fetch" "--manifest-path" "Cargo.toml", kill_on_drop: false }`
[INFO] [stderr]     Updating crates.io index
[INFO] [stderr]  Downloading crates ...
[INFO] [stderr]   Downloaded static_cell v2.1.1
[INFO] [stderr]   Downloaded embedded-io-async v0.6.1
[INFO] [stderr]   Downloaded tosca v0.1.1
[INFO] [stderr]   Downloaded rust-mqtt v0.3.1
[INFO] [stderr]   Downloaded xtensa-lx v0.13.0
[INFO] [stderr]   Downloaded esp-sync v0.1.1
[INFO] [stderr]   Downloaded riscv v0.15.0
[INFO] [stderr]   Downloaded riscv-pac v0.2.0
[INFO] [stderr]   Downloaded ufmt-write v0.1.0
[INFO] [stderr]   Downloaded xtensa-lx-rt-proc-macros v0.5.0
[INFO] [stderr]   Downloaded bitfield-macros v0.19.4
[INFO] [stderr]   Downloaded syn v2.0.113
[INFO] [stderr]   Downloaded esp-rtos v0.2.0
[INFO] [stderr]   Downloaded esp-metadata-generated v0.3.0
[INFO] [stderr]   Downloaded enumset v1.1.10
[INFO] [stderr]   Downloaded esp-hal-procmacros v0.21.0
[INFO] [stderr]   Downloaded embassy-time v0.5.0
[INFO] [stderr]   Downloaded esp-alloc v0.9.0
[INFO] [stderr]   Downloaded svgbobdoc v0.3.0
[INFO] [stderr]   Downloaded portable_atomic_enum v0.3.1
[INFO] [stderr]   Downloaded embassy-executor-timer-queue v0.1.0
[INFO] [stderr]   Downloaded esp32c3 v0.31.0
[INFO] [stderr]   Downloaded embassy-executor-macros v0.7.0
[INFO] [stderr]   Downloaded riscv-rt v0.16.0
[INFO] [stderr]   Downloaded embassy-hal-internal v0.3.0
[INFO] [stderr]   Downloaded embassy-time-driver v0.2.1
[INFO] [stderr]   Downloaded esp-radio v0.17.0
[INFO] [stderr]   Downloaded portable_atomic_enum_macros v0.2.1
[INFO] [stderr]   Downloaded esp-println v0.16.1
[INFO] [stderr]   Downloaded managed v0.8.0
[INFO] [stderr]   Downloaded edge-nal-embassy v0.7.0
[INFO] [stderr]   Downloaded embassy-sync v0.7.2
[INFO] [stderr]   Downloaded embassy-sync v0.6.2
[INFO] [stderr]   Downloaded gcd v2.3.0
[INFO] [stderr]   Downloaded esp32s2 v0.30.0
[INFO] [stderr]   Downloaded esp-config v0.6.1
[INFO] [stderr]   Downloaded enumset_derive v0.14.0
[INFO] [stderr]   Downloaded embassy-embedded-hal v0.5.0
[INFO] [stderr]   Downloaded embedded-storage v0.3.1
[INFO] [stderr]   Downloaded bitfield v0.19.4
[INFO] [stderr]   Downloaded linked_list_allocator v0.10.5
[INFO] [stderr]   Downloaded esp-phy v0.1.1
[INFO] [stderr]   Downloaded embedded-nal v0.9.0
[INFO] [stderr]   Downloaded octseq v0.5.2
[INFO] [stderr]   Downloaded riscv-macros v0.3.0
[INFO] [stderr]   Downloaded embedded-io-async v0.7.0
[INFO] [stderr]   Downloaded embedded-can v0.4.1
[INFO] [stderr]   Downloaded embedded-storage-async v0.4.1
[INFO] [stderr]   Downloaded rlsf v0.2.1
[INFO] [stderr]   Downloaded const-default v1.0.0
[INFO] [stderr]   Downloaded embassy-time-queue-utils v0.3.0
[INFO] [stderr]   Downloaded embedded-nal-async v0.8.0
[INFO] [stderr]   Downloaded edge-nal v0.5.0
[INFO] [stderr]   Downloaded embassy-time v0.4.0
[INFO] [stderr]   Downloaded edge-http v0.6.1
[INFO] [stderr]   Downloaded esp-radio-rtos-driver v0.2.0
[INFO] [stderr]   Downloaded esp32 v0.39.0
[INFO] [stderr]   Downloaded esp-riscv-rt v0.13.0
[INFO] [stderr]   Downloaded riscv-target-parser v0.1.3
[INFO] [stderr]   Downloaded riscv-rt-macros v0.6.1
[INFO] [stderr]   Downloaded somni-expr v0.2.0
[INFO] [stderr]   Downloaded embassy-executor v0.9.1
[INFO] [stderr]   Downloaded embassy-net-driver v0.2.0
[INFO] [stderr]   Downloaded fugit v0.3.9
[INFO] [stderr]   Downloaded somni-parser v0.2.2
[INFO] [stderr]   Downloaded allocator-api2 v0.3.1
[INFO] [stderr]   Downloaded edge-mdns v0.6.1
[INFO] [stderr]   Downloaded xtensa-lx-rt v0.21.0
[INFO] [stderr]   Downloaded esp32c2 v0.28.0
[INFO] [stderr]   Downloaded esp-rom-sys v0.1.3
[INFO] [stderr]   Downloaded embassy-net v0.7.1
[INFO] [stderr]   Downloaded smoltcp v0.12.0
[INFO] [stderr]   Downloaded esp32h2 v0.18.0
[INFO] [stderr]   Downloaded esp-hal v1.0.0
[INFO] [stderr]   Downloaded esp32s3 v0.34.0
[INFO] [stderr]   Downloaded domain v0.10.4
[INFO] [stderr]   Downloaded esp32c6 v0.22.0
[INFO] [stderr]   Downloaded esp-wifi-sys v0.8.1
[INFO] running `Command { std: "docker" "create" "-v" "/var/lib/crater-agent-workspace/builds/worker-6-tc1/source:/opt/rustwide/workdir:ro,Z" "-v" "/var/lib/crater-agent-workspace/builds/worker-6-tc1/target:/opt/rustwide/target:rw,Z" "-v" "/var/lib/crater-agent-workspace/cargo-home:/opt/rustwide/cargo-home:ro,Z" "-v" "/var/lib/crater-agent-workspace/rustup-home:/opt/rustwide/rustup-home:ro,Z" "-m" "1610612736" "--network" "none" "ghcr.io/rust-lang/crates-build-env/linux@sha256:77db811e55d90add9212f6832c23229e3de5f1c1f9905e8cb07319ea15df73ac" "sleep" "infinity", kill_on_drop: false }`
[INFO] [stdout] 4d8c2b4a1db568bf768726b610ec7403c28b8d62d028d256fd61d3a99689fba6
[INFO] running `Command { std: "docker" "start" "4d8c2b4a1db568bf768726b610ec7403c28b8d62d028d256fd61d3a99689fba6", kill_on_drop: false }`
[INFO] running `Command { std: "docker" "inspect" "4d8c2b4a1db568bf768726b610ec7403c28b8d62d028d256fd61d3a99689fba6", kill_on_drop: false }`
[INFO] running `Command { std: "docker" "exec" "-e" "SOURCE_DIR=/opt/rustwide/workdir" "-e" "CARGO_HOME=/opt/rustwide/cargo-home" "-e" "RUSTUP_HOME=/opt/rustwide/rustup-home" "-e" "CARGO_TARGET_DIR=/opt/rustwide/target" "-w" "/opt/rustwide/workdir" "--user" "0:0" "4d8c2b4a1db568bf768726b610ec7403c28b8d62d028d256fd61d3a99689fba6" "/opt/rustwide/cargo-home/bin/cargo" "+1.99.0-beta.8" "metadata" "--no-deps" "--format-version=1", kill_on_drop: false }`
[INFO] running `Command { std: "docker" "inspect" "4d8c2b4a1db568bf768726b610ec7403c28b8d62d028d256fd61d3a99689fba6", kill_on_drop: false }`
[INFO] running `Command { std: "docker" "exec" "-e" "SOURCE_DIR=/opt/rustwide/workdir" "-e" "CARGO_HOME=/opt/rustwide/cargo-home" "-e" "RUSTUP_HOME=/opt/rustwide/rustup-home" "-e" "CARGO_TARGET_DIR=/opt/rustwide/target" "-e" "CARGO_INCREMENTAL=0" "-e" "RUST_BACKTRACE=full" "-e" "RUSTFLAGS=--cap-lints=warn" "-e" "RUSTDOCFLAGS=--cap-lints=warn" "-w" "/opt/rustwide/workdir" "--user" "0:0" "4d8c2b4a1db568bf768726b610ec7403c28b8d62d028d256fd61d3a99689fba6" "/opt/rustwide/cargo-home/bin/cargo" "+1.99.0-beta.8" "build" "--frozen" "--message-format=json" "--release", kill_on_drop: false }`
[INFO] [stderr]    Compiling esp-metadata-generated v0.3.0
[INFO] [stderr]    Compiling embedded-io-async v0.6.1
[INFO] [stderr]    Compiling critical-section v1.2.0
[INFO] [stderr]    Compiling futures-core v0.3.31
[INFO] [stderr]    Compiling hash32 v0.3.1
[INFO] [stderr]    Compiling indexmap v2.12.1
[INFO] [stderr]    Compiling embedded-io v0.6.1
[INFO] [stderr]    Compiling unsafe-libyaml v0.2.11
[INFO] [stderr]    Compiling ryu v1.0.22
[INFO] [stderr]    Compiling nb v1.1.0
[INFO] [stderr]    Compiling somni-parser v0.2.2
[INFO] [stderr]    Compiling embassy-sync v0.7.2
[INFO] [stderr]    Compiling syn v2.0.113
[INFO] [stderr]    Compiling futures-sink v0.3.31
[INFO] [stderr]    Compiling embedded-hal-async v1.0.0
[INFO] [stderr]    Compiling embedded-hal v1.0.0
[INFO] [stderr]    Compiling embassy-time-driver v0.2.1
[INFO] [stderr]    Compiling heapless v0.8.0
[INFO] [stderr]    Compiling futures-util v0.3.31
[INFO] [stderr]    Compiling nb v0.1.3
[INFO] [stderr]    Compiling portable-atomic v1.13.0
[INFO] [stderr]    Compiling embassy-sync v0.6.2
[INFO] [stderr]    Compiling embedded-hal v0.2.7
[INFO] [stderr]    Compiling esp-sync v0.1.1
[INFO] [stderr]    Compiling embassy-futures v0.1.2
[INFO] [stderr]    Compiling esp-rom-sys v0.1.3
[INFO] [stderr]    Compiling embassy-hal-internal v0.3.0
[INFO] [stderr]    Compiling anyhow v1.0.100
[INFO] [stderr]    Compiling libc v0.2.179
[INFO] [stderr]    Compiling instability v0.3.11
[INFO] [stderr]    Compiling serde_core v1.0.228
[INFO] [stderr]    Compiling esp32c3 v0.31.0
[INFO] [stderr]    Compiling embedded-storage v0.3.1
[INFO] [stderr]    Compiling crypto-common v0.1.7
[INFO] [stderr]    Compiling syn v1.0.109
[INFO] [stderr]    Compiling rand_core v0.9.3
[INFO] [stderr]    Compiling somni-expr v0.2.0
[INFO] [stderr]    Compiling embedded-io v0.7.1
[INFO] [stderr]    Compiling unicode-width v0.1.14
[INFO] [stderr]    Compiling termcolor v1.4.1
[INFO] [stdout] error: `portable_atomic_unsafe_assume_single_core` cfg (`unsafe-assume-single-core` feature) is not supported yet on this architecture;
[INFO] [stdout]        if you need unsafe-assume-{single-core,privileged} support for this target,
[INFO] [stdout]        please submit an issue at <https://github.com/taiki-e/portable-atomic/issues/new>
[INFO] [stdout]    --> /opt/rustwide/cargo-home/registry/src/index.crates.io-1949cf8c6b5b557f/portable-atomic-1.13.0/src/lib.rs:456:1
[INFO] [stdout]     |
[INFO] [stdout] 456 | / compile_error!(
[INFO] [stdout] 457 | |     "`portable_atomic_unsafe_assume_single_core` cfg (`unsafe-assume-single-core` feature) \
[INFO] [stdout] 458 | |      is not supported yet on this architecture;\n\
[INFO] [stdout] 459 | |      if you need unsafe-assume-{single-core,privileged} support for this target,\n\
[INFO] [stdout] 460 | |      please submit an issue at <https://github.com/taiki-e/portable-atomic/issues/new>"
[INFO] [stdout] 461 | | );
[INFO] [stdout]     | |_^
[INFO] [stdout] 
[INFO] [stdout] 
[INFO] [stderr]    Compiling base64 v0.13.1
[INFO] [stderr]    Compiling embedded-storage-async v0.4.1
[INFO] [stderr]    Compiling gcd v2.3.0
[INFO] [stderr]    Compiling vcell v0.1.3
[INFO] [stderr]    Compiling toml_edit v0.23.10+spec-1.0.0
[INFO] [stderr]    Compiling embedded-io-async v0.7.0
[INFO] [stdout] error[E0433]: cannot find `fallback` in `super`
[INFO] [stdout]    --> /opt/rustwide/cargo-home/registry/src/index.crates.io-1949cf8c6b5b557f/portable-atomic-1.13.0/src/imp/atomic128/../fallback/outline_atomics.rs:18:50
[INFO] [stdout]     |
[INFO] [stdout]  18 | pub(crate) type AtomicUdw = super::super::super::fallback::AtomicU128;
[INFO] [stdout]     |                                                  ^^^^^^^^ could not find `fallback` in `super`
[INFO] [stdout]     |
[INFO] [stdout] note: found an item that was configured out
[INFO] [stdout]    --> /opt/rustwide/cargo-home/registry/src/index.crates.io-1949cf8c6b5b557f/portable-atomic-1.13.0/src/imp/mod.rs:156:5
[INFO] [stdout]     |
[INFO] [stdout]  97 |   #[cfg(not(any(
[INFO] [stdout]     |  __________-
[INFO] [stdout]  98 | |     target_arch = "avr",
[INFO] [stdout]  99 | |     target_arch = "msp430",
[INFO] [stdout] 100 | |     portable_atomic_unsafe_assume_single_core,
[INFO] [stdout] 101 | | )))]
[INFO] [stdout]     | |__- the item is gated here
[INFO] [stdout] ...
[INFO] [stdout] 156 |   mod fallback;
[INFO] [stdout]     |       ^^^^^^^^
[INFO] [stdout] 
[INFO] [stdout] 
[INFO] [stderr]    Compiling fugit v0.3.9
[INFO] [stdout] error[E0433]: cannot find `fallback` in `super`
[INFO] [stdout]    --> /opt/rustwide/cargo-home/registry/src/index.crates.io-1949cf8c6b5b557f/portable-atomic-1.13.0/src/imp/atomic128/../fallback/outline_atomics.rs:20:50
[INFO] [stdout]     |
[INFO] [stdout]  20 | pub(crate) type AtomicIdw = super::super::super::fallback::AtomicI128;
[INFO] [stdout]     |                                                  ^^^^^^^^ could not find `fallback` in `super`
[INFO] [stdout]     |
[INFO] [stdout] note: found an item that was configured out
[INFO] [stdout]    --> /opt/rustwide/cargo-home/registry/src/index.crates.io-1949cf8c6b5b557f/portable-atomic-1.13.0/src/imp/mod.rs:156:5
[INFO] [stdout]     |
[INFO] [stdout]  97 |   #[cfg(not(any(
[INFO] [stdout]     |  __________-
[INFO] [stdout]  98 | |     target_arch = "avr",
[INFO] [stdout]  99 | |     target_arch = "msp430",
[INFO] [stdout] 100 | |     portable_atomic_unsafe_assume_single_core,
[INFO] [stdout] 101 | | )))]
[INFO] [stdout]     | |__- the item is gated here
[INFO] [stdout] ...
[INFO] [stdout] 156 |   mod fallback;
[INFO] [stdout]     |       ^^^^^^^^
[INFO] [stdout] 
[INFO] [stdout] 
[INFO] [stderr]    Compiling esp-wifi-sys v0.8.1
[INFO] [stderr]    Compiling digest v0.10.7
[INFO] [stdout] error[E0599]: no method named `to_ascii_lowercase` found for type `i8` in the current scope
[INFO] [stdout]   --> /opt/rustwide/cargo-home/registry/src/index.crates.io-1949cf8c6b5b557f/esp-rom-sys-0.1.3/src/lib.rs:86:31
[INFO] [stdout]    |
[INFO] [stdout] 86 |             let val = (*s1_i).to_ascii_lowercase() as i32 - (*s2_i).to_ascii_lowercase() as i32;
[INFO] [stdout]    |                               ^^^^^^^^^^^^^^^^^^ method not found in `i8`
[INFO] [stdout] 
[INFO] [stdout] 
[INFO] [stdout] error[E0599]: no method named `to_ascii_lowercase` found for type `i8` in the current scope
[INFO] [stdout]   --> /opt/rustwide/cargo-home/registry/src/index.crates.io-1949cf8c6b5b557f/esp-rom-sys-0.1.3/src/lib.rs:86:69
[INFO] [stdout]    |
[INFO] [stdout] 86 |             let val = (*s1_i).to_ascii_lowercase() as i32 - (*s2_i).to_ascii_lowercase() as i32;
[INFO] [stdout]    |                                                                     ^^^^^^^^^^^^^^^^^^ method not found in `i8`
[INFO] [stdout] 
[INFO] [stdout] 
[INFO] [stderr]    Compiling embedded-can v0.4.1
[INFO] [stderr]    Compiling esp-config v0.6.1
[INFO] [stdout] For more information about this error, try `rustc --explain E0599`.
[INFO] [stdout] 
[INFO] [stderr] error: could not compile `esp-rom-sys` (lib) due to 2 previous errors
[INFO] [stderr] warning: build failed, waiting for other jobs to finish...
[INFO] [stdout] For more information about this error, try `rustc --explain E0433`.
[INFO] [stdout] 
[INFO] [stderr] error: could not compile `portable-atomic` (lib) due to 3 previous errors
[INFO] running `Command { std: "docker" "inspect" "4d8c2b4a1db568bf768726b610ec7403c28b8d62d028d256fd61d3a99689fba6", kill_on_drop: false }`
[INFO] running `Command { std: "docker" "rm" "-f" "4d8c2b4a1db568bf768726b610ec7403c28b8d62d028d256fd61d3a99689fba6", kill_on_drop: false }`
[INFO] [stdout] 4d8c2b4a1db568bf768726b610ec7403c28b8d62d028d256fd61d3a99689fba6
