[INFO] fetching crate torch-web 0.2.8...
[INFO] testing torch-web-0.2.8 against 1.99.0-beta.8+cargoflags=--release for beta-release-1.100-2
[INFO] extracting crate torch-web 0.2.8 into /workspace/builds/worker-5-tc1/source
[INFO] started tweaking crates.io crate torch-web 0.2.8
[INFO] finished tweaking crates.io crate torch-web 0.2.8
[INFO] tweaked toml for crates.io crate torch-web 0.2.8 written to /workspace/builds/worker-5-tc1/source/Cargo.toml
[INFO] validating manifest of crates.io crate torch-web 0.2.8 on toolchain 1.99.0-beta.8
[INFO] running `Command { std: CARGO_HOME="/workspace/cargo-home" RUSTUP_HOME="/workspace/rustup-home" "/workspace/cargo-home/bin/cargo" "+1.99.0-beta.8" "metadata" "--manifest-path" "Cargo.toml" "--no-deps", kill_on_drop: false }`
[INFO] crate crates.io crate torch-web 0.2.8 already has a lockfile, it will not be regenerated
[INFO] running `Command { std: CARGO_HOME="/workspace/cargo-home" RUSTUP_HOME="/workspace/rustup-home" "/workspace/cargo-home/bin/cargo" "+1.99.0-beta.8" "fetch" "--manifest-path" "Cargo.toml", kill_on_drop: false }`
[INFO] [stderr]     Updating crates.io index
[INFO] [stderr]  Downloading crates ...
[INFO] [stderr]   Downloaded wasm-bindgen-macro v0.2.100
[INFO] [stderr]   Downloaded wasm-bindgen-macro-support v0.2.100
[INFO] [stderr]   Downloaded wasm-bindgen-shared v0.2.100
[INFO] [stderr]   Downloaded wasm-bindgen v0.2.100
[INFO] [stderr]   Downloaded uuid v1.17.0
[INFO] [stderr]   Downloaded pin-project-internal v1.1.10
[INFO] [stderr]   Downloaded slab v0.4.10
[INFO] [stderr]   Downloaded wasm-bindgen-backend v0.2.100
[INFO] [stderr]   Downloaded utf-8 v0.7.6
[INFO] [stderr]   Downloaded spin v0.9.8
[INFO] [stderr]   Downloaded redox_syscall v0.5.13
[INFO] [stderr]   Downloaded rustc-demangle v0.1.25
[INFO] [stderr]   Downloaded tokio-test v0.4.4
[INFO] [stderr]   Downloaded thiserror-impl v2.0.12
[INFO] [stderr]   Downloaded pin-project v1.1.10
[INFO] [stderr]   Downloaded tungstenite v0.20.1
[INFO] [stderr]   Downloaded bitflags v2.9.1
[INFO] [stderr]   Downloaded futures-util v0.3.31
[INFO] [stderr]   Downloaded hashlink v0.10.0
[INFO] [stderr]   Downloaded libc v0.2.174
[INFO] [stderr]   Downloaded futures-channel v0.3.31
[INFO] [stderr]   Downloaded crossbeam-queue v0.3.12
[INFO] [stderr]   Downloaded cfg-if v1.0.1
[INFO] [stderr]   Downloaded js-sys v0.3.77
[INFO] [stderr]   Downloaded getrandom v0.3.3
[INFO] [stderr]   Downloaded nu-ansi-term v0.46.0
[INFO] [stderr]   Downloaded bytes v1.10.1
[INFO] [stderr]   Downloaded socket2 v0.5.10
[INFO] [stderr]   Downloaded crc-catalog v2.4.0
[INFO] [stderr]   Downloaded serde_derive v1.0.219
[INFO] [stderr]   Downloaded flume v0.11.1
[INFO] [stderr]   Downloaded rustls-pki-types v1.12.0
[INFO] [stderr]   Downloaded atoi v2.0.0
[INFO] [stderr]   Downloaded whoami v1.6.0
[INFO] [stderr]   Downloaded home v0.5.11
[INFO] [stderr]   Downloaded log v0.4.27
[INFO] [stderr]   Downloaded idna v1.0.3
[INFO] [stderr]   Downloaded proc-macro2 v1.0.95
[INFO] [stderr]   Downloaded futures-sink v0.3.31
[INFO] [stderr]   Downloaded futures-io v0.3.31
[INFO] [stderr]   Downloaded tinystr v0.8.1
[INFO] [stderr]   Downloaded rustversion v1.0.21
[INFO] [stderr]   Downloaded wit-bindgen-rt v0.39.0
[INFO] [stderr]   Downloaded futures-task v0.3.31
[INFO] [stderr]   Downloaded futures-core v0.3.31
[INFO] [stderr]   Downloaded sha1 v0.10.6
[INFO] [stderr]   Downloaded sqlx-postgres v0.8.6
[INFO] [stderr]   Downloaded wasite v0.1.0
[INFO] [stderr]   Downloaded md-5 v0.10.6
[INFO] [stderr]   Downloaded sqlx-macros-core v0.8.6
[INFO] [stderr]   Downloaded lock_api v0.4.13
[INFO] [stderr]   Downloaded windows-core v0.61.2
[INFO] [stderr]   Downloaded num-iter v0.1.45
[INFO] [stderr]   Downloaded metrics-macros v0.7.1
[INFO] [stderr]   Downloaded shell-words v1.1.0
[INFO] [stderr]   Downloaded tracing-attributes v0.1.30
[INFO] [stderr]   Downloaded yoke-derive v0.8.0
[INFO] [stderr]   Downloaded potential_utf v0.1.2
[INFO] [stderr]   Downloaded futures-macro v0.3.31
[INFO] [stderr]   Downloaded const-oid v0.9.6
[INFO] [stderr]   Downloaded crc v3.3.0
[INFO] [stderr]   Downloaded windows-implement v0.60.0
[INFO] [stderr]   Downloaded overload v0.1.1
[INFO] [stderr]   Downloaded data-encoding v2.9.0
[INFO] [stderr]   Downloaded thiserror v2.0.12
[INFO] [stderr]   Downloaded tokio-tungstenite v0.20.1
[INFO] [stderr]   Downloaded zerovec-derive v0.11.1
[INFO] [stderr]   Downloaded yoke v0.8.0
[INFO] [stderr]   Downloaded writeable v0.6.1
[INFO] [stderr]   Downloaded signal-hook-registry v1.4.5
[INFO] [stderr]   Downloaded tokio-stream v0.1.17
[INFO] [stderr]   Downloaded sqlx-sqlite v0.8.6
[INFO] [stderr]   Downloaded serde v1.0.219
[INFO] [stderr]   Downloaded icu_properties v2.0.1
[INFO] [stderr]   Downloaded litemap v0.8.0
[INFO] [stderr]   Downloaded http v0.2.12
[INFO] [stderr]   Downloaded parking_lot v0.12.4
[INFO] [stderr]   Downloaded parking_lot_core v0.9.11
[INFO] [stderr]   Downloaded addr2line v0.24.2
[INFO] [stderr]   Downloaded iana-time-zone v0.1.63
[INFO] [stderr]   Downloaded sqlx-mysql v0.8.6
[INFO] [stderr]   Downloaded anstyle v1.0.11
[INFO] [stderr]   Downloaded event-listener v5.4.0
[INFO] [stderr]   Downloaded windows-link v0.1.3
[INFO] [stderr]   Downloaded icu_provider v2.0.0
[INFO] [stderr]   Downloaded io-uring v0.7.8
[INFO] [stderr]   Downloaded tracing-core v0.1.34
[INFO] [stderr]   Downloaded zerotrie v0.2.2
[INFO] [stderr]   Downloaded icu_normalizer_data v2.0.0
[INFO] [stderr]   Downloaded typenum v1.18.0
[INFO] [stderr]   Downloaded backtrace v0.3.75
[INFO] [stderr]   Downloaded rustls-webpki v0.103.4
[INFO] [stderr]   Downloaded futures-intrusive v0.5.0
[INFO] [stderr]   Downloaded indexmap v2.10.0
[INFO] [stderr]   Downloaded url v2.5.4
[INFO] [stderr]   Downloaded icu_locale_core v2.0.0
[INFO] [stderr]   Downloaded icu_collections v2.0.0
[INFO] [stderr]   Downloaded icu_normalizer v2.0.0
[INFO] [stderr]   Downloaded zerocopy-derive v0.8.26
[INFO] [stderr]   Downloaded cc v1.2.29
[INFO] [stderr]   Downloaded wasi v0.14.2+wasi-0.2.4
[INFO] [stderr]   Downloaded tower v0.4.13
[INFO] [stderr]   Downloaded memchr v2.7.5
[INFO] [stderr]   Downloaded mio v1.0.4
[INFO] [stderr]   Downloaded sqlx-core v0.8.6
[INFO] [stderr]   Downloaded errno v0.3.13
[INFO] [stderr]   Downloaded once_cell_polyfill v1.70.1
[INFO] [stderr]   Downloaded serde_json v1.0.140
[INFO] [stderr]   Downloaded windows-result v0.3.4
[INFO] [stderr]   Downloaded sqlx-macros v0.8.6
[INFO] [stderr]   Downloaded anstream v0.6.19
[INFO] [stderr]   Downloaded etcetera v0.8.0
[INFO] [stderr]   Downloaded signature v2.2.0
[INFO] [stderr]   Downloaded sha1_smol v1.0.1
[INFO] [stderr]   Downloaded number_prefix v0.4.0
[INFO] [stderr]   Downloaded windows-registry v0.5.3
[INFO] [stderr]   Downloaded fastrand v2.3.0
[INFO] [stderr]   Downloaded clap_lex v0.7.5
[INFO] [stderr]   Downloaded siphasher v1.0.1
[INFO] [stderr]   Downloaded chrono-tz-build v0.2.1
[INFO] [stderr]   Downloaded hashbrown v0.15.4
[INFO] [stderr]   Downloaded zerovec v0.11.2
[INFO] [stderr]   Downloaded windows-strings v0.4.2
[INFO] [stderr]   Downloaded windows-interface v0.59.1
[INFO] [stderr]   Downloaded spki v0.7.3
[INFO] [stderr]   Downloaded pem-rfc7468 v0.7.0
[INFO] [stderr]   Downloaded pkcs8 v0.10.2
[INFO] [stderr]   Downloaded metrics v0.21.1
[INFO] [stderr]   Downloaded ipnet v2.11.0
[INFO] [stderr]   Downloaded clap_derive v4.5.41
[INFO] [stderr]   Downloaded anstyle-wincon v3.0.9
[INFO] [stderr]   Downloaded icu_properties_data v2.0.1
[INFO] [stderr]   Downloaded sqlx v0.8.6
[INFO] [stderr]   Downloaded pkg-config v0.3.32
[INFO] [stderr]   Downloaded futures-executor v0.3.31
[INFO] [stderr]   Downloaded stringprep v0.1.5
[INFO] [stderr]   Downloaded anstyle-query v1.1.3
[INFO] [stderr]   Downloaded winnow v0.7.11
[INFO] [stderr]   Downloaded object v0.36.7
[INFO] [stderr]   Downloaded chrono v0.4.41
[INFO] [stderr]   Downloaded zerocopy v0.8.26
[INFO] [stderr]   Downloaded webpki-roots v1.0.1
[INFO] [stderr]   Downloaded syn v2.0.104
[INFO] [stderr]   Downloaded gimli v0.31.1
[INFO] [stderr]   Downloaded rustls v0.23.29
[INFO] [stderr]   Downloaded dialoguer v0.11.0
[INFO] [stderr]   Downloaded dashmap v5.5.3
[INFO] [stderr]   Downloaded colored v2.2.0
[INFO] [stderr]   Downloaded async-trait v0.1.88
[INFO] [stderr]   Downloaded unicode-properties v0.1.3
[INFO] [stderr]   Downloaded tinyvec v1.9.0
[INFO] [stderr]   Downloaded tempfile v3.20.0
[INFO] [stderr]   Downloaded clap v4.5.41
[INFO] [stderr]   Downloaded base64ct v1.8.0
[INFO] [stderr]   Downloaded arc-swap v1.7.1
[INFO] [stderr]   Downloaded system-configuration v0.6.1
[INFO] [stderr]   Downloaded tokio v1.46.1
[INFO] [stderr]   Downloaded pkcs1 v0.7.5
[INFO] [stderr]   Downloaded unicode-bidi v0.3.18
[INFO] [stderr]   Downloaded futures v0.3.31
[INFO] [stderr]   Downloaded indicatif v0.17.11
[INFO] [stderr]   Downloaded der v0.7.10
[INFO] [stderr]   Downloaded base64 v0.21.7
[INFO] [stderr]   Downloaded parse-zoneinfo v0.3.1
[INFO] [stderr]   Downloaded rsa v0.9.8
[INFO] [stderr]   Downloaded num-bigint v0.4.6
[INFO] [stderr]   Downloaded hyper-util v0.1.15
[INFO] [stderr]   Downloaded http v1.3.1
[INFO] [stderr]   Downloaded num-bigint-dig v0.8.4
[INFO] [stderr]   Downloaded hyper v1.6.0
[INFO] [stderr]   Downloaded tokio-util v0.7.15
[INFO] [stderr]   Downloaded hashbrown v0.14.5
[INFO] [stderr]   Downloaded clap_builder v4.5.41
[INFO] [stderr]   Downloaded libm v0.2.15
[INFO] [stderr]   Downloaded portable-atomic v1.11.1
[INFO] [stderr]   Downloaded h2 v0.4.11
[INFO] [stderr]   Downloaded redis v0.26.1
[INFO] [stderr]   Downloaded unicode-width v0.2.1
[INFO] [stderr]   Downloaded rustix v1.0.7
[INFO] [stderr]   Downloaded chrono-tz v0.8.6
[INFO] [stderr]   Downloaded linux-raw-sys v0.9.4
[INFO] [stderr]   Downloaded libsqlite3-sys v0.30.1
[INFO] running `Command { std: "docker" "create" "-v" "/var/lib/crater-agent-workspace/builds/worker-5-tc1/source:/opt/rustwide/workdir:ro,Z" "-v" "/var/lib/crater-agent-workspace/builds/worker-5-tc1/target:/opt/rustwide/target:rw,Z" "-v" "/var/lib/crater-agent-workspace/cargo-home:/opt/rustwide/cargo-home:ro,Z" "-v" "/var/lib/crater-agent-workspace/rustup-home:/opt/rustwide/rustup-home:ro,Z" "-m" "1610612736" "--network" "none" "ghcr.io/rust-lang/crates-build-env/linux@sha256:77db811e55d90add9212f6832c23229e3de5f1c1f9905e8cb07319ea15df73ac" "sleep" "infinity", kill_on_drop: false }`
[INFO] [stdout] f0616b031390861313e8298f6ba074c20d2378c29ed70f226a57b39d2a23021b
[INFO] running `Command { std: "docker" "start" "f0616b031390861313e8298f6ba074c20d2378c29ed70f226a57b39d2a23021b", kill_on_drop: false }`
[INFO] running `Command { std: "docker" "inspect" "f0616b031390861313e8298f6ba074c20d2378c29ed70f226a57b39d2a23021b", kill_on_drop: false }`
[INFO] running `Command { std: "docker" "exec" "-e" "SOURCE_DIR=/opt/rustwide/workdir" "-e" "CARGO_HOME=/opt/rustwide/cargo-home" "-e" "RUSTUP_HOME=/opt/rustwide/rustup-home" "-e" "CARGO_TARGET_DIR=/opt/rustwide/target" "-w" "/opt/rustwide/workdir" "--user" "0:0" "f0616b031390861313e8298f6ba074c20d2378c29ed70f226a57b39d2a23021b" "/opt/rustwide/cargo-home/bin/cargo" "+1.99.0-beta.8" "metadata" "--no-deps" "--format-version=1", kill_on_drop: false }`
[INFO] running `Command { std: "docker" "inspect" "f0616b031390861313e8298f6ba074c20d2378c29ed70f226a57b39d2a23021b", kill_on_drop: false }`
[INFO] running `Command { std: "docker" "exec" "-e" "SOURCE_DIR=/opt/rustwide/workdir" "-e" "CARGO_HOME=/opt/rustwide/cargo-home" "-e" "RUSTUP_HOME=/opt/rustwide/rustup-home" "-e" "CARGO_TARGET_DIR=/opt/rustwide/target" "-e" "CARGO_INCREMENTAL=0" "-e" "RUST_BACKTRACE=full" "-e" "RUSTFLAGS=--cap-lints=warn" "-e" "RUSTDOCFLAGS=--cap-lints=warn" "-w" "/opt/rustwide/workdir" "--user" "0:0" "f0616b031390861313e8298f6ba074c20d2378c29ed70f226a57b39d2a23021b" "/opt/rustwide/cargo-home/bin/cargo" "+1.99.0-beta.8" "build" "--frozen" "--message-format=json" "--release", kill_on_drop: false }`
[INFO] [stderr]    Compiling proc-macro2 v1.0.95
[INFO] [stderr]    Compiling unicode-ident v1.0.18
[INFO] [stderr]    Compiling libc v0.2.174
[INFO] [stderr]    Compiling futures-core v0.3.31
[INFO] [stderr]    Compiling futures-sink v0.3.31
[INFO] [stderr]    Compiling autocfg v1.5.0
[INFO] [stderr]    Compiling parking_lot_core v0.9.11
[INFO] [stderr]    Compiling bytes v1.10.1
[INFO] [stderr]    Compiling scopeguard v1.2.0
[INFO] [stderr]    Compiling memchr v2.7.5
[INFO] [stderr]    Compiling slab v0.4.10
[INFO] [stderr]    Compiling cfg-if v1.0.1
[INFO] [stderr]    Compiling smallvec v1.15.1
[INFO] [stderr]    Compiling futures-task v0.3.31
[INFO] [stderr]    Compiling pin-utils v0.1.0
[INFO] [stderr]    Compiling futures-io v0.3.31
[INFO] [stderr]    Compiling fnv v1.0.7
[INFO] [stderr]    Compiling tracing-core v0.1.34
[INFO] [stderr]    Compiling log v0.4.27
[INFO] [stderr]    Compiling hashbrown v0.15.4
[INFO] [stderr]    Compiling equivalent v1.0.2
[INFO] [stderr]    Compiling httparse v1.10.1
[INFO] [stderr]    Compiling atomic-waker v1.1.2
[INFO] [stderr]    Compiling try-lock v0.2.5
[INFO] [stderr]    Compiling serde v1.0.219
[INFO] [stderr]    Compiling futures-channel v0.3.31
[INFO] [stderr]    Compiling serde_json v1.0.140
[INFO] [stderr]    Compiling tower-service v0.3.3
[INFO] [stderr]    Compiling want v0.3.1
[INFO] [stderr]    Compiling torch-web v0.2.8 (/opt/rustwide/workdir)
[INFO] [stderr]    Compiling percent-encoding v2.3.1
[INFO] [stderr]    Compiling tower-layer v0.3.3
[INFO] [stderr]    Compiling ipnet v2.11.0
[INFO] [stderr]    Compiling urlencoding v2.1.3
[INFO] [stderr]    Compiling tracing v0.1.41
[INFO] [stderr]    Compiling lock_api v0.4.13
[INFO] [stderr]    Compiling quote v1.0.40
[INFO] [stderr]    Compiling syn v2.0.104
[INFO] [stderr]    Compiling http v1.3.1
[INFO] [stderr]    Compiling indexmap v2.10.0
[INFO] [stderr]    Compiling signal-hook-registry v1.4.5
[INFO] [stderr]    Compiling mio v1.0.4
[INFO] [stderr]    Compiling socket2 v0.5.10
[INFO] [stderr]    Compiling parking_lot v0.12.4
[INFO] [stderr]    Compiling http-body v1.0.1
[INFO] [stderr]    Compiling http-body-util v0.1.3
[INFO] [stderr]    Compiling futures-macro v0.3.31
[INFO] [stderr]    Compiling tokio-macros v2.5.0
[INFO] [stderr]    Compiling serde_derive v1.0.219
[INFO] [stderr]    Compiling pin-project-internal v1.1.10
[INFO] [stderr]    Compiling futures-util v0.3.31
[INFO] [stderr]    Compiling tokio v1.46.1
[INFO] [stderr]    Compiling pin-project v1.1.10
[INFO] [stderr]    Compiling futures-executor v0.3.31
[INFO] [stderr]    Compiling tower v0.4.13
[INFO] [stderr]    Compiling futures v0.3.31
[INFO] [stderr]    Compiling tokio-util v0.7.15
[INFO] [stderr]    Compiling h2 v0.4.11
[INFO] [stderr]    Compiling hyper v1.6.0
[INFO] [stderr]    Compiling hyper-util v0.1.15
[INFO] [stdout] error[E0433]: cannot find module or crate `rand` in this scope
[INFO] [stdout]  --> src/security/encryption.rs:7:5
[INFO] [stdout]   |
[INFO] [stdout] 7 | use rand::distributions::Alphanumeric;
[INFO] [stdout]   |     ^^^^ use of unresolved module or unlinked crate `rand`
[INFO] [stdout]   |
[INFO] [stdout]   = help: if you wanted to use a crate named `rand`, use `cargo add rand` to add it to your `Cargo.toml`
[INFO] [stdout] 
[INFO] [stdout] 
[INFO] [stdout] error[E0432]: unresolved import `rand`
[INFO] [stdout]  --> src/security/encryption.rs:6:5
[INFO] [stdout]   |
[INFO] [stdout] 6 | use rand::{Rng, thread_rng};
[INFO] [stdout]   |     ^^^^ use of unresolved module or unlinked crate `rand`
[INFO] [stdout]   |
[INFO] [stdout]   = help: if you wanted to use a crate named `rand`, use `cargo add rand` to add it to your `Cargo.toml`
[INFO] [stdout] 
[INFO] [stdout] 
[INFO] [stdout] error[E0432]: unresolved import `sha2`
[INFO] [stdout]  --> src/security/encryption.rs:8:5
[INFO] [stdout]   |
[INFO] [stdout] 8 | use sha2::{Sha256, Digest};
[INFO] [stdout]   |     ^^^^ use of unresolved module or unlinked crate `sha2`
[INFO] [stdout]   |
[INFO] [stdout]   = help: if you wanted to use a crate named `sha2`, use `cargo add sha2` to add it to your `Cargo.toml`
[INFO] [stdout] 
[INFO] [stdout] 
[INFO] [stdout] error[E0433]: cannot find module or crate `base64` in this scope
[INFO] [stdout]   --> src/security/encryption.rs:10:5
[INFO] [stdout]    |
[INFO] [stdout] 10 | use base64::{Engine as _, engine::general_purpose};
[INFO] [stdout]    |     ^^^^^^ use of unresolved module or unlinked crate `base64`
[INFO] [stdout]    |
[INFO] [stdout]    = help: if you wanted to use a crate named `base64`, use `cargo add base64` to add it to your `Cargo.toml`
[INFO] [stdout] 
[INFO] [stdout] 
[INFO] [stdout] error[E0432]: unresolved import `base64`
[INFO] [stdout]   --> src/security/encryption.rs:10:5
[INFO] [stdout]    |
[INFO] [stdout] 10 | use base64::{Engine as _, engine::general_purpose};
[INFO] [stdout]    |     ^^^^^^ use of unresolved module or unlinked crate `base64`
[INFO] [stdout]    |
[INFO] [stdout]    = help: if you wanted to use a crate named `base64`, use `cargo add base64` to add it to your `Cargo.toml`
[INFO] [stdout] 
[INFO] [stdout] 
[INFO] [stdout] error[E0433]: cannot find module or crate `once_cell` in this scope
[INFO] [stdout]  --> src/security/validation.rs:8:5
[INFO] [stdout]   |
[INFO] [stdout] 8 | use once_cell::sync::Lazy;
[INFO] [stdout]   |     ^^^^^^^^^ use of unresolved module or unlinked crate `once_cell`
[INFO] [stdout]   |
[INFO] [stdout]   = help: if you wanted to use a crate named `once_cell`, use `cargo add once_cell` to add it to your `Cargo.toml`
[INFO] [stdout] 
[INFO] [stdout] 
[INFO] [stdout] error[E0433]: cannot find module or crate `once_cell` in this scope
[INFO] [stdout]  --> src/security/csrf.rs:9:5
[INFO] [stdout]   |
[INFO] [stdout] 9 | use once_cell::sync::Lazy;
[INFO] [stdout]   |     ^^^^^^^^^ use of unresolved module or unlinked crate `once_cell`
[INFO] [stdout]   |
[INFO] [stdout]   = help: if you wanted to use a crate named `once_cell`, use `cargo add once_cell` to add it to your `Cargo.toml`
[INFO] [stdout] 
[INFO] [stdout] 
[INFO] [stdout] error[E0433]: cannot find module or crate `once_cell` in this scope
[INFO] [stdout]  --> src/security/rate_limit.rs:8:5
[INFO] [stdout]   |
[INFO] [stdout] 8 | use once_cell::sync::Lazy;
[INFO] [stdout]   |     ^^^^^^^^^ use of unresolved module or unlinked crate `once_cell`
[INFO] [stdout]   |
[INFO] [stdout]   = help: if you wanted to use a crate named `once_cell`, use `cargo add once_cell` to add it to your `Cargo.toml`
[INFO] [stdout] 
[INFO] [stdout] 
[INFO] [stdout] error[E0432]: unresolved import `regex`
[INFO] [stdout]  --> src/security/validation.rs:6:5
[INFO] [stdout]   |
[INFO] [stdout] 6 | use regex::Regex;
[INFO] [stdout]   |     ^^^^^ use of unresolved module or unlinked crate `regex`
[INFO] [stdout]   |
[INFO] [stdout]   = help: if you wanted to use a crate named `regex`, use `cargo add regex` to add it to your `Cargo.toml`
[INFO] [stdout] 
[INFO] [stdout] 
[INFO] [stdout] error[E0433]: cannot find module or crate `thiserror` in this scope
[INFO] [stdout]    --> src/security/mod.rs:225:17
[INFO] [stdout]     |
[INFO] [stdout] 225 | #[derive(Debug, thiserror::Error)]
[INFO] [stdout]     |                 ^^^^^^^^^ use of unresolved module or unlinked crate `thiserror`
[INFO] [stdout] 
[INFO] [stdout] 
[INFO] [stdout] error: cannot find attribute `error` in this scope
[INFO] [stdout]    --> src/security/mod.rs:227:7
[INFO] [stdout]     |
[INFO] [stdout] 227 |     #[error("Invalid input: {0}")]
[INFO] [stdout]     |       ^^^^^
[INFO] [stdout] 
[INFO] [stdout] 
[INFO] [stdout] error: cannot find attribute `error` in this scope
[INFO] [stdout]    --> src/security/mod.rs:230:7
[INFO] [stdout]     |
[INFO] [stdout] 230 |     #[error("CSRF token mismatch")]
[INFO] [stdout]     |       ^^^^^
[INFO] [stdout] 
[INFO] [stdout] 
[INFO] [stdout] error: cannot find attribute `error` in this scope
[INFO] [stdout]    --> src/security/mod.rs:233:7
[INFO] [stdout]     |
[INFO] [stdout] 233 |     #[error("Rate limit exceeded")]
[INFO] [stdout]     |       ^^^^^
[INFO] [stdout] 
[INFO] [stdout] 
[INFO] [stdout] error: cannot find attribute `error` in this scope
[INFO] [stdout]    --> src/security/mod.rs:236:7
[INFO] [stdout]     |
[INFO] [stdout] 236 |     #[error("Authentication failed: {0}")]
[INFO] [stdout]     |       ^^^^^
[INFO] [stdout] 
[INFO] [stdout] 
[INFO] [stdout] error: cannot find attribute `error` in this scope
[INFO] [stdout]    --> src/security/mod.rs:239:7
[INFO] [stdout]     |
[INFO] [stdout] 239 |     #[error("Authorization failed: {0}")]
[INFO] [stdout]     |       ^^^^^
[INFO] [stdout] 
[INFO] [stdout] 
[INFO] [stdout] error: cannot find attribute `error` in this scope
[INFO] [stdout]    --> src/security/mod.rs:242:7
[INFO] [stdout]     |
[INFO] [stdout] 242 |     #[error("Password does not meet complexity requirements")]
[INFO] [stdout]     |       ^^^^^
[INFO] [stdout] 
[INFO] [stdout] 
[INFO] [stdout] error: cannot find attribute `error` in this scope
[INFO] [stdout]    --> src/security/mod.rs:245:7
[INFO] [stdout]     |
[INFO] [stdout] 245 |     #[error("File upload not allowed: {0}")]
[INFO] [stdout]     |       ^^^^^
[INFO] [stdout] 
[INFO] [stdout] 
[INFO] [stdout] error: cannot find attribute `error` in this scope
[INFO] [stdout]    --> src/security/mod.rs:248:7
[INFO] [stdout]     |
[INFO] [stdout] 248 |     #[error("Request too large")]
[INFO] [stdout]     |       ^^^^^
[INFO] [stdout] 
[INFO] [stdout] 
[INFO] [stdout] error: cannot find attribute `error` in this scope
[INFO] [stdout]    --> src/security/mod.rs:251:7
[INFO] [stdout]     |
[INFO] [stdout] 251 |     #[error("Session expired")]
[INFO] [stdout]     |       ^^^^^
[INFO] [stdout] 
[INFO] [stdout] 
[INFO] [stdout] error: cannot find attribute `error` in this scope
[INFO] [stdout]    --> src/security/mod.rs:254:7
[INFO] [stdout]     |
[INFO] [stdout] 254 |     #[error("Encryption error: {0}")]
[INFO] [stdout]     |       ^^^^^
[INFO] [stdout] 
[INFO] [stdout] 
[INFO] [stdout] error[E0433]: cannot find module or crate `hex` in this scope
[INFO] [stdout]   --> src/security/encryption.rs:27:5
[INFO] [stdout]    |
[INFO] [stdout] 27 |     hex::encode(bytes)
[INFO] [stdout]    |     ^^^ use of unresolved module or unlinked crate `hex`
[INFO] [stdout]    |
[INFO] [stdout]    = help: if you wanted to use a crate named `hex`, use `cargo add hex` to add it to your `Cargo.toml`
[INFO] [stdout] 
[INFO] [stdout] 
[INFO] [stdout] error[E0433]: cannot find module or crate `hex` in this scope
[INFO] [stdout]   --> src/security/encryption.rs:43:5
[INFO] [stdout]    |
[INFO] [stdout] 43 |     hex::encode(hasher.finalize())
[INFO] [stdout]    |     ^^^ use of unresolved module or unlinked crate `hex`
[INFO] [stdout]    |
[INFO] [stdout]    = help: if you wanted to use a crate named `hex`, use `cargo add hex` to add it to your `Cargo.toml`
[INFO] [stdout] 
[INFO] [stdout] 
[INFO] [stdout] error[E0433]: cannot find module or crate `hex` in this scope
[INFO] [stdout]   --> src/security/encryption.rs:55:5
[INFO] [stdout]    |
[INFO] [stdout] 55 |     hex::encode(hasher.finalize())
[INFO] [stdout]    |     ^^^ use of unresolved module or unlinked crate `hex`
[INFO] [stdout]    |
[INFO] [stdout]    = help: if you wanted to use a crate named `hex`, use `cargo add hex` to add it to your `Cargo.toml`
[INFO] [stdout] 
[INFO] [stdout] 
[INFO] [stdout] error[E0433]: cannot find module or crate `hex` in this scope
[INFO] [stdout]    --> src/security/encryption.rs:132:5
[INFO] [stdout]     |
[INFO] [stdout] 132 |     hex::encode(hasher.finalize())
[INFO] [stdout]     |     ^^^ use of unresolved module or unlinked crate `hex`
[INFO] [stdout]     |
[INFO] [stdout]     = help: if you wanted to use a crate named `hex`, use `cargo add hex` to add it to your `Cargo.toml`
[INFO] [stdout] 
[INFO] [stdout] 
[INFO] [stdout] Some errors have detailed explanations: E0432, E0433.
[INFO] [stdout] 
[INFO] [stdout] For more information about an error, try `rustc --explain E0432`.
[INFO] [stdout] 
[INFO] [stderr] error: could not compile `torch-web` (lib) due to 24 previous errors
[INFO] running `Command { std: "docker" "inspect" "f0616b031390861313e8298f6ba074c20d2378c29ed70f226a57b39d2a23021b", kill_on_drop: false }`
[INFO] running `Command { std: "docker" "rm" "-f" "f0616b031390861313e8298f6ba074c20d2378c29ed70f226a57b39d2a23021b", kill_on_drop: false }`
[INFO] [stdout] f0616b031390861313e8298f6ba074c20d2378c29ed70f226a57b39d2a23021b
