[INFO] fetching crate topcoat-runtime 0.10.0...
[INFO] testing topcoat-runtime-0.10.0 against 1.99.0-beta.8+cargoflags=--release for beta-release-1.100-2
[INFO] extracting crate topcoat-runtime 0.10.0 into /workspace/builds/worker-1-tc1/source
[INFO] started tweaking crates.io crate topcoat-runtime 0.10.0
[INFO] finished tweaking crates.io crate topcoat-runtime 0.10.0
[INFO] tweaked toml for crates.io crate topcoat-runtime 0.10.0 written to /workspace/builds/worker-1-tc1/source/Cargo.toml
[INFO] validating manifest of crates.io crate topcoat-runtime 0.10.0 on toolchain 1.99.0-beta.8
[INFO] running `Command { std: CARGO_HOME="/workspace/cargo-home" RUSTUP_HOME="/workspace/rustup-home" "/workspace/cargo-home/bin/cargo" "+1.99.0-beta.8" "metadata" "--manifest-path" "Cargo.toml" "--no-deps", kill_on_drop: false }`
[INFO] crate crates.io crate topcoat-runtime 0.10.0 already has a lockfile, it will not be regenerated
[INFO] running `Command { std: CARGO_HOME="/workspace/cargo-home" RUSTUP_HOME="/workspace/rustup-home" "/workspace/cargo-home/bin/cargo" "+1.99.0-beta.8" "fetch" "--manifest-path" "Cargo.toml", kill_on_drop: false }`
[INFO] [stderr]  Downloading crates ...
[INFO] [stderr]   Downloaded anymap3 v1.0.1
[INFO] [stderr]   Downloaded tokio v1.51.1
[INFO] running `Command { std: "docker" "create" "-v" "/var/lib/crater-agent-workspace/builds/worker-1-tc1/source:/opt/rustwide/workdir:ro,Z" "-v" "/var/lib/crater-agent-workspace/builds/worker-1-tc1/target:/opt/rustwide/target:rw,Z" "-v" "/var/lib/crater-agent-workspace/cargo-home:/opt/rustwide/cargo-home:ro,Z" "-v" "/var/lib/crater-agent-workspace/rustup-home:/opt/rustwide/rustup-home:ro,Z" "-m" "1610612736" "--network" "none" "ghcr.io/rust-lang/crates-build-env/linux@sha256:77db811e55d90add9212f6832c23229e3de5f1c1f9905e8cb07319ea15df73ac" "sleep" "infinity", kill_on_drop: false }`
[INFO] [stdout] 66088f007a41be69ffcc3c2167b07410dc5aa86a6f41fd0445b93082dc1fe700
[INFO] running `Command { std: "docker" "start" "66088f007a41be69ffcc3c2167b07410dc5aa86a6f41fd0445b93082dc1fe700", kill_on_drop: false }`
[INFO] running `Command { std: "docker" "inspect" "66088f007a41be69ffcc3c2167b07410dc5aa86a6f41fd0445b93082dc1fe700", kill_on_drop: false }`
[INFO] running `Command { std: "docker" "exec" "-e" "SOURCE_DIR=/opt/rustwide/workdir" "-e" "CARGO_HOME=/opt/rustwide/cargo-home" "-e" "RUSTUP_HOME=/opt/rustwide/rustup-home" "-e" "CARGO_TARGET_DIR=/opt/rustwide/target" "-w" "/opt/rustwide/workdir" "--user" "0:0" "66088f007a41be69ffcc3c2167b07410dc5aa86a6f41fd0445b93082dc1fe700" "/opt/rustwide/cargo-home/bin/cargo" "+1.99.0-beta.8" "metadata" "--no-deps" "--format-version=1", kill_on_drop: false }`
[INFO] running `Command { std: "docker" "inspect" "66088f007a41be69ffcc3c2167b07410dc5aa86a6f41fd0445b93082dc1fe700", kill_on_drop: false }`
[INFO] running `Command { std: "docker" "exec" "-e" "SOURCE_DIR=/opt/rustwide/workdir" "-e" "CARGO_HOME=/opt/rustwide/cargo-home" "-e" "RUSTUP_HOME=/opt/rustwide/rustup-home" "-e" "CARGO_TARGET_DIR=/opt/rustwide/target" "-e" "CARGO_INCREMENTAL=0" "-e" "RUST_BACKTRACE=full" "-e" "RUSTFLAGS=--cap-lints=warn" "-e" "RUSTDOCFLAGS=--cap-lints=warn" "-w" "/opt/rustwide/workdir" "--user" "0:0" "66088f007a41be69ffcc3c2167b07410dc5aa86a6f41fd0445b93082dc1fe700" "/opt/rustwide/cargo-home/bin/cargo" "+1.99.0-beta.8" "build" "--frozen" "--message-format=json" "--release", kill_on_drop: false }`
[INFO] [stderr]    Compiling proc-macro2 v1.0.106
[INFO] [stderr]    Compiling hashbrown v0.17.0
[INFO] [stderr]    Compiling winnow v1.0.3
[INFO] [stderr]    Compiling thiserror v2.0.18
[INFO] [stderr]    Compiling hybrid-array v0.4.12
[INFO] [stderr]    Compiling tokio v1.51.1
[INFO] [stderr]    Compiling anymap3 v1.0.1
[INFO] [stderr]    Compiling smallvec v1.15.1
[INFO] [stderr]    Compiling toml_datetime v1.1.1+spec-1.1.0
[INFO] [stderr]    Compiling serde_json v1.0.149
[INFO] [stderr]    Compiling toml v1.1.2+spec-1.1.0
[INFO] [stderr]    Compiling indexmap v2.14.0
[INFO] [stderr]    Compiling crypto-common v0.2.1
[INFO] [stderr]    Compiling block-buffer v0.12.0
[INFO] [stderr]    Compiling quote v1.0.45
[INFO] [stderr]    Compiling syn v2.0.117
[INFO] [stderr]    Compiling syn v3.0.6
[INFO] [stderr]    Compiling toml_parser v1.1.2+spec-1.1.0
[INFO] [stderr]    Compiling toml_edit v0.25.12+spec-1.1.0
[INFO] [stderr]    Compiling digest v0.11.3
[INFO] [stderr]    Compiling sha2 v0.11.0
[INFO] [stderr]    Compiling proc-macro-crate v3.5.0
[INFO] [stderr]    Compiling thiserror-impl v2.0.18
[INFO] [stderr]    Compiling futures-macro v0.3.32
[INFO] [stderr]    Compiling serde_derive v1.0.228
[INFO] [stderr]    Compiling ref-cast-impl v1.0.25
[INFO] [stderr]    Compiling ref-cast v1.0.25
[INFO] [stderr]    Compiling topcoat-core-grammar v0.10.0
[INFO] [stderr]    Compiling futures-util v0.3.32
[INFO] [stderr]    Compiling topcoat-core v0.10.0
[INFO] [stderr]    Compiling serde v1.0.228
[INFO] [stderr]    Compiling topcoat-asset v0.10.0
[INFO] [stderr]    Compiling topcoat-view v0.10.0
[INFO] [stderr]    Compiling topcoat-view-grammar v0.10.0
[INFO] [stderr]    Compiling topcoat-view-macro v0.10.0
[INFO] [stderr]    Compiling topcoat-runtime v0.10.0 (/opt/rustwide/workdir)
[INFO] [stderr]     Finished `release` profile [optimized] target(s) in 24.43s
[INFO] running `Command { std: "docker" "inspect" "66088f007a41be69ffcc3c2167b07410dc5aa86a6f41fd0445b93082dc1fe700", kill_on_drop: false }`
[INFO] running `Command { std: "docker" "exec" "-e" "SOURCE_DIR=/opt/rustwide/workdir" "-e" "CARGO_HOME=/opt/rustwide/cargo-home" "-e" "RUSTUP_HOME=/opt/rustwide/rustup-home" "-e" "CARGO_TARGET_DIR=/opt/rustwide/target" "-e" "CARGO_INCREMENTAL=0" "-e" "RUST_BACKTRACE=full" "-e" "RUSTFLAGS=--cap-lints=warn" "-e" "RUSTDOCFLAGS=--cap-lints=warn" "-w" "/opt/rustwide/workdir" "--user" "0:0" "66088f007a41be69ffcc3c2167b07410dc5aa86a6f41fd0445b93082dc1fe700" "/opt/rustwide/cargo-home/bin/cargo" "+1.99.0-beta.8" "test" "--frozen" "--no-run" "--message-format=json" "--release", kill_on_drop: false }`
[INFO] [stderr]    Compiling topcoat-runtime v0.10.0 (/opt/rustwide/workdir)
[INFO] [stdout] error[E0433]: cannot find module or crate `topcoat` in this scope
[INFO] [stdout]   --> src/connection.rs:63:9
[INFO] [stdout]    |
[INFO] [stdout] 63 |     use topcoat::view::{HoistView, ViewExt, internal::ThenView, view};
[INFO] [stdout]    |         ^^^^^^^ use of unresolved module or unlinked crate `topcoat`
[INFO] [stdout]    |
[INFO] [stdout]    = help: if you wanted to use a crate named `topcoat`, use `cargo add topcoat` to add it to your `Cargo.toml`
[INFO] [stdout] 
[INFO] [stdout] 
[INFO] [stdout] error[E0433]: cannot find module or crate `topcoat` in this scope
[INFO] [stdout]    --> src/link.rs:123:9
[INFO] [stdout]     |
[INFO] [stdout] 123 |     use topcoat::view::{ViewExt, attributes, view};
[INFO] [stdout]     |         ^^^^^^^ use of unresolved module or unlinked crate `topcoat`
[INFO] [stdout]     |
[INFO] [stdout]     = help: if you wanted to use a crate named `topcoat`, use `cargo add topcoat` to add it to your `Cargo.toml`
[INFO] [stdout] 
[INFO] [stdout] 
[INFO] [stdout] error[E0433]: cannot find module or crate `topcoat` in this scope
[INFO] [stdout]    --> src/signal.rs:336:9
[INFO] [stdout]     |
[INFO] [stdout] 336 |     use topcoat::view::{HoistView, ViewExt, internal::ThenView, view};
[INFO] [stdout]     |         ^^^^^^^ use of unresolved module or unlinked crate `topcoat`
[INFO] [stdout]     |
[INFO] [stdout]     = help: if you wanted to use a crate named `topcoat`, use `cargo add topcoat` to add it to your `Cargo.toml`
[INFO] [stdout] 
[INFO] [stdout] 
[INFO] [stdout] error[E0599]: no method named `single` found for type parameter `impl View` in the current scope
[INFO] [stdout]    --> src/link.rs:140:23
[INFO] [stdout]     |
[INFO] [stdout] 139 |     fn render(view: impl View) -> String {
[INFO] [stdout]     |                     --------- method `single` not found for this type parameter
[INFO] [stdout] 140 |         block_on(view.single()).unwrap().render(&Cx::default())
[INFO] [stdout]     |                       ^^^^^^ method not found in `impl View`
[INFO] [stdout]     |
[INFO] [stdout]    ::: /opt/rustwide/cargo-home/registry/src/index.crates.io-1949cf8c6b5b557f/topcoat-view-0.10.0/src/view.rs:79:8
[INFO] [stdout]     |
[INFO] [stdout]  79 |     fn single(self) -> impl Future<Output = Result<ViewHandle>> + Send
[INFO] [stdout]     |        ------ the method is available for `impl View` here
[INFO] [stdout]     |
[INFO] [stdout]     = help: items from traits can only be used if the trait is in scope
[INFO] [stdout] help: trait `ViewExt` which provides `single` is implemented but not in scope; perhaps you want to import it
[INFO] [stdout]     |
[INFO] [stdout] 118 +     use topcoat_view::ViewExt;
[INFO] [stdout]     |
[INFO] [stdout] 
[INFO] [stdout] 
[INFO] [stdout] Some errors have detailed explanations: E0433, E0599.
[INFO] [stdout] 
[INFO] [stdout] For more information about an error, try `rustc --explain E0433`.
[INFO] [stdout] 
[INFO] [stderr] error: could not compile `topcoat-runtime` (lib test) due to 4 previous errors
[INFO] running `Command { std: "docker" "inspect" "66088f007a41be69ffcc3c2167b07410dc5aa86a6f41fd0445b93082dc1fe700", kill_on_drop: false }`
[INFO] running `Command { std: "docker" "rm" "-f" "66088f007a41be69ffcc3c2167b07410dc5aa86a6f41fd0445b93082dc1fe700", kill_on_drop: false }`
[INFO] [stdout] 66088f007a41be69ffcc3c2167b07410dc5aa86a6f41fd0445b93082dc1fe700
