[INFO] fetching crate topcoat-router-macro 0.10.0...
[INFO] testing topcoat-router-macro-0.10.0 against 1.99.0-beta.8+cargoflags=--release for beta-release-1.100-2
[INFO] extracting crate topcoat-router-macro 0.10.0 into /workspace/builds/worker-0-tc1/source
[INFO] started tweaking crates.io crate topcoat-router-macro 0.10.0
[INFO] removed 0 missing tests
[INFO] finished tweaking crates.io crate topcoat-router-macro 0.10.0
[INFO] tweaked toml for crates.io crate topcoat-router-macro 0.10.0 written to /workspace/builds/worker-0-tc1/source/Cargo.toml
[INFO] validating manifest of crates.io crate topcoat-router-macro 0.10.0 on toolchain 1.99.0-beta.8
[INFO] running `Command { std: CARGO_HOME="/workspace/cargo-home" RUSTUP_HOME="/workspace/rustup-home" "/workspace/cargo-home/bin/cargo" "+1.99.0-beta.8" "metadata" "--manifest-path" "Cargo.toml" "--no-deps", kill_on_drop: false }`
[INFO] crate crates.io crate topcoat-router-macro 0.10.0 already has a lockfile, it will not be regenerated
[INFO] running `Command { std: CARGO_HOME="/workspace/cargo-home" RUSTUP_HOME="/workspace/rustup-home" "/workspace/cargo-home/bin/cargo" "+1.99.0-beta.8" "fetch" "--manifest-path" "Cargo.toml", kill_on_drop: false }`
[INFO] [stderr]     Updating crates.io index
[INFO] [stderr]  Downloading crates ...
[INFO] [stderr]   Downloaded topcoat-router-grammar v0.10.0
[INFO] [stderr]   Downloaded topcoat-core-grammar v0.10.0
[INFO] [stderr]   Downloaded tokio v1.51.1
[INFO] running `Command { std: "docker" "create" "-v" "/var/lib/crater-agent-workspace/builds/worker-0-tc1/source:/opt/rustwide/workdir:ro,Z" "-v" "/var/lib/crater-agent-workspace/builds/worker-0-tc1/target:/opt/rustwide/target:rw,Z" "-v" "/var/lib/crater-agent-workspace/cargo-home:/opt/rustwide/cargo-home:ro,Z" "-v" "/var/lib/crater-agent-workspace/rustup-home:/opt/rustwide/rustup-home:ro,Z" "-m" "1610612736" "--network" "none" "ghcr.io/rust-lang/crates-build-env/linux@sha256:77db811e55d90add9212f6832c23229e3de5f1c1f9905e8cb07319ea15df73ac" "sleep" "infinity", kill_on_drop: false }`
[INFO] [stdout] 3d02b156985140587abaeeb05cd0d8923e6ff2256131bcde67cf786c096f0eba
[INFO] running `Command { std: "docker" "start" "3d02b156985140587abaeeb05cd0d8923e6ff2256131bcde67cf786c096f0eba", kill_on_drop: false }`
[INFO] running `Command { std: "docker" "inspect" "3d02b156985140587abaeeb05cd0d8923e6ff2256131bcde67cf786c096f0eba", kill_on_drop: false }`
[INFO] running `Command { std: "docker" "exec" "-e" "SOURCE_DIR=/opt/rustwide/workdir" "-e" "CARGO_HOME=/opt/rustwide/cargo-home" "-e" "RUSTUP_HOME=/opt/rustwide/rustup-home" "-e" "CARGO_TARGET_DIR=/opt/rustwide/target" "-w" "/opt/rustwide/workdir" "--user" "0:0" "3d02b156985140587abaeeb05cd0d8923e6ff2256131bcde67cf786c096f0eba" "/opt/rustwide/cargo-home/bin/cargo" "+1.99.0-beta.8" "metadata" "--no-deps" "--format-version=1", kill_on_drop: false }`
[INFO] running `Command { std: "docker" "inspect" "3d02b156985140587abaeeb05cd0d8923e6ff2256131bcde67cf786c096f0eba", kill_on_drop: false }`
[INFO] running `Command { std: "docker" "exec" "-e" "SOURCE_DIR=/opt/rustwide/workdir" "-e" "CARGO_HOME=/opt/rustwide/cargo-home" "-e" "RUSTUP_HOME=/opt/rustwide/rustup-home" "-e" "CARGO_TARGET_DIR=/opt/rustwide/target" "-e" "CARGO_INCREMENTAL=0" "-e" "RUST_BACKTRACE=full" "-e" "RUSTFLAGS=--cap-lints=warn" "-e" "RUSTDOCFLAGS=--cap-lints=warn" "-w" "/opt/rustwide/workdir" "--user" "0:0" "3d02b156985140587abaeeb05cd0d8923e6ff2256131bcde67cf786c096f0eba" "/opt/rustwide/cargo-home/bin/cargo" "+1.99.0-beta.8" "build" "--frozen" "--message-format=json" "--release", kill_on_drop: false }`
[INFO] [stderr]    Compiling winnow v1.0.3
[INFO] [stderr]    Compiling hashbrown v0.17.0
[INFO] [stderr]    Compiling equivalent v1.0.2
[INFO] [stderr]    Compiling toml_datetime v1.1.1+spec-1.1.0
[INFO] [stderr]    Compiling syn v3.0.6
[INFO] [stderr]    Compiling indexmap v2.14.0
[INFO] [stderr]    Compiling toml_parser v1.1.2+spec-1.1.0
[INFO] [stderr]    Compiling toml_edit v0.25.12+spec-1.1.0
[INFO] [stderr]    Compiling proc-macro-crate v3.5.0
[INFO] [stderr]    Compiling topcoat-core-grammar v0.10.0
[INFO] [stderr]    Compiling topcoat-router-grammar v0.10.0
[INFO] [stderr]    Compiling topcoat-router-macro v0.10.0 (/opt/rustwide/workdir)
[INFO] [stderr]     Finished `release` profile [optimized] target(s) in 8.28s
[INFO] running `Command { std: "docker" "inspect" "3d02b156985140587abaeeb05cd0d8923e6ff2256131bcde67cf786c096f0eba", kill_on_drop: false }`
[INFO] running `Command { std: "docker" "exec" "-e" "SOURCE_DIR=/opt/rustwide/workdir" "-e" "CARGO_HOME=/opt/rustwide/cargo-home" "-e" "RUSTUP_HOME=/opt/rustwide/rustup-home" "-e" "CARGO_TARGET_DIR=/opt/rustwide/target" "-e" "CARGO_INCREMENTAL=0" "-e" "RUST_BACKTRACE=full" "-e" "RUSTFLAGS=--cap-lints=warn" "-e" "RUSTDOCFLAGS=--cap-lints=warn" "-w" "/opt/rustwide/workdir" "--user" "0:0" "3d02b156985140587abaeeb05cd0d8923e6ff2256131bcde67cf786c096f0eba" "/opt/rustwide/cargo-home/bin/cargo" "+1.99.0-beta.8" "test" "--frozen" "--no-run" "--message-format=json" "--release", kill_on_drop: false }`
[INFO] [stderr]    Compiling proc-macro2 v1.0.106
[INFO] [stderr]    Compiling unicode-ident v1.0.24
[INFO] [stderr]    Compiling hashbrown v0.17.0
[INFO] [stderr]    Compiling winnow v1.0.3
[INFO] [stderr]    Compiling tokio-macros v2.7.0
[INFO] [stderr]    Compiling quote v1.0.45
[INFO] [stderr]    Compiling toml_datetime v1.1.1+spec-1.1.0
[INFO] [stderr]    Compiling heck v0.5.0
[INFO] [stderr]    Compiling serde_core v1.0.228
[INFO] [stderr]    Compiling serde v1.0.228
[INFO] [stderr]    Compiling pin-project-lite v0.2.17
[INFO] [stderr]    Compiling itoa v1.0.18
[INFO] [stderr]    Compiling bytes v1.11.1
[INFO] [stderr]    Compiling http v1.4.0
[INFO] [stderr]    Compiling topcoat-router-macro v0.10.0 (/opt/rustwide/workdir)
[INFO] [stderr]    Compiling tokio v1.51.1
[INFO] [stderr]    Compiling syn v3.0.6
[INFO] [stderr]    Compiling indexmap v2.14.0
[INFO] [stderr]    Compiling toml_parser v1.1.2+spec-1.1.0
[INFO] [stderr]    Compiling toml_edit v0.25.12+spec-1.1.0
[INFO] [stderr]    Compiling proc-macro-crate v3.5.0
[INFO] [stderr]    Compiling topcoat-core-grammar v0.10.0
[INFO] [stderr]    Compiling topcoat-router-grammar v0.10.0
[INFO] [stdout] error[E0433]: cannot find module or crate `topcoat` in this scope
[INFO] [stdout]  --> tests/route.rs:1:5
[INFO] [stdout]   |
[INFO] [stdout] 1 | use topcoat::{
[INFO] [stdout]   |     ^^^^^^^ use of unresolved module or unlinked crate `topcoat`
[INFO] [stdout]   |
[INFO] [stdout]   = help: if you wanted to use a crate named `topcoat`, use `cargo add topcoat` to add it to your `Cargo.toml`
[INFO] [stdout] 
[INFO] [stdout] 
[INFO] [stdout] error[E0433]: cannot find module or crate `topcoat` in this scope
[INFO] [stdout]  --> tests/module_router.rs:5:5
[INFO] [stdout]   |
[INFO] [stdout] 5 | use topcoat::{
[INFO] [stdout]   |     ^^^^^^^ use of unresolved module or unlinked crate `topcoat`
[INFO] [stdout]   |
[INFO] [stdout]   = help: if you wanted to use a crate named `topcoat`, use `cargo add topcoat` to add it to your `Cargo.toml`
[INFO] [stdout] 
[INFO] [stdout] 
[INFO] [stdout] error[E0433]: cannot find module or crate `topcoat` in this scope
[INFO] [stdout]  --> tests/common/mod.rs:1:5
[INFO] [stdout]   |
[INFO] [stdout] 1 | use topcoat::router::{Body, Router, to_bytes};
[INFO] [stdout]   |     ^^^^^^^ use of unresolved module or unlinked crate `topcoat`
[INFO] [stdout]   |
[INFO] [stdout]   = help: if you wanted to use a crate named `topcoat`, use `cargo add topcoat` to add it to your `Cargo.toml`
[INFO] [stdout] 
[INFO] [stdout] 
[INFO] [stdout] error[E0432]: unresolved import `topcoat`
[INFO] [stdout]  --> tests/module_router.rs:5:5
[INFO] [stdout]   |
[INFO] [stdout] 5 | use topcoat::{
[INFO] [stdout]   |     ^^^^^^^ use of unresolved module or unlinked crate `topcoat`
[INFO] [stdout]   |
[INFO] [stdout]   = help: if you wanted to use a crate named `topcoat`, use `cargo add topcoat` to add it to your `Cargo.toml`
[INFO] [stdout] 
[INFO] [stdout] 
[INFO] [stdout] error[E0433]: cannot find module or crate `topcoat` in this scope
[INFO] [stdout]   --> tests/module_router.rs:31:9
[INFO] [stdout]    |
[INFO] [stdout] 31 |     use topcoat::{
[INFO] [stdout]    |         ^^^^^^^ use of unresolved module or unlinked crate `topcoat`
[INFO] [stdout]    |
[INFO] [stdout]    = help: if you wanted to use a crate named `topcoat`, use `cargo add topcoat` to add it to your `Cargo.toml`
[INFO] [stdout] 
[INFO] [stdout] 
[INFO] [stdout] error[E0432]: unresolved import `topcoat`
[INFO] [stdout]   --> tests/module_router.rs:31:9
[INFO] [stdout]    |
[INFO] [stdout] 31 |     use topcoat::{
[INFO] [stdout]    |         ^^^^^^^ use of unresolved module or unlinked crate `topcoat`
[INFO] [stdout]    |
[INFO] [stdout]    = help: if you wanted to use a crate named `topcoat`, use `cargo add topcoat` to add it to your `Cargo.toml`
[INFO] [stdout] 
[INFO] [stdout] 
[INFO] [stdout] error[E0433]: cannot find module or crate `topcoat` in this scope
[INFO] [stdout]   --> tests/module_router.rs:45:13
[INFO] [stdout]    |
[INFO] [stdout] 45 |         use topcoat::{
[INFO] [stdout]    |             ^^^^^^^ use of unresolved module or unlinked crate `topcoat`
[INFO] [stdout]    |
[INFO] [stdout]    = help: if you wanted to use a crate named `topcoat`, use `cargo add topcoat` to add it to your `Cargo.toml`
[INFO] [stdout] 
[INFO] [stdout] 
[INFO] [stdout] error[E0432]: unresolved import `topcoat`
[INFO] [stdout]   --> tests/module_router.rs:45:13
[INFO] [stdout]    |
[INFO] [stdout] 45 |         use topcoat::{
[INFO] [stdout]    |             ^^^^^^^ use of unresolved module or unlinked crate `topcoat`
[INFO] [stdout]    |
[INFO] [stdout]    = help: if you wanted to use a crate named `topcoat`, use `cargo add topcoat` to add it to your `Cargo.toml`
[INFO] [stdout] 
[INFO] [stdout] 
[INFO] [stdout] error[E0433]: cannot find module or crate `topcoat` in this scope
[INFO] [stdout]   --> tests/module_router.rs:60:13
[INFO] [stdout]    |
[INFO] [stdout] 60 |         use topcoat::{
[INFO] [stdout]    |             ^^^^^^^ use of unresolved module or unlinked crate `topcoat`
[INFO] [stdout]    |
[INFO] [stdout]    = help: if you wanted to use a crate named `topcoat`, use `cargo add topcoat` to add it to your `Cargo.toml`
[INFO] [stdout] 
[INFO] [stdout] 
[INFO] [stdout] error[E0432]: unresolved import `topcoat`
[INFO] [stdout]   --> tests/module_router.rs:60:13
[INFO] [stdout]    |
[INFO] [stdout] 60 |         use topcoat::{
[INFO] [stdout]    |             ^^^^^^^ use of unresolved module or unlinked crate `topcoat`
[INFO] [stdout]    |
[INFO] [stdout]    = help: if you wanted to use a crate named `topcoat`, use `cargo add topcoat` to add it to your `Cargo.toml`
[INFO] [stdout] 
[INFO] [stdout] 
[INFO] [stdout] error[E0433]: cannot find module or crate `topcoat` in this scope
[INFO] [stdout]   --> tests/module_router.rs:81:9
[INFO] [stdout]    |
[INFO] [stdout] 81 |     use topcoat::{
[INFO] [stdout]    |         ^^^^^^^ use of unresolved module or unlinked crate `topcoat`
[INFO] [stdout]    |
[INFO] [stdout]    = help: if you wanted to use a crate named `topcoat`, use `cargo add topcoat` to add it to your `Cargo.toml`
[INFO] [stdout] 
[INFO] [stdout] 
[INFO] [stdout] error[E0432]: unresolved import `topcoat`
[INFO] [stdout]   --> tests/module_router.rs:81:9
[INFO] [stdout]    |
[INFO] [stdout] 81 |     use topcoat::{
[INFO] [stdout]    |         ^^^^^^^ use of unresolved module or unlinked crate `topcoat`
[INFO] [stdout]    |
[INFO] [stdout]    = help: if you wanted to use a crate named `topcoat`, use `cargo add topcoat` to add it to your `Cargo.toml`
[INFO] [stdout] 
[INFO] [stdout] 
[INFO] [stdout] error[E0433]: cannot find module or crate `topcoat` in this scope
[INFO] [stdout]    --> tests/module_router.rs:150:9
[INFO] [stdout]     |
[INFO] [stdout] 150 |     use topcoat::{
[INFO] [stdout]     |         ^^^^^^^ use of unresolved module or unlinked crate `topcoat`
[INFO] [stdout]     |
[INFO] [stdout]     = help: if you wanted to use a crate named `topcoat`, use `cargo add topcoat` to add it to your `Cargo.toml`
[INFO] [stdout] 
[INFO] [stdout] 
[INFO] [stdout] error[E0432]: unresolved import `topcoat`
[INFO] [stdout]  --> tests/route.rs:1:5
[INFO] [stdout]   |
[INFO] [stdout] 1 | use topcoat::{
[INFO] [stdout]   |     ^^^^^^^ use of unresolved module or unlinked crate `topcoat`
[INFO] [stdout]   |
[INFO] [stdout]   = help: if you wanted to use a crate named `topcoat`, use `cargo add topcoat` to add it to your `Cargo.toml`
[INFO] [stdout] 
[INFO] [stdout] 
[INFO] [stdout] error[E0432]: unresolved import `topcoat`
[INFO] [stdout]    --> tests/module_router.rs:150:9
[INFO] [stdout]     |
[INFO] [stdout] 150 |     use topcoat::{
[INFO] [stdout]     |         ^^^^^^^ use of unresolved module or unlinked crate `topcoat`
[INFO] [stdout]     |
[INFO] [stdout]     = help: if you wanted to use a crate named `topcoat`, use `cargo add topcoat` to add it to your `Cargo.toml`
[INFO] [stdout] 
[INFO] [stdout] 
[INFO] [stdout] error[E0433]: cannot find module or crate `topcoat` in this scope
[INFO] [stdout]    --> tests/module_router.rs:179:13
[INFO] [stdout]     |
[INFO] [stdout] 179 |         use topcoat::{
[INFO] [stdout]     |             ^^^^^^^ use of unresolved module or unlinked crate `topcoat`
[INFO] [stdout]     |
[INFO] [stdout]     = help: if you wanted to use a crate named `topcoat`, use `cargo add topcoat` to add it to your `Cargo.toml`
[INFO] [stdout] 
[INFO] [stdout] 
[INFO] [stdout] error[E0432]: unresolved import `topcoat`
[INFO] [stdout]    --> tests/module_router.rs:179:13
[INFO] [stdout]     |
[INFO] [stdout] 179 |         use topcoat::{
[INFO] [stdout]     |             ^^^^^^^ use of unresolved module or unlinked crate `topcoat`
[INFO] [stdout]     |
[INFO] [stdout]     = help: if you wanted to use a crate named `topcoat`, use `cargo add topcoat` to add it to your `Cargo.toml`
[INFO] [stdout] 
[INFO] [stdout] 
[INFO] [stdout] error[E0433]: cannot find module or crate `topcoat` in this scope
[INFO] [stdout]    --> tests/module_router.rs:193:9
[INFO] [stdout]     |
[INFO] [stdout] 193 |     use topcoat::{
[INFO] [stdout]     |         ^^^^^^^ use of unresolved module or unlinked crate `topcoat`
[INFO] [stdout]     |
[INFO] [stdout]     = help: if you wanted to use a crate named `topcoat`, use `cargo add topcoat` to add it to your `Cargo.toml`
[INFO] [stdout] 
[INFO] [stdout] 
[INFO] [stdout] error[E0432]: unresolved import `topcoat`
[INFO] [stdout]    --> tests/module_router.rs:193:9
[INFO] [stdout]     |
[INFO] [stdout] 193 |     use topcoat::{
[INFO] [stdout]     |         ^^^^^^^ use of unresolved module or unlinked crate `topcoat`
[INFO] [stdout]     |
[INFO] [stdout]     = help: if you wanted to use a crate named `topcoat`, use `cargo add topcoat` to add it to your `Cargo.toml`
[INFO] [stdout] 
[INFO] [stdout] 
[INFO] [stdout] error[E0433]: cannot find module or crate `topcoat` in this scope
[INFO] [stdout]    --> tests/module_router.rs:223:13
[INFO] [stdout]     |
[INFO] [stdout] 223 |         use topcoat::{Result, router::route};
[INFO] [stdout]     |             ^^^^^^^ use of unresolved module or unlinked crate `topcoat`
[INFO] [stdout]     |
[INFO] [stdout]     = help: if you wanted to use a crate named `topcoat`, use `cargo add topcoat` to add it to your `Cargo.toml`
[INFO] [stdout] 
[INFO] [stdout] 
[INFO] [stdout] error[E0432]: unresolved import `topcoat`
[INFO] [stdout]    --> tests/module_router.rs:223:13
[INFO] [stdout]     |
[INFO] [stdout] 223 |         use topcoat::{Result, router::route};
[INFO] [stdout]     |             ^^^^^^^ use of unresolved module or unlinked crate `topcoat`
[INFO] [stdout]     |
[INFO] [stdout]     = help: if you wanted to use a crate named `topcoat`, use `cargo add topcoat` to add it to your `Cargo.toml`
[INFO] [stdout] 
[INFO] [stdout] 
[INFO] [stdout] error[E0433]: cannot find module or crate `topcoat` in this scope
[INFO] [stdout]    --> tests/module_router.rs:235:9
[INFO] [stdout]     |
[INFO] [stdout] 235 |     use topcoat::{
[INFO] [stdout]     |         ^^^^^^^ use of unresolved module or unlinked crate `topcoat`
[INFO] [stdout]     |
[INFO] [stdout]     = help: if you wanted to use a crate named `topcoat`, use `cargo add topcoat` to add it to your `Cargo.toml`
[INFO] [stdout] 
[INFO] [stdout] 
[INFO] [stdout] error[E0432]: unresolved import `topcoat`
[INFO] [stdout]    --> tests/module_router.rs:235:9
[INFO] [stdout]     |
[INFO] [stdout] 235 |     use topcoat::{
[INFO] [stdout]     |         ^^^^^^^ use of unresolved module or unlinked crate `topcoat`
[INFO] [stdout]     |
[INFO] [stdout]     = help: if you wanted to use a crate named `topcoat`, use `cargo add topcoat` to add it to your `Cargo.toml`
[INFO] [stdout] 
[INFO] [stdout] 
[INFO] [stdout] error[E0433]: cannot find module or crate `topcoat` in this scope
[INFO] [stdout]   --> tests/module_router.rs:15:5
[INFO] [stdout]    |
[INFO] [stdout] 15 |     topcoat::router::module_router!().build()
[INFO] [stdout]    |     ^^^^^^^ use of unresolved module or unlinked crate `topcoat`
[INFO] [stdout] 
[INFO] [stdout] 
[INFO] [stdout] error[E0433]: cannot find module or crate `topcoat` in this scope
[INFO] [stdout]  --> tests/query_params.rs:1:5
[INFO] [stdout]   |
[INFO] [stdout] 1 | use topcoat::{
[INFO] [stdout]   |     ^^^^^^^ use of unresolved module or unlinked crate `topcoat`
[INFO] [stdout]   |
[INFO] [stdout]   = help: if you wanted to use a crate named `topcoat`, use `cargo add topcoat` to add it to your `Cargo.toml`
[INFO] [stdout] 
[INFO] [stdout] 
[INFO] [stdout] error[E0433]: cannot find module or crate `topcoat` in this scope
[INFO] [stdout]  --> tests/common/mod.rs:1:5
[INFO] [stdout]   |
[INFO] [stdout] 1 | use topcoat::router::{Body, Router, to_bytes};
[INFO] [stdout]   |     ^^^^^^^ use of unresolved module or unlinked crate `topcoat`
[INFO] [stdout]   |
[INFO] [stdout]   = help: if you wanted to use a crate named `topcoat`, use `cargo add topcoat` to add it to your `Cargo.toml`
[INFO] [stdout] 
[INFO] [stdout] 
[INFO] [stdout] error[E0432]: unresolved import `topcoat`
[INFO] [stdout]  --> tests/query_params.rs:1:5
[INFO] [stdout]   |
[INFO] [stdout] 1 | use topcoat::{
[INFO] [stdout]   |     ^^^^^^^ use of unresolved module or unlinked crate `topcoat`
[INFO] [stdout]   |
[INFO] [stdout]   = help: if you wanted to use a crate named `topcoat`, use `cargo add topcoat` to add it to your `Cargo.toml`
[INFO] [stdout] 
[INFO] [stdout] 
[INFO] [stdout] error[E0433]: cannot find module or crate `topcoat` in this scope
[INFO] [stdout]  --> tests/layout.rs:1:5
[INFO] [stdout]   |
[INFO] [stdout] 1 | use topcoat::{
[INFO] [stdout]   |     ^^^^^^^ use of unresolved module or unlinked crate `topcoat`
[INFO] [stdout]   |
[INFO] [stdout]   = help: if you wanted to use a crate named `topcoat`, use `cargo add topcoat` to add it to your `Cargo.toml`
[INFO] [stdout] 
[INFO] [stdout] 
[INFO] [stdout] error[E0433]: cannot find module or crate `topcoat` in this scope
[INFO] [stdout]  --> tests/common/mod.rs:1:5
[INFO] [stdout]   |
[INFO] [stdout] 1 | use topcoat::router::{Body, Router, to_bytes};
[INFO] [stdout]   |     ^^^^^^^ use of unresolved module or unlinked crate `topcoat`
[INFO] [stdout]   |
[INFO] [stdout]   = help: if you wanted to use a crate named `topcoat`, use `cargo add topcoat` to add it to your `Cargo.toml`
[INFO] [stdout] 
[INFO] [stdout] 
[INFO] [stdout] error[E0432]: unresolved import `topcoat`
[INFO] [stdout]  --> tests/layout.rs:1:5
[INFO] [stdout]   |
[INFO] [stdout] 1 | use topcoat::{
[INFO] [stdout]   |     ^^^^^^^ use of unresolved module or unlinked crate `topcoat`
[INFO] [stdout]   |
[INFO] [stdout]   = help: if you wanted to use a crate named `topcoat`, use `cargo add topcoat` to add it to your `Cargo.toml`
[INFO] [stdout] 
[INFO] [stdout] 
[INFO] [stdout] error[E0433]: cannot find module or crate `topcoat` in this scope
[INFO] [stdout]  --> tests/page.rs:2:5
[INFO] [stdout]   |
[INFO] [stdout] 2 | use topcoat::{
[INFO] [stdout]   |     ^^^^^^^ use of unresolved module or unlinked crate `topcoat`
[INFO] [stdout]   |
[INFO] [stdout]   = help: if you wanted to use a crate named `topcoat`, use `cargo add topcoat` to add it to your `Cargo.toml`
[INFO] [stdout] 
[INFO] [stdout] 
[INFO] [stdout] error[E0433]: cannot find module or crate `topcoat` in this scope
[INFO] [stdout]  --> tests/common/mod.rs:1:5
[INFO] [stdout]   |
[INFO] [stdout] 1 | use topcoat::router::{Body, Router, to_bytes};
[INFO] [stdout]   |     ^^^^^^^ use of unresolved module or unlinked crate `topcoat`
[INFO] [stdout]   |
[INFO] [stdout]   = help: if you wanted to use a crate named `topcoat`, use `cargo add topcoat` to add it to your `Cargo.toml`
[INFO] [stdout] 
[INFO] [stdout] 
[INFO] [stdout] error[E0432]: unresolved import `topcoat`
[INFO] [stdout]  --> tests/page.rs:2:5
[INFO] [stdout]   |
[INFO] [stdout] 2 | use topcoat::{
[INFO] [stdout]   |     ^^^^^^^ use of unresolved module or unlinked crate `topcoat`
[INFO] [stdout]   |
[INFO] [stdout]   = help: if you wanted to use a crate named `topcoat`, use `cargo add topcoat` to add it to your `Cargo.toml`
[INFO] [stdout] 
[INFO] [stdout] 
[INFO] [stdout] error[E0433]: cannot find module or crate `topcoat` in this scope
[INFO] [stdout]  --> tests/path_param.rs:1:5
[INFO] [stdout]   |
[INFO] [stdout] 1 | use topcoat::{
[INFO] [stdout]   |     ^^^^^^^ use of unresolved module or unlinked crate `topcoat`
[INFO] [stdout]   |
[INFO] [stdout]   = help: if you wanted to use a crate named `topcoat`, use `cargo add topcoat` to add it to your `Cargo.toml`
[INFO] [stdout] 
[INFO] [stdout] 
[INFO] [stdout] error[E0433]: cannot find module or crate `topcoat` in this scope
[INFO] [stdout]  --> tests/common/mod.rs:1:5
[INFO] [stdout]   |
[INFO] [stdout] 1 | use topcoat::router::{Body, Router, to_bytes};
[INFO] [stdout]   |     ^^^^^^^ use of unresolved module or unlinked crate `topcoat`
[INFO] [stdout]   |
[INFO] [stdout]   = help: if you wanted to use a crate named `topcoat`, use `cargo add topcoat` to add it to your `Cargo.toml`
[INFO] [stdout] 
[INFO] [stdout] 
[INFO] [stdout] error[E0432]: unresolved import `topcoat`
[INFO] [stdout]  --> tests/path_param.rs:1:5
[INFO] [stdout]   |
[INFO] [stdout] 1 | use topcoat::{
[INFO] [stdout]   |     ^^^^^^^ use of unresolved module or unlinked crate `topcoat`
[INFO] [stdout]   |
[INFO] [stdout]   = help: if you wanted to use a crate named `topcoat`, use `cargo add topcoat` to add it to your `Cargo.toml`
[INFO] [stdout] 
[INFO] [stdout] 
[INFO] [stdout] error[E0425]: cannot find type `PostId` in this scope
[INFO] [stdout]   --> tests/module_router.rs:71:35
[INFO] [stdout]    |
[INFO] [stdout] 71 |             let id = path_param::<PostId>(cx)?;
[INFO] [stdout]    |                                   ^^^^^^ not found in this scope
[INFO] [stdout]    |
[INFO] [stdout] help: you might be missing a type parameter
[INFO] [stdout]    |
[INFO] [stdout] 70 |         async fn post<PostId>(cx: &Cx) -> Result<impl View> {
[INFO] [stdout]    |                      ++++++++
[INFO] [stdout] 
[INFO] [stdout] 
[INFO] [stdout] error[E0425]: cannot find type `ThreadId` in this scope
[INFO] [stdout]    --> tests/module_router.rs:252:38
[INFO] [stdout]     |
[INFO] [stdout] 252 |         let thread_id = path_param::<ThreadId>(cx)?;
[INFO] [stdout]     |                                      ^^^^^^^^ not found in this scope
[INFO] [stdout]     |
[INFO] [stdout] help: consider importing this struct
[INFO] [stdout]     |
[INFO] [stdout] 235 +     use std::thread::ThreadId;
[INFO] [stdout]     |
[INFO] [stdout] 
[INFO] [stdout] 
[INFO] [stdout] error[E0425]: cannot find type `ThreadId` in this scope
[INFO] [stdout]    --> tests/module_router.rs:261:38
[INFO] [stdout]     |
[INFO] [stdout] 261 |         let thread_id = path_param::<ThreadId>(cx)?;
[INFO] [stdout]     |                                      ^^^^^^^^ not found in this scope
[INFO] [stdout]     |
[INFO] [stdout] help: consider importing this struct
[INFO] [stdout]     |
[INFO] [stdout] 235 +     use std::thread::ThreadId;
[INFO] [stdout]     |
[INFO] [stdout] 
[INFO] [stdout] 
[INFO] [stdout] error[E0425]: cannot find type `ReplyId` in this scope
[INFO] [stdout]    --> tests/module_router.rs:262:37
[INFO] [stdout]     |
[INFO] [stdout] 262 |         let reply_id = path_param::<ReplyId>(cx)?;
[INFO] [stdout]     |                                     ^^^^^^^ not found in this scope
[INFO] [stdout]     |
[INFO] [stdout] help: you might be missing a type parameter
[INFO] [stdout]     |
[INFO] [stdout] 260 |     async fn reply<ReplyId>(cx: &Cx) -> Result<impl View> {
[INFO] [stdout]     |                   +++++++++
[INFO] [stdout] 
[INFO] [stdout] 
[INFO] [stderr] error: could not compile `topcoat-router-macro` (test "query_params") due to 3 previous errors
[INFO] [stdout] Some errors have detailed explanations: E0432, E0433.
[INFO] [stdout] 
[INFO] [stderr] warning: build failed, waiting for other jobs to finish...
[INFO] [stdout] For more information about an error, try `rustc --explain E0432`.
[INFO] [stdout] 
[INFO] [stdout] warning: method call on a diverging inference variable
[INFO] [stdout]    --> tests/module_router.rs:203:18
[INFO] [stdout]     |
[INFO] [stdout] 203 |         response.headers_mut().insert("x-api", "1".parse().unwrap());
[INFO] [stdout]     |                  ^^^^^^^^^^^
[INFO] [stdout]     |
[INFO] [stdout]     = help: consider providing a type annotation
[INFO] [stdout]     = warning: this was previously accepted by the compiler but is being phased out; it will become a hard error in a future release!
[INFO] [stdout]     = note: for more information, see issue #156047 <https://github.com/rust-lang/rust/issues/156047>
[INFO] [stdout]     = note: `#[warn(method_call_on_diverging_infer_var)]` (part of `#[warn(future_incompatible)]`) on by default
[INFO] [stdout] 
[INFO] [stdout] 
[INFO] [stderr] error: could not compile `topcoat-router-macro` (test "page") due to 3 previous errors
[INFO] [stdout] error[E0599]: no method named `headers_mut` found for type `!` in the current scope
[INFO] [stdout]    --> tests/module_router.rs:203:18
[INFO] [stdout]     |
[INFO] [stdout] 203 |         response.headers_mut().insert("x-api", "1".parse().unwrap());
[INFO] [stdout]     |                  ^^^^^^^^^^^ method not found in `!`
[INFO] [stdout] 
[INFO] [stdout] 
[INFO] [stderr] error: could not compile `topcoat-router-macro` (test "module_router") due to 28 previous errors; 6 warnings emitted
[INFO] [stdout] warning: unreachable call
[INFO] [stdout]    --> tests/module_router.rs:204:9
[INFO] [stdout]     |
[INFO] [stdout] 204 |         Ok(response)
[INFO] [stdout]     |         ^^ -------- any code following this expression is unreachable
[INFO] [stdout]     |         |
[INFO] [stdout]     |         unreachable call
[INFO] [stdout]     |
[INFO] [stdout]     = note: `#[warn(unreachable_code)]` (part of `#[warn(unused)]`) on by default
[INFO] [stdout] 
[INFO] [stdout] 
[INFO] [stdout] warning: method call on a diverging inference variable
[INFO] [stdout]    --> tests/module_router.rs:212:14
[INFO] [stdout]     |
[INFO] [stdout] 212 |             .headers_mut()
[INFO] [stdout]     |              ^^^^^^^^^^^
[INFO] [stdout]     |
[INFO] [stdout]     = help: consider providing a type annotation
[INFO] [stdout]     = warning: this was previously accepted by the compiler but is being phased out; it will become a hard error in a future release!
[INFO] [stdout]     = note: for more information, see issue #156047 <https://github.com/rust-lang/rust/issues/156047>
[INFO] [stdout] 
[INFO] [stdout] 
[INFO] [stdout] Some errors have detailed explanations: E0432, E0433.
[INFO] [stdout] 
[INFO] [stdout] For more information about an error, try `rustc --explain E0432`.
[INFO] [stdout] 
[INFO] [stdout] Some errors have detailed explanations: E0432, E0433.
[INFO] [stdout] 
[INFO] [stdout] For more information about an error, try `rustc --explain E0432`.
[INFO] [stdout] 
[INFO] [stdout] error[E0599]: no method named `headers_mut` found for type `!` in the current scope
[INFO] [stdout]    --> tests/module_router.rs:212:14
[INFO] [stdout]     |
[INFO] [stdout] 211 | /         response
[INFO] [stdout] 212 | |             .headers_mut()
[INFO] [stdout]     | |             -^^^^^^^^^^^ method not found in `!`
[INFO] [stdout]     | |_____________|
[INFO] [stdout]     |
[INFO] [stdout] 
[INFO] [stdout] 
[INFO] [stdout] warning: unreachable call
[INFO] [stdout]    --> tests/module_router.rs:214:9
[INFO] [stdout]     |
[INFO] [stdout] 214 |         Ok(response)
[INFO] [stdout]     |         ^^ -------- any code following this expression is unreachable
[INFO] [stdout]     |         |
[INFO] [stdout]     |         unreachable call
[INFO] [stdout] 
[INFO] [stdout] 
[INFO] [stdout] Some errors have detailed explanations: E0425, E0432, E0433, E0599.
[INFO] [stdout] 
[INFO] [stdout] For more information about an error, try `rustc --explain E0425`.
[INFO] [stdout] 
[INFO] [stderr] error: could not compile `topcoat-router-macro` (test "route") due to 2 previous errors
[INFO] [stdout] Some errors have detailed explanations: E0432, E0433.
[INFO] [stdout] 
[INFO] [stdout] For more information about an error, try `rustc --explain E0432`.
[INFO] [stdout] 
[INFO] [stderr] error: could not compile `topcoat-router-macro` (test "layout") due to 3 previous errors
[INFO] [stdout] error[E0425]: cannot find type `PostId` in this scope
[INFO] [stdout]   --> tests/path_param.rs:17:27
[INFO] [stdout]    |
[INFO] [stdout] 17 |     let id = path_param::<PostId>(cx).ok_or_bad_request("post_id must be a number")?;
[INFO] [stdout]    |                           ^^^^^^ not found in this scope
[INFO] [stdout]    |
[INFO] [stdout] help: you might be missing a type parameter
[INFO] [stdout]    |
[INFO] [stdout] 16 | async fn post<PostId>(cx: &Cx) -> Result<impl View> {
[INFO] [stdout]    |              ++++++++
[INFO] [stdout] 
[INFO] [stdout] 
[INFO] [stdout] error[E0425]: cannot find type `Slug` in this scope
[INFO] [stdout]   --> tests/path_param.rs:29:29
[INFO] [stdout]    |
[INFO] [stdout] 29 |     let slug = path_param::<Slug>(cx);
[INFO] [stdout]    |                             ^^^^ not found in this scope
[INFO] [stdout]    |
[INFO] [stdout] help: you might be missing a type parameter
[INFO] [stdout]    |
[INFO] [stdout] 28 | async fn tag<Slug>(cx: &Cx) -> Result<impl View> {
[INFO] [stdout]    |             ++++++
[INFO] [stdout] 
[INFO] [stdout] 
[INFO] [stdout] error[E0425]: cannot find type `UserId` in this scope
[INFO] [stdout]   --> tests/path_param.rs:42:27
[INFO] [stdout]    |
[INFO] [stdout] 42 |     let id = path_param::<UserId>(cx)?;
[INFO] [stdout]    |                           ^^^^^^ not found in this scope
[INFO] [stdout]    |
[INFO] [stdout] help: you might be missing a type parameter
[INFO] [stdout]    |
[INFO] [stdout] 41 | async fn user<UserId>(cx: &Cx) -> Result<impl View> {
[INFO] [stdout]    |              ++++++++
[INFO] [stdout] 
[INFO] [stdout] 
[INFO] [stdout] error[E0425]: cannot find type `ItemId` in this scope
[INFO] [stdout]   --> tests/path_param.rs:54:27
[INFO] [stdout]    |
[INFO] [stdout] 54 |     let id = path_param::<ItemId>(cx)?;
[INFO] [stdout]    |                           ^^^^^^ not found in this scope
[INFO] [stdout]    |
[INFO] [stdout] help: you might be missing a type parameter
[INFO] [stdout]    |
[INFO] [stdout] 53 | async fn item<ItemId>(cx: &Cx) -> Result<impl View> {
[INFO] [stdout]    |              ++++++++
[INFO] [stdout] 
[INFO] [stdout] 
[INFO] [stdout] error[E0425]: cannot find type `OrderId` in this scope
[INFO] [stdout]   --> tests/path_param.rs:69:27
[INFO] [stdout]    |
[INFO] [stdout] 69 |     let id = path_param::<OrderId>(cx)?;
[INFO] [stdout]    |                           ^^^^^^^ not found in this scope
[INFO] [stdout]    |
[INFO] [stdout] help: you might be missing a type parameter
[INFO] [stdout]    |
[INFO] [stdout] 68 | async fn order<OrderId>(cx: &Cx) -> Result<impl View> {
[INFO] [stdout]    |               +++++++++
[INFO] [stdout] 
[INFO] [stdout] 
[INFO] [stdout] error[E0425]: cannot find type `PageId` in this scope
[INFO] [stdout]   --> tests/path_param.rs:81:27
[INFO] [stdout]    |
[INFO] [stdout] 81 |     let id = path_param::<PageId>(cx)?;
[INFO] [stdout]    |                           ^^^^^^ not found in this scope
[INFO] [stdout]    |
[INFO] [stdout] help: you might be missing a type parameter
[INFO] [stdout]    |
[INFO] [stdout] 80 | async fn page_detail<PageId>(cx: &Cx) -> Result<impl View> {
[INFO] [stdout]    |                     ++++++++
[INFO] [stdout] 
[INFO] [stdout] 
[INFO] [stdout] error[E0425]: cannot find type `DocPath` in this scope
[INFO] [stdout]   --> tests/path_param.rs:92:51
[INFO] [stdout]    |
[INFO] [stdout] 92 |     let path: CatchAllSegments<'_> = path_param::<DocPath>(cx);
[INFO] [stdout]    |                                                   ^^^^^^^ not found in this scope
[INFO] [stdout]    |
[INFO] [stdout] help: you might be missing a type parameter
[INFO] [stdout]    |
[INFO] [stdout] 91 | async fn document<DocPath>(cx: &Cx) -> Result<impl View> {
[INFO] [stdout]    |                  +++++++++
[INFO] [stdout] 
[INFO] [stdout] 
[INFO] [stdout] error[E0425]: cannot find type `NumberPath` in this scope
[INFO] [stdout]    --> tests/path_param.rs:102:38
[INFO] [stdout]     |
[INFO] [stdout] 102 |     let number_values = path_param::<NumberPath>(cx)?;
[INFO] [stdout]     |                                      ^^^^^^^^^^ not found in this scope
[INFO] [stdout]     |
[INFO] [stdout] help: you might be missing a type parameter
[INFO] [stdout]     |
[INFO] [stdout] 101 | async fn numbers<NumberPath>(cx: &Cx) -> Result<impl View> {
[INFO] [stdout]     |                 ++++++++++++
[INFO] [stdout] 
[INFO] [stdout] 
[INFO] [stdout] error[E0425]: cannot find type `RawNumbers` in this scope
[INFO] [stdout]    --> tests/path_param.rs:111:22
[INFO] [stdout]     |
[INFO] [stdout] 111 |         path_param::<RawNumbers>(cx).ok_or_bad_request("every segment must be a number")?;
[INFO] [stdout]     |                      ^^^^^^^^^^ not found in this scope
[INFO] [stdout]     |
[INFO] [stdout] help: you might be missing a type parameter
[INFO] [stdout]     |
[INFO] [stdout] 109 | async fn raw_numbers<RawNumbers>(cx: &Cx) -> Result<impl View> {
[INFO] [stdout]     |                     ++++++++++++
[INFO] [stdout] 
[INFO] [stdout] 
[INFO] [stdout] error[E0425]: cannot find type `Missing` in this scope
[INFO] [stdout]    --> tests/path_param.rs:119:26
[INFO] [stdout]     |
[INFO] [stdout] 119 |     let _ = path_param::<Missing>(cx);
[INFO] [stdout]     |                          ^^^^^^^ not found in this scope
[INFO] [stdout]     |
[INFO] [stdout] help: you might be missing a type parameter
[INFO] [stdout]     |
[INFO] [stdout] 118 | async fn missing_param<Missing>(cx: &Cx) -> Result<impl View> {
[INFO] [stdout]     |                       +++++++++
[INFO] [stdout] 
[INFO] [stdout] 
[INFO] [stdout] error[E0425]: cannot find type `PublicSlug` in this scope
[INFO] [stdout]    --> tests/path_param.rs:267:16
[INFO] [stdout]     |
[INFO] [stdout] 267 |     let owned: PublicSlug = PublicSlug("rust".to_owned());
[INFO] [stdout]     |                ^^^^^^^^^^ not found in this scope
[INFO] [stdout] 
[INFO] [stdout] 
[INFO] [stdout] error[E0425]: cannot find type `PublicParts` in this scope
[INFO] [stdout]    --> tests/path_param.rs:272:16
[INFO] [stdout]     |
[INFO] [stdout] 272 |     let owned: PublicParts = PublicParts(vec!["guides".to_owned(), "start".to_owned()]);
[INFO] [stdout]     |                ^^^^^^^^^^^ not found in this scope
[INFO] [stdout] 
[INFO] [stdout] 
[INFO] [stdout] error[E0425]: cannot find function, tuple struct or tuple variant `PublicId` in this scope
[INFO] [stdout]    --> tests/path_param.rs:262:14
[INFO] [stdout]     |
[INFO] [stdout] 262 |     let id = PublicId(42);
[INFO] [stdout]     |              ^^^^^^^^ not found in this scope
[INFO] [stdout] 
[INFO] [stdout] 
[INFO] [stdout] error[E0425]: cannot find function, tuple struct or tuple variant `PublicSlug` in this scope
[INFO] [stdout]    --> tests/path_param.rs:265:20
[INFO] [stdout]     |
[INFO] [stdout] 265 |     let borrowed = PublicSlug("rust");
[INFO] [stdout]     |                    ^^^^^^^^^^ not found in this scope
[INFO] [stdout] 
[INFO] [stdout] 
[INFO] [stdout] error[E0425]: cannot find function, tuple struct or tuple variant `PublicSlug` in this scope
[INFO] [stdout]    --> tests/path_param.rs:267:29
[INFO] [stdout]     |
[INFO] [stdout] 267 |     let owned: PublicSlug = PublicSlug("rust".to_owned());
[INFO] [stdout]     |                             ^^^^^^^^^^ not found in this scope
[INFO] [stdout] 
[INFO] [stdout] 
[INFO] [stdout] error[E0425]: cannot find function, tuple struct or tuple variant `PublicParts` in this scope
[INFO] [stdout]    --> tests/path_param.rs:270:20
[INFO] [stdout]     |
[INFO] [stdout] 270 |     let borrowed = PublicParts(["guides", "start"]);
[INFO] [stdout]     |                    ^^^^^^^^^^^ not found in this scope
[INFO] [stdout] 
[INFO] [stdout] 
[INFO] [stdout] error[E0425]: cannot find function, tuple struct or tuple variant `PublicParts` in this scope
[INFO] [stdout]    --> tests/path_param.rs:272:30
[INFO] [stdout]     |
[INFO] [stdout] 272 |     let owned: PublicParts = PublicParts(vec!["guides".to_owned(), "start".to_owned()]);
[INFO] [stdout]     |                              ^^^^^^^^^^^ not found in this scope
[INFO] [stdout] 
[INFO] [stdout] 
[INFO] [stdout] error[E0425]: cannot find function, tuple struct or tuple variant `PublicId` in this scope
[INFO] [stdout]    --> tests/path_param.rs:278:43
[INFO] [stdout]     |
[INFO] [stdout] 278 |     let url = href("/posts/{public_id}", (PublicId(42),)).resolve(&Cx::default());
[INFO] [stdout]     |                                           ^^^^^^^^ not found in this scope
[INFO] [stdout] 
[INFO] [stdout] 
[INFO] [stdout] error[E0425]: cannot find function, tuple struct or tuple variant `PublicSlug` in this scope
[INFO] [stdout]    --> tests/path_param.rs:284:44
[INFO] [stdout]     |
[INFO] [stdout] 284 |     let url = href("/tags/{public_slug}", (PublicSlug("getting started"),)).resolve(&Cx::default());
[INFO] [stdout]     |                                            ^^^^^^^^^^ not found in this scope
[INFO] [stdout] 
[INFO] [stdout] 
[INFO] [stdout] error[E0425]: cannot find function, tuple struct or tuple variant `NumberPath` in this scope
[INFO] [stdout]    --> tests/path_param.rs:290:48
[INFO] [stdout]     |
[INFO] [stdout] 290 |     let url = href("/archive/{*number_path}", (NumberPath(vec![1, 2, 3]),)).resolve(&Cx::default());
[INFO] [stdout]     |                                                ^^^^^^^^^^ not found in this scope
[INFO] [stdout] 
[INFO] [stdout] 
[INFO] [stdout] error[E0425]: cannot find function, tuple struct or tuple variant `PublicParts` in this scope
[INFO] [stdout]    --> tests/path_param.rs:299:40
[INFO] [stdout]     |
[INFO] [stdout] 299 |         href("/docs/{*public_parts}", (PublicParts(["guides", "a/b"]),)).resolve(&Cx::default());
[INFO] [stdout]     |                                        ^^^^^^^^^^^ not found in this scope
[INFO] [stdout] 
[INFO] [stdout] 
[INFO] [stdout] Some errors have detailed explanations: E0425, E0432, E0433.
[INFO] [stdout] 
[INFO] [stdout] For more information about an error, try `rustc --explain E0425`.
[INFO] [stdout] 
[INFO] [stderr] error: could not compile `topcoat-router-macro` (test "path_param") due to 24 previous errors
[INFO] running `Command { std: "docker" "inspect" "3d02b156985140587abaeeb05cd0d8923e6ff2256131bcde67cf786c096f0eba", kill_on_drop: false }`
[INFO] running `Command { std: "docker" "rm" "-f" "3d02b156985140587abaeeb05cd0d8923e6ff2256131bcde67cf786c096f0eba", kill_on_drop: false }`
[INFO] [stdout] 3d02b156985140587abaeeb05cd0d8923e6ff2256131bcde67cf786c096f0eba
