[INFO] fetching crate topcoat-cookie 0.10.0...
[INFO] testing topcoat-cookie-0.10.0 against 1.100.0-beta.1+cargoflags=--release for beta-release-1.100-2
[INFO] extracting crate topcoat-cookie 0.10.0 into /workspace/builds/worker-3-tc2/source
[INFO] started tweaking crates.io crate topcoat-cookie 0.10.0
[INFO] finished tweaking crates.io crate topcoat-cookie 0.10.0
[INFO] tweaked toml for crates.io crate topcoat-cookie 0.10.0 written to /workspace/builds/worker-3-tc2/source/Cargo.toml
[INFO] validating manifest of crates.io crate topcoat-cookie 0.10.0 on toolchain 1.100.0-beta.1
[INFO] running `Command { std: CARGO_HOME="/workspace/cargo-home" RUSTUP_HOME="/workspace/rustup-home" "/workspace/cargo-home/bin/cargo" "+1.100.0-beta.1" "metadata" "--manifest-path" "Cargo.toml" "--no-deps", kill_on_drop: false }`
[INFO] crate crates.io crate topcoat-cookie 0.10.0 already has a lockfile, it will not be regenerated
[INFO] running `Command { std: CARGO_HOME="/workspace/cargo-home" RUSTUP_HOME="/workspace/rustup-home" "/workspace/cargo-home/bin/cargo" "+1.100.0-beta.1" "fetch" "--manifest-path" "Cargo.toml", kill_on_drop: false }`
[INFO] running `Command { std: "docker" "create" "-v" "/var/lib/crater-agent-workspace/builds/worker-3-tc2/source:/opt/rustwide/workdir:ro,Z" "-v" "/var/lib/crater-agent-workspace/builds/worker-3-tc2/target:/opt/rustwide/target:rw,Z" "-v" "/var/lib/crater-agent-workspace/cargo-home:/opt/rustwide/cargo-home:ro,Z" "-v" "/var/lib/crater-agent-workspace/rustup-home:/opt/rustwide/rustup-home:ro,Z" "-m" "1610612736" "--network" "none" "ghcr.io/rust-lang/crates-build-env/linux@sha256:77db811e55d90add9212f6832c23229e3de5f1c1f9905e8cb07319ea15df73ac" "sleep" "infinity", kill_on_drop: false }`
[INFO] [stdout] feaf2ee346dfc5b8fe9249bf7e2acdb5dabf59248a99270d272e97c817d1bcbd
[INFO] running `Command { std: "docker" "start" "feaf2ee346dfc5b8fe9249bf7e2acdb5dabf59248a99270d272e97c817d1bcbd", kill_on_drop: false }`
[INFO] running `Command { std: "docker" "inspect" "feaf2ee346dfc5b8fe9249bf7e2acdb5dabf59248a99270d272e97c817d1bcbd", kill_on_drop: false }`
[INFO] running `Command { std: "docker" "exec" "-e" "SOURCE_DIR=/opt/rustwide/workdir" "-e" "CARGO_HOME=/opt/rustwide/cargo-home" "-e" "RUSTUP_HOME=/opt/rustwide/rustup-home" "-e" "CARGO_TARGET_DIR=/opt/rustwide/target" "-w" "/opt/rustwide/workdir" "--user" "0:0" "feaf2ee346dfc5b8fe9249bf7e2acdb5dabf59248a99270d272e97c817d1bcbd" "/opt/rustwide/cargo-home/bin/cargo" "+1.100.0-beta.1" "metadata" "--no-deps" "--format-version=1", kill_on_drop: false }`
[INFO] running `Command { std: "docker" "inspect" "feaf2ee346dfc5b8fe9249bf7e2acdb5dabf59248a99270d272e97c817d1bcbd", kill_on_drop: false }`
[INFO] running `Command { std: "docker" "exec" "-e" "SOURCE_DIR=/opt/rustwide/workdir" "-e" "CARGO_HOME=/opt/rustwide/cargo-home" "-e" "RUSTUP_HOME=/opt/rustwide/rustup-home" "-e" "CARGO_TARGET_DIR=/opt/rustwide/target" "-e" "CARGO_INCREMENTAL=0" "-e" "RUST_BACKTRACE=full" "-e" "RUSTFLAGS=--cap-lints=warn" "-e" "RUSTDOCFLAGS=--cap-lints=warn" "-w" "/opt/rustwide/workdir" "--user" "0:0" "feaf2ee346dfc5b8fe9249bf7e2acdb5dabf59248a99270d272e97c817d1bcbd" "/opt/rustwide/cargo-home/bin/cargo" "+1.100.0-beta.1" "build" "--frozen" "--message-format=json" "--release", kill_on_drop: false }`
[INFO] [stderr]    Compiling libc v0.2.184
[INFO] [stderr]    Compiling generic-array v0.14.7
[INFO] [stderr]    Compiling cfg-if v1.0.4
[INFO] [stderr]    Compiling typenum v1.20.0
[INFO] [stderr]    Compiling subtle v2.6.1
[INFO] [stderr]    Compiling proc-macro2 v1.0.106
[INFO] [stderr]    Compiling cpufeatures v0.2.17
[INFO] [stderr]    Compiling quote v1.0.45
[INFO] [stderr]    Compiling unicode-ident v1.0.24
[INFO] [stderr]    Compiling zerocopy v0.8.48
[INFO] [stderr]    Compiling serde_core v1.0.228
[INFO] [stderr]    Compiling opaque-debug v0.3.1
[INFO] [stderr]    Compiling thiserror v2.0.18
[INFO] [stderr]    Compiling time-core v0.1.9
[INFO] [stderr]    Compiling num-conv v0.2.2
[INFO] [stderr]    Compiling cookie v0.18.1
[INFO] [stderr]    Compiling pin-project-lite v0.2.17
[INFO] [stderr]    Compiling serde v1.0.228
[INFO] [stderr]    Compiling stable_deref_trait v1.2.1
[INFO] [stderr]    Compiling powerfmt v0.2.0
[INFO] [stderr]    Compiling deranged v0.5.8
[INFO] [stderr]    Compiling serde_json v1.0.149
[INFO] [stderr]    Compiling bytes v1.11.1
[INFO] [stderr]    Compiling base64 v0.22.1
[INFO] [stderr]    Compiling tokio v1.51.1
[INFO] [stderr]    Compiling elsa v1.11.2
[INFO] [stderr]    Compiling percent-encoding v2.3.2
[INFO] [stderr]    Compiling siphasher v1.0.3
[INFO] [stderr]    Compiling anymap3 v1.0.1
[INFO] [stderr]    Compiling time-macros v0.2.29
[INFO] [stderr]    Compiling http v1.4.0
[INFO] [stderr]    Compiling syn v2.0.117
[INFO] [stderr]    Compiling getrandom v0.2.17
[INFO] [stderr]    Compiling block-buffer v0.10.4
[INFO] [stderr]    Compiling inout v0.1.4
[INFO] [stderr]    Compiling rand_core v0.6.4
[INFO] [stderr]    Compiling crypto-common v0.1.7
[INFO] [stderr]    Compiling universal-hash v0.5.1
[INFO] [stderr]    Compiling cipher v0.4.4
[INFO] [stderr]    Compiling digest v0.10.7
[INFO] [stderr]    Compiling aead v0.5.2
[INFO] [stderr]    Compiling polyval v0.6.2
[INFO] [stderr]    Compiling time v0.3.49
[INFO] [stderr]    Compiling ghash v0.5.1
[INFO] [stderr]    Compiling aes v0.8.4
[INFO] [stderr]    Compiling ctr v0.9.2
[INFO] [stderr]    Compiling hmac v0.12.1
[INFO] [stderr]    Compiling sha2 v0.10.9
[INFO] [stderr]    Compiling hkdf v0.12.4
[INFO] [stderr]    Compiling aes-gcm v0.10.3
[INFO] [stderr]    Compiling thiserror-impl v2.0.18
[INFO] [stderr]    Compiling topcoat-core v0.10.0
[INFO] [stderr]    Compiling ppv-lite86 v0.2.21
[INFO] [stderr]    Compiling rand_chacha v0.3.1
[INFO] [stderr]    Compiling rand v0.8.6
[INFO] [stderr]    Compiling topcoat-cookie v0.10.0 (/opt/rustwide/workdir)
[INFO] [stderr]     Finished `release` profile [optimized] target(s) in 14.30s
[INFO] running `Command { std: "docker" "inspect" "feaf2ee346dfc5b8fe9249bf7e2acdb5dabf59248a99270d272e97c817d1bcbd", kill_on_drop: false }`
[INFO] running `Command { std: "docker" "exec" "-e" "SOURCE_DIR=/opt/rustwide/workdir" "-e" "CARGO_HOME=/opt/rustwide/cargo-home" "-e" "RUSTUP_HOME=/opt/rustwide/rustup-home" "-e" "CARGO_TARGET_DIR=/opt/rustwide/target" "-e" "CARGO_INCREMENTAL=0" "-e" "RUST_BACKTRACE=full" "-e" "RUSTFLAGS=--cap-lints=warn" "-e" "RUSTDOCFLAGS=--cap-lints=warn" "-w" "/opt/rustwide/workdir" "--user" "0:0" "feaf2ee346dfc5b8fe9249bf7e2acdb5dabf59248a99270d272e97c817d1bcbd" "/opt/rustwide/cargo-home/bin/cargo" "+1.100.0-beta.1" "test" "--frozen" "--no-run" "--message-format=json" "--release", kill_on_drop: false }`
[INFO] [stderr]    Compiling syn v2.0.117
[INFO] [stderr]    Compiling tokio-macros v2.7.0
[INFO] [stderr]    Compiling thiserror-impl v2.0.18
[INFO] [stderr]    Compiling tokio v1.51.1
[INFO] [stderr]    Compiling thiserror v2.0.18
[INFO] [stderr]    Compiling topcoat-core v0.10.0
[INFO] [stderr]    Compiling topcoat-cookie v0.10.0 (/opt/rustwide/workdir)
[INFO] [stdout] error: cannot find derive macro `Serialize` in this scope
[INFO] [stdout]    --> src/store.rs:301:48
[INFO] [stdout]     |
[INFO] [stdout] 301 |     #[derive(Debug, Default, Clone, PartialEq, Serialize, Deserialize)]
[INFO] [stdout]     |                                                ^^^^^^^^^
[INFO] [stdout]     |
[INFO] [stdout] note: `Serialize` is a trait, not a derive macro
[INFO] [stdout]    --> /opt/rustwide/cargo-home/registry/src/index.crates.io-1949cf8c6b5b557f/serde_core-1.0.228/src/ser/mod.rs:234:1
[INFO] [stdout]     |
[INFO] [stdout] 234 | pub trait Serialize {
[INFO] [stdout]     | ^^^^^^^^^^^^^^^^^^^
[INFO] [stdout]     = help: consider implementing `Serialize` for your type manually
[INFO] [stdout] 
[INFO] [stdout] 
[INFO] [stdout] error: cannot find derive macro `Deserialize` in this scope
[INFO] [stdout]    --> src/store.rs:301:59
[INFO] [stdout]     |
[INFO] [stdout] 301 |     #[derive(Debug, Default, Clone, PartialEq, Serialize, Deserialize)]
[INFO] [stdout]     |                                                           ^^^^^^^^^^^
[INFO] [stdout]     |
[INFO] [stdout] note: `Deserialize` is a trait, not a derive macro
[INFO] [stdout]    --> /opt/rustwide/cargo-home/registry/src/index.crates.io-1949cf8c6b5b557f/serde_core-1.0.228/src/de/mod.rs:554:1
[INFO] [stdout]     |
[INFO] [stdout] 554 | pub trait Deserialize<'de>: Sized {
[INFO] [stdout]     | ^^^^^^^^^^^^^^^^^^^^^^^^^^^^^^^^^
[INFO] [stdout]     = help: consider implementing `Deserialize` for your type manually
[INFO] [stdout] 
[INFO] [stdout] 
[INFO] [stdout] error[E0277]: the trait bound `Cart: serde::Serialize` is not satisfied
[INFO] [stdout]    --> src/store.rs:354:36
[INFO] [stdout]     |
[INFO] [stdout] 354 |         let store = cookie_store::<Cart, _>(&jar, "cart")
[INFO] [stdout]     |                                    ^^^^ unsatisfied trait bound
[INFO] [stdout]     |
[INFO] [stdout] help: the trait `Serialize` is not implemented for `Cart`
[INFO] [stdout]    --> src/store.rs:302:5
[INFO] [stdout]     |
[INFO] [stdout] 302 |     struct Cart {
[INFO] [stdout]     |     ^^^^^^^^^^^
[INFO] [stdout]     = note: for local types consider adding `#[derive(serde::Serialize)]` to your `Cart` type
[INFO] [stdout]     = note: for types from other crates check whether the crate offers a `serde` feature flag
[INFO] [stdout]     = help: the following other types implement trait `Serialize`:
[INFO] [stdout]               &'a T
[INFO] [stdout]               &'a mut T
[INFO] [stdout]               ()
[INFO] [stdout]               (T,)
[INFO] [stdout]               (T0, T1)
[INFO] [stdout]               (T0, T1, T2)
[INFO] [stdout]               (T0, T1, T2, T3)
[INFO] [stdout]               (T0, T1, T2, T3, T4)
[INFO] [stdout]             and 129 others
[INFO] [stdout] note: required by a bound in `store::cookie_store`
[INFO] [stdout]    --> src/store.rs:284:8
[INFO] [stdout]     |
[INFO] [stdout] 282 | pub fn cookie_store<T, J>(jar: J, key: impl Into<Cow<'static, str>>) -> UnparsedCookieStore<T, J>
[INFO] [stdout] 283 | where
[INFO] [stdout] 284 |     T: Serialize + DeserializeOwned,
[INFO] [stdout]     |        ^^^^^^^^^ required by this bound in `cookie_store`
[INFO] [stdout] 
[INFO] [stdout] 
[INFO] [stdout] error[E0277]: the trait bound `Cart: serde::de::DeserializeOwned` is not satisfied
[INFO] [stdout]    --> src/store.rs:354:36
[INFO] [stdout]     |
[INFO] [stdout] 354 |         let store = cookie_store::<Cart, _>(&jar, "cart")
[INFO] [stdout]     |                                    ^^^^ unsatisfied trait bound
[INFO] [stdout]     |
[INFO] [stdout] help: the trait `for<'de> Deserialize<'de>` is not implemented for `Cart`
[INFO] [stdout]    --> src/store.rs:302:5
[INFO] [stdout]     |
[INFO] [stdout] 302 |     struct Cart {
[INFO] [stdout]     |     ^^^^^^^^^^^
[INFO] [stdout]     = help: the following other types implement trait `Deserialize<'de>`:
[INFO] [stdout]               &'a Path
[INFO] [stdout]               &'a [u8]
[INFO] [stdout]               &'a str
[INFO] [stdout]               ()
[INFO] [stdout]               (T,)
[INFO] [stdout]               (T0, T1)
[INFO] [stdout]               (T0, T1, T2)
[INFO] [stdout]               (T0, T1, T2, T3)
[INFO] [stdout]             and 141 others
[INFO] [stdout]     = note: required for `Cart` to implement `DeserializeOwned`
[INFO] [stdout] note: required by a bound in `store::cookie_store`
[INFO] [stdout]    --> src/store.rs:284:20
[INFO] [stdout]     |
[INFO] [stdout] 282 | pub fn cookie_store<T, J>(jar: J, key: impl Into<Cow<'static, str>>) -> UnparsedCookieStore<T, J>
[INFO] [stdout] 283 | where
[INFO] [stdout] 284 |     T: Serialize + DeserializeOwned,
[INFO] [stdout]     |                    ^^^^^^^^^^^^^^^^ required by this bound in `cookie_store`
[INFO] [stdout] 
[INFO] [stdout] 
[INFO] [stdout] error[E0599]: the method `parse` exists for struct `UnparsedCookieStore<Cart, &MockJar>`, but its trait bounds were not satisfied
[INFO] [stdout]    --> src/store.rs:355:14
[INFO] [stdout]     |
[INFO] [stdout] 157 | pub struct UnparsedCookieStore<T, J> {
[INFO] [stdout]     | ------------------------------------ method `parse` not found for this struct
[INFO] [stdout] ...
[INFO] [stdout] 302 |     struct Cart {
[INFO] [stdout]     |     ----------- doesn't satisfy `Cart: Deserialize<'de>`, `Cart: DeserializeOwned` or `Cart: Serialize`
[INFO] [stdout] ...
[INFO] [stdout] 354 |         let store = cookie_store::<Cart, _>(&jar, "cart")
[INFO] [stdout] 355 |             .parse()
[INFO] [stdout]     |              ^^^^^ method cannot be called on `UnparsedCookieStore<Cart, &MockJar>` due to unsatisfied trait bounds
[INFO] [stdout]     |
[INFO] [stdout] note: trait bound `Cart: Serialize` was not satisfied
[INFO] [stdout]    --> src/store.rs:165:8
[INFO] [stdout]     |
[INFO] [stdout] 163 | impl<T, J> UnparsedCookieStore<T, J>
[INFO] [stdout]     |            -------------------------
[INFO] [stdout] 164 | where
[INFO] [stdout] 165 |     T: Serialize + DeserializeOwned,
[INFO] [stdout]     |        ^^^^^^^^^ unsatisfied trait bound introduced here
[INFO] [stdout]     = note: the following trait bounds were not satisfied:
[INFO] [stdout]             `Cart: Deserialize<'de>`
[INFO] [stdout]             which is required by `Cart: DeserializeOwned`
[INFO] [stdout] note: the trait `Serialize` must be implemented
[INFO] [stdout]    --> /opt/rustwide/cargo-home/registry/src/index.crates.io-1949cf8c6b5b557f/serde_core-1.0.228/src/ser/mod.rs:234:1
[INFO] [stdout]     |
[INFO] [stdout] 234 | pub trait Serialize {
[INFO] [stdout]     | ^^^^^^^^^^^^^^^^^^^
[INFO] [stdout]     = help: items from traits can only be used if the trait is implemented and in scope
[INFO] [stdout]     = note: the following trait defines an item `parse`, perhaps you need to implement it:
[INFO] [stdout]             candidate #1: `parsing::parsable::sealed::Sealed`
[INFO] [stdout] 
[INFO] [stdout] 
[INFO] [stdout] error[E0277]: the trait bound `Cart: serde::Serialize` is not satisfied
[INFO] [stdout]    --> src/store.rs:366:28
[INFO] [stdout]     |
[INFO] [stdout] 366 |             cookie_store::<Cart, _>(&jar, "cart")
[INFO] [stdout]     |                            ^^^^ unsatisfied trait bound
[INFO] [stdout]     |
[INFO] [stdout] help: the trait `Serialize` is not implemented for `Cart`
[INFO] [stdout]    --> src/store.rs:302:5
[INFO] [stdout]     |
[INFO] [stdout] 302 |     struct Cart {
[INFO] [stdout]     |     ^^^^^^^^^^^
[INFO] [stdout]     = note: for local types consider adding `#[derive(serde::Serialize)]` to your `Cart` type
[INFO] [stdout]     = note: for types from other crates check whether the crate offers a `serde` feature flag
[INFO] [stdout]     = help: the following other types implement trait `Serialize`:
[INFO] [stdout]               &'a T
[INFO] [stdout]               &'a mut T
[INFO] [stdout]               ()
[INFO] [stdout]               (T,)
[INFO] [stdout]               (T0, T1)
[INFO] [stdout]               (T0, T1, T2)
[INFO] [stdout]               (T0, T1, T2, T3)
[INFO] [stdout]               (T0, T1, T2, T3, T4)
[INFO] [stdout]             and 129 others
[INFO] [stdout] note: required by a bound in `store::cookie_store`
[INFO] [stdout]    --> src/store.rs:284:8
[INFO] [stdout]     |
[INFO] [stdout] 282 | pub fn cookie_store<T, J>(jar: J, key: impl Into<Cow<'static, str>>) -> UnparsedCookieStore<T, J>
[INFO] [stdout] 283 | where
[INFO] [stdout] 284 |     T: Serialize + DeserializeOwned,
[INFO] [stdout]     |        ^^^^^^^^^ required by this bound in `cookie_store`
[INFO] [stdout] 
[INFO] [stdout] 
[INFO] [stdout] error[E0277]: the trait bound `Cart: serde::de::DeserializeOwned` is not satisfied
[INFO] [stdout]    --> src/store.rs:366:28
[INFO] [stdout]     |
[INFO] [stdout] 366 |             cookie_store::<Cart, _>(&jar, "cart")
[INFO] [stdout]     |                            ^^^^ unsatisfied trait bound
[INFO] [stdout]     |
[INFO] [stdout] help: the trait `for<'de> Deserialize<'de>` is not implemented for `Cart`
[INFO] [stdout]    --> src/store.rs:302:5
[INFO] [stdout]     |
[INFO] [stdout] 302 |     struct Cart {
[INFO] [stdout]     |     ^^^^^^^^^^^
[INFO] [stdout]     = help: the following other types implement trait `Deserialize<'de>`:
[INFO] [stdout]               &'a Path
[INFO] [stdout]               &'a [u8]
[INFO] [stdout]               &'a str
[INFO] [stdout]               ()
[INFO] [stdout]               (T,)
[INFO] [stdout]               (T0, T1)
[INFO] [stdout]               (T0, T1, T2)
[INFO] [stdout]               (T0, T1, T2, T3)
[INFO] [stdout]             and 141 others
[INFO] [stdout]     = note: required for `Cart` to implement `DeserializeOwned`
[INFO] [stdout] note: required by a bound in `store::cookie_store`
[INFO] [stdout]    --> src/store.rs:284:20
[INFO] [stdout]     |
[INFO] [stdout] 282 | pub fn cookie_store<T, J>(jar: J, key: impl Into<Cow<'static, str>>) -> UnparsedCookieStore<T, J>
[INFO] [stdout] 283 | where
[INFO] [stdout] 284 |     T: Serialize + DeserializeOwned,
[INFO] [stdout]     |                    ^^^^^^^^^^^^^^^^ required by this bound in `cookie_store`
[INFO] [stdout] 
[INFO] [stdout] 
[INFO] [stdout] error[E0599]: the method `parse` exists for struct `UnparsedCookieStore<Cart, &MockJar>`, but its trait bounds were not satisfied
[INFO] [stdout]    --> src/store.rs:367:18
[INFO] [stdout]     |
[INFO] [stdout] 157 | pub struct UnparsedCookieStore<T, J> {
[INFO] [stdout]     | ------------------------------------ method `parse` not found for this struct
[INFO] [stdout] ...
[INFO] [stdout] 302 |     struct Cart {
[INFO] [stdout]     |     ----------- doesn't satisfy `Cart: Deserialize<'de>`, `Cart: DeserializeOwned` or `Cart: Serialize`
[INFO] [stdout] ...
[INFO] [stdout] 366 |             cookie_store::<Cart, _>(&jar, "cart")
[INFO] [stdout] 367 |                 .parse()
[INFO] [stdout]     |                  ^^^^^ method cannot be called on `UnparsedCookieStore<Cart, &MockJar>` due to unsatisfied trait bounds
[INFO] [stdout]     |
[INFO] [stdout] note: trait bound `Cart: Serialize` was not satisfied
[INFO] [stdout]    --> src/store.rs:165:8
[INFO] [stdout]     |
[INFO] [stdout] 163 | impl<T, J> UnparsedCookieStore<T, J>
[INFO] [stdout]     |            -------------------------
[INFO] [stdout] 164 | where
[INFO] [stdout] 165 |     T: Serialize + DeserializeOwned,
[INFO] [stdout]     |        ^^^^^^^^^ unsatisfied trait bound introduced here
[INFO] [stdout]     = note: the following trait bounds were not satisfied:
[INFO] [stdout]             `Cart: Deserialize<'de>`
[INFO] [stdout]             which is required by `Cart: DeserializeOwned`
[INFO] [stdout] note: the trait `Serialize` must be implemented
[INFO] [stdout]    --> /opt/rustwide/cargo-home/registry/src/index.crates.io-1949cf8c6b5b557f/serde_core-1.0.228/src/ser/mod.rs:234:1
[INFO] [stdout]     |
[INFO] [stdout] 234 | pub trait Serialize {
[INFO] [stdout]     | ^^^^^^^^^^^^^^^^^^^
[INFO] [stdout]     = help: items from traits can only be used if the trait is implemented and in scope
[INFO] [stdout]     = note: the following trait defines an item `parse`, perhaps you need to implement it:
[INFO] [stdout]             candidate #1: `parsing::parsable::sealed::Sealed`
[INFO] [stdout] 
[INFO] [stdout] 
[INFO] [stdout] error[E0277]: the trait bound `Cart: serde::Serialize` is not satisfied
[INFO] [stdout]    --> src/store.rs:376:32
[INFO] [stdout]     |
[INFO] [stdout] 376 |         assert!(cookie_store::<Cart, _>(&jar, "cart").parse().is_err());
[INFO] [stdout]     |                                ^^^^ unsatisfied trait bound
[INFO] [stdout]     |
[INFO] [stdout] help: the trait `Serialize` is not implemented for `Cart`
[INFO] [stdout]    --> src/store.rs:302:5
[INFO] [stdout]     |
[INFO] [stdout] 302 |     struct Cart {
[INFO] [stdout]     |     ^^^^^^^^^^^
[INFO] [stdout]     = note: for local types consider adding `#[derive(serde::Serialize)]` to your `Cart` type
[INFO] [stdout]     = note: for types from other crates check whether the crate offers a `serde` feature flag
[INFO] [stdout]     = help: the following other types implement trait `Serialize`:
[INFO] [stdout]               &'a T
[INFO] [stdout]               &'a mut T
[INFO] [stdout]               ()
[INFO] [stdout]               (T,)
[INFO] [stdout]               (T0, T1)
[INFO] [stdout]               (T0, T1, T2)
[INFO] [stdout]               (T0, T1, T2, T3)
[INFO] [stdout]               (T0, T1, T2, T3, T4)
[INFO] [stdout]             and 129 others
[INFO] [stdout] note: required by a bound in `store::cookie_store`
[INFO] [stdout]    --> src/store.rs:284:8
[INFO] [stdout]     |
[INFO] [stdout] 282 | pub fn cookie_store<T, J>(jar: J, key: impl Into<Cow<'static, str>>) -> UnparsedCookieStore<T, J>
[INFO] [stdout] 283 | where
[INFO] [stdout] 284 |     T: Serialize + DeserializeOwned,
[INFO] [stdout]     |        ^^^^^^^^^ required by this bound in `cookie_store`
[INFO] [stdout] 
[INFO] [stdout] 
[INFO] [stdout] error[E0277]: the trait bound `Cart: serde::de::DeserializeOwned` is not satisfied
[INFO] [stdout]    --> src/store.rs:376:32
[INFO] [stdout]     |
[INFO] [stdout] 376 |         assert!(cookie_store::<Cart, _>(&jar, "cart").parse().is_err());
[INFO] [stdout]     |                                ^^^^ unsatisfied trait bound
[INFO] [stdout]     |
[INFO] [stdout] help: the trait `for<'de> Deserialize<'de>` is not implemented for `Cart`
[INFO] [stdout]    --> src/store.rs:302:5
[INFO] [stdout]     |
[INFO] [stdout] 302 |     struct Cart {
[INFO] [stdout]     |     ^^^^^^^^^^^
[INFO] [stdout]     = help: the following other types implement trait `Deserialize<'de>`:
[INFO] [stdout]               &'a Path
[INFO] [stdout]               &'a [u8]
[INFO] [stdout]               &'a str
[INFO] [stdout]               ()
[INFO] [stdout]               (T,)
[INFO] [stdout]               (T0, T1)
[INFO] [stdout]               (T0, T1, T2)
[INFO] [stdout]               (T0, T1, T2, T3)
[INFO] [stdout]             and 141 others
[INFO] [stdout]     = note: required for `Cart` to implement `DeserializeOwned`
[INFO] [stdout] note: required by a bound in `store::cookie_store`
[INFO] [stdout]    --> src/store.rs:284:20
[INFO] [stdout]     |
[INFO] [stdout] 282 | pub fn cookie_store<T, J>(jar: J, key: impl Into<Cow<'static, str>>) -> UnparsedCookieStore<T, J>
[INFO] [stdout] 283 | where
[INFO] [stdout] 284 |     T: Serialize + DeserializeOwned,
[INFO] [stdout]     |                    ^^^^^^^^^^^^^^^^ required by this bound in `cookie_store`
[INFO] [stdout] 
[INFO] [stdout] 
[INFO] [stdout] error[E0599]: the method `parse` exists for struct `UnparsedCookieStore<Cart, &MockJar>`, but its trait bounds were not satisfied
[INFO] [stdout]    --> src/store.rs:376:55
[INFO] [stdout]     |
[INFO] [stdout] 157 | pub struct UnparsedCookieStore<T, J> {
[INFO] [stdout]     | ------------------------------------ method `parse` not found for this struct
[INFO] [stdout] ...
[INFO] [stdout] 302 |     struct Cart {
[INFO] [stdout]     |     ----------- doesn't satisfy `Cart: Deserialize<'de>`, `Cart: DeserializeOwned` or `Cart: Serialize`
[INFO] [stdout] ...
[INFO] [stdout] 376 |         assert!(cookie_store::<Cart, _>(&jar, "cart").parse().is_err());
[INFO] [stdout]     |                                                       ^^^^^ method cannot be called on `UnparsedCookieStore<Cart, &MockJar>` due to unsatisfied trait bounds
[INFO] [stdout]     |
[INFO] [stdout] note: trait bound `Cart: Serialize` was not satisfied
[INFO] [stdout]    --> src/store.rs:165:8
[INFO] [stdout]     |
[INFO] [stdout] 163 | impl<T, J> UnparsedCookieStore<T, J>
[INFO] [stdout]     |            -------------------------
[INFO] [stdout] 164 | where
[INFO] [stdout] 165 |     T: Serialize + DeserializeOwned,
[INFO] [stdout]     |        ^^^^^^^^^ unsatisfied trait bound introduced here
[INFO] [stdout]     = note: the following trait bounds were not satisfied:
[INFO] [stdout]             `Cart: Deserialize<'de>`
[INFO] [stdout]             which is required by `Cart: DeserializeOwned`
[INFO] [stdout] note: the trait `Serialize` must be implemented
[INFO] [stdout]    --> /opt/rustwide/cargo-home/registry/src/index.crates.io-1949cf8c6b5b557f/serde_core-1.0.228/src/ser/mod.rs:234:1
[INFO] [stdout]     |
[INFO] [stdout] 234 | pub trait Serialize {
[INFO] [stdout]     | ^^^^^^^^^^^^^^^^^^^
[INFO] [stdout]     = help: items from traits can only be used if the trait is implemented and in scope
[INFO] [stdout]     = note: the following trait defines an item `parse`, perhaps you need to implement it:
[INFO] [stdout]             candidate #1: `parsing::parsable::sealed::Sealed`
[INFO] [stdout] 
[INFO] [stdout] 
[INFO] [stdout] error[E0277]: the trait bound `Cart: serde::Serialize` is not satisfied
[INFO] [stdout]    --> src/store.rs:383:28
[INFO] [stdout]     |
[INFO] [stdout] 383 |             cookie_store::<Cart, _>(&absent, "cart")
[INFO] [stdout]     |                            ^^^^ unsatisfied trait bound
[INFO] [stdout]     |
[INFO] [stdout] help: the trait `Serialize` is not implemented for `Cart`
[INFO] [stdout]    --> src/store.rs:302:5
[INFO] [stdout]     |
[INFO] [stdout] 302 |     struct Cart {
[INFO] [stdout]     |     ^^^^^^^^^^^
[INFO] [stdout]     = note: for local types consider adding `#[derive(serde::Serialize)]` to your `Cart` type
[INFO] [stdout]     = note: for types from other crates check whether the crate offers a `serde` feature flag
[INFO] [stdout]     = help: the following other types implement trait `Serialize`:
[INFO] [stdout]               &'a T
[INFO] [stdout]               &'a mut T
[INFO] [stdout]               ()
[INFO] [stdout]               (T,)
[INFO] [stdout]               (T0, T1)
[INFO] [stdout]               (T0, T1, T2)
[INFO] [stdout]               (T0, T1, T2, T3)
[INFO] [stdout]               (T0, T1, T2, T3, T4)
[INFO] [stdout]             and 129 others
[INFO] [stdout] note: required by a bound in `store::cookie_store`
[INFO] [stdout]    --> src/store.rs:284:8
[INFO] [stdout]     |
[INFO] [stdout] 282 | pub fn cookie_store<T, J>(jar: J, key: impl Into<Cow<'static, str>>) -> UnparsedCookieStore<T, J>
[INFO] [stdout] 283 | where
[INFO] [stdout] 284 |     T: Serialize + DeserializeOwned,
[INFO] [stdout]     |        ^^^^^^^^^ required by this bound in `cookie_store`
[INFO] [stdout] 
[INFO] [stdout] 
[INFO] [stdout] error[E0277]: the trait bound `Cart: serde::de::DeserializeOwned` is not satisfied
[INFO] [stdout]    --> src/store.rs:383:28
[INFO] [stdout]     |
[INFO] [stdout] 383 |             cookie_store::<Cart, _>(&absent, "cart")
[INFO] [stdout]     |                            ^^^^ unsatisfied trait bound
[INFO] [stdout]     |
[INFO] [stdout] help: the trait `for<'de> Deserialize<'de>` is not implemented for `Cart`
[INFO] [stdout]    --> src/store.rs:302:5
[INFO] [stdout]     |
[INFO] [stdout] 302 |     struct Cart {
[INFO] [stdout]     |     ^^^^^^^^^^^
[INFO] [stdout]     = help: the following other types implement trait `Deserialize<'de>`:
[INFO] [stdout]               &'a Path
[INFO] [stdout]               &'a [u8]
[INFO] [stdout]               &'a str
[INFO] [stdout]               ()
[INFO] [stdout]               (T,)
[INFO] [stdout]               (T0, T1)
[INFO] [stdout]               (T0, T1, T2)
[INFO] [stdout]               (T0, T1, T2, T3)
[INFO] [stdout]             and 141 others
[INFO] [stdout]     = note: required for `Cart` to implement `DeserializeOwned`
[INFO] [stdout] note: required by a bound in `store::cookie_store`
[INFO] [stdout]    --> src/store.rs:284:20
[INFO] [stdout]     |
[INFO] [stdout] 282 | pub fn cookie_store<T, J>(jar: J, key: impl Into<Cow<'static, str>>) -> UnparsedCookieStore<T, J>
[INFO] [stdout] 283 | where
[INFO] [stdout] 284 |     T: Serialize + DeserializeOwned,
[INFO] [stdout]     |                    ^^^^^^^^^^^^^^^^ required by this bound in `cookie_store`
[INFO] [stdout] 
[INFO] [stdout] 
[INFO] [stdout] error[E0599]: the method `parse_or_default` exists for struct `UnparsedCookieStore<Cart, &MockJar>`, but its trait bounds were not satisfied
[INFO] [stdout]    --> src/store.rs:384:18
[INFO] [stdout]     |
[INFO] [stdout] 157 | pub struct UnparsedCookieStore<T, J> {
[INFO] [stdout]     | ------------------------------------ method `parse_or_default` not found for this struct
[INFO] [stdout] ...
[INFO] [stdout] 302 |     struct Cart {
[INFO] [stdout]     |     ----------- doesn't satisfy `Cart: Deserialize<'de>`, `Cart: DeserializeOwned` or `Cart: Serialize`
[INFO] [stdout] ...
[INFO] [stdout] 383 |             cookie_store::<Cart, _>(&absent, "cart")
[INFO] [stdout] 384 |                 .parse_or_default()
[INFO] [stdout]     |                  ^^^^^^^^^^^^^^^^ method cannot be called on `UnparsedCookieStore<Cart, &MockJar>` due to unsatisfied trait bounds
[INFO] [stdout]     |
[INFO] [stdout] note: trait bound `Cart: Serialize` was not satisfied
[INFO] [stdout]    --> src/store.rs:165:8
[INFO] [stdout]     |
[INFO] [stdout] 163 | impl<T, J> UnparsedCookieStore<T, J>
[INFO] [stdout]     |            -------------------------
[INFO] [stdout] 164 | where
[INFO] [stdout] 165 |     T: Serialize + DeserializeOwned,
[INFO] [stdout]     |        ^^^^^^^^^ unsatisfied trait bound introduced here
[INFO] [stdout]     = note: the following trait bounds were not satisfied:
[INFO] [stdout]             `Cart: Deserialize<'de>`
[INFO] [stdout]             which is required by `Cart: DeserializeOwned`
[INFO] [stdout] note: the trait `Serialize` must be implemented
[INFO] [stdout]    --> /opt/rustwide/cargo-home/registry/src/index.crates.io-1949cf8c6b5b557f/serde_core-1.0.228/src/ser/mod.rs:234:1
[INFO] [stdout]     |
[INFO] [stdout] 234 | pub trait Serialize {
[INFO] [stdout]     | ^^^^^^^^^^^^^^^^^^^
[INFO] [stdout] 
[INFO] [stdout] 
[INFO] [stdout] error[E0277]: the trait bound `Cart: serde::Serialize` is not satisfied
[INFO] [stdout]    --> src/store.rs:392:28
[INFO] [stdout]     |
[INFO] [stdout] 392 |             cookie_store::<Cart, _>(&malformed, "cart")
[INFO] [stdout]     |                            ^^^^ unsatisfied trait bound
[INFO] [stdout]     |
[INFO] [stdout] help: the trait `Serialize` is not implemented for `Cart`
[INFO] [stdout]    --> src/store.rs:302:5
[INFO] [stdout]     |
[INFO] [stdout] 302 |     struct Cart {
[INFO] [stdout]     |     ^^^^^^^^^^^
[INFO] [stdout]     = note: for local types consider adding `#[derive(serde::Serialize)]` to your `Cart` type
[INFO] [stdout]     = note: for types from other crates check whether the crate offers a `serde` feature flag
[INFO] [stdout]     = help: the following other types implement trait `Serialize`:
[INFO] [stdout]               &'a T
[INFO] [stdout]               &'a mut T
[INFO] [stdout]               ()
[INFO] [stdout]               (T,)
[INFO] [stdout]               (T0, T1)
[INFO] [stdout]               (T0, T1, T2)
[INFO] [stdout]               (T0, T1, T2, T3)
[INFO] [stdout]               (T0, T1, T2, T3, T4)
[INFO] [stdout]             and 129 others
[INFO] [stdout] note: required by a bound in `store::cookie_store`
[INFO] [stdout]    --> src/store.rs:284:8
[INFO] [stdout]     |
[INFO] [stdout] 282 | pub fn cookie_store<T, J>(jar: J, key: impl Into<Cow<'static, str>>) -> UnparsedCookieStore<T, J>
[INFO] [stdout] 283 | where
[INFO] [stdout] 284 |     T: Serialize + DeserializeOwned,
[INFO] [stdout]     |        ^^^^^^^^^ required by this bound in `cookie_store`
[INFO] [stdout] 
[INFO] [stdout] 
[INFO] [stdout] error[E0277]: the trait bound `Cart: serde::de::DeserializeOwned` is not satisfied
[INFO] [stdout]    --> src/store.rs:392:28
[INFO] [stdout]     |
[INFO] [stdout] 392 |             cookie_store::<Cart, _>(&malformed, "cart")
[INFO] [stdout]     |                            ^^^^ unsatisfied trait bound
[INFO] [stdout]     |
[INFO] [stdout] help: the trait `for<'de> Deserialize<'de>` is not implemented for `Cart`
[INFO] [stdout]    --> src/store.rs:302:5
[INFO] [stdout]     |
[INFO] [stdout] 302 |     struct Cart {
[INFO] [stdout]     |     ^^^^^^^^^^^
[INFO] [stdout]     = help: the following other types implement trait `Deserialize<'de>`:
[INFO] [stdout]               &'a Path
[INFO] [stdout]               &'a [u8]
[INFO] [stdout]               &'a str
[INFO] [stdout]               ()
[INFO] [stdout]               (T,)
[INFO] [stdout]               (T0, T1)
[INFO] [stdout]               (T0, T1, T2)
[INFO] [stdout]               (T0, T1, T2, T3)
[INFO] [stdout]             and 141 others
[INFO] [stdout]     = note: required for `Cart` to implement `DeserializeOwned`
[INFO] [stdout] note: required by a bound in `store::cookie_store`
[INFO] [stdout]    --> src/store.rs:284:20
[INFO] [stdout]     |
[INFO] [stdout] 282 | pub fn cookie_store<T, J>(jar: J, key: impl Into<Cow<'static, str>>) -> UnparsedCookieStore<T, J>
[INFO] [stdout] 283 | where
[INFO] [stdout] 284 |     T: Serialize + DeserializeOwned,
[INFO] [stdout]     |                    ^^^^^^^^^^^^^^^^ required by this bound in `cookie_store`
[INFO] [stdout] 
[INFO] [stdout] 
[INFO] [stdout] error[E0599]: the method `parse_or_default` exists for struct `UnparsedCookieStore<Cart, &MockJar>`, but its trait bounds were not satisfied
[INFO] [stdout]    --> src/store.rs:393:18
[INFO] [stdout]     |
[INFO] [stdout] 157 | pub struct UnparsedCookieStore<T, J> {
[INFO] [stdout]     | ------------------------------------ method `parse_or_default` not found for this struct
[INFO] [stdout] ...
[INFO] [stdout] 302 |     struct Cart {
[INFO] [stdout]     |     ----------- doesn't satisfy `Cart: Deserialize<'de>`, `Cart: DeserializeOwned` or `Cart: Serialize`
[INFO] [stdout] ...
[INFO] [stdout] 392 |             cookie_store::<Cart, _>(&malformed, "cart")
[INFO] [stdout] 393 |                 .parse_or_default()
[INFO] [stdout]     |                  ^^^^^^^^^^^^^^^^ method cannot be called on `UnparsedCookieStore<Cart, &MockJar>` due to unsatisfied trait bounds
[INFO] [stdout]     |
[INFO] [stdout] note: trait bound `Cart: Serialize` was not satisfied
[INFO] [stdout]    --> src/store.rs:165:8
[INFO] [stdout]     |
[INFO] [stdout] 163 | impl<T, J> UnparsedCookieStore<T, J>
[INFO] [stdout]     |            -------------------------
[INFO] [stdout] 164 | where
[INFO] [stdout] 165 |     T: Serialize + DeserializeOwned,
[INFO] [stdout]     |        ^^^^^^^^^ unsatisfied trait bound introduced here
[INFO] [stdout]     = note: the following trait bounds were not satisfied:
[INFO] [stdout]             `Cart: Deserialize<'de>`
[INFO] [stdout]             which is required by `Cart: DeserializeOwned`
[INFO] [stdout] note: the trait `Serialize` must be implemented
[INFO] [stdout]    --> /opt/rustwide/cargo-home/registry/src/index.crates.io-1949cf8c6b5b557f/serde_core-1.0.228/src/ser/mod.rs:234:1
[INFO] [stdout]     |
[INFO] [stdout] 234 | pub trait Serialize {
[INFO] [stdout]     | ^^^^^^^^^^^^^^^^^^^
[INFO] [stdout] 
[INFO] [stdout] 
[INFO] [stdout] error[E0277]: the trait bound `Cart: serde::Serialize` is not satisfied
[INFO] [stdout]    --> src/store.rs:402:41
[INFO] [stdout]     |
[INFO] [stdout] 402 |         let from_value = cookie_store::<Cart, _>(&jar, "cart").parse_or(Cart {
[INFO] [stdout]     |                                         ^^^^ unsatisfied trait bound
[INFO] [stdout]     |
[INFO] [stdout] help: the trait `Serialize` is not implemented for `Cart`
[INFO] [stdout]    --> src/store.rs:302:5
[INFO] [stdout]     |
[INFO] [stdout] 302 |     struct Cart {
[INFO] [stdout]     |     ^^^^^^^^^^^
[INFO] [stdout]     = note: for local types consider adding `#[derive(serde::Serialize)]` to your `Cart` type
[INFO] [stdout]     = note: for types from other crates check whether the crate offers a `serde` feature flag
[INFO] [stdout]     = help: the following other types implement trait `Serialize`:
[INFO] [stdout]               &'a T
[INFO] [stdout]               &'a mut T
[INFO] [stdout]               ()
[INFO] [stdout]               (T,)
[INFO] [stdout]               (T0, T1)
[INFO] [stdout]               (T0, T1, T2)
[INFO] [stdout]               (T0, T1, T2, T3)
[INFO] [stdout]               (T0, T1, T2, T3, T4)
[INFO] [stdout]             and 129 others
[INFO] [stdout] note: required by a bound in `store::cookie_store`
[INFO] [stdout]    --> src/store.rs:284:8
[INFO] [stdout]     |
[INFO] [stdout] 282 | pub fn cookie_store<T, J>(jar: J, key: impl Into<Cow<'static, str>>) -> UnparsedCookieStore<T, J>
[INFO] [stdout] 283 | where
[INFO] [stdout] 284 |     T: Serialize + DeserializeOwned,
[INFO] [stdout]     |        ^^^^^^^^^ required by this bound in `cookie_store`
[INFO] [stdout] 
[INFO] [stdout] 
[INFO] [stdout] error[E0277]: the trait bound `Cart: serde::de::DeserializeOwned` is not satisfied
[INFO] [stdout]    --> src/store.rs:402:41
[INFO] [stdout]     |
[INFO] [stdout] 402 |         let from_value = cookie_store::<Cart, _>(&jar, "cart").parse_or(Cart {
[INFO] [stdout]     |                                         ^^^^ unsatisfied trait bound
[INFO] [stdout]     |
[INFO] [stdout] help: the trait `for<'de> Deserialize<'de>` is not implemented for `Cart`
[INFO] [stdout]    --> src/store.rs:302:5
[INFO] [stdout]     |
[INFO] [stdout] 302 |     struct Cart {
[INFO] [stdout]     |     ^^^^^^^^^^^
[INFO] [stdout]     = help: the following other types implement trait `Deserialize<'de>`:
[INFO] [stdout]               &'a Path
[INFO] [stdout]               &'a [u8]
[INFO] [stdout]               &'a str
[INFO] [stdout]               ()
[INFO] [stdout]               (T,)
[INFO] [stdout]               (T0, T1)
[INFO] [stdout]               (T0, T1, T2)
[INFO] [stdout]               (T0, T1, T2, T3)
[INFO] [stdout]             and 141 others
[INFO] [stdout]     = note: required for `Cart` to implement `DeserializeOwned`
[INFO] [stdout] note: required by a bound in `store::cookie_store`
[INFO] [stdout]    --> src/store.rs:284:20
[INFO] [stdout]     |
[INFO] [stdout] 282 | pub fn cookie_store<T, J>(jar: J, key: impl Into<Cow<'static, str>>) -> UnparsedCookieStore<T, J>
[INFO] [stdout] 283 | where
[INFO] [stdout] 284 |     T: Serialize + DeserializeOwned,
[INFO] [stdout]     |                    ^^^^^^^^^^^^^^^^ required by this bound in `cookie_store`
[INFO] [stdout] 
[INFO] [stdout] 
[INFO] [stdout] error[E0599]: the method `parse_or` exists for struct `UnparsedCookieStore<Cart, &MockJar>`, but its trait bounds were not satisfied
[INFO] [stdout]    --> src/store.rs:402:64
[INFO] [stdout]     |
[INFO] [stdout] 157 | pub struct UnparsedCookieStore<T, J> {
[INFO] [stdout]     | ------------------------------------ method `parse_or` not found for this struct
[INFO] [stdout] ...
[INFO] [stdout] 302 |     struct Cart {
[INFO] [stdout]     |     ----------- doesn't satisfy `Cart: Deserialize<'de>`, `Cart: DeserializeOwned` or `Cart: Serialize`
[INFO] [stdout] ...
[INFO] [stdout] 402 |         let from_value = cookie_store::<Cart, _>(&jar, "cart").parse_or(Cart {
[INFO] [stdout]     |                                                                ^^^^^^^^ method cannot be called on `UnparsedCookieStore<Cart, &MockJar>` due to unsatisfied trait bounds
[INFO] [stdout]     |
[INFO] [stdout] note: trait bound `Cart: Serialize` was not satisfied
[INFO] [stdout]    --> src/store.rs:165:8
[INFO] [stdout]     |
[INFO] [stdout] 163 | impl<T, J> UnparsedCookieStore<T, J>
[INFO] [stdout]     |            -------------------------
[INFO] [stdout] 164 | where
[INFO] [stdout] 165 |     T: Serialize + DeserializeOwned,
[INFO] [stdout]     |        ^^^^^^^^^ unsatisfied trait bound introduced here
[INFO] [stdout]     = note: the following trait bounds were not satisfied:
[INFO] [stdout]             `Cart: Deserialize<'de>`
[INFO] [stdout]             which is required by `Cart: DeserializeOwned`
[INFO] [stdout] note: the trait `Serialize` must be implemented
[INFO] [stdout]    --> /opt/rustwide/cargo-home/registry/src/index.crates.io-1949cf8c6b5b557f/serde_core-1.0.228/src/ser/mod.rs:234:1
[INFO] [stdout]     |
[INFO] [stdout] 234 | pub trait Serialize {
[INFO] [stdout]     | ^^^^^^^^^^^^^^^^^^^
[INFO] [stdout] 
[INFO] [stdout] 
[INFO] [stdout] error[E0277]: the trait bound `Cart: serde::Serialize` is not satisfied
[INFO] [stdout]    --> src/store.rs:407:43
[INFO] [stdout]     |
[INFO] [stdout] 407 |         let from_closure = cookie_store::<Cart, _>(&jar, "cart").parse_or_else(|| Cart {
[INFO] [stdout]     |                                           ^^^^ unsatisfied trait bound
[INFO] [stdout]     |
[INFO] [stdout] help: the trait `Serialize` is not implemented for `Cart`
[INFO] [stdout]    --> src/store.rs:302:5
[INFO] [stdout]     |
[INFO] [stdout] 302 |     struct Cart {
[INFO] [stdout]     |     ^^^^^^^^^^^
[INFO] [stdout]     = note: for local types consider adding `#[derive(serde::Serialize)]` to your `Cart` type
[INFO] [stdout]     = note: for types from other crates check whether the crate offers a `serde` feature flag
[INFO] [stdout]     = help: the following other types implement trait `Serialize`:
[INFO] [stdout]               &'a T
[INFO] [stdout]               &'a mut T
[INFO] [stdout]               ()
[INFO] [stdout]               (T,)
[INFO] [stdout]               (T0, T1)
[INFO] [stdout]               (T0, T1, T2)
[INFO] [stdout]               (T0, T1, T2, T3)
[INFO] [stdout]               (T0, T1, T2, T3, T4)
[INFO] [stdout]             and 129 others
[INFO] [stdout] note: required by a bound in `store::cookie_store`
[INFO] [stdout]    --> src/store.rs:284:8
[INFO] [stdout]     |
[INFO] [stdout] 282 | pub fn cookie_store<T, J>(jar: J, key: impl Into<Cow<'static, str>>) -> UnparsedCookieStore<T, J>
[INFO] [stdout] 283 | where
[INFO] [stdout] 284 |     T: Serialize + DeserializeOwned,
[INFO] [stdout]     |        ^^^^^^^^^ required by this bound in `cookie_store`
[INFO] [stdout] 
[INFO] [stdout] 
[INFO] [stdout] error[E0277]: the trait bound `Cart: serde::de::DeserializeOwned` is not satisfied
[INFO] [stdout]    --> src/store.rs:407:43
[INFO] [stdout]     |
[INFO] [stdout] 407 |         let from_closure = cookie_store::<Cart, _>(&jar, "cart").parse_or_else(|| Cart {
[INFO] [stdout]     |                                           ^^^^ unsatisfied trait bound
[INFO] [stdout]     |
[INFO] [stdout] help: the trait `for<'de> Deserialize<'de>` is not implemented for `Cart`
[INFO] [stdout]    --> src/store.rs:302:5
[INFO] [stdout]     |
[INFO] [stdout] 302 |     struct Cart {
[INFO] [stdout]     |     ^^^^^^^^^^^
[INFO] [stdout]     = help: the following other types implement trait `Deserialize<'de>`:
[INFO] [stdout]               &'a Path
[INFO] [stdout]               &'a [u8]
[INFO] [stdout]               &'a str
[INFO] [stdout]               ()
[INFO] [stdout]               (T,)
[INFO] [stdout]               (T0, T1)
[INFO] [stdout]               (T0, T1, T2)
[INFO] [stdout]               (T0, T1, T2, T3)
[INFO] [stdout]             and 141 others
[INFO] [stdout]     = note: required for `Cart` to implement `DeserializeOwned`
[INFO] [stdout] note: required by a bound in `store::cookie_store`
[INFO] [stdout]    --> src/store.rs:284:20
[INFO] [stdout]     |
[INFO] [stdout] 282 | pub fn cookie_store<T, J>(jar: J, key: impl Into<Cow<'static, str>>) -> UnparsedCookieStore<T, J>
[INFO] [stdout] 283 | where
[INFO] [stdout] 284 |     T: Serialize + DeserializeOwned,
[INFO] [stdout]     |                    ^^^^^^^^^^^^^^^^ required by this bound in `cookie_store`
[INFO] [stdout] 
[INFO] [stdout] 
[INFO] [stdout] error[E0599]: the method `parse_or_else` exists for struct `UnparsedCookieStore<Cart, &MockJar>`, but its trait bounds were not satisfied
[INFO] [stdout]    --> src/store.rs:407:66
[INFO] [stdout]     |
[INFO] [stdout] 157 | pub struct UnparsedCookieStore<T, J> {
[INFO] [stdout]     | ------------------------------------ method `parse_or_else` not found for this struct
[INFO] [stdout] ...
[INFO] [stdout] 302 |     struct Cart {
[INFO] [stdout]     |     ----------- doesn't satisfy `Cart: Deserialize<'de>`, `Cart: DeserializeOwned` or `Cart: Serialize`
[INFO] [stdout] ...
[INFO] [stdout] 407 |         let from_closure = cookie_store::<Cart, _>(&jar, "cart").parse_or_else(|| Cart {
[INFO] [stdout]     |                                                                  ^^^^^^^^^^^^^ method cannot be called on `UnparsedCookieStore<Cart, &MockJar>` due to unsatisfied trait bounds
[INFO] [stdout]     |
[INFO] [stdout] note: trait bound `Cart: Serialize` was not satisfied
[INFO] [stdout]    --> src/store.rs:165:8
[INFO] [stdout]     |
[INFO] [stdout] 163 | impl<T, J> UnparsedCookieStore<T, J>
[INFO] [stdout]     |            -------------------------
[INFO] [stdout] 164 | where
[INFO] [stdout] 165 |     T: Serialize + DeserializeOwned,
[INFO] [stdout]     |        ^^^^^^^^^ unsatisfied trait bound introduced here
[INFO] [stdout]     = note: the following trait bounds were not satisfied:
[INFO] [stdout]             `Cart: Deserialize<'de>`
[INFO] [stdout]             which is required by `Cart: DeserializeOwned`
[INFO] [stdout] note: the trait `Serialize` must be implemented
[INFO] [stdout]    --> /opt/rustwide/cargo-home/registry/src/index.crates.io-1949cf8c6b5b557f/serde_core-1.0.228/src/ser/mod.rs:234:1
[INFO] [stdout]     |
[INFO] [stdout] 234 | pub trait Serialize {
[INFO] [stdout]     | ^^^^^^^^^^^^^^^^^^^
[INFO] [stdout] 
[INFO] [stdout] 
[INFO] [stdout] error[E0277]: the trait bound `Cart: serde::Serialize` is not satisfied
[INFO] [stdout]    --> src/store.rs:416:35
[INFO] [stdout]     |
[INFO] [stdout] 416 |         let cart = cookie_store::<Cart, _>(&jar, "cart")
[INFO] [stdout]     |                                   ^^^^ unsatisfied trait bound
[INFO] [stdout]     |
[INFO] [stdout] help: the trait `Serialize` is not implemented for `Cart`
[INFO] [stdout]    --> src/store.rs:302:5
[INFO] [stdout]     |
[INFO] [stdout] 302 |     struct Cart {
[INFO] [stdout]     |     ^^^^^^^^^^^
[INFO] [stdout]     = note: for local types consider adding `#[derive(serde::Serialize)]` to your `Cart` type
[INFO] [stdout]     = note: for types from other crates check whether the crate offers a `serde` feature flag
[INFO] [stdout]     = help: the following other types implement trait `Serialize`:
[INFO] [stdout]               &'a T
[INFO] [stdout]               &'a mut T
[INFO] [stdout]               ()
[INFO] [stdout]               (T,)
[INFO] [stdout]               (T0, T1)
[INFO] [stdout]               (T0, T1, T2)
[INFO] [stdout]               (T0, T1, T2, T3)
[INFO] [stdout]               (T0, T1, T2, T3, T4)
[INFO] [stdout]             and 129 others
[INFO] [stdout] note: required by a bound in `store::cookie_store`
[INFO] [stdout]    --> src/store.rs:284:8
[INFO] [stdout]     |
[INFO] [stdout] 282 | pub fn cookie_store<T, J>(jar: J, key: impl Into<Cow<'static, str>>) -> UnparsedCookieStore<T, J>
[INFO] [stdout] 283 | where
[INFO] [stdout] 284 |     T: Serialize + DeserializeOwned,
[INFO] [stdout]     |        ^^^^^^^^^ required by this bound in `cookie_store`
[INFO] [stdout] 
[INFO] [stdout] 
[INFO] [stdout] error[E0277]: the trait bound `Cart: serde::de::DeserializeOwned` is not satisfied
[INFO] [stdout]    --> src/store.rs:416:35
[INFO] [stdout]     |
[INFO] [stdout] 416 |         let cart = cookie_store::<Cart, _>(&jar, "cart")
[INFO] [stdout]     |                                   ^^^^ unsatisfied trait bound
[INFO] [stdout]     |
[INFO] [stdout] help: the trait `for<'de> Deserialize<'de>` is not implemented for `Cart`
[INFO] [stdout]    --> src/store.rs:302:5
[INFO] [stdout]     |
[INFO] [stdout] 302 |     struct Cart {
[INFO] [stdout]     |     ^^^^^^^^^^^
[INFO] [stdout]     = help: the following other types implement trait `Deserialize<'de>`:
[INFO] [stdout]               &'a Path
[INFO] [stdout]               &'a [u8]
[INFO] [stdout]               &'a str
[INFO] [stdout]               ()
[INFO] [stdout]               (T,)
[INFO] [stdout]               (T0, T1)
[INFO] [stdout]               (T0, T1, T2)
[INFO] [stdout]               (T0, T1, T2, T3)
[INFO] [stdout]             and 141 others
[INFO] [stdout]     = note: required for `Cart` to implement `DeserializeOwned`
[INFO] [stdout] note: required by a bound in `store::cookie_store`
[INFO] [stdout]    --> src/store.rs:284:20
[INFO] [stdout]     |
[INFO] [stdout] 282 | pub fn cookie_store<T, J>(jar: J, key: impl Into<Cow<'static, str>>) -> UnparsedCookieStore<T, J>
[INFO] [stdout] 283 | where
[INFO] [stdout] 284 |     T: Serialize + DeserializeOwned,
[INFO] [stdout]     |                    ^^^^^^^^^^^^^^^^ required by this bound in `cookie_store`
[INFO] [stdout] 
[INFO] [stdout] 
[INFO] [stdout] error[E0599]: the method `parse_or_default` exists for struct `UnparsedCookieStore<Cart, &MockJar>`, but its trait bounds were not satisfied
[INFO] [stdout]    --> src/store.rs:417:14
[INFO] [stdout]     |
[INFO] [stdout] 157 | pub struct UnparsedCookieStore<T, J> {
[INFO] [stdout]     | ------------------------------------ method `parse_or_default` not found for this struct
[INFO] [stdout] ...
[INFO] [stdout] 302 |     struct Cart {
[INFO] [stdout]     |     ----------- doesn't satisfy `Cart: Deserialize<'de>`, `Cart: DeserializeOwned` or `Cart: Serialize`
[INFO] [stdout] ...
[INFO] [stdout] 416 |         let cart = cookie_store::<Cart, _>(&jar, "cart")
[INFO] [stdout] 417 |             .parse_or_default()
[INFO] [stdout]     |              ^^^^^^^^^^^^^^^^ method cannot be called on `UnparsedCookieStore<Cart, &MockJar>` due to unsatisfied trait bounds
[INFO] [stdout]     |
[INFO] [stdout] note: trait bound `Cart: Serialize` was not satisfied
[INFO] [stdout]    --> src/store.rs:165:8
[INFO] [stdout]     |
[INFO] [stdout] 163 | impl<T, J> UnparsedCookieStore<T, J>
[INFO] [stdout]     |            -------------------------
[INFO] [stdout] 164 | where
[INFO] [stdout] 165 |     T: Serialize + DeserializeOwned,
[INFO] [stdout]     |        ^^^^^^^^^ unsatisfied trait bound introduced here
[INFO] [stdout]     = note: the following trait bounds were not satisfied:
[INFO] [stdout]             `Cart: Deserialize<'de>`
[INFO] [stdout]             which is required by `Cart: DeserializeOwned`
[INFO] [stdout] note: the trait `Serialize` must be implemented
[INFO] [stdout]    --> /opt/rustwide/cargo-home/registry/src/index.crates.io-1949cf8c6b5b557f/serde_core-1.0.228/src/ser/mod.rs:234:1
[INFO] [stdout]     |
[INFO] [stdout] 234 | pub trait Serialize {
[INFO] [stdout]     | ^^^^^^^^^^^^^^^^^^^
[INFO] [stdout] 
[INFO] [stdout] 
[INFO] [stdout] error[E0277]: the trait bound `Cart: serde::Serialize` is not satisfied
[INFO] [stdout]    --> src/store.rs:435:36
[INFO] [stdout]     |
[INFO] [stdout] 435 |         let store = cookie_store::<Cart, _>(&jar, "cart").parse_or_default();
[INFO] [stdout]     |                                    ^^^^ unsatisfied trait bound
[INFO] [stdout]     |
[INFO] [stdout] help: the trait `Serialize` is not implemented for `Cart`
[INFO] [stdout]    --> src/store.rs:302:5
[INFO] [stdout]     |
[INFO] [stdout] 302 |     struct Cart {
[INFO] [stdout]     |     ^^^^^^^^^^^
[INFO] [stdout]     = note: for local types consider adding `#[derive(serde::Serialize)]` to your `Cart` type
[INFO] [stdout]     = note: for types from other crates check whether the crate offers a `serde` feature flag
[INFO] [stdout]     = help: the following other types implement trait `Serialize`:
[INFO] [stdout]               &'a T
[INFO] [stdout]               &'a mut T
[INFO] [stdout]               ()
[INFO] [stdout]               (T,)
[INFO] [stdout]               (T0, T1)
[INFO] [stdout]               (T0, T1, T2)
[INFO] [stdout]               (T0, T1, T2, T3)
[INFO] [stdout]               (T0, T1, T2, T3, T4)
[INFO] [stdout]             and 129 others
[INFO] [stdout] note: required by a bound in `store::cookie_store`
[INFO] [stdout]    --> src/store.rs:284:8
[INFO] [stdout]     |
[INFO] [stdout] 282 | pub fn cookie_store<T, J>(jar: J, key: impl Into<Cow<'static, str>>) -> UnparsedCookieStore<T, J>
[INFO] [stdout] 283 | where
[INFO] [stdout] 284 |     T: Serialize + DeserializeOwned,
[INFO] [stdout]     |        ^^^^^^^^^ required by this bound in `cookie_store`
[INFO] [stdout] 
[INFO] [stdout] 
[INFO] [stdout] error[E0277]: the trait bound `Cart: serde::de::DeserializeOwned` is not satisfied
[INFO] [stdout]    --> src/store.rs:435:36
[INFO] [stdout]     |
[INFO] [stdout] 435 |         let store = cookie_store::<Cart, _>(&jar, "cart").parse_or_default();
[INFO] [stdout]     |                                    ^^^^ unsatisfied trait bound
[INFO] [stdout]     |
[INFO] [stdout] help: the trait `for<'de> Deserialize<'de>` is not implemented for `Cart`
[INFO] [stdout]    --> src/store.rs:302:5
[INFO] [stdout]     |
[INFO] [stdout] 302 |     struct Cart {
[INFO] [stdout]     |     ^^^^^^^^^^^
[INFO] [stdout]     = help: the following other types implement trait `Deserialize<'de>`:
[INFO] [stdout]               &'a Path
[INFO] [stdout]               &'a [u8]
[INFO] [stdout]               &'a str
[INFO] [stdout]               ()
[INFO] [stdout]               (T,)
[INFO] [stdout]               (T0, T1)
[INFO] [stdout]               (T0, T1, T2)
[INFO] [stdout]               (T0, T1, T2, T3)
[INFO] [stdout]             and 141 others
[INFO] [stdout]     = note: required for `Cart` to implement `DeserializeOwned`
[INFO] [stdout] note: required by a bound in `store::cookie_store`
[INFO] [stdout]    --> src/store.rs:284:20
[INFO] [stdout]     |
[INFO] [stdout] 282 | pub fn cookie_store<T, J>(jar: J, key: impl Into<Cow<'static, str>>) -> UnparsedCookieStore<T, J>
[INFO] [stdout] 283 | where
[INFO] [stdout] 284 |     T: Serialize + DeserializeOwned,
[INFO] [stdout]     |                    ^^^^^^^^^^^^^^^^ required by this bound in `cookie_store`
[INFO] [stdout] 
[INFO] [stdout] 
[INFO] [stdout] error[E0599]: the method `parse_or_default` exists for struct `UnparsedCookieStore<Cart, &MockJar>`, but its trait bounds were not satisfied
[INFO] [stdout]    --> src/store.rs:435:59
[INFO] [stdout]     |
[INFO] [stdout] 157 | pub struct UnparsedCookieStore<T, J> {
[INFO] [stdout]     | ------------------------------------ method `parse_or_default` not found for this struct
[INFO] [stdout] ...
[INFO] [stdout] 302 |     struct Cart {
[INFO] [stdout]     |     ----------- doesn't satisfy `Cart: Deserialize<'de>`, `Cart: DeserializeOwned` or `Cart: Serialize`
[INFO] [stdout] ...
[INFO] [stdout] 435 |         let store = cookie_store::<Cart, _>(&jar, "cart").parse_or_default();
[INFO] [stdout]     |                                                           ^^^^^^^^^^^^^^^^ method cannot be called on `UnparsedCookieStore<Cart, &MockJar>` due to unsatisfied trait bounds
[INFO] [stdout]     |
[INFO] [stdout] note: trait bound `Cart: Serialize` was not satisfied
[INFO] [stdout]    --> src/store.rs:165:8
[INFO] [stdout]     |
[INFO] [stdout] 163 | impl<T, J> UnparsedCookieStore<T, J>
[INFO] [stdout]     |            -------------------------
[INFO] [stdout] 164 | where
[INFO] [stdout] 165 |     T: Serialize + DeserializeOwned,
[INFO] [stdout]     |        ^^^^^^^^^ unsatisfied trait bound introduced here
[INFO] [stdout]     = note: the following trait bounds were not satisfied:
[INFO] [stdout]             `Cart: Deserialize<'de>`
[INFO] [stdout]             which is required by `Cart: DeserializeOwned`
[INFO] [stdout] note: the trait `Serialize` must be implemented
[INFO] [stdout]    --> /opt/rustwide/cargo-home/registry/src/index.crates.io-1949cf8c6b5b557f/serde_core-1.0.228/src/ser/mod.rs:234:1
[INFO] [stdout]     |
[INFO] [stdout] 234 | pub trait Serialize {
[INFO] [stdout]     | ^^^^^^^^^^^^^^^^^^^
[INFO] [stdout] 
[INFO] [stdout] 
[INFO] [stdout] error[E0277]: the trait bound `Cart: serde::Serialize` is not satisfied
[INFO] [stdout]    --> src/store.rs:444:32
[INFO] [stdout]     |
[INFO] [stdout] 444 |         let _ = cookie_store::<Cart, _>(&jar, "cart")
[INFO] [stdout]     |                                ^^^^ unsatisfied trait bound
[INFO] [stdout]     |
[INFO] [stdout] help: the trait `Serialize` is not implemented for `Cart`
[INFO] [stdout]    --> src/store.rs:302:5
[INFO] [stdout]     |
[INFO] [stdout] 302 |     struct Cart {
[INFO] [stdout]     |     ^^^^^^^^^^^
[INFO] [stdout]     = note: for local types consider adding `#[derive(serde::Serialize)]` to your `Cart` type
[INFO] [stdout]     = note: for types from other crates check whether the crate offers a `serde` feature flag
[INFO] [stdout]     = help: the following other types implement trait `Serialize`:
[INFO] [stdout]               &'a T
[INFO] [stdout]               &'a mut T
[INFO] [stdout]               ()
[INFO] [stdout]               (T,)
[INFO] [stdout]               (T0, T1)
[INFO] [stdout]               (T0, T1, T2)
[INFO] [stdout]               (T0, T1, T2, T3)
[INFO] [stdout]               (T0, T1, T2, T3, T4)
[INFO] [stdout]             and 129 others
[INFO] [stdout] note: required by a bound in `store::cookie_store`
[INFO] [stdout]    --> src/store.rs:284:8
[INFO] [stdout]     |
[INFO] [stdout] 282 | pub fn cookie_store<T, J>(jar: J, key: impl Into<Cow<'static, str>>) -> UnparsedCookieStore<T, J>
[INFO] [stdout] 283 | where
[INFO] [stdout] 284 |     T: Serialize + DeserializeOwned,
[INFO] [stdout]     |        ^^^^^^^^^ required by this bound in `cookie_store`
[INFO] [stdout] 
[INFO] [stdout] 
[INFO] [stdout] error[E0277]: the trait bound `Cart: serde::de::DeserializeOwned` is not satisfied
[INFO] [stdout]    --> src/store.rs:444:32
[INFO] [stdout]     |
[INFO] [stdout] 444 |         let _ = cookie_store::<Cart, _>(&jar, "cart")
[INFO] [stdout]     |                                ^^^^ unsatisfied trait bound
[INFO] [stdout]     |
[INFO] [stdout] help: the trait `for<'de> Deserialize<'de>` is not implemented for `Cart`
[INFO] [stdout]    --> src/store.rs:302:5
[INFO] [stdout]     |
[INFO] [stdout] 302 |     struct Cart {
[INFO] [stdout]     |     ^^^^^^^^^^^
[INFO] [stdout]     = help: the following other types implement trait `Deserialize<'de>`:
[INFO] [stdout]               &'a Path
[INFO] [stdout]               &'a [u8]
[INFO] [stdout]               &'a str
[INFO] [stdout]               ()
[INFO] [stdout]               (T,)
[INFO] [stdout]               (T0, T1)
[INFO] [stdout]               (T0, T1, T2)
[INFO] [stdout]               (T0, T1, T2, T3)
[INFO] [stdout]             and 141 others
[INFO] [stdout]     = note: required for `Cart` to implement `DeserializeOwned`
[INFO] [stdout] note: required by a bound in `store::cookie_store`
[INFO] [stdout]    --> src/store.rs:284:20
[INFO] [stdout]     |
[INFO] [stdout] 282 | pub fn cookie_store<T, J>(jar: J, key: impl Into<Cow<'static, str>>) -> UnparsedCookieStore<T, J>
[INFO] [stdout] 283 | where
[INFO] [stdout] 284 |     T: Serialize + DeserializeOwned,
[INFO] [stdout]     |                    ^^^^^^^^^^^^^^^^ required by this bound in `cookie_store`
[INFO] [stdout] 
[INFO] [stdout] 
[INFO] [stdout] error[E0599]: the method `parse_or_default` exists for struct `UnparsedCookieStore<Cart, &MockJar>`, but its trait bounds were not satisfied
[INFO] [stdout]    --> src/store.rs:445:14
[INFO] [stdout]     |
[INFO] [stdout] 157 | pub struct UnparsedCookieStore<T, J> {
[INFO] [stdout]     | ------------------------------------ method `parse_or_default` not found for this struct
[INFO] [stdout] ...
[INFO] [stdout] 302 |     struct Cart {
[INFO] [stdout]     |     ----------- doesn't satisfy `Cart: Deserialize<'de>`, `Cart: DeserializeOwned` or `Cart: Serialize`
[INFO] [stdout] ...
[INFO] [stdout] 444 |         let _ = cookie_store::<Cart, _>(&jar, "cart")
[INFO] [stdout] 445 |             .parse_or_default()
[INFO] [stdout]     |              ^^^^^^^^^^^^^^^^ method cannot be called on `UnparsedCookieStore<Cart, &MockJar>` due to unsatisfied trait bounds
[INFO] [stdout]     |
[INFO] [stdout] note: trait bound `Cart: Serialize` was not satisfied
[INFO] [stdout]    --> src/store.rs:165:8
[INFO] [stdout]     |
[INFO] [stdout] 163 | impl<T, J> UnparsedCookieStore<T, J>
[INFO] [stdout]     |            -------------------------
[INFO] [stdout] 164 | where
[INFO] [stdout] 165 |     T: Serialize + DeserializeOwned,
[INFO] [stdout]     |        ^^^^^^^^^ unsatisfied trait bound introduced here
[INFO] [stdout]     = note: the following trait bounds were not satisfied:
[INFO] [stdout]             `Cart: Deserialize<'de>`
[INFO] [stdout]             which is required by `Cart: DeserializeOwned`
[INFO] [stdout] note: the trait `Serialize` must be implemented
[INFO] [stdout]    --> /opt/rustwide/cargo-home/registry/src/index.crates.io-1949cf8c6b5b557f/serde_core-1.0.228/src/ser/mod.rs:234:1
[INFO] [stdout]     |
[INFO] [stdout] 234 | pub trait Serialize {
[INFO] [stdout]     | ^^^^^^^^^^^^^^^^^^^
[INFO] [stdout] 
[INFO] [stdout] 
[INFO] [stdout] error[E0277]: the trait bound `Cart: serde::Serialize` is not satisfied
[INFO] [stdout]    --> src/store.rs:454:24
[INFO] [stdout]     |
[INFO] [stdout] 454 |         cookie_store::<Cart, _>(&jar, "cart")
[INFO] [stdout]     |                        ^^^^ unsatisfied trait bound
[INFO] [stdout]     |
[INFO] [stdout] help: the trait `Serialize` is not implemented for `Cart`
[INFO] [stdout]    --> src/store.rs:302:5
[INFO] [stdout]     |
[INFO] [stdout] 302 |     struct Cart {
[INFO] [stdout]     |     ^^^^^^^^^^^
[INFO] [stdout]     = note: for local types consider adding `#[derive(serde::Serialize)]` to your `Cart` type
[INFO] [stdout]     = note: for types from other crates check whether the crate offers a `serde` feature flag
[INFO] [stdout]     = help: the following other types implement trait `Serialize`:
[INFO] [stdout]               &'a T
[INFO] [stdout]               &'a mut T
[INFO] [stdout]               ()
[INFO] [stdout]               (T,)
[INFO] [stdout]               (T0, T1)
[INFO] [stdout]               (T0, T1, T2)
[INFO] [stdout]               (T0, T1, T2, T3)
[INFO] [stdout]               (T0, T1, T2, T3, T4)
[INFO] [stdout]             and 129 others
[INFO] [stdout] note: required by a bound in `store::cookie_store`
[INFO] [stdout]    --> src/store.rs:284:8
[INFO] [stdout]     |
[INFO] [stdout] 282 | pub fn cookie_store<T, J>(jar: J, key: impl Into<Cow<'static, str>>) -> UnparsedCookieStore<T, J>
[INFO] [stdout] 283 | where
[INFO] [stdout] 284 |     T: Serialize + DeserializeOwned,
[INFO] [stdout]     |        ^^^^^^^^^ required by this bound in `cookie_store`
[INFO] [stdout] 
[INFO] [stdout] 
[INFO] [stdout] error[E0277]: the trait bound `Cart: serde::de::DeserializeOwned` is not satisfied
[INFO] [stdout]    --> src/store.rs:454:24
[INFO] [stdout]     |
[INFO] [stdout] 454 |         cookie_store::<Cart, _>(&jar, "cart")
[INFO] [stdout]     |                        ^^^^ unsatisfied trait bound
[INFO] [stdout]     |
[INFO] [stdout] help: the trait `for<'de> Deserialize<'de>` is not implemented for `Cart`
[INFO] [stdout]    --> src/store.rs:302:5
[INFO] [stdout]     |
[INFO] [stdout] 302 |     struct Cart {
[INFO] [stdout]     |     ^^^^^^^^^^^
[INFO] [stdout]     = help: the following other types implement trait `Deserialize<'de>`:
[INFO] [stdout]               &'a Path
[INFO] [stdout]               &'a [u8]
[INFO] [stdout]               &'a str
[INFO] [stdout]               ()
[INFO] [stdout]               (T,)
[INFO] [stdout]               (T0, T1)
[INFO] [stdout]               (T0, T1, T2)
[INFO] [stdout]               (T0, T1, T2, T3)
[INFO] [stdout]             and 141 others
[INFO] [stdout]     = note: required for `Cart` to implement `DeserializeOwned`
[INFO] [stdout] note: required by a bound in `store::cookie_store`
[INFO] [stdout]    --> src/store.rs:284:20
[INFO] [stdout]     |
[INFO] [stdout] 282 | pub fn cookie_store<T, J>(jar: J, key: impl Into<Cow<'static, str>>) -> UnparsedCookieStore<T, J>
[INFO] [stdout] 283 | where
[INFO] [stdout] 284 |     T: Serialize + DeserializeOwned,
[INFO] [stdout]     |                    ^^^^^^^^^^^^^^^^ required by this bound in `cookie_store`
[INFO] [stdout] 
[INFO] [stdout] 
[INFO] [stdout] error[E0599]: the method `parse_or_default` exists for struct `UnparsedCookieStore<Cart, &MockJar>`, but its trait bounds were not satisfied
[INFO] [stdout]    --> src/store.rs:455:14
[INFO] [stdout]     |
[INFO] [stdout] 157 | pub struct UnparsedCookieStore<T, J> {
[INFO] [stdout]     | ------------------------------------ method `parse_or_default` not found for this struct
[INFO] [stdout] ...
[INFO] [stdout] 302 |     struct Cart {
[INFO] [stdout]     |     ----------- doesn't satisfy `Cart: Deserialize<'de>`, `Cart: DeserializeOwned` or `Cart: Serialize`
[INFO] [stdout] ...
[INFO] [stdout] 454 |         cookie_store::<Cart, _>(&jar, "cart")
[INFO] [stdout] 455 |             .parse_or_default()
[INFO] [stdout]     |              ^^^^^^^^^^^^^^^^ method cannot be called on `UnparsedCookieStore<Cart, &MockJar>` due to unsatisfied trait bounds
[INFO] [stdout]     |
[INFO] [stdout] note: trait bound `Cart: Serialize` was not satisfied
[INFO] [stdout]    --> src/store.rs:165:8
[INFO] [stdout]     |
[INFO] [stdout] 163 | impl<T, J> UnparsedCookieStore<T, J>
[INFO] [stdout]     |            -------------------------
[INFO] [stdout] 164 | where
[INFO] [stdout] 165 |     T: Serialize + DeserializeOwned,
[INFO] [stdout]     |        ^^^^^^^^^ unsatisfied trait bound introduced here
[INFO] [stdout]     = note: the following trait bounds were not satisfied:
[INFO] [stdout]             `Cart: Deserialize<'de>`
[INFO] [stdout]             which is required by `Cart: DeserializeOwned`
[INFO] [stdout] note: the trait `Serialize` must be implemented
[INFO] [stdout]    --> /opt/rustwide/cargo-home/registry/src/index.crates.io-1949cf8c6b5b557f/serde_core-1.0.228/src/ser/mod.rs:234:1
[INFO] [stdout]     |
[INFO] [stdout] 234 | pub trait Serialize {
[INFO] [stdout]     | ^^^^^^^^^^^^^^^^^^^
[INFO] [stdout] 
[INFO] [stdout] 
[INFO] [stdout] error[E0277]: the trait bound `Cart: serde::Serialize` is not satisfied
[INFO] [stdout]    --> src/store.rs:465:24
[INFO] [stdout]     |
[INFO] [stdout] 465 |         cookie_store::<Cart, _>(&jar, "cart")
[INFO] [stdout]     |                        ^^^^ unsatisfied trait bound
[INFO] [stdout]     |
[INFO] [stdout] help: the trait `Serialize` is not implemented for `Cart`
[INFO] [stdout]    --> src/store.rs:302:5
[INFO] [stdout]     |
[INFO] [stdout] 302 |     struct Cart {
[INFO] [stdout]     |     ^^^^^^^^^^^
[INFO] [stdout]     = note: for local types consider adding `#[derive(serde::Serialize)]` to your `Cart` type
[INFO] [stdout]     = note: for types from other crates check whether the crate offers a `serde` feature flag
[INFO] [stdout]     = help: the following other types implement trait `Serialize`:
[INFO] [stdout]               &'a T
[INFO] [stdout]               &'a mut T
[INFO] [stdout]               ()
[INFO] [stdout]               (T,)
[INFO] [stdout]               (T0, T1)
[INFO] [stdout]               (T0, T1, T2)
[INFO] [stdout]               (T0, T1, T2, T3)
[INFO] [stdout]               (T0, T1, T2, T3, T4)
[INFO] [stdout]             and 129 others
[INFO] [stdout] note: required by a bound in `store::cookie_store`
[INFO] [stdout]    --> src/store.rs:284:8
[INFO] [stdout]     |
[INFO] [stdout] 282 | pub fn cookie_store<T, J>(jar: J, key: impl Into<Cow<'static, str>>) -> UnparsedCookieStore<T, J>
[INFO] [stdout] 283 | where
[INFO] [stdout] 284 |     T: Serialize + DeserializeOwned,
[INFO] [stdout]     |        ^^^^^^^^^ required by this bound in `cookie_store`
[INFO] [stdout] 
[INFO] [stdout] 
[INFO] [stdout] error[E0277]: the trait bound `Cart: serde::de::DeserializeOwned` is not satisfied
[INFO] [stdout]    --> src/store.rs:465:24
[INFO] [stdout]     |
[INFO] [stdout] 465 |         cookie_store::<Cart, _>(&jar, "cart")
[INFO] [stdout]     |                        ^^^^ unsatisfied trait bound
[INFO] [stdout]     |
[INFO] [stdout] help: the trait `for<'de> Deserialize<'de>` is not implemented for `Cart`
[INFO] [stdout]    --> src/store.rs:302:5
[INFO] [stdout]     |
[INFO] [stdout] 302 |     struct Cart {
[INFO] [stdout]     |     ^^^^^^^^^^^
[INFO] [stdout]     = help: the following other types implement trait `Deserialize<'de>`:
[INFO] [stdout]               &'a Path
[INFO] [stdout]               &'a [u8]
[INFO] [stdout]               &'a str
[INFO] [stdout]               ()
[INFO] [stdout]               (T,)
[INFO] [stdout]               (T0, T1)
[INFO] [stdout]               (T0, T1, T2)
[INFO] [stdout]               (T0, T1, T2, T3)
[INFO] [stdout]             and 141 others
[INFO] [stdout]     = note: required for `Cart` to implement `DeserializeOwned`
[INFO] [stdout] note: required by a bound in `store::cookie_store`
[INFO] [stdout]    --> src/store.rs:284:20
[INFO] [stdout]     |
[INFO] [stdout] 282 | pub fn cookie_store<T, J>(jar: J, key: impl Into<Cow<'static, str>>) -> UnparsedCookieStore<T, J>
[INFO] [stdout] 283 | where
[INFO] [stdout] 284 |     T: Serialize + DeserializeOwned,
[INFO] [stdout]     |                    ^^^^^^^^^^^^^^^^ required by this bound in `cookie_store`
[INFO] [stdout] 
[INFO] [stdout] 
[INFO] [stdout] error[E0599]: the method `set` exists for struct `UnparsedCookieStore<Cart, &MockJar>`, but its trait bounds were not satisfied
[INFO] [stdout]    --> src/store.rs:466:14
[INFO] [stdout]     |
[INFO] [stdout] 157 | pub struct UnparsedCookieStore<T, J> {
[INFO] [stdout]     | ------------------------------------ method `set` not found for this struct
[INFO] [stdout] ...
[INFO] [stdout] 302 |     struct Cart {
[INFO] [stdout]     |     ----------- doesn't satisfy `Cart: Deserialize<'de>`, `Cart: DeserializeOwned` or `Cart: Serialize`
[INFO] [stdout] ...
[INFO] [stdout] 465 |         cookie_store::<Cart, _>(&jar, "cart")
[INFO] [stdout] 466 |             .set(Cart {
[INFO] [stdout]     |              ^^^ method cannot be called on `UnparsedCookieStore<Cart, &MockJar>` due to unsatisfied trait bounds
[INFO] [stdout]     |
[INFO] [stdout] note: trait bound `Cart: Serialize` was not satisfied
[INFO] [stdout]    --> src/store.rs:165:8
[INFO] [stdout]     |
[INFO] [stdout] 163 | impl<T, J> UnparsedCookieStore<T, J>
[INFO] [stdout]     |            -------------------------
[INFO] [stdout] 164 | where
[INFO] [stdout] 165 |     T: Serialize + DeserializeOwned,
[INFO] [stdout]     |        ^^^^^^^^^ unsatisfied trait bound introduced here
[INFO] [stdout]     = note: the following trait bounds were not satisfied:
[INFO] [stdout]             `Cart: Deserialize<'de>`
[INFO] [stdout]             which is required by `Cart: DeserializeOwned`
[INFO] [stdout] note: the trait `Serialize` must be implemented
[INFO] [stdout]    --> /opt/rustwide/cargo-home/registry/src/index.crates.io-1949cf8c6b5b557f/serde_core-1.0.228/src/ser/mod.rs:234:1
[INFO] [stdout]     |
[INFO] [stdout] 234 | pub trait Serialize {
[INFO] [stdout]     | ^^^^^^^^^^^^^^^^^^^
[INFO] [stdout] 
[INFO] [stdout] 
[INFO] [stdout] error[E0277]: the trait bound `Cart: serde::Serialize` is not satisfied
[INFO] [stdout]    --> src/store.rs:479:24
[INFO] [stdout]     |
[INFO] [stdout] 479 |         cookie_store::<Cart, _>(&parsed, "cart")
[INFO] [stdout]     |                        ^^^^ unsatisfied trait bound
[INFO] [stdout]     |
[INFO] [stdout] help: the trait `Serialize` is not implemented for `Cart`
[INFO] [stdout]    --> src/store.rs:302:5
[INFO] [stdout]     |
[INFO] [stdout] 302 |     struct Cart {
[INFO] [stdout]     |     ^^^^^^^^^^^
[INFO] [stdout]     = note: for local types consider adding `#[derive(serde::Serialize)]` to your `Cart` type
[INFO] [stdout]     = note: for types from other crates check whether the crate offers a `serde` feature flag
[INFO] [stdout]     = help: the following other types implement trait `Serialize`:
[INFO] [stdout]               &'a T
[INFO] [stdout]               &'a mut T
[INFO] [stdout]               ()
[INFO] [stdout]               (T,)
[INFO] [stdout]               (T0, T1)
[INFO] [stdout]               (T0, T1, T2)
[INFO] [stdout]               (T0, T1, T2, T3)
[INFO] [stdout]               (T0, T1, T2, T3, T4)
[INFO] [stdout]             and 129 others
[INFO] [stdout] note: required by a bound in `store::cookie_store`
[INFO] [stdout]    --> src/store.rs:284:8
[INFO] [stdout]     |
[INFO] [stdout] 282 | pub fn cookie_store<T, J>(jar: J, key: impl Into<Cow<'static, str>>) -> UnparsedCookieStore<T, J>
[INFO] [stdout] 283 | where
[INFO] [stdout] 284 |     T: Serialize + DeserializeOwned,
[INFO] [stdout]     |        ^^^^^^^^^ required by this bound in `cookie_store`
[INFO] [stdout] 
[INFO] [stdout] 
[INFO] [stdout] error[E0277]: the trait bound `Cart: serde::de::DeserializeOwned` is not satisfied
[INFO] [stdout]    --> src/store.rs:479:24
[INFO] [stdout]     |
[INFO] [stdout] 479 |         cookie_store::<Cart, _>(&parsed, "cart")
[INFO] [stdout]     |                        ^^^^ unsatisfied trait bound
[INFO] [stdout]     |
[INFO] [stdout] help: the trait `for<'de> Deserialize<'de>` is not implemented for `Cart`
[INFO] [stdout]    --> src/store.rs:302:5
[INFO] [stdout]     |
[INFO] [stdout] 302 |     struct Cart {
[INFO] [stdout]     |     ^^^^^^^^^^^
[INFO] [stdout]     = help: the following other types implement trait `Deserialize<'de>`:
[INFO] [stdout]               &'a Path
[INFO] [stdout]               &'a [u8]
[INFO] [stdout]               &'a str
[INFO] [stdout]               ()
[INFO] [stdout]               (T,)
[INFO] [stdout]               (T0, T1)
[INFO] [stdout]               (T0, T1, T2)
[INFO] [stdout]               (T0, T1, T2, T3)
[INFO] [stdout]             and 141 others
[INFO] [stdout]     = note: required for `Cart` to implement `DeserializeOwned`
[INFO] [stdout] note: required by a bound in `store::cookie_store`
[INFO] [stdout]    --> src/store.rs:284:20
[INFO] [stdout]     |
[INFO] [stdout] 282 | pub fn cookie_store<T, J>(jar: J, key: impl Into<Cow<'static, str>>) -> UnparsedCookieStore<T, J>
[INFO] [stdout] 283 | where
[INFO] [stdout] 284 |     T: Serialize + DeserializeOwned,
[INFO] [stdout]     |                    ^^^^^^^^^^^^^^^^ required by this bound in `cookie_store`
[INFO] [stdout] 
[INFO] [stdout] 
[INFO] [stdout] error[E0599]: the method `parse_or_default` exists for struct `UnparsedCookieStore<Cart, &MockJar>`, but its trait bounds were not satisfied
[INFO] [stdout]    --> src/store.rs:480:14
[INFO] [stdout]     |
[INFO] [stdout] 157 | pub struct UnparsedCookieStore<T, J> {
[INFO] [stdout]     | ------------------------------------ method `parse_or_default` not found for this struct
[INFO] [stdout] ...
[INFO] [stdout] 302 |     struct Cart {
[INFO] [stdout]     |     ----------- doesn't satisfy `Cart: Deserialize<'de>`, `Cart: DeserializeOwned` or `Cart: Serialize`
[INFO] [stdout] ...
[INFO] [stdout] 479 |         cookie_store::<Cart, _>(&parsed, "cart")
[INFO] [stdout] 480 |             .parse_or_default()
[INFO] [stdout]     |              ^^^^^^^^^^^^^^^^ method cannot be called on `UnparsedCookieStore<Cart, &MockJar>` due to unsatisfied trait bounds
[INFO] [stdout]     |
[INFO] [stdout] note: trait bound `Cart: Serialize` was not satisfied
[INFO] [stdout]    --> src/store.rs:165:8
[INFO] [stdout]     |
[INFO] [stdout] 163 | impl<T, J> UnparsedCookieStore<T, J>
[INFO] [stdout]     |            -------------------------
[INFO] [stdout] 164 | where
[INFO] [stdout] 165 |     T: Serialize + DeserializeOwned,
[INFO] [stdout]     |        ^^^^^^^^^ unsatisfied trait bound introduced here
[INFO] [stdout]     = note: the following trait bounds were not satisfied:
[INFO] [stdout]             `Cart: Deserialize<'de>`
[INFO] [stdout]             which is required by `Cart: DeserializeOwned`
[INFO] [stdout] note: the trait `Serialize` must be implemented
[INFO] [stdout]    --> /opt/rustwide/cargo-home/registry/src/index.crates.io-1949cf8c6b5b557f/serde_core-1.0.228/src/ser/mod.rs:234:1
[INFO] [stdout]     |
[INFO] [stdout] 234 | pub trait Serialize {
[INFO] [stdout]     | ^^^^^^^^^^^^^^^^^^^
[INFO] [stdout] 
[INFO] [stdout] 
[INFO] [stdout] error[E0277]: the trait bound `Cart: serde::Serialize` is not satisfied
[INFO] [stdout]    --> src/store.rs:489:24
[INFO] [stdout]     |
[INFO] [stdout] 489 |         cookie_store::<Cart, _>(&unparsed, "cart").remove();
[INFO] [stdout]     |                        ^^^^ unsatisfied trait bound
[INFO] [stdout]     |
[INFO] [stdout] help: the trait `Serialize` is not implemented for `Cart`
[INFO] [stdout]    --> src/store.rs:302:5
[INFO] [stdout]     |
[INFO] [stdout] 302 |     struct Cart {
[INFO] [stdout]     |     ^^^^^^^^^^^
[INFO] [stdout]     = note: for local types consider adding `#[derive(serde::Serialize)]` to your `Cart` type
[INFO] [stdout]     = note: for types from other crates check whether the crate offers a `serde` feature flag
[INFO] [stdout]     = help: the following other types implement trait `Serialize`:
[INFO] [stdout]               &'a T
[INFO] [stdout]               &'a mut T
[INFO] [stdout]               ()
[INFO] [stdout]               (T,)
[INFO] [stdout]               (T0, T1)
[INFO] [stdout]               (T0, T1, T2)
[INFO] [stdout]               (T0, T1, T2, T3)
[INFO] [stdout]               (T0, T1, T2, T3, T4)
[INFO] [stdout]             and 129 others
[INFO] [stdout] note: required by a bound in `store::cookie_store`
[INFO] [stdout]    --> src/store.rs:284:8
[INFO] [stdout]     |
[INFO] [stdout] 282 | pub fn cookie_store<T, J>(jar: J, key: impl Into<Cow<'static, str>>) -> UnparsedCookieStore<T, J>
[INFO] [stdout] 283 | where
[INFO] [stdout] 284 |     T: Serialize + DeserializeOwned,
[INFO] [stdout]     |        ^^^^^^^^^ required by this bound in `cookie_store`
[INFO] [stdout] 
[INFO] [stdout] 
[INFO] [stdout] error[E0277]: the trait bound `Cart: serde::de::DeserializeOwned` is not satisfied
[INFO] [stdout]    --> src/store.rs:489:24
[INFO] [stdout]     |
[INFO] [stdout] 489 |         cookie_store::<Cart, _>(&unparsed, "cart").remove();
[INFO] [stdout]     |                        ^^^^ unsatisfied trait bound
[INFO] [stdout]     |
[INFO] [stdout] help: the trait `for<'de> Deserialize<'de>` is not implemented for `Cart`
[INFO] [stdout]    --> src/store.rs:302:5
[INFO] [stdout]     |
[INFO] [stdout] 302 |     struct Cart {
[INFO] [stdout]     |     ^^^^^^^^^^^
[INFO] [stdout]     = help: the following other types implement trait `Deserialize<'de>`:
[INFO] [stdout]               &'a Path
[INFO] [stdout]               &'a [u8]
[INFO] [stdout]               &'a str
[INFO] [stdout]               ()
[INFO] [stdout]               (T,)
[INFO] [stdout]               (T0, T1)
[INFO] [stdout]               (T0, T1, T2)
[INFO] [stdout]               (T0, T1, T2, T3)
[INFO] [stdout]             and 141 others
[INFO] [stdout]     = note: required for `Cart` to implement `DeserializeOwned`
[INFO] [stdout] note: required by a bound in `store::cookie_store`
[INFO] [stdout]    --> src/store.rs:284:20
[INFO] [stdout]     |
[INFO] [stdout] 282 | pub fn cookie_store<T, J>(jar: J, key: impl Into<Cow<'static, str>>) -> UnparsedCookieStore<T, J>
[INFO] [stdout] 283 | where
[INFO] [stdout] 284 |     T: Serialize + DeserializeOwned,
[INFO] [stdout]     |                    ^^^^^^^^^^^^^^^^ required by this bound in `cookie_store`
[INFO] [stdout] 
[INFO] [stdout] 
[INFO] [stdout] error[E0599]: the method `remove` exists for struct `UnparsedCookieStore<Cart, &MockJar>`, but its trait bounds were not satisfied
[INFO] [stdout]    --> src/store.rs:489:52
[INFO] [stdout]     |
[INFO] [stdout] 157 | pub struct UnparsedCookieStore<T, J> {
[INFO] [stdout]     | ------------------------------------ method `remove` not found for this struct
[INFO] [stdout] ...
[INFO] [stdout] 302 |     struct Cart {
[INFO] [stdout]     |     ----------- doesn't satisfy `Cart: Deserialize<'de>`, `Cart: DeserializeOwned` or `Cart: Serialize`
[INFO] [stdout] ...
[INFO] [stdout] 489 |         cookie_store::<Cart, _>(&unparsed, "cart").remove();
[INFO] [stdout]     |                                                    ^^^^^^ method cannot be called on `UnparsedCookieStore<Cart, &MockJar>` due to unsatisfied trait bounds
[INFO] [stdout]     |
[INFO] [stdout] note: trait bound `Cart: Serialize` was not satisfied
[INFO] [stdout]    --> src/store.rs:165:8
[INFO] [stdout]     |
[INFO] [stdout] 163 | impl<T, J> UnparsedCookieStore<T, J>
[INFO] [stdout]     |            -------------------------
[INFO] [stdout] 164 | where
[INFO] [stdout] 165 |     T: Serialize + DeserializeOwned,
[INFO] [stdout]     |        ^^^^^^^^^ unsatisfied trait bound introduced here
[INFO] [stdout]     = note: the following trait bounds were not satisfied:
[INFO] [stdout]             `Cart: Deserialize<'de>`
[INFO] [stdout]             which is required by `Cart: DeserializeOwned`
[INFO] [stdout] note: the trait `Serialize` must be implemented
[INFO] [stdout]    --> /opt/rustwide/cargo-home/registry/src/index.crates.io-1949cf8c6b5b557f/serde_core-1.0.228/src/ser/mod.rs:234:1
[INFO] [stdout]     |
[INFO] [stdout] 234 | pub trait Serialize {
[INFO] [stdout]     | ^^^^^^^^^^^^^^^^^^^
[INFO] [stdout]     = help: items from traits can only be used if the trait is implemented and in scope
[INFO] [stdout] note: `Cookies` defines an item `remove`, perhaps you need to implement it
[INFO] [stdout]    --> src/lib.rs:37:1
[INFO] [stdout]     |
[INFO] [stdout]  37 | pub trait Cookies {
[INFO] [stdout]     | ^^^^^^^^^^^^^^^^^
[INFO] [stdout] 
[INFO] [stdout] 
[INFO] [stdout] error[E0277]: the trait bound `Cart: serde::Serialize` is not satisfied
[INFO] [stdout]    --> src/store.rs:527:24
[INFO] [stdout]     |
[INFO] [stdout] 527 |         cookie_store::<Cart, _>(cookies(&writer).signed(&key), "cart")
[INFO] [stdout]     |                        ^^^^ unsatisfied trait bound
[INFO] [stdout]     |
[INFO] [stdout] help: the trait `Serialize` is not implemented for `Cart`
[INFO] [stdout]    --> src/store.rs:302:5
[INFO] [stdout]     |
[INFO] [stdout] 302 |     struct Cart {
[INFO] [stdout]     |     ^^^^^^^^^^^
[INFO] [stdout]     = note: for local types consider adding `#[derive(serde::Serialize)]` to your `Cart` type
[INFO] [stdout]     = note: for types from other crates check whether the crate offers a `serde` feature flag
[INFO] [stdout]     = help: the following other types implement trait `Serialize`:
[INFO] [stdout]               &'a T
[INFO] [stdout]               &'a mut T
[INFO] [stdout]               ()
[INFO] [stdout]               (T,)
[INFO] [stdout]               (T0, T1)
[INFO] [stdout]               (T0, T1, T2)
[INFO] [stdout]               (T0, T1, T2, T3)
[INFO] [stdout]               (T0, T1, T2, T3, T4)
[INFO] [stdout]             and 129 others
[INFO] [stdout] note: required by a bound in `store::cookie_store`
[INFO] [stdout]    --> src/store.rs:284:8
[INFO] [stdout]     |
[INFO] [stdout] 282 | pub fn cookie_store<T, J>(jar: J, key: impl Into<Cow<'static, str>>) -> UnparsedCookieStore<T, J>
[INFO] [stdout] 283 | where
[INFO] [stdout] 284 |     T: Serialize + DeserializeOwned,
[INFO] [stdout]     |        ^^^^^^^^^ required by this bound in `cookie_store`
[INFO] [stdout] 
[INFO] [stdout] 
[INFO] [stdout] error[E0277]: the trait bound `Cart: serde::de::DeserializeOwned` is not satisfied
[INFO] [stdout]    --> src/store.rs:527:24
[INFO] [stdout]     |
[INFO] [stdout] 527 |         cookie_store::<Cart, _>(cookies(&writer).signed(&key), "cart")
[INFO] [stdout]     |                        ^^^^ unsatisfied trait bound
[INFO] [stdout]     |
[INFO] [stdout] help: the trait `for<'de> Deserialize<'de>` is not implemented for `Cart`
[INFO] [stdout]    --> src/store.rs:302:5
[INFO] [stdout]     |
[INFO] [stdout] 302 |     struct Cart {
[INFO] [stdout]     |     ^^^^^^^^^^^
[INFO] [stdout]     = help: the following other types implement trait `Deserialize<'de>`:
[INFO] [stdout]               &'a Path
[INFO] [stdout]               &'a [u8]
[INFO] [stdout]               &'a str
[INFO] [stdout]               ()
[INFO] [stdout]               (T,)
[INFO] [stdout]               (T0, T1)
[INFO] [stdout]               (T0, T1, T2)
[INFO] [stdout]               (T0, T1, T2, T3)
[INFO] [stdout]             and 141 others
[INFO] [stdout]     = note: required for `Cart` to implement `DeserializeOwned`
[INFO] [stdout] note: required by a bound in `store::cookie_store`
[INFO] [stdout]    --> src/store.rs:284:20
[INFO] [stdout]     |
[INFO] [stdout] 282 | pub fn cookie_store<T, J>(jar: J, key: impl Into<Cow<'static, str>>) -> UnparsedCookieStore<T, J>
[INFO] [stdout] 283 | where
[INFO] [stdout] 284 |     T: Serialize + DeserializeOwned,
[INFO] [stdout]     |                    ^^^^^^^^^^^^^^^^ required by this bound in `cookie_store`
[INFO] [stdout] 
[INFO] [stdout] 
[INFO] [stdout] error[E0599]: the method `set` exists for struct `UnparsedCookieStore<Cart, signed::SignedJar<'_, &jar::CookieJar>>`, but its trait bounds were not satisfied
[INFO] [stdout]    --> src/store.rs:528:14
[INFO] [stdout]     |
[INFO] [stdout] 157 | pub struct UnparsedCookieStore<T, J> {
[INFO] [stdout]     | ------------------------------------ method `set` not found for this struct
[INFO] [stdout] ...
[INFO] [stdout] 302 |     struct Cart {
[INFO] [stdout]     |     ----------- doesn't satisfy `Cart: Deserialize<'de>`, `Cart: DeserializeOwned` or `Cart: Serialize`
[INFO] [stdout] ...
[INFO] [stdout] 527 |         cookie_store::<Cart, _>(cookies(&writer).signed(&key), "cart")
[INFO] [stdout] 528 |             .set(Cart {
[INFO] [stdout]     |              ^^^ method cannot be called due to unsatisfied trait bounds
[INFO] [stdout]     |
[INFO] [stdout] note: trait bound `Cart: Serialize` was not satisfied
[INFO] [stdout]    --> src/store.rs:165:8
[INFO] [stdout]     |
[INFO] [stdout] 163 | impl<T, J> UnparsedCookieStore<T, J>
[INFO] [stdout]     |            -------------------------
[INFO] [stdout] 164 | where
[INFO] [stdout] 165 |     T: Serialize + DeserializeOwned,
[INFO] [stdout]     |        ^^^^^^^^^ unsatisfied trait bound introduced here
[INFO] [stdout]     = note: the following trait bounds were not satisfied:
[INFO] [stdout]             `Cart: Deserialize<'de>`
[INFO] [stdout]             which is required by `Cart: DeserializeOwned`
[INFO] [stdout] note: the trait `Serialize` must be implemented
[INFO] [stdout]    --> /opt/rustwide/cargo-home/registry/src/index.crates.io-1949cf8c6b5b557f/serde_core-1.0.228/src/ser/mod.rs:234:1
[INFO] [stdout]     |
[INFO] [stdout] 234 | pub trait Serialize {
[INFO] [stdout]     | ^^^^^^^^^^^^^^^^^^^
[INFO] [stdout] 
[INFO] [stdout] 
[INFO] [stdout] error[E0277]: the trait bound `Cart: serde::Serialize` is not satisfied
[INFO] [stdout]    --> src/store.rs:536:35
[INFO] [stdout]     |
[INFO] [stdout] 536 |         let cart = cookie_store::<Cart, _>(cookies(&reader).signed(&key), "cart")
[INFO] [stdout]     |                                   ^^^^ unsatisfied trait bound
[INFO] [stdout]     |
[INFO] [stdout] help: the trait `Serialize` is not implemented for `Cart`
[INFO] [stdout]    --> src/store.rs:302:5
[INFO] [stdout]     |
[INFO] [stdout] 302 |     struct Cart {
[INFO] [stdout]     |     ^^^^^^^^^^^
[INFO] [stdout]     = note: for local types consider adding `#[derive(serde::Serialize)]` to your `Cart` type
[INFO] [stdout]     = note: for types from other crates check whether the crate offers a `serde` feature flag
[INFO] [stdout]     = help: the following other types implement trait `Serialize`:
[INFO] [stdout]               &'a T
[INFO] [stdout]               &'a mut T
[INFO] [stdout]               ()
[INFO] [stdout]               (T,)
[INFO] [stdout]               (T0, T1)
[INFO] [stdout]               (T0, T1, T2)
[INFO] [stdout]               (T0, T1, T2, T3)
[INFO] [stdout]               (T0, T1, T2, T3, T4)
[INFO] [stdout]             and 129 others
[INFO] [stdout] note: required by a bound in `store::cookie_store`
[INFO] [stdout]    --> src/store.rs:284:8
[INFO] [stdout]     |
[INFO] [stdout] 282 | pub fn cookie_store<T, J>(jar: J, key: impl Into<Cow<'static, str>>) -> UnparsedCookieStore<T, J>
[INFO] [stdout] 283 | where
[INFO] [stdout] 284 |     T: Serialize + DeserializeOwned,
[INFO] [stdout]     |        ^^^^^^^^^ required by this bound in `cookie_store`
[INFO] [stdout] 
[INFO] [stdout] 
[INFO] [stdout] error[E0277]: the trait bound `Cart: serde::de::DeserializeOwned` is not satisfied
[INFO] [stdout]    --> src/store.rs:536:35
[INFO] [stdout]     |
[INFO] [stdout] 536 |         let cart = cookie_store::<Cart, _>(cookies(&reader).signed(&key), "cart")
[INFO] [stdout]     |                                   ^^^^ unsatisfied trait bound
[INFO] [stdout]     |
[INFO] [stdout] help: the trait `for<'de> Deserialize<'de>` is not implemented for `Cart`
[INFO] [stdout]    --> src/store.rs:302:5
[INFO] [stdout]     |
[INFO] [stdout] 302 |     struct Cart {
[INFO] [stdout]     |     ^^^^^^^^^^^
[INFO] [stdout]     = help: the following other types implement trait `Deserialize<'de>`:
[INFO] [stdout]               &'a Path
[INFO] [stdout]               &'a [u8]
[INFO] [stdout]               &'a str
[INFO] [stdout]               ()
[INFO] [stdout]               (T,)
[INFO] [stdout]               (T0, T1)
[INFO] [stdout]               (T0, T1, T2)
[INFO] [stdout]               (T0, T1, T2, T3)
[INFO] [stdout]             and 141 others
[INFO] [stdout]     = note: required for `Cart` to implement `DeserializeOwned`
[INFO] [stdout] note: required by a bound in `store::cookie_store`
[INFO] [stdout]    --> src/store.rs:284:20
[INFO] [stdout]     |
[INFO] [stdout] 282 | pub fn cookie_store<T, J>(jar: J, key: impl Into<Cow<'static, str>>) -> UnparsedCookieStore<T, J>
[INFO] [stdout] 283 | where
[INFO] [stdout] 284 |     T: Serialize + DeserializeOwned,
[INFO] [stdout]     |                    ^^^^^^^^^^^^^^^^ required by this bound in `cookie_store`
[INFO] [stdout] 
[INFO] [stdout] 
[INFO] [stdout] error[E0599]: the method `parse` exists for struct `UnparsedCookieStore<Cart, signed::SignedJar<'_, &jar::CookieJar>>`, but its trait bounds were not satisfied
[INFO] [stdout]    --> src/store.rs:537:14
[INFO] [stdout]     |
[INFO] [stdout] 157 | pub struct UnparsedCookieStore<T, J> {
[INFO] [stdout]     | ------------------------------------ method `parse` not found for this struct
[INFO] [stdout] ...
[INFO] [stdout] 302 |     struct Cart {
[INFO] [stdout]     |     ----------- doesn't satisfy `Cart: Deserialize<'de>`, `Cart: DeserializeOwned` or `Cart: Serialize`
[INFO] [stdout] ...
[INFO] [stdout] 536 |         let cart = cookie_store::<Cart, _>(cookies(&reader).signed(&key), "cart")
[INFO] [stdout] 537 |             .parse()
[INFO] [stdout]     |              ^^^^^ method cannot be called due to unsatisfied trait bounds
[INFO] [stdout]     |
[INFO] [stdout] note: trait bound `Cart: Serialize` was not satisfied
[INFO] [stdout]    --> src/store.rs:165:8
[INFO] [stdout]     |
[INFO] [stdout] 163 | impl<T, J> UnparsedCookieStore<T, J>
[INFO] [stdout]     |            -------------------------
[INFO] [stdout] 164 | where
[INFO] [stdout] 165 |     T: Serialize + DeserializeOwned,
[INFO] [stdout]     |        ^^^^^^^^^ unsatisfied trait bound introduced here
[INFO] [stdout]     = note: the following trait bounds were not satisfied:
[INFO] [stdout]             `Cart: Deserialize<'de>`
[INFO] [stdout]             which is required by `Cart: DeserializeOwned`
[INFO] [stdout] note: the trait `Serialize` must be implemented
[INFO] [stdout]    --> /opt/rustwide/cargo-home/registry/src/index.crates.io-1949cf8c6b5b557f/serde_core-1.0.228/src/ser/mod.rs:234:1
[INFO] [stdout]     |
[INFO] [stdout] 234 | pub trait Serialize {
[INFO] [stdout]     | ^^^^^^^^^^^^^^^^^^^
[INFO] [stdout]     = help: items from traits can only be used if the trait is implemented and in scope
[INFO] [stdout]     = note: the following trait defines an item `parse`, perhaps you need to implement it:
[INFO] [stdout]             candidate #1: `parsing::parsable::sealed::Sealed`
[INFO] [stdout] 
[INFO] [stdout] 
[INFO] [stdout] Some errors have detailed explanations: E0277, E0599.
[INFO] [stdout] 
[INFO] [stdout] For more information about an error, try `rustc --explain E0277`.
[INFO] [stdout] 
[INFO] [stderr] error: could not compile `topcoat-cookie` (lib test) due to 50 previous errors
[INFO] running `Command { std: "docker" "inspect" "feaf2ee346dfc5b8fe9249bf7e2acdb5dabf59248a99270d272e97c817d1bcbd", kill_on_drop: false }`
[INFO] running `Command { std: "docker" "rm" "-f" "feaf2ee346dfc5b8fe9249bf7e2acdb5dabf59248a99270d272e97c817d1bcbd", kill_on_drop: false }`
[INFO] [stdout] feaf2ee346dfc5b8fe9249bf7e2acdb5dabf59248a99270d272e97c817d1bcbd
