[INFO] fetching crate toml-input 0.1.4...
[INFO] testing toml-input-0.1.4 against 1.100.0-beta.1+cargoflags=--release for beta-release-1.100-2
[INFO] extracting crate toml-input 0.1.4 into /workspace/builds/worker-7-tc2/source
[INFO] started tweaking crates.io crate toml-input 0.1.4
[INFO] removed 0 missing tests
[INFO] finished tweaking crates.io crate toml-input 0.1.4
[INFO] tweaked toml for crates.io crate toml-input 0.1.4 written to /workspace/builds/worker-7-tc2/source/Cargo.toml
[INFO] validating manifest of crates.io crate toml-input 0.1.4 on toolchain 1.100.0-beta.1
[INFO] running `Command { std: CARGO_HOME="/workspace/cargo-home" RUSTUP_HOME="/workspace/rustup-home" "/workspace/cargo-home/bin/cargo" "+1.100.0-beta.1" "metadata" "--manifest-path" "Cargo.toml" "--no-deps", kill_on_drop: false }`
[INFO] crate crates.io crate toml-input 0.1.4 already has a lockfile, it will not be regenerated
[INFO] running `Command { std: CARGO_HOME="/workspace/cargo-home" RUSTUP_HOME="/workspace/rustup-home" "/workspace/cargo-home/bin/cargo" "+1.100.0-beta.1" "fetch" "--manifest-path" "Cargo.toml", kill_on_drop: false }`
[INFO] running `Command { std: "docker" "create" "-v" "/var/lib/crater-agent-workspace/builds/worker-7-tc2/source:/opt/rustwide/workdir:ro,Z" "-v" "/var/lib/crater-agent-workspace/builds/worker-7-tc2/target:/opt/rustwide/target:rw,Z" "-v" "/var/lib/crater-agent-workspace/cargo-home:/opt/rustwide/cargo-home:ro,Z" "-v" "/var/lib/crater-agent-workspace/rustup-home:/opt/rustwide/rustup-home:ro,Z" "-m" "1610612736" "--network" "none" "ghcr.io/rust-lang/crates-build-env/linux@sha256:77db811e55d90add9212f6832c23229e3de5f1c1f9905e8cb07319ea15df73ac" "sleep" "infinity", kill_on_drop: false }`
[INFO] [stdout] 18864ddde96b3b24a5a07a31d8f613504c0324ea397ec5b93c98bdba553a421b
[INFO] running `Command { std: "docker" "start" "18864ddde96b3b24a5a07a31d8f613504c0324ea397ec5b93c98bdba553a421b", kill_on_drop: false }`
[INFO] running `Command { std: "docker" "inspect" "18864ddde96b3b24a5a07a31d8f613504c0324ea397ec5b93c98bdba553a421b", kill_on_drop: false }`
[INFO] running `Command { std: "docker" "exec" "-e" "SOURCE_DIR=/opt/rustwide/workdir" "-e" "CARGO_HOME=/opt/rustwide/cargo-home" "-e" "RUSTUP_HOME=/opt/rustwide/rustup-home" "-e" "CARGO_TARGET_DIR=/opt/rustwide/target" "-w" "/opt/rustwide/workdir" "--user" "0:0" "18864ddde96b3b24a5a07a31d8f613504c0324ea397ec5b93c98bdba553a421b" "/opt/rustwide/cargo-home/bin/cargo" "+1.100.0-beta.1" "metadata" "--no-deps" "--format-version=1", kill_on_drop: false }`
[INFO] running `Command { std: "docker" "inspect" "18864ddde96b3b24a5a07a31d8f613504c0324ea397ec5b93c98bdba553a421b", kill_on_drop: false }`
[INFO] running `Command { std: "docker" "exec" "-e" "SOURCE_DIR=/opt/rustwide/workdir" "-e" "CARGO_HOME=/opt/rustwide/cargo-home" "-e" "RUSTUP_HOME=/opt/rustwide/rustup-home" "-e" "CARGO_TARGET_DIR=/opt/rustwide/target" "-e" "CARGO_INCREMENTAL=0" "-e" "RUST_BACKTRACE=full" "-e" "RUSTFLAGS=--cap-lints=warn" "-e" "RUSTDOCFLAGS=--cap-lints=warn" "-w" "/opt/rustwide/workdir" "--user" "0:0" "18864ddde96b3b24a5a07a31d8f613504c0324ea397ec5b93c98bdba553a421b" "/opt/rustwide/cargo-home/bin/cargo" "+1.100.0-beta.1" "build" "--frozen" "--message-format=json" "--release", kill_on_drop: false }`
[INFO] [stderr]    Compiling serde_derive v1.0.219
[INFO] [stderr]    Compiling memchr v2.7.4
[INFO] [stderr]    Compiling regex-syntax v0.8.5
[INFO] [stderr]    Compiling hashbrown v0.15.2
[INFO] [stderr]    Compiling toml_write v0.1.1
[INFO] [stderr]    Compiling thiserror v2.0.12
[INFO] [stderr]    Compiling winnow v0.7.7
[INFO] [stderr]    Compiling unicode-segmentation v1.12.0
[INFO] [stderr]    Compiling thiserror-impl v2.0.12
[INFO] [stderr]    Compiling darling_core v0.20.11
[INFO] [stderr]    Compiling convert_case v0.8.0
[INFO] [stderr]    Compiling aho-corasick v1.1.3
[INFO] [stderr]    Compiling indexmap v2.9.0
[INFO] [stderr]    Compiling regex-automata v0.4.9
[INFO] [stderr]    Compiling serde v1.0.219
[INFO] [stderr]    Compiling darling_macro v0.20.11
[INFO] [stderr]    Compiling darling v0.20.11
[INFO] [stderr]    Compiling regex v1.11.1
[INFO] [stderr]    Compiling toml-input-derive v0.1.2
[INFO] [stderr]    Compiling serde_spanned v0.6.8
[INFO] [stderr]    Compiling toml_datetime v0.6.9
[INFO] [stderr]    Compiling toml_edit v0.22.26
[INFO] [stderr]    Compiling toml v0.8.22
[INFO] [stderr]    Compiling toml-input v0.1.4 (/opt/rustwide/workdir)
[INFO] [stderr] warning: unused dependency `bytes`
[INFO] [stderr]  --> Cargo.toml:1:15
[INFO] [stderr]   |
[INFO] [stderr] 1 | [dependencies.bytes]
[INFO] [stderr]   |               ^^^^^^
[INFO] [stderr]   |
[INFO] [stderr]   = note: `cargo::unused_dependencies` is set to `warn` by default
[INFO] [stderr] help: consider removing the dependency on `bytes`
[INFO] [stderr] warning: `toml-input` (manifest) generated 1 warning
[INFO] [stderr]     Finished `release` profile [optimized] target(s) in 22.50s
[INFO] running `Command { std: "docker" "inspect" "18864ddde96b3b24a5a07a31d8f613504c0324ea397ec5b93c98bdba553a421b", kill_on_drop: false }`
[INFO] running `Command { std: "docker" "exec" "-e" "SOURCE_DIR=/opt/rustwide/workdir" "-e" "CARGO_HOME=/opt/rustwide/cargo-home" "-e" "RUSTUP_HOME=/opt/rustwide/rustup-home" "-e" "CARGO_TARGET_DIR=/opt/rustwide/target" "-e" "CARGO_INCREMENTAL=0" "-e" "RUST_BACKTRACE=full" "-e" "RUSTFLAGS=--cap-lints=warn" "-e" "RUSTDOCFLAGS=--cap-lints=warn" "-w" "/opt/rustwide/workdir" "--user" "0:0" "18864ddde96b3b24a5a07a31d8f613504c0324ea397ec5b93c98bdba553a421b" "/opt/rustwide/cargo-home/bin/cargo" "+1.100.0-beta.1" "test" "--frozen" "--no-run" "--message-format=json" "--release", kill_on_drop: false }`
[INFO] [stderr]    Compiling rustversion v1.0.20
[INFO] [stderr]    Compiling strum v0.27.1
[INFO] [stderr]    Compiling strum_macros v0.27.1
[INFO] [stderr]    Compiling toml-input v0.1.4 (/opt/rustwide/workdir)
[INFO] [stdout] error: proc-macro derive panicked
[INFO] [stdout]  --> tests/test_attribute.rs:7:28
[INFO] [stdout]   |
[INFO] [stdout] 7 |     #[derive(Debug, Clone, TomlInput, Serialize, Deserialize, PartialEq, Default)]
[INFO] [stdout]   |                            ^^^^^^^^^
[INFO] [stdout]   |
[INFO] [stdout]   = help: message: called `Result::unwrap()` on an `Err` value: Error { kind: UnknownField(ErrorUnknownField { name: "option_style", did_you_mean: None }), locations: ["b"], span: Some(#0 bytes(304..316)) }
[INFO] [stdout] 
[INFO] [stdout] 
[INFO] [stdout] error: proc-macro derive panicked
[INFO] [stdout]   --> tests/test_attribute.rs:43:28
[INFO] [stdout]    |
[INFO] [stdout] 43 |     #[derive(Debug, Clone, TomlInput, Serialize, Deserialize, PartialEq, Default)]
[INFO] [stdout]    |                            ^^^^^^^^^
[INFO] [stdout]    |
[INFO] [stdout]    = help: message: called `Result::unwrap()` on an `Err` value: Error { kind: UnknownField(ErrorUnknownField { name: "option_style", did_you_mean: None }), locations: ["b"], span: Some(#0 bytes(1187..1199)) }
[INFO] [stdout] 
[INFO] [stdout] 
[INFO] [stdout] error[E0599]: no method named `into_string` found for struct `test_skip_none::Test` in the current scope
[INFO] [stdout]   --> tests/test_attribute.rs:16:28
[INFO] [stdout]    |
[INFO] [stdout]  8 |     struct Test {
[INFO] [stdout]    |     ----------- method `into_string` not found for this struct
[INFO] [stdout] ...
[INFO] [stdout] 16 |     let res = test.clone().into_string().unwrap();
[INFO] [stdout]    |                            ^^^^^^^^^^^ method not found in `test_skip_none::Test`
[INFO] [stdout]    |
[INFO] [stdout]    = help: items from traits can only be used if the trait is implemented and in scope
[INFO] [stdout]    = note: the following trait defines an item `into_string`, perhaps you need to implement it:
[INFO] [stdout]            candidate #1: `TomlInput`
[INFO] [stdout] help: some of the expressions' fields have a method of the same name
[INFO] [stdout]    |
[INFO] [stdout] 16 |     let res = test.clone().a.into_string().unwrap();
[INFO] [stdout]    |                            ++
[INFO] [stdout] 16 |     let res = test.clone().b.into_string().unwrap();
[INFO] [stdout]    |                            ++
[INFO] [stdout] 
[INFO] [stdout] 
[INFO] [stdout] error[E0599]: no method named `into_string` found for struct `test_skip_none::Test` in the current scope
[INFO] [stdout]   --> tests/test_attribute.rs:27:28
[INFO] [stdout]    |
[INFO] [stdout]  8 |     struct Test {
[INFO] [stdout]    |     ----------- method `into_string` not found for this struct
[INFO] [stdout] ...
[INFO] [stdout] 27 |     let res = test.clone().into_string().unwrap();
[INFO] [stdout]    |                            ^^^^^^^^^^^ method not found in `test_skip_none::Test`
[INFO] [stdout]    |
[INFO] [stdout]    = help: items from traits can only be used if the trait is implemented and in scope
[INFO] [stdout]    = note: the following trait defines an item `into_string`, perhaps you need to implement it:
[INFO] [stdout]            candidate #1: `TomlInput`
[INFO] [stdout] help: some of the expressions' fields have a method of the same name
[INFO] [stdout]    |
[INFO] [stdout] 27 |     let res = test.clone().a.into_string().unwrap();
[INFO] [stdout]    |                            ++
[INFO] [stdout] 27 |     let res = test.clone().b.into_string().unwrap();
[INFO] [stdout]    |                            ++
[INFO] [stdout] 
[INFO] [stdout] 
[INFO] [stdout] error[E0599]: no method named `into_string` found for struct `test_expand_none::Test` in the current scope
[INFO] [stdout]   --> tests/test_attribute.rs:52:28
[INFO] [stdout]    |
[INFO] [stdout] 44 |     struct Test {
[INFO] [stdout]    |     ----------- method `into_string` not found for this struct
[INFO] [stdout] ...
[INFO] [stdout] 52 |     let res = test.clone().into_string().unwrap();
[INFO] [stdout]    |                            ^^^^^^^^^^^ method not found in `test_expand_none::Test`
[INFO] [stdout]    |
[INFO] [stdout]    = help: items from traits can only be used if the trait is implemented and in scope
[INFO] [stdout]    = note: the following trait defines an item `into_string`, perhaps you need to implement it:
[INFO] [stdout]            candidate #1: `TomlInput`
[INFO] [stdout] help: some of the expressions' fields have a method of the same name
[INFO] [stdout]    |
[INFO] [stdout] 52 |     let res = test.clone().a.into_string().unwrap();
[INFO] [stdout]    |                            ++
[INFO] [stdout] 52 |     let res = test.clone().b.into_string().unwrap();
[INFO] [stdout]    |                            ++
[INFO] [stdout] 
[INFO] [stdout] 
[INFO] [stdout] For more information about this error, try `rustc --explain E0599`.
[INFO] [stdout] 
[INFO] [stderr] error: could not compile `toml-input` (test "test_attribute") due to 5 previous errors
[INFO] [stderr] warning: build failed, waiting for other jobs to finish...
[INFO] [stderr] warning: unused dependency `bytes`
[INFO] [stderr]  --> Cargo.toml:1:15
[INFO] [stderr]   |
[INFO] [stderr] 1 | [dependencies.bytes]
[INFO] [stderr]   |               ^^^^^^
[INFO] [stderr]   |
[INFO] [stderr]   = note: `cargo::unused_dependencies` is set to `warn` by default
[INFO] [stderr] help: consider removing the dependency on `bytes`
[INFO] [stderr] warning: `toml-input` (manifest) generated 1 warning
[INFO] running `Command { std: "docker" "inspect" "18864ddde96b3b24a5a07a31d8f613504c0324ea397ec5b93c98bdba553a421b", kill_on_drop: false }`
[INFO] running `Command { std: "docker" "rm" "-f" "18864ddde96b3b24a5a07a31d8f613504c0324ea397ec5b93c98bdba553a421b", kill_on_drop: false }`
[INFO] [stdout] 18864ddde96b3b24a5a07a31d8f613504c0324ea397ec5b93c98bdba553a421b
