[INFO] fetching crate tollgate-client 0.32.2...
[INFO] testing tollgate-client-0.32.2 against 1.99.0-beta.8+cargoflags=--release for beta-release-1.100-2
[INFO] extracting crate tollgate-client 0.32.2 into /workspace/builds/worker-2-tc1/source
[INFO] started tweaking crates.io crate tollgate-client 0.32.2
[INFO] removed 0 missing tests
[INFO] finished tweaking crates.io crate tollgate-client 0.32.2
[INFO] tweaked toml for crates.io crate tollgate-client 0.32.2 written to /workspace/builds/worker-2-tc1/source/Cargo.toml
[INFO] validating manifest of crates.io crate tollgate-client 0.32.2 on toolchain 1.99.0-beta.8
[INFO] running `Command { std: CARGO_HOME="/workspace/cargo-home" RUSTUP_HOME="/workspace/rustup-home" "/workspace/cargo-home/bin/cargo" "+1.99.0-beta.8" "metadata" "--manifest-path" "Cargo.toml" "--no-deps", kill_on_drop: false }`
[INFO] crate crates.io crate tollgate-client 0.32.2 already has a lockfile, it will not be regenerated
[INFO] running `Command { std: CARGO_HOME="/workspace/cargo-home" RUSTUP_HOME="/workspace/rustup-home" "/workspace/cargo-home/bin/cargo" "+1.99.0-beta.8" "fetch" "--manifest-path" "Cargo.toml", kill_on_drop: false }`
[INFO] [stderr]     Updating crates.io index
[INFO] [stderr]  Downloading crates ...
[INFO] [stderr]   Downloaded uuid v1.24.1
[INFO] [stderr]   Downloaded tagptr v0.2.0
[INFO] [stderr]   Downloaded tollgate-auth v0.32.2
[INFO] [stderr]   Downloaded wasm-bindgen-futures v0.4.77
[INFO] [stderr]   Downloaded dashmap v6.2.1
[INFO] [stderr]   Downloaded futures-timer v3.0.4
[INFO] [stderr]   Downloaded zerovec-derive v0.11.5
[INFO] [stderr]   Downloaded tollgate-core v0.32.2
[INFO] [stderr]   Downloaded crossbeam-channel v0.5.16
[INFO] [stderr]   Downloaded icu_provider v2.3.0
[INFO] [stderr]   Downloaded tollgate-store v0.32.2
[INFO] [stderr]   Downloaded tollgate-admission v0.32.2
[INFO] [stderr]   Downloaded governor v0.10.4
[INFO] [stderr]   Downloaded moka v0.12.16
[INFO] [stderr]   Downloaded quinn v0.11.11
[INFO] [stderr]   Downloaded find-msvc-tools v0.1.12
[INFO] [stderr]   Downloaded quinn-proto v0.11.17
[INFO] [stderr]   Downloaded ipnet v2.12.1
[INFO] [stderr]   Downloaded web-sys v0.3.104
[INFO] [stderr]   Downloaded cc v1.4.5
[INFO] [stderr]   Downloaded unarray v0.1.4
[INFO] [stderr]   Downloaded rand_xorshift v0.4.0
[INFO] [stderr]   Downloaded proptest v1.11.0
[INFO] [stderr]   Downloaded rusty-fork v0.3.1
[INFO] [stderr]   Downloaded oorandom v11.1.5
[INFO] [stderr]   Downloaded is-terminal v0.4.17
[INFO] [stderr]   Downloaded wait-timeout v0.2.1
[INFO] [stderr]   Downloaded tinytemplate v1.2.1
[INFO] [stderr]   Downloaded plotters v0.3.7
[INFO] [stderr]   Downloaded plotters-svg v0.3.7
[INFO] [stderr]   Downloaded criterion-plot v0.5.0
[INFO] [stderr]   Downloaded quick-error v1.2.3
[INFO] [stderr]   Downloaded cast v0.3.0
[INFO] [stderr]   Downloaded criterion v0.5.1
[INFO] [stderr]   Downloaded plotters-backend v0.3.7
[INFO] [stderr]   Downloaded anes v0.1.6
[INFO] running `Command { std: "docker" "create" "-v" "/var/lib/crater-agent-workspace/builds/worker-2-tc1/source:/opt/rustwide/workdir:ro,Z" "-v" "/var/lib/crater-agent-workspace/builds/worker-2-tc1/target:/opt/rustwide/target:rw,Z" "-v" "/var/lib/crater-agent-workspace/cargo-home:/opt/rustwide/cargo-home:ro,Z" "-v" "/var/lib/crater-agent-workspace/rustup-home:/opt/rustwide/rustup-home:ro,Z" "-m" "1610612736" "--network" "none" "ghcr.io/rust-lang/crates-build-env/linux@sha256:77db811e55d90add9212f6832c23229e3de5f1c1f9905e8cb07319ea15df73ac" "sleep" "infinity", kill_on_drop: false }`
[INFO] [stdout] 51f8b4c4779a33739f92f1d24f5711bdb0c4085ecbd5ce5cdf594b050b0e162b
[INFO] running `Command { std: "docker" "start" "51f8b4c4779a33739f92f1d24f5711bdb0c4085ecbd5ce5cdf594b050b0e162b", kill_on_drop: false }`
[INFO] running `Command { std: "docker" "inspect" "51f8b4c4779a33739f92f1d24f5711bdb0c4085ecbd5ce5cdf594b050b0e162b", kill_on_drop: false }`
[INFO] running `Command { std: "docker" "exec" "-e" "SOURCE_DIR=/opt/rustwide/workdir" "-e" "CARGO_HOME=/opt/rustwide/cargo-home" "-e" "RUSTUP_HOME=/opt/rustwide/rustup-home" "-e" "CARGO_TARGET_DIR=/opt/rustwide/target" "-w" "/opt/rustwide/workdir" "--user" "0:0" "51f8b4c4779a33739f92f1d24f5711bdb0c4085ecbd5ce5cdf594b050b0e162b" "/opt/rustwide/cargo-home/bin/cargo" "+1.99.0-beta.8" "metadata" "--no-deps" "--format-version=1", kill_on_drop: false }`
[INFO] running `Command { std: "docker" "inspect" "51f8b4c4779a33739f92f1d24f5711bdb0c4085ecbd5ce5cdf594b050b0e162b", kill_on_drop: false }`
[INFO] running `Command { std: "docker" "exec" "-e" "SOURCE_DIR=/opt/rustwide/workdir" "-e" "CARGO_HOME=/opt/rustwide/cargo-home" "-e" "RUSTUP_HOME=/opt/rustwide/rustup-home" "-e" "CARGO_TARGET_DIR=/opt/rustwide/target" "-e" "CARGO_INCREMENTAL=0" "-e" "RUST_BACKTRACE=full" "-e" "RUSTFLAGS=--cap-lints=warn" "-e" "RUSTDOCFLAGS=--cap-lints=warn" "-w" "/opt/rustwide/workdir" "--user" "0:0" "51f8b4c4779a33739f92f1d24f5711bdb0c4085ecbd5ce5cdf594b050b0e162b" "/opt/rustwide/cargo-home/bin/cargo" "+1.99.0-beta.8" "build" "--frozen" "--message-format=json" "--release", kill_on_drop: false }`
[INFO] [stderr]    Compiling crossbeam-utils v0.8.22
[INFO] [stderr]    Compiling getrandom v0.3.4
[INFO] [stderr]    Compiling generic-array v0.14.7
[INFO] [stderr]    Compiling typenum v1.20.1
[INFO] [stderr]    Compiling zerocopy v0.8.56
[INFO] [stderr]    Compiling smallvec v1.15.2
[INFO] [stderr]    Compiling getrandom v0.4.3
[INFO] [stderr]    Compiling portable-atomic v1.15.0
[INFO] [stderr]    Compiling rustversion v1.0.23
[INFO] [stderr]    Compiling jiff-core v0.1.0
[INFO] [stderr]    Compiling crossbeam-epoch v0.9.20
[INFO] [stderr]    Compiling bitflags v2.13.1
[INFO] [stderr]    Compiling subtle v2.6.1
[INFO] [stderr]    Compiling errno v0.3.14
[INFO] [stderr]    Compiling syn v3.0.3
[INFO] [stderr]    Compiling syn v2.0.119
[INFO] [stderr]    Compiling hashbrown v0.14.5
[INFO] [stderr]    Compiling foldhash v0.2.0
[INFO] [stderr]    Compiling raw-cpuid v11.6.0
[INFO] [stderr]    Compiling futures-sink v0.3.34
[INFO] [stderr]    Compiling parking_lot_core v0.9.12
[INFO] [stderr]    Compiling futures-core v0.3.34
[INFO] [stderr]    Compiling uuid v1.24.1
[INFO] [stderr]    Compiling rand_core v0.9.5
[INFO] [stderr]    Compiling futures-util v0.3.34
[INFO] [stderr]    Compiling hashbrown v0.16.1
[INFO] [stderr]    Compiling signal-hook-registry v1.4.8
[INFO] [stderr]    Compiling parking_lot v0.12.5
[INFO] [stderr]    Compiling spinning_top v0.3.0
[INFO] [stderr]    Compiling tagptr v0.2.0
[INFO] [stderr]    Compiling arc-swap v1.9.2
[INFO] [stderr]    Compiling crossbeam-channel v0.5.16
[INFO] [stderr]    Compiling nonzero_ext v0.3.0
[INFO] [stderr]    Compiling web-time v1.1.0
[INFO] [stderr]    Compiling futures-timer v3.0.4
[INFO] [stderr]    Compiling atomic-waker v1.1.2
[INFO] [stderr]    Compiling block-buffer v0.10.4
[INFO] [stderr]    Compiling crypto-common v0.1.7
[INFO] [stderr]    Compiling dashmap v6.2.1
[INFO] [stderr]    Compiling digest v0.10.7
[INFO] [stderr]    Compiling moka v0.12.16
[INFO] [stderr]    Compiling hmac v0.12.1
[INFO] [stderr]    Compiling sha2 v0.10.9
[INFO] [stderr]    Compiling jiff v0.2.35
[INFO] [stderr]    Compiling quanta v0.12.6
[INFO] [stderr]    Compiling tokio-macros v2.7.2
[INFO] [stderr]    Compiling async-trait v0.1.92
[INFO] [stderr]    Compiling tokio v1.53.1
[INFO] [stderr]    Compiling ppv-lite86 v0.2.21
[INFO] [stderr]    Compiling tracing-attributes v0.1.31
[INFO] [stderr]    Compiling rand_chacha v0.9.0
[INFO] [stderr]    Compiling tollgate-core v0.32.2
[INFO] [stderr]    Compiling rand v0.9.5
[INFO] [stderr]    Compiling tollgate-auth v0.32.2
[INFO] [stderr]    Compiling governor v0.10.4
[INFO] [stderr]    Compiling tracing v0.1.44
[INFO] [stderr]    Compiling tollgate-admission v0.32.2
[INFO] [stderr]    Compiling tollgate-store v0.32.2
[INFO] [stderr]    Compiling tollgate-client v0.32.2 (/opt/rustwide/workdir)
[INFO] [stdout] warning: use of deprecated method `std::sync::atomic::Atomic::<u64>::fetch_update`: renamed to `try_update` for consistency
[INFO] [stdout]    --> src/usage_writer.rs:319:14
[INFO] [stdout]     |
[INFO] [stdout] 319 |             .fetch_update(Ordering::Relaxed, Ordering::Relaxed, |old| {
[INFO] [stdout]     |              ^^^^^^^^^^^^
[INFO] [stdout]     |
[INFO] [stdout]     = note: `#[warn(deprecated)]` on by default
[INFO] [stdout] help: replace the use of the deprecated method
[INFO] [stdout]     |
[INFO] [stdout] 319 -             .fetch_update(Ordering::Relaxed, Ordering::Relaxed, |old| {
[INFO] [stdout] 319 +             .try_update(Ordering::Relaxed, Ordering::Relaxed, |old| {
[INFO] [stdout]     |
[INFO] [stdout] 
[INFO] [stdout] 
[INFO] [stderr]     Finished `release` profile [optimized] target(s) in 50.19s
[INFO] running `Command { std: "docker" "inspect" "51f8b4c4779a33739f92f1d24f5711bdb0c4085ecbd5ce5cdf594b050b0e162b", kill_on_drop: false }`
[INFO] running `Command { std: "docker" "exec" "-e" "SOURCE_DIR=/opt/rustwide/workdir" "-e" "CARGO_HOME=/opt/rustwide/cargo-home" "-e" "RUSTUP_HOME=/opt/rustwide/rustup-home" "-e" "CARGO_TARGET_DIR=/opt/rustwide/target" "-e" "CARGO_INCREMENTAL=0" "-e" "RUST_BACKTRACE=full" "-e" "RUSTFLAGS=--cap-lints=warn" "-e" "RUSTDOCFLAGS=--cap-lints=warn" "-w" "/opt/rustwide/workdir" "--user" "0:0" "51f8b4c4779a33739f92f1d24f5711bdb0c4085ecbd5ce5cdf594b050b0e162b" "/opt/rustwide/cargo-home/bin/cargo" "+1.99.0-beta.8" "test" "--frozen" "--no-run" "--message-format=json" "--release", kill_on_drop: false }`
[INFO] [stderr]    Compiling syn v2.0.119
[INFO] [stderr]    Compiling bitflags v2.13.1
[INFO] [stderr]    Compiling serde_core v1.0.229
[INFO] [stderr]    Compiling regex-syntax v0.8.11
[INFO] [stderr]    Compiling num-traits v0.2.19
[INFO] [stderr]    Compiling tracing-core v0.1.36
[INFO] [stderr]    Compiling serde v1.0.229
[INFO] [stderr]    Compiling rustix v1.1.4
[INFO] [stderr]    Compiling crossbeam-deque v0.8.7
[INFO] [stderr]    Compiling serde_derive v1.0.229
[INFO] [stderr]    Compiling linux-raw-sys v0.12.1
[INFO] [stderr]    Compiling serde_json v1.0.151
[INFO] [stderr]    Compiling either v1.17.0
[INFO] [stderr]    Compiling rayon-core v1.13.0
[INFO] [stderr]    Compiling memchr v2.8.3
[INFO] [stderr]    Compiling plotters-backend v0.3.7
[INFO] [stderr]    Compiling anstyle v1.0.14
[INFO] [stderr]    Compiling clap_lex v1.1.0
[INFO] [stderr]    Compiling fastrand v2.5.0
[INFO] [stderr]    Compiling raw-cpuid v11.6.0
[INFO] [stderr]    Compiling itertools v0.10.5
[INFO] [stderr]    Compiling clap_builder v4.6.6
[INFO] [stderr]    Compiling plotters-svg v0.3.7
[INFO] [stderr]    Compiling tokio v1.53.1
[INFO] [stderr]    Compiling wait-timeout v0.2.1
[INFO] [stderr]    Compiling fnv v1.0.7
[INFO] [stderr]    Compiling cast v0.3.0
[INFO] [stderr]    Compiling log v0.4.33
[INFO] [stderr]    Compiling same-file v1.0.6
[INFO] [stderr]    Compiling bit-vec v0.8.0
[INFO] [stderr]    Compiling quick-error v1.2.3
[INFO] [stderr]    Compiling lazy_static v1.5.0
[INFO] [stderr]    Compiling sharded-slab v0.1.7
[INFO] [stderr]    Compiling rayon v1.12.0
[INFO] [stderr]    Compiling tracing-log v0.2.0
[INFO] [stderr]    Compiling plotters v0.3.7
[INFO] [stderr]    Compiling bit-set v0.8.0
[INFO] [stderr]    Compiling walkdir v2.5.0
[INFO] [stderr]    Compiling rand_xorshift v0.4.0
[INFO] [stderr]    Compiling thread_local v1.1.10
[INFO] [stderr]    Compiling is-terminal v0.4.17
[INFO] [stderr]    Compiling anes v0.1.6
[INFO] [stderr]    Compiling nu-ansi-term v0.50.3
[INFO] [stderr]    Compiling oorandom v11.1.5
[INFO] [stderr]    Compiling unarray v0.1.4
[INFO] [stderr]    Compiling criterion-plot v0.5.0
[INFO] [stderr]    Compiling regex-automata v0.4.18
[INFO] [stderr]    Compiling quanta v0.12.6
[INFO] [stderr]    Compiling clap v4.6.6
[INFO] [stderr]    Compiling tempfile v3.27.0
[INFO] [stderr]    Compiling rusty-fork v0.3.1
[INFO] [stderr]    Compiling tinytemplate v1.2.1
[INFO] [stderr]    Compiling zerocopy-derive v0.8.56
[INFO] [stderr]    Compiling tracing-attributes v0.1.31
[INFO] [stderr]    Compiling regex v1.13.1
[INFO] [stderr]    Compiling matchers v0.2.0
[INFO] [stderr]    Compiling tracing v0.1.44
[INFO] [stderr]    Compiling tollgate-store v0.32.2
[INFO] [stderr]    Compiling tracing-subscriber v0.3.23
[INFO] [stderr]    Compiling zerocopy v0.8.56
[INFO] [stderr]    Compiling ppv-lite86 v0.2.21
[INFO] [stderr]    Compiling half v2.7.1
[INFO] [stderr]    Compiling rand_chacha v0.9.0
[INFO] [stderr]    Compiling ciborium-ll v0.2.2
[INFO] [stderr]    Compiling rand v0.9.5
[INFO] [stderr]    Compiling ciborium v0.2.2
[INFO] [stderr]    Compiling criterion v0.5.1
[INFO] [stderr]    Compiling governor v0.10.4
[INFO] [stderr]    Compiling proptest v1.11.0
[INFO] [stderr]    Compiling tollgate-admission v0.32.2
[INFO] [stderr]    Compiling tollgate-client v0.32.2 (/opt/rustwide/workdir)
[INFO] [stdout] warning: use of deprecated method `std::sync::atomic::Atomic::<u64>::fetch_update`: renamed to `try_update` for consistency
[INFO] [stdout]    --> src/usage_writer.rs:319:14
[INFO] [stdout]     |
[INFO] [stdout] 319 |             .fetch_update(Ordering::Relaxed, Ordering::Relaxed, |old| {
[INFO] [stdout]     |              ^^^^^^^^^^^^
[INFO] [stdout]     |
[INFO] [stdout]     = note: `#[warn(deprecated)]` on by default
[INFO] [stdout] help: replace the use of the deprecated method
[INFO] [stdout]     |
[INFO] [stdout] 319 -             .fetch_update(Ordering::Relaxed, Ordering::Relaxed, |old| {
[INFO] [stdout] 319 +             .try_update(Ordering::Relaxed, Ordering::Relaxed, |old| {
[INFO] [stdout]     |
[INFO] [stdout] 
[INFO] [stdout] 
[INFO] [stdout] error: couldn't find file `tests/../../tollgate-store/tests/support/delegating.rs`
[INFO] [stdout]   --> tests/runtime.rs:23:1
[INFO] [stdout]    |
[INFO] [stdout] 23 | mod delegating;
[INFO] [stdout]    | ^^^^^^^^^^^^^^^
[INFO] [stdout] 
[INFO] [stdout] 
[INFO] [stdout] error: couldn't find file `tests/../../tollgate-store/tests/support/delegating.rs`
[INFO] [stdout]   --> tests/snapshot_manager.rs:28:1
[INFO] [stdout]    |
[INFO] [stdout] 28 | mod delegating;
[INFO] [stdout]    | ^^^^^^^^^^^^^^^
[INFO] [stdout] 
[INFO] [stdout] 
[INFO] [stdout] error: couldn't find file `tests/../../tollgate-store/tests/support/delegating.rs`
[INFO] [stdout]   --> tests/events.rs:20:1
[INFO] [stdout]    |
[INFO] [stdout] 20 | mod delegating;
[INFO] [stdout]    | ^^^^^^^^^^^^^^^
[INFO] [stdout] 
[INFO] [stdout] 
[INFO] [stderr] error: could not compile `tollgate-client` (test "snapshot_manager") due to 1 previous error
[INFO] [stderr] warning: build failed, waiting for other jobs to finish...
[INFO] [stderr] error: could not compile `tollgate-client` (test "events") due to 1 previous error
[INFO] [stderr] error: could not compile `tollgate-client` (test "runtime") due to 1 previous error
[INFO] [stdout] error: couldn't find file `tests/../../tollgate-store/tests/support/delegating.rs`
[INFO] [stdout]   --> tests/key_manager.rs:11:1
[INFO] [stdout]    |
[INFO] [stdout] 11 | mod delegating;
[INFO] [stdout]    | ^^^^^^^^^^^^^^^
[INFO] [stdout] 
[INFO] [stdout] 
[INFO] [stderr] error: could not compile `tollgate-client` (test "key_manager") due to 1 previous error
[INFO] [stdout] error: couldn't find file `tests/../../tollgate-store/tests/support/delegating.rs`
[INFO] [stdout]   --> tests/crash.rs:29:1
[INFO] [stdout]    |
[INFO] [stdout] 29 | mod delegating;
[INFO] [stdout]    | ^^^^^^^^^^^^^^^
[INFO] [stdout] 
[INFO] [stdout] 
[INFO] [stderr] error: could not compile `tollgate-client` (test "crash") due to 1 previous error
[INFO] [stdout] error: couldn't find file `tests/../../tollgate-store/tests/support/delegating.rs`
[INFO] [stdout]   --> tests/runtime_orchestration.rs:18:1
[INFO] [stdout]    |
[INFO] [stdout] 18 | mod delegating;
[INFO] [stdout]    | ^^^^^^^^^^^^^^^
[INFO] [stdout] 
[INFO] [stdout] 
[INFO] [stderr] error: could not compile `tollgate-client` (test "runtime_orchestration") due to 1 previous error
[INFO] [stdout] error: couldn't find file `tests/../../tollgate-store/tests/support/delegating.rs`
[INFO] [stdout]   --> tests/period_roller.rs:18:1
[INFO] [stdout]    |
[INFO] [stdout] 18 | mod delegating;
[INFO] [stdout]    | ^^^^^^^^^^^^^^^
[INFO] [stdout] 
[INFO] [stdout] 
[INFO] [stderr] error: could not compile `tollgate-client` (test "period_roller") due to 1 previous error
[INFO] [stdout] error: couldn't find file `tests/../../tollgate-store/tests/support/delegating.rs`
[INFO] [stdout]   --> tests/committed_guard.rs:21:1
[INFO] [stdout]    |
[INFO] [stdout] 21 | mod delegating;
[INFO] [stdout]    | ^^^^^^^^^^^^^^^
[INFO] [stdout] 
[INFO] [stdout] 
[INFO] [stdout] error[E0432]: unresolved import `tollgate_alloc_count`
[INFO] [stdout]  --> tests/allocations.rs:7:5
[INFO] [stdout]   |
[INFO] [stdout] 7 | use tollgate_alloc_count::{AllocScope, Allocations};
[INFO] [stdout]   |     ^^^^^^^^^^^^^^^^^^^^ use of unresolved module or unlinked crate `tollgate_alloc_count`
[INFO] [stdout]   |
[INFO] [stdout]   = help: if you wanted to use a crate named `tollgate_alloc_count`, use `cargo add tollgate_alloc_count` to add it to your `Cargo.toml`
[INFO] [stdout] 
[INFO] [stdout] 
[INFO] [stdout] error[E0433]: cannot find module or crate `tollgate_alloc_count` in this scope
[INFO] [stdout]   --> tests/allocations.rs:19:1
[INFO] [stdout]    |
[INFO] [stdout] 19 | tollgate_alloc_count::install!();
[INFO] [stdout]    | ^^^^^^^^^^^^^^^^^^^^ use of unresolved module or unlinked crate `tollgate_alloc_count`
[INFO] [stdout] 
[INFO] [stdout] 
[INFO] [stdout] error[E0433]: cannot find module or crate `tollgate_alloc_count` in this scope
[INFO] [stdout]    --> tests/allocations.rs:227:5
[INFO] [stdout]     |
[INFO] [stdout] 227 |     tollgate_alloc_count::record_if_requested!(scope, attribution, allocations).unwrap();
[INFO] [stdout]     |     ^^^^^^^^^^^^^^^^^^^^ use of unresolved module or unlinked crate `tollgate_alloc_count`
[INFO] [stdout] 
[INFO] [stdout] 
[INFO] [stderr] error: could not compile `tollgate-client` (test "committed_guard") due to 1 previous error
[INFO] [stdout] error: couldn't find file `tests/../../tollgate-store/tests/support/delegating.rs`
[INFO] [stdout]  --> tests/usage_attribution.rs:8:1
[INFO] [stdout]   |
[INFO] [stdout] 8 | mod delegating;
[INFO] [stdout]   | ^^^^^^^^^^^^^^^
[INFO] [stdout] 
[INFO] [stdout] 
[INFO] [stderr] error: could not compile `tollgate-client` (test "usage_attribution") due to 1 previous error
[INFO] [stdout] Some errors have detailed explanations: E0432, E0433.
[INFO] [stdout] 
[INFO] [stdout] For more information about an error, try `rustc --explain E0432`.
[INFO] [stdout] 
[INFO] [stderr] error: could not compile `tollgate-client` (test "allocations") due to 3 previous errors
[INFO] [stdout] warning: use of deprecated method `std::sync::atomic::Atomic::<u64>::fetch_update`: renamed to `try_update` for consistency
[INFO] [stdout]    --> src/usage_writer.rs:319:14
[INFO] [stdout]     |
[INFO] [stdout] 319 |             .fetch_update(Ordering::Relaxed, Ordering::Relaxed, |old| {
[INFO] [stdout]     |              ^^^^^^^^^^^^
[INFO] [stdout]     |
[INFO] [stdout]     = note: `#[warn(deprecated)]` on by default
[INFO] [stdout] help: replace the use of the deprecated method
[INFO] [stdout]     |
[INFO] [stdout] 319 -             .fetch_update(Ordering::Relaxed, Ordering::Relaxed, |old| {
[INFO] [stdout] 319 +             .try_update(Ordering::Relaxed, Ordering::Relaxed, |old| {
[INFO] [stdout]     |
[INFO] [stdout] 
[INFO] [stdout] 
[INFO] running `Command { std: "docker" "inspect" "51f8b4c4779a33739f92f1d24f5711bdb0c4085ecbd5ce5cdf594b050b0e162b", kill_on_drop: false }`
[INFO] running `Command { std: "docker" "rm" "-f" "51f8b4c4779a33739f92f1d24f5711bdb0c4085ecbd5ce5cdf594b050b0e162b", kill_on_drop: false }`
[INFO] [stdout] 51f8b4c4779a33739f92f1d24f5711bdb0c4085ecbd5ce5cdf594b050b0e162b
