[INFO] fetching crate tokio-uring-xitca 0.2.2...
[INFO] testing tokio-uring-xitca-0.2.2 against 1.100.0-beta.1+cargoflags=--release for beta-release-1.100-2
[INFO] extracting crate tokio-uring-xitca 0.2.2 into /workspace/builds/worker-6-tc2/source
[INFO] started tweaking crates.io crate tokio-uring-xitca 0.2.2
[INFO] removed 0 missing examples
[INFO] removed 0 missing tests
[INFO] finished tweaking crates.io crate tokio-uring-xitca 0.2.2
[INFO] tweaked toml for crates.io crate tokio-uring-xitca 0.2.2 written to /workspace/builds/worker-6-tc2/source/Cargo.toml
[INFO] validating manifest of crates.io crate tokio-uring-xitca 0.2.2 on toolchain 1.100.0-beta.1
[INFO] running `Command { std: CARGO_HOME="/workspace/cargo-home" RUSTUP_HOME="/workspace/rustup-home" "/workspace/cargo-home/bin/cargo" "+1.100.0-beta.1" "metadata" "--manifest-path" "Cargo.toml" "--no-deps", kill_on_drop: false }`
[INFO] crate crates.io crate tokio-uring-xitca 0.2.2 already has a lockfile, it will not be regenerated
[INFO] running `Command { std: CARGO_HOME="/workspace/cargo-home" RUSTUP_HOME="/workspace/rustup-home" "/workspace/cargo-home/bin/cargo" "+1.100.0-beta.1" "fetch" "--manifest-path" "Cargo.toml", kill_on_drop: false }`
[INFO] running `Command { std: "docker" "create" "-v" "/var/lib/crater-agent-workspace/builds/worker-6-tc2/source:/opt/rustwide/workdir:ro,Z" "-v" "/var/lib/crater-agent-workspace/builds/worker-6-tc2/target:/opt/rustwide/target:rw,Z" "-v" "/var/lib/crater-agent-workspace/cargo-home:/opt/rustwide/cargo-home:ro,Z" "-v" "/var/lib/crater-agent-workspace/rustup-home:/opt/rustwide/rustup-home:ro,Z" "-m" "1610612736" "--network" "none" "ghcr.io/rust-lang/crates-build-env/linux@sha256:77db811e55d90add9212f6832c23229e3de5f1c1f9905e8cb07319ea15df73ac" "sleep" "infinity", kill_on_drop: false }`
[INFO] [stdout] 7b2f4589e2b099721c706c358aa03264d763e41c2a3f32ba70691b16658db0dc
[INFO] running `Command { std: "docker" "start" "7b2f4589e2b099721c706c358aa03264d763e41c2a3f32ba70691b16658db0dc", kill_on_drop: false }`
[INFO] running `Command { std: "docker" "inspect" "7b2f4589e2b099721c706c358aa03264d763e41c2a3f32ba70691b16658db0dc", kill_on_drop: false }`
[INFO] running `Command { std: "docker" "exec" "-e" "SOURCE_DIR=/opt/rustwide/workdir" "-e" "CARGO_HOME=/opt/rustwide/cargo-home" "-e" "RUSTUP_HOME=/opt/rustwide/rustup-home" "-e" "CARGO_TARGET_DIR=/opt/rustwide/target" "-w" "/opt/rustwide/workdir" "--user" "0:0" "7b2f4589e2b099721c706c358aa03264d763e41c2a3f32ba70691b16658db0dc" "/opt/rustwide/cargo-home/bin/cargo" "+1.100.0-beta.1" "metadata" "--no-deps" "--format-version=1", kill_on_drop: false }`
[INFO] running `Command { std: "docker" "inspect" "7b2f4589e2b099721c706c358aa03264d763e41c2a3f32ba70691b16658db0dc", kill_on_drop: false }`
[INFO] running `Command { std: "docker" "exec" "-e" "SOURCE_DIR=/opt/rustwide/workdir" "-e" "CARGO_HOME=/opt/rustwide/cargo-home" "-e" "RUSTUP_HOME=/opt/rustwide/rustup-home" "-e" "CARGO_TARGET_DIR=/opt/rustwide/target" "-e" "CARGO_INCREMENTAL=0" "-e" "RUST_BACKTRACE=full" "-e" "RUSTFLAGS=--cap-lints=warn" "-e" "RUSTDOCFLAGS=--cap-lints=warn" "-w" "/opt/rustwide/workdir" "--user" "0:0" "7b2f4589e2b099721c706c358aa03264d763e41c2a3f32ba70691b16658db0dc" "/opt/rustwide/cargo-home/bin/cargo" "+1.100.0-beta.1" "build" "--frozen" "--message-format=json" "--release", kill_on_drop: false }`
[INFO] [stderr]    Compiling tokio-uring-xitca v0.2.2 (/opt/rustwide/workdir)
[INFO] [stderr]     Finished `release` profile [optimized] target(s) in 0.25s
[INFO] running `Command { std: "docker" "inspect" "7b2f4589e2b099721c706c358aa03264d763e41c2a3f32ba70691b16658db0dc", kill_on_drop: false }`
[INFO] running `Command { std: "docker" "exec" "-e" "SOURCE_DIR=/opt/rustwide/workdir" "-e" "CARGO_HOME=/opt/rustwide/cargo-home" "-e" "RUSTUP_HOME=/opt/rustwide/rustup-home" "-e" "CARGO_TARGET_DIR=/opt/rustwide/target" "-e" "CARGO_INCREMENTAL=0" "-e" "RUST_BACKTRACE=full" "-e" "RUSTFLAGS=--cap-lints=warn" "-e" "RUSTDOCFLAGS=--cap-lints=warn" "-w" "/opt/rustwide/workdir" "--user" "0:0" "7b2f4589e2b099721c706c358aa03264d763e41c2a3f32ba70691b16658db0dc" "/opt/rustwide/cargo-home/bin/cargo" "+1.100.0-beta.1" "test" "--frozen" "--no-run" "--message-format=json" "--release", kill_on_drop: false }`
[INFO] [stderr]    Compiling libc v0.2.189
[INFO] [stderr]    Compiling syn v3.0.3
[INFO] [stderr]    Compiling alloca v0.4.0
[INFO] [stderr]    Compiling nix v0.31.3
[INFO] [stderr]    Compiling tokio v1.53.1
[INFO] [stderr]    Compiling clap_builder v4.6.6
[INFO] [stderr]    Compiling iai v0.1.1
[INFO] [stderr]    Compiling page_size v0.6.0
[INFO] [stderr]    Compiling getrandom v0.4.3
[INFO] [stderr]    Compiling tempfile v3.27.0
[INFO] [stderr]    Compiling serde_derive v1.0.229
[INFO] [stderr]    Compiling clap v4.6.6
[INFO] [stderr]    Compiling tokio-stream v0.1.19
[INFO] [stderr]    Compiling tokio-test v0.4.5
[INFO] [stderr]    Compiling serde v1.0.229
[INFO] [stderr]    Compiling tinytemplate v1.2.1
[INFO] [stderr]    Compiling ciborium v0.2.2
[INFO] [stderr]    Compiling criterion v0.8.2
[INFO] [stderr]    Compiling tokio-uring-xitca v0.2.2 (/opt/rustwide/workdir)
[INFO] [stdout] error[E0432]: unresolved import `tokio_uring_xitca::net`
[INFO] [stdout]   --> examples/udp_socket.rs:2:24
[INFO] [stdout]    |
[INFO] [stdout]  2 | use tokio_uring_xitca::net::UdpSocket;
[INFO] [stdout]    |                        ^^^ could not find `net` in `tokio_uring_xitca`
[INFO] [stdout]    |
[INFO] [stdout] note: found an item that was configured out
[INFO] [stdout]   --> src/lib.rs:80:9
[INFO] [stdout]    |
[INFO] [stdout] 79 | #[cfg(feature = "runtime-uring")]
[INFO] [stdout]    |       ------------------------- the item is gated behind the `runtime-uring` feature
[INFO] [stdout] 80 | pub mod net;
[INFO] [stdout]    |         ^^^
[INFO] [stdout] 
[INFO] [stdout] 
[INFO] [stdout] error[E0432]: unresolved imports `tokio_uring_xitca::buf::fixed`, `tokio_uring_xitca::net`
[INFO] [stdout]   --> examples/tcp_listener_fixed_buffers.rs:7:33
[INFO] [stdout]    |
[INFO] [stdout]  7 |     buf::{BoundedBuf, IoBufMut, fixed::FixedBufRegistry},
[INFO] [stdout]    |                                 ^^^^^ could not find `fixed` in `buf`
[INFO] [stdout]  8 |     net::{TcpListener, TcpStream},
[INFO] [stdout]    |     ^^^ could not find `net` in `tokio_uring_xitca`
[INFO] [stdout]    |
[INFO] [stdout] note: found an item that was configured out
[INFO] [stdout]   --> src/buf/mod.rs:8:9
[INFO] [stdout]    |
[INFO] [stdout]  7 | #[cfg(feature = "runtime-uring")]
[INFO] [stdout]    |       ------------------------- the item is gated behind the `runtime-uring` feature
[INFO] [stdout]  8 | pub mod fixed;
[INFO] [stdout]    |         ^^^^^
[INFO] [stdout] note: found an item that was configured out
[INFO] [stdout]   --> src/lib.rs:80:9
[INFO] [stdout]    |
[INFO] [stdout] 79 | #[cfg(feature = "runtime-uring")]
[INFO] [stdout]    |       ------------------------- the item is gated behind the `runtime-uring` feature
[INFO] [stdout] 80 | pub mod net;
[INFO] [stdout]    |         ^^^
[INFO] [stdout] 
[INFO] [stdout] 
[INFO] [stdout] error[E0432]: unresolved import `tokio_uring_xitca::buf::fixed`
[INFO] [stdout]  --> tests/fixed_buf.rs:2:29
[INFO] [stdout]   |
[INFO] [stdout] 2 | use tokio_uring_xitca::buf::fixed::{FixedBufPool, FixedBufRegistry};
[INFO] [stdout]   |                             ^^^^^ could not find `fixed` in `buf`
[INFO] [stdout]   |
[INFO] [stdout] note: found an item that was configured out
[INFO] [stdout]  --> src/buf/mod.rs:8:9
[INFO] [stdout]   |
[INFO] [stdout] 7 | #[cfg(feature = "runtime-uring")]
[INFO] [stdout]   |       ------------------------- the item is gated behind the `runtime-uring` feature
[INFO] [stdout] 8 | pub mod fixed;
[INFO] [stdout]   |         ^^^^^
[INFO] [stdout] 
[INFO] [stdout] 
[INFO] [stdout] error[E0432]: unresolved import `tokio_uring_xitca::fs`
[INFO] [stdout]   --> tests/fixed_buf.rs:4:24
[INFO] [stdout]    |
[INFO] [stdout]  4 | use tokio_uring_xitca::fs::File;
[INFO] [stdout]    |                        ^^ could not find `fs` in `tokio_uring_xitca`
[INFO] [stdout]    |
[INFO] [stdout] note: found an item that was configured out
[INFO] [stdout]   --> src/lib.rs:78:9
[INFO] [stdout]    |
[INFO] [stdout] 77 | #[cfg(feature = "runtime-uring")]
[INFO] [stdout]    |       ------------------------- the item is gated behind the `runtime-uring` feature
[INFO] [stdout] 78 | pub mod fs;
[INFO] [stdout]    |         ^^
[INFO] [stdout] 
[INFO] [stdout] 
[INFO] [stdout] error[E0432]: unresolved import `tokio_uring_xitca::net`
[INFO] [stdout]   --> examples/tcp_listener.rs:3:24
[INFO] [stdout]    |
[INFO] [stdout]  3 | use tokio_uring_xitca::net::TcpListener;
[INFO] [stdout]    |                        ^^^ could not find `net` in `tokio_uring_xitca`
[INFO] [stdout]    |
[INFO] [stdout] note: found an item that was configured out
[INFO] [stdout]   --> src/lib.rs:80:9
[INFO] [stdout]    |
[INFO] [stdout] 79 | #[cfg(feature = "runtime-uring")]
[INFO] [stdout]    |       ------------------------- the item is gated behind the `runtime-uring` feature
[INFO] [stdout] 80 | pub mod net;
[INFO] [stdout]    |         ^^^
[INFO] [stdout] 
[INFO] [stdout] 
[INFO] [stdout] error[E0425]: cannot find function `start` in crate `tokio_uring_xitca`
[INFO] [stdout]    --> examples/udp_socket.rs:13:24
[INFO] [stdout]     |
[INFO] [stdout]  13 |     tokio_uring_xitca::start(async {
[INFO] [stdout]     |                        ^^^^^ not found in `tokio_uring_xitca`
[INFO] [stdout]     |
[INFO] [stdout] note: found an item that was configured out
[INFO] [stdout]    --> src/lib.rs:112:8
[INFO] [stdout]     |
[INFO] [stdout]  99 | #[cfg(feature = "runtime-uring")]
[INFO] [stdout]     |       ------------------------- the item is gated behind the `runtime-uring` feature
[INFO] [stdout] ...
[INFO] [stdout] 112 | pub fn start<F: Future>(future: F) -> F::Output {
[INFO] [stdout]     |        ^^^^^
[INFO] [stdout] 
[INFO] [stdout] 
[INFO] [stdout] error[E0425]: cannot find function `start` in crate `tokio_uring_xitca`
[INFO] [stdout]    --> examples/tcp_listener_fixed_buffers.rs:24:24
[INFO] [stdout]     |
[INFO] [stdout]  24 |     tokio_uring_xitca::start(accept_loop(socket_addr));
[INFO] [stdout]     |                        ^^^^^ not found in `tokio_uring_xitca`
[INFO] [stdout]     |
[INFO] [stdout] note: found an item that was configured out
[INFO] [stdout]    --> src/lib.rs:112:8
[INFO] [stdout]     |
[INFO] [stdout]  99 | #[cfg(feature = "runtime-uring")]
[INFO] [stdout]     |       ------------------------- the item is gated behind the `runtime-uring` feature
[INFO] [stdout] ...
[INFO] [stdout] 112 | pub fn start<F: Future>(future: F) -> F::Output {
[INFO] [stdout]     |        ^^^^^
[INFO] [stdout] 
[INFO] [stdout] 
[INFO] [stdout] error[E0425]: cannot find function `spawn` in crate `tokio_uring_xitca`
[INFO] [stdout]   --> examples/tcp_listener_fixed_buffers.rs:46:28
[INFO] [stdout]    |
[INFO] [stdout] 46 |         tokio_uring_xitca::spawn(echo_handler(stream, peer, registry.clone()));
[INFO] [stdout]    |                            ^^^^^ not found in `tokio_uring_xitca`
[INFO] [stdout]    |
[INFO] [stdout] note: found an item that was configured out
[INFO] [stdout]   --> src/lib.rs:90:5
[INFO] [stdout]    |
[INFO] [stdout] 86 | #[cfg(feature = "runtime-uring")]
[INFO] [stdout]    |       ------------------------- the item is gated behind the `runtime-uring` feature
[INFO] [stdout] ...
[INFO] [stdout] 90 |     spawn,
[INFO] [stdout]    |     ^^^^^
[INFO] [stdout] help: consider importing this function
[INFO] [stdout]    |
[INFO] [stdout]  4 + use std::thread::spawn;
[INFO] [stdout]    |
[INFO] [stdout] help: if you import `spawn`, refer to it directly
[INFO] [stdout]    |
[INFO] [stdout] 46 -         tokio_uring_xitca::spawn(echo_handler(stream, peer, registry.clone()));
[INFO] [stdout] 46 +         spawn(echo_handler(stream, peer, registry.clone()));
[INFO] [stdout]    |
[INFO] [stdout] 
[INFO] [stdout] 
[INFO] [stdout] error[E0432]: unresolved imports `tokio::net::TcpListener`, `tokio::net::TcpStream`
[INFO] [stdout]    --> tests/runtime.rs:1:18
[INFO] [stdout]     |
[INFO] [stdout]   1 | use tokio::net::{TcpListener, TcpStream};
[INFO] [stdout]     |                  ^^^^^^^^^^^  ^^^^^^^^^ no `TcpStream` in `net`
[INFO] [stdout]     |                  |
[INFO] [stdout]     |                  no `TcpListener` in `net`
[INFO] [stdout]     |
[INFO] [stdout]     = help: consider importing this struct instead:
[INFO] [stdout]             std::net::TcpListener
[INFO] [stdout] note: found an item that was configured out
[INFO] [stdout]    --> /opt/rustwide/cargo-home/registry/src/index.crates.io-1949cf8c6b5b557f/tokio-1.53.1/src/net/mod.rs:43:28
[INFO] [stdout]     |
[INFO] [stdout]  43 |     pub use tcp::listener::TcpListener;
[INFO] [stdout]     |                            ^^^^^^^^^^^
[INFO] [stdout]     |
[INFO] [stdout]    ::: /opt/rustwide/cargo-home/registry/src/index.crates.io-1949cf8c6b5b557f/tokio-1.53.1/src/macros/cfg.rs:336:19
[INFO] [stdout]     |
[INFO] [stdout] 336 |             #[cfg(feature = "net")]
[INFO] [stdout]     |                   --------------- the item is gated behind the `net` feature
[INFO] [stdout]     = help: consider importing this struct instead:
[INFO] [stdout]             std::net::TcpStream
[INFO] [stdout] note: found an item that was configured out
[INFO] [stdout]    --> /opt/rustwide/cargo-home/registry/src/index.crates.io-1949cf8c6b5b557f/tokio-1.53.1/src/net/mod.rs:44:26
[INFO] [stdout]     |
[INFO] [stdout]  44 |     pub use tcp::stream::TcpStream;
[INFO] [stdout]     |                          ^^^^^^^^^
[INFO] [stdout]     |
[INFO] [stdout]    ::: /opt/rustwide/cargo-home/registry/src/index.crates.io-1949cf8c6b5b557f/tokio-1.53.1/src/macros/cfg.rs:336:19
[INFO] [stdout]     |
[INFO] [stdout] 336 |             #[cfg(feature = "net")]
[INFO] [stdout]     |                   --------------- the item is gated behind the `net` feature
[INFO] [stdout] 
[INFO] [stdout] 
[INFO] [stdout] error[E0432]: unresolved import `tokio_uring_xitca::fs`
[INFO] [stdout]   --> tests/driver.rs:3:37
[INFO] [stdout]    |
[INFO] [stdout]  3 | use tokio_uring_xitca::{buf::IoBuf, fs::File};
[INFO] [stdout]    |                                     ^^ could not find `fs` in `tokio_uring_xitca`
[INFO] [stdout]    |
[INFO] [stdout] note: found an item that was configured out
[INFO] [stdout]   --> src/lib.rs:78:9
[INFO] [stdout]    |
[INFO] [stdout] 77 | #[cfg(feature = "runtime-uring")]
[INFO] [stdout]    |       ------------------------- the item is gated behind the `runtime-uring` feature
[INFO] [stdout] 78 | pub mod fs;
[INFO] [stdout]    |         ^^
[INFO] [stdout] 
[INFO] [stdout] 
[INFO] [stderr] error: could not compile `tokio-uring-xitca` (example "udp_socket") due to 2 previous errors
[INFO] [stdout] Some errors have detailed explanations: E0425, E0432.
[INFO] [stdout] 
[INFO] [stderr] warning: build failed, waiting for other jobs to finish...
[INFO] [stdout] For more information about an error, try `rustc --explain E0425`.
[INFO] [stdout] 
[INFO] [stdout] error[E0425]: cannot find function `start` in crate `tokio_uring_xitca`
[INFO] [stdout]    --> tests/runtime.rs:5:24
[INFO] [stdout]     |
[INFO] [stdout]   5 |     tokio_uring_xitca::start(async {
[INFO] [stdout]     |                        ^^^^^ not found in `tokio_uring_xitca`
[INFO] [stdout]     |
[INFO] [stdout] note: found an item that was configured out
[INFO] [stdout]    --> src/lib.rs:112:8
[INFO] [stdout]     |
[INFO] [stdout]  99 | #[cfg(feature = "runtime-uring")]
[INFO] [stdout]     |       ------------------------- the item is gated behind the `runtime-uring` feature
[INFO] [stdout] ...
[INFO] [stdout] 112 | pub fn start<F: Future>(future: F) -> F::Output {
[INFO] [stdout]     |        ^^^^^
[INFO] [stdout] 
[INFO] [stdout] 
[INFO] [stdout] error[E0425]: cannot find function `start` in crate `tokio_uring_xitca`
[INFO] [stdout]    --> tests/runtime.rs:26:24
[INFO] [stdout]     |
[INFO] [stdout]  26 |     tokio_uring_xitca::start(async {
[INFO] [stdout]     |                        ^^^^^ not found in `tokio_uring_xitca`
[INFO] [stdout]     |
[INFO] [stdout] note: found an item that was configured out
[INFO] [stdout]    --> src/lib.rs:112:8
[INFO] [stdout]     |
[INFO] [stdout]  99 | #[cfg(feature = "runtime-uring")]
[INFO] [stdout]     |       ------------------------- the item is gated behind the `runtime-uring` feature
[INFO] [stdout] ...
[INFO] [stdout] 112 | pub fn start<F: Future>(future: F) -> F::Output {
[INFO] [stdout]     |        ^^^^^
[INFO] [stdout] 
[INFO] [stdout] 
[INFO] [stdout] error[E0425]: cannot find function `spawn` in crate `tokio_uring_xitca`
[INFO] [stdout]   --> tests/runtime.rs:29:41
[INFO] [stdout]    |
[INFO] [stdout] 29 |         let handle = tokio_uring_xitca::spawn(async move {
[INFO] [stdout]    |                                         ^^^^^ not found in `tokio_uring_xitca`
[INFO] [stdout]    |
[INFO] [stdout] note: found an item that was configured out
[INFO] [stdout]   --> src/lib.rs:90:5
[INFO] [stdout]    |
[INFO] [stdout] 86 | #[cfg(feature = "runtime-uring")]
[INFO] [stdout]    |       ------------------------- the item is gated behind the `runtime-uring` feature
[INFO] [stdout] ...
[INFO] [stdout] 90 |     spawn,
[INFO] [stdout]    |     ^^^^^
[INFO] [stdout] help: consider importing this function
[INFO] [stdout]    |
[INFO] [stdout]  1 + use std::thread::spawn;
[INFO] [stdout]    |
[INFO] [stdout] help: if you import `spawn`, refer to it directly
[INFO] [stdout]    |
[INFO] [stdout] 29 -         let handle = tokio_uring_xitca::spawn(async move {
[INFO] [stdout] 29 +         let handle = spawn(async move {
[INFO] [stdout]    |
[INFO] [stdout] 
[INFO] [stdout] 
[INFO] [stdout] error[E0425]: cannot find function `start` in crate `tokio_uring_xitca`
[INFO] [stdout]    --> tests/fixed_buf.rs:16:24
[INFO] [stdout]     |
[INFO] [stdout]  16 |     tokio_uring_xitca::start(async {
[INFO] [stdout]     |                        ^^^^^ not found in `tokio_uring_xitca`
[INFO] [stdout]     |
[INFO] [stdout] note: found an item that was configured out
[INFO] [stdout]    --> src/lib.rs:112:8
[INFO] [stdout]     |
[INFO] [stdout]  99 | #[cfg(feature = "runtime-uring")]
[INFO] [stdout]     |       ------------------------- the item is gated behind the `runtime-uring` feature
[INFO] [stdout] ...
[INFO] [stdout] 112 | pub fn start<F: Future>(future: F) -> F::Output {
[INFO] [stdout]     |        ^^^^^
[INFO] [stdout] 
[INFO] [stdout] 
[INFO] [stdout] error[E0425]: cannot find function `start` in crate `tokio_uring_xitca`
[INFO] [stdout]    --> tests/fixed_buf.rs:64:24
[INFO] [stdout]     |
[INFO] [stdout]  64 |     tokio_uring_xitca::start(async {
[INFO] [stdout]     |                        ^^^^^ not found in `tokio_uring_xitca`
[INFO] [stdout]     |
[INFO] [stdout] note: found an item that was configured out
[INFO] [stdout]    --> src/lib.rs:112:8
[INFO] [stdout]     |
[INFO] [stdout]  99 | #[cfg(feature = "runtime-uring")]
[INFO] [stdout]     |       ------------------------- the item is gated behind the `runtime-uring` feature
[INFO] [stdout] ...
[INFO] [stdout] 112 | pub fn start<F: Future>(future: F) -> F::Output {
[INFO] [stdout]     |        ^^^^^
[INFO] [stdout] 
[INFO] [stdout] 
[INFO] [stdout] error[E0425]: cannot find function `start` in crate `tokio_uring_xitca`
[INFO] [stdout]    --> tests/fixed_buf.rs:97:24
[INFO] [stdout]     |
[INFO] [stdout]  97 |     tokio_uring_xitca::start(async {
[INFO] [stdout]     |                        ^^^^^ not found in `tokio_uring_xitca`
[INFO] [stdout]     |
[INFO] [stdout] note: found an item that was configured out
[INFO] [stdout]    --> src/lib.rs:112:8
[INFO] [stdout]     |
[INFO] [stdout]  99 | #[cfg(feature = "runtime-uring")]
[INFO] [stdout]     |       ------------------------- the item is gated behind the `runtime-uring` feature
[INFO] [stdout] ...
[INFO] [stdout] 112 | pub fn start<F: Future>(future: F) -> F::Output {
[INFO] [stdout]     |        ^^^^^
[INFO] [stdout] 
[INFO] [stdout] 
[INFO] [stdout] error[E0425]: cannot find function `start` in crate `tokio_uring_xitca`
[INFO] [stdout]    --> tests/fixed_buf.rs:136:24
[INFO] [stdout]     |
[INFO] [stdout] 136 |     tokio_uring_xitca::start(async move {
[INFO] [stdout]     |                        ^^^^^ not found in `tokio_uring_xitca`
[INFO] [stdout]     |
[INFO] [stdout] note: found an item that was configured out
[INFO] [stdout]    --> src/lib.rs:112:8
[INFO] [stdout]     |
[INFO] [stdout]  99 | #[cfg(feature = "runtime-uring")]
[INFO] [stdout]     |       ------------------------- the item is gated behind the `runtime-uring` feature
[INFO] [stdout] ...
[INFO] [stdout] 112 | pub fn start<F: Future>(future: F) -> F::Output {
[INFO] [stdout]     |        ^^^^^
[INFO] [stdout] 
[INFO] [stdout] 
[INFO] [stdout] error[E0425]: cannot find function `spawn` in crate `tokio_uring_xitca`
[INFO] [stdout]    --> tests/fixed_buf.rs:151:45
[INFO] [stdout]     |
[INFO] [stdout] 151 |             let handle = tokio_uring_xitca::spawn(async move {
[INFO] [stdout]     |                                             ^^^^^ not found in `tokio_uring_xitca`
[INFO] [stdout]     |
[INFO] [stdout] note: found an item that was configured out
[INFO] [stdout]    --> src/lib.rs:90:5
[INFO] [stdout]     |
[INFO] [stdout]  86 | #[cfg(feature = "runtime-uring")]
[INFO] [stdout]     |       ------------------------- the item is gated behind the `runtime-uring` feature
[INFO] [stdout] ...
[INFO] [stdout]  90 |     spawn,
[INFO] [stdout]     |     ^^^^^
[INFO] [stdout] help: consider importing this function
[INFO] [stdout]     |
[INFO] [stdout]   1 + use std::thread::spawn;
[INFO] [stdout]     |
[INFO] [stdout] help: if you import `spawn`, refer to it directly
[INFO] [stdout]     |
[INFO] [stdout] 151 -             let handle = tokio_uring_xitca::spawn(async move {
[INFO] [stdout] 151 +             let handle = spawn(async move {
[INFO] [stdout]     |
[INFO] [stdout] 
[INFO] [stdout] 
[INFO] [stdout] Some errors have detailed explanations: E0425, E0432.
[INFO] [stdout] 
[INFO] [stdout] For more information about an error, try `rustc --explain E0425`.
[INFO] [stdout] 
[INFO] [stdout] Some errors have detailed explanations: E0425, E0432.
[INFO] [stdout] 
[INFO] [stdout] For more information about an error, try `rustc --explain E0425`.
[INFO] [stdout] 
[INFO] [stderr] error: could not compile `tokio-uring-xitca` (test "runtime") due to 4 previous errors
[INFO] [stderr] error: could not compile `tokio-uring-xitca` (example "tcp_listener_fixed_buffers") due to 3 previous errors
[INFO] [stdout] error[E0425]: cannot find function `start` in crate `tokio_uring_xitca`
[INFO] [stdout]    --> tests/driver.rs:52:35
[INFO] [stdout]     |
[INFO] [stdout]  52 |     let file = tokio_uring_xitca::start(async {
[INFO] [stdout]     |                                   ^^^^^ not found in `tokio_uring_xitca`
[INFO] [stdout]     |
[INFO] [stdout] note: found an item that was configured out
[INFO] [stdout]    --> src/lib.rs:112:8
[INFO] [stdout]     |
[INFO] [stdout]  99 | #[cfg(feature = "runtime-uring")]
[INFO] [stdout]     |       ------------------------- the item is gated behind the `runtime-uring` feature
[INFO] [stdout] ...
[INFO] [stdout] 112 | pub fn start<F: Future>(future: F) -> F::Output {
[INFO] [stdout]     |        ^^^^^
[INFO] [stdout] 
[INFO] [stdout] 
[INFO] [stdout] error[E0425]: cannot find function `start` in crate `tokio_uring_xitca`
[INFO] [stdout]    --> tests/driver.rs:83:24
[INFO] [stdout]     |
[INFO] [stdout]  83 |     tokio_uring_xitca::start(async {
[INFO] [stdout]     |                        ^^^^^ not found in `tokio_uring_xitca`
[INFO] [stdout]     |
[INFO] [stdout] note: found an item that was configured out
[INFO] [stdout]    --> src/lib.rs:112:8
[INFO] [stdout]     |
[INFO] [stdout]  99 | #[cfg(feature = "runtime-uring")]
[INFO] [stdout]     |       ------------------------- the item is gated behind the `runtime-uring` feature
[INFO] [stdout] ...
[INFO] [stdout] 112 | pub fn start<F: Future>(future: F) -> F::Output {
[INFO] [stdout]     |        ^^^^^
[INFO] [stdout] 
[INFO] [stdout] 
[INFO] [stdout] error[E0425]: cannot find function `builder` in crate `tokio_uring_xitca`
[INFO] [stdout]    --> tests/driver.rs:110:24
[INFO] [stdout]     |
[INFO] [stdout] 110 |     tokio_uring_xitca::builder()
[INFO] [stdout]     |                        ^^^^^^^ not found in `tokio_uring_xitca`
[INFO] [stdout]     |
[INFO] [stdout] note: found an item that was configured out
[INFO] [stdout]    --> src/lib.rs:134:8
[INFO] [stdout]     |
[INFO] [stdout] 132 | #[cfg(feature = "runtime-uring")]
[INFO] [stdout]     |       ------------------------- the item is gated behind the `runtime-uring` feature
[INFO] [stdout] 133 | /// Constructs a [`Builder`] with default settings.
[INFO] [stdout] 134 | pub fn builder() -> Builder {
[INFO] [stdout]     |        ^^^^^^^
[INFO] [stdout] 
[INFO] [stdout] 
[INFO] [stdout] error[E0425]: cannot find function `uring_builder` in crate `tokio_uring_xitca`
[INFO] [stdout]    --> tests/driver.rs:112:43
[INFO] [stdout]     |
[INFO] [stdout] 112 |         .uring_builder(tokio_uring_xitca::uring_builder().setup_cqsize(cqueue_entries))
[INFO] [stdout]     |                                           ^^^^^^^^^^^^^ not found in `tokio_uring_xitca`
[INFO] [stdout]     |
[INFO] [stdout] note: found an item that was configured out
[INFO] [stdout]    --> src/lib.rs:120:8
[INFO] [stdout]     |
[INFO] [stdout] 117 | #[cfg(feature = "runtime-uring")]
[INFO] [stdout]     |       ------------------------- the item is gated behind the `runtime-uring` feature
[INFO] [stdout] ...
[INFO] [stdout] 120 | pub fn uring_builder() -> io_uring::Builder {
[INFO] [stdout]     |        ^^^^^^^^^^^^^
[INFO] [stdout] 
[INFO] [stdout] 
[INFO] [stdout] error[E0425]: cannot find function `no_op` in crate `tokio_uring_xitca`
[INFO] [stdout]    --> tests/driver.rs:117:51
[INFO] [stdout]     |
[INFO] [stdout] 117 |                 js.spawn_local(tokio_uring_xitca::no_op());
[INFO] [stdout]     |                                                   ^^^^^ not found in `tokio_uring_xitca`
[INFO] [stdout]     |
[INFO] [stdout] note: found an item that was configured out
[INFO] [stdout]    --> src/lib.rs:168:14
[INFO] [stdout]     |
[INFO] [stdout] 166 | #[cfg(feature = "runtime-uring")]
[INFO] [stdout]     |       ------------------------- the item is gated behind the `runtime-uring` feature
[INFO] [stdout] 167 | /// The simplest possible operation. Just posts a completion event, nothing else.
[INFO] [stdout] 168 | pub async fn no_op() -> std::io::Result<()> {
[INFO] [stdout]     |              ^^^^^
[INFO] [stdout] 
[INFO] [stdout] 
[INFO] [stdout] error[E0425]: cannot find function `start` in crate `tokio_uring_xitca`
[INFO] [stdout]    --> examples/tcp_listener.rs:15:24
[INFO] [stdout]     |
[INFO] [stdout]  15 |     tokio_uring_xitca::start(async {
[INFO] [stdout]     |                        ^^^^^ not found in `tokio_uring_xitca`
[INFO] [stdout]     |
[INFO] [stdout] note: found an item that was configured out
[INFO] [stdout]    --> src/lib.rs:112:8
[INFO] [stdout]     |
[INFO] [stdout]  99 | #[cfg(feature = "runtime-uring")]
[INFO] [stdout]     |       ------------------------- the item is gated behind the `runtime-uring` feature
[INFO] [stdout] ...
[INFO] [stdout] 112 | pub fn start<F: Future>(future: F) -> F::Output {
[INFO] [stdout]     |        ^^^^^
[INFO] [stdout] 
[INFO] [stdout] 
[INFO] [stdout] error[E0425]: cannot find function `spawn` in crate `tokio_uring_xitca`
[INFO] [stdout]   --> examples/tcp_listener.rs:22:32
[INFO] [stdout]    |
[INFO] [stdout] 22 |             tokio_uring_xitca::spawn(async move {
[INFO] [stdout]    |                                ^^^^^ not found in `tokio_uring_xitca`
[INFO] [stdout]    |
[INFO] [stdout] note: found an item that was configured out
[INFO] [stdout]   --> src/lib.rs:90:5
[INFO] [stdout]    |
[INFO] [stdout] 86 | #[cfg(feature = "runtime-uring")]
[INFO] [stdout]    |       ------------------------- the item is gated behind the `runtime-uring` feature
[INFO] [stdout] ...
[INFO] [stdout] 90 |     spawn,
[INFO] [stdout]    |     ^^^^^
[INFO] [stdout] help: consider importing this function
[INFO] [stdout]    |
[INFO] [stdout]  1 + use std::thread::spawn;
[INFO] [stdout]    |
[INFO] [stdout] help: if you import `spawn`, refer to it directly
[INFO] [stdout]    |
[INFO] [stdout] 22 -             tokio_uring_xitca::spawn(async move {
[INFO] [stdout] 22 +             spawn(async move {
[INFO] [stdout]    |
[INFO] [stdout] 
[INFO] [stdout] 
[INFO] [stdout] error[E0432]: unresolved import `tokio_uring_xitca::fs`
[INFO] [stdout]   --> tests/fs_symlink.rs:3:5
[INFO] [stdout]    |
[INFO] [stdout]  3 | use tokio_uring_xitca::fs;
[INFO] [stdout]    |     ^^^^^^^^^^^^^^^^^^^--
[INFO] [stdout]    |                        |
[INFO] [stdout]    |                        no `fs` in the root
[INFO] [stdout]    |
[INFO] [stdout] note: found an item that was configured out
[INFO] [stdout]   --> src/lib.rs:78:9
[INFO] [stdout]    |
[INFO] [stdout] 77 | #[cfg(feature = "runtime-uring")]
[INFO] [stdout]    |       ------------------------- the item is gated behind the `runtime-uring` feature
[INFO] [stdout] 78 | pub mod fs;
[INFO] [stdout]    |         ^^
[INFO] [stdout] help: consider importing one of these modules instead
[INFO] [stdout]    |
[INFO] [stdout]  3 - use tokio_uring_xitca::fs;
[INFO] [stdout]  3 + use std::fs;
[INFO] [stdout]    |
[INFO] [stdout]  3 - use tokio_uring_xitca::fs;
[INFO] [stdout]  3 + use std::os::linux::fs;
[INFO] [stdout]    |
[INFO] [stdout]  3 - use tokio_uring_xitca::fs;
[INFO] [stdout]  3 + use std::os::unix::fs;
[INFO] [stdout]    |
[INFO] [stdout] 
[INFO] [stdout] 
[INFO] [stdout] error[E0432]: unresolved import `tokio_uring_xitca::fs`
[INFO] [stdout]   --> examples/test_create_dir_all.rs:3:5
[INFO] [stdout]    |
[INFO] [stdout]  3 | use tokio_uring_xitca::fs;
[INFO] [stdout]    |     ^^^^^^^^^^^^^^^^^^^--
[INFO] [stdout]    |                        |
[INFO] [stdout]    |                        no `fs` in the root
[INFO] [stdout]    |
[INFO] [stdout] note: found an item that was configured out
[INFO] [stdout]   --> src/lib.rs:78:9
[INFO] [stdout]    |
[INFO] [stdout] 77 | #[cfg(feature = "runtime-uring")]
[INFO] [stdout]    |       ------------------------- the item is gated behind the `runtime-uring` feature
[INFO] [stdout] 78 | pub mod fs;
[INFO] [stdout]    |         ^^
[INFO] [stdout] help: consider importing one of these modules instead
[INFO] [stdout]    |
[INFO] [stdout]  3 - use tokio_uring_xitca::fs;
[INFO] [stdout]  3 + use std::fs;
[INFO] [stdout]    |
[INFO] [stdout]  3 - use tokio_uring_xitca::fs;
[INFO] [stdout]  3 + use std::os::linux::fs;
[INFO] [stdout]    |
[INFO] [stdout]  3 - use tokio_uring_xitca::fs;
[INFO] [stdout]  3 + use std::os::unix::fs;
[INFO] [stdout]    |
[INFO] [stdout] 
[INFO] [stdout] 
[INFO] [stdout] error[E0425]: cannot find function `start` in crate `tokio_uring_xitca`
[INFO] [stdout]    --> tests/fs_symlink.rs:12:24
[INFO] [stdout]     |
[INFO] [stdout]  12 |     tokio_uring_xitca::start(async {
[INFO] [stdout]     |                        ^^^^^ not found in `tokio_uring_xitca`
[INFO] [stdout]     |
[INFO] [stdout] note: found an item that was configured out
[INFO] [stdout]    --> src/lib.rs:112:8
[INFO] [stdout]     |
[INFO] [stdout]  99 | #[cfg(feature = "runtime-uring")]
[INFO] [stdout]     |       ------------------------- the item is gated behind the `runtime-uring` feature
[INFO] [stdout] ...
[INFO] [stdout] 112 | pub fn start<F: Future>(future: F) -> F::Output {
[INFO] [stdout]     |        ^^^^^
[INFO] [stdout] 
[INFO] [stdout] 
[INFO] [stdout] Some errors have detailed explanations: E0425, E0432.
[INFO] [stdout] 
[INFO] [stdout] For more information about an error, try `rustc --explain E0425`.
[INFO] [stdout] 
[INFO] [stderr] error: could not compile `tokio-uring-xitca` (example "tcp_listener") due to 3 previous errors
[INFO] [stdout] error[E0433]: cannot find `fs` in `tokio_uring_xitca`
[INFO] [stdout]    --> examples/test_create_dir_all.rs:171:37
[INFO] [stdout]     |
[INFO] [stdout] 171 |     let _statx = tokio_uring_xitca::fs::statx(path).await?;
[INFO] [stdout]     |                                     ^^ could not find `fs` in `tokio_uring_xitca`
[INFO] [stdout]     |
[INFO] [stdout] note: found an item that was configured out
[INFO] [stdout]    --> src/lib.rs:78:9
[INFO] [stdout]     |
[INFO] [stdout]  77 | #[cfg(feature = "runtime-uring")]
[INFO] [stdout]     |       ------------------------- the item is gated behind the `runtime-uring` feature
[INFO] [stdout]  78 | pub mod fs;
[INFO] [stdout]     |         ^^
[INFO] [stdout] 
[INFO] [stdout] 
[INFO] [stdout] Some errors have detailed explanations: E0425, E0432.
[INFO] [stdout] 
[INFO] [stdout] For more information about an error, try `rustc --explain E0425`.
[INFO] [stdout] 
[INFO] [stdout] Some errors have detailed explanations: E0425, E0432.
[INFO] [stdout] 
[INFO] [stdout] For more information about an error, try `rustc --explain E0425`.
[INFO] [stdout] 
[INFO] [stdout] error[E0433]: cannot find `fs` in `tokio_uring_xitca`
[INFO] [stdout]    --> examples/test_create_dir_all.rs:176:37
[INFO] [stdout]     |
[INFO] [stdout] 176 |     let _statx = tokio_uring_xitca::fs::StatxBuilder::new()
[INFO] [stdout]     |                                     ^^ could not find `fs` in `tokio_uring_xitca`
[INFO] [stdout]     |
[INFO] [stdout] note: found an item that was configured out
[INFO] [stdout]    --> src/lib.rs:78:9
[INFO] [stdout]     |
[INFO] [stdout]  77 | #[cfg(feature = "runtime-uring")]
[INFO] [stdout]     |       ------------------------- the item is gated behind the `runtime-uring` feature
[INFO] [stdout]  78 | pub mod fs;
[INFO] [stdout]     |         ^^
[INFO] [stdout] help: there is an enum variant `crate::Op::StatxBuilder`; try using the variant's enum
[INFO] [stdout]     |
[INFO] [stdout] 176 -     let _statx = tokio_uring_xitca::fs::StatxBuilder::new()
[INFO] [stdout] 176 +     let _statx = crate::Op::new()
[INFO] [stdout]     |
[INFO] [stdout] 
[INFO] [stdout] 
[INFO] [stderr] error: could not compile `tokio-uring-xitca` (test "driver") due to 6 previous errors
[INFO] [stderr] error: could not compile `tokio-uring-xitca` (test "fixed_buf") due to 7 previous errors
[INFO] [stdout] Some errors have detailed explanations: E0425, E0432.
[INFO] [stdout] 
[INFO] [stdout] For more information about an error, try `rustc --explain E0425`.
[INFO] [stdout] 
[INFO] [stderr] error: could not compile `tokio-uring-xitca` (test "fs_symlink") due to 2 previous errors
[INFO] [stdout] error[E0433]: cannot find `fs` in `tokio_uring_xitca`
[INFO] [stdout]    --> examples/test_create_dir_all.rs:199:36
[INFO] [stdout]     |
[INFO] [stdout] 199 |     let statx = tokio_uring_xitca::fs::StatxBuilder::new()
[INFO] [stdout]     |                                    ^^ could not find `fs` in `tokio_uring_xitca`
[INFO] [stdout]     |
[INFO] [stdout] note: found an item that was configured out
[INFO] [stdout]    --> src/lib.rs:78:9
[INFO] [stdout]     |
[INFO] [stdout]  77 | #[cfg(feature = "runtime-uring")]
[INFO] [stdout]     |       ------------------------- the item is gated behind the `runtime-uring` feature
[INFO] [stdout]  78 | pub mod fs;
[INFO] [stdout]     |         ^^
[INFO] [stdout] help: there is an enum variant `crate::Op::StatxBuilder`; try using the variant's enum
[INFO] [stdout]     |
[INFO] [stdout] 199 -     let statx = tokio_uring_xitca::fs::StatxBuilder::new()
[INFO] [stdout] 199 +     let statx = crate::Op::new()
[INFO] [stdout]     |
[INFO] [stdout] 
[INFO] [stdout] 
[INFO] [stdout] error[E0433]: cannot find `fs` in `tokio_uring_xitca`
[INFO] [stdout]    --> examples/test_create_dir_all.rs:225:52
[INFO] [stdout]     |
[INFO] [stdout] 225 |     let (_is_dir, is_regfile) = tokio_uring_xitca::fs::is_dir_regfile(path).await;
[INFO] [stdout]     |                                                    ^^ could not find `fs` in `tokio_uring_xitca`
[INFO] [stdout]     |
[INFO] [stdout] note: found an item that was configured out
[INFO] [stdout]    --> src/lib.rs:78:9
[INFO] [stdout]     |
[INFO] [stdout]  77 | #[cfg(feature = "runtime-uring")]
[INFO] [stdout]     |       ------------------------- the item is gated behind the `runtime-uring` feature
[INFO] [stdout]  78 | pub mod fs;
[INFO] [stdout]     |         ^^
[INFO] [stdout] 
[INFO] [stdout] 
[INFO] [stdout] error[E0433]: cannot find `fs` in `tokio_uring_xitca`
[INFO] [stdout]    --> examples/test_create_dir_all.rs:235:52
[INFO] [stdout]     |
[INFO] [stdout] 235 |     let (is_dir, _is_regfile) = tokio_uring_xitca::fs::is_dir_regfile(path).await;
[INFO] [stdout]     |                                                    ^^ could not find `fs` in `tokio_uring_xitca`
[INFO] [stdout]     |
[INFO] [stdout] note: found an item that was configured out
[INFO] [stdout]    --> src/lib.rs:78:9
[INFO] [stdout]     |
[INFO] [stdout]  77 | #[cfg(feature = "runtime-uring")]
[INFO] [stdout]     |       ------------------------- the item is gated behind the `runtime-uring` feature
[INFO] [stdout]  78 | pub mod fs;
[INFO] [stdout]     |         ^^
[INFO] [stdout] 
[INFO] [stdout] 
[INFO] [stdout] error[E0433]: cannot find `fs` in `tokio_uring_xitca`
[INFO] [stdout]    --> examples/test_create_dir_all.rs:187:32
[INFO] [stdout]     |
[INFO] [stdout] 187 |     let f = tokio_uring_xitca::fs::File::open(dir_path).await?;
[INFO] [stdout]     |                                ^^ could not find `fs` in `tokio_uring_xitca`
[INFO] [stdout]     |
[INFO] [stdout] note: found an item that was configured out
[INFO] [stdout]    --> src/lib.rs:78:9
[INFO] [stdout]     |
[INFO] [stdout]  77 | #[cfg(feature = "runtime-uring")]
[INFO] [stdout]     |       ------------------------- the item is gated behind the `runtime-uring` feature
[INFO] [stdout]  78 | pub mod fs;
[INFO] [stdout]     |         ^^
[INFO] [stdout] help: consider importing this struct
[INFO] [stdout]     |
[INFO] [stdout]   1 + use std::fs::File;
[INFO] [stdout]     |
[INFO] [stdout] help: if you import `File`, refer to it directly
[INFO] [stdout]     |
[INFO] [stdout] 187 -     let f = tokio_uring_xitca::fs::File::open(dir_path).await?;
[INFO] [stdout] 187 +     let f = File::open(dir_path).await?;
[INFO] [stdout]     |
[INFO] [stdout] 
[INFO] [stdout] 
[INFO] [stdout] error[E0433]: cannot find `fs` in `tokio_uring_xitca`
[INFO] [stdout]    --> examples/test_create_dir_all.rs:215:35
[INFO] [stdout]     |
[INFO] [stdout] 215 |     let file = tokio_uring_xitca::fs::OpenOptions::new()
[INFO] [stdout]     |                                   ^^ could not find `fs` in `tokio_uring_xitca`
[INFO] [stdout]     |
[INFO] [stdout] note: found an item that was configured out
[INFO] [stdout]    --> src/lib.rs:78:9
[INFO] [stdout]     |
[INFO] [stdout]  77 | #[cfg(feature = "runtime-uring")]
[INFO] [stdout]     |       ------------------------- the item is gated behind the `runtime-uring` feature
[INFO] [stdout]  78 | pub mod fs;
[INFO] [stdout]     |         ^^
[INFO] [stdout] help: consider importing this struct
[INFO] [stdout]     |
[INFO] [stdout]   1 + use std::fs::OpenOptions;
[INFO] [stdout]     |
[INFO] [stdout] help: if you import `OpenOptions`, refer to it directly
[INFO] [stdout]     |
[INFO] [stdout] 215 -     let file = tokio_uring_xitca::fs::OpenOptions::new()
[INFO] [stdout] 215 +     let file = OpenOptions::new()
[INFO] [stdout]     |
[INFO] [stdout] 
[INFO] [stdout] 
[INFO] [stdout] error[E0425]: cannot find function `start` in crate `tokio_uring_xitca`
[INFO] [stdout]    --> examples/test_create_dir_all.rs:245:24
[INFO] [stdout]     |
[INFO] [stdout] 245 |     tokio_uring_xitca::start(async {
[INFO] [stdout]     |                        ^^^^^ not found in `tokio_uring_xitca`
[INFO] [stdout]     |
[INFO] [stdout] note: found an item that was configured out
[INFO] [stdout]    --> src/lib.rs:112:8
[INFO] [stdout]     |
[INFO] [stdout]  99 | #[cfg(feature = "runtime-uring")]
[INFO] [stdout]     |       ------------------------- the item is gated behind the `runtime-uring` feature
[INFO] [stdout] ...
[INFO] [stdout] 112 | pub fn start<F: Future>(future: F) -> F::Output {
[INFO] [stdout]     |        ^^^^^
[INFO] [stdout] 
[INFO] [stdout] 
[INFO] [stdout] warning: method call on a diverging inference variable
[INFO] [stdout]    --> examples/test_create_dir_all.rs:190:17
[INFO] [stdout]     |
[INFO] [stdout] 190 |     let res = f.statx_builder().pathname(rel_path)?.statx().await;
[INFO] [stdout]     |                 ^^^^^^^^^^^^^
[INFO] [stdout]     |
[INFO] [stdout]     = help: consider providing a type annotation
[INFO] [stdout]     = warning: this was previously accepted by the compiler but is being phased out; it will become a hard error in a future release!
[INFO] [stdout]     = note: for more information, see issue #156047 <https://github.com/rust-lang/rust/issues/156047>
[INFO] [stdout]     = note: `#[warn(method_call_on_diverging_infer_var)]` (part of `#[warn(future_incompatible)]`) on by default
[INFO] [stdout] 
[INFO] [stdout] 
[INFO] [stdout] error[E0599]: no method named `statx_builder` found for type `!` in the current scope
[INFO] [stdout]    --> examples/test_create_dir_all.rs:190:17
[INFO] [stdout]     |
[INFO] [stdout] 190 |     let res = f.statx_builder().pathname(rel_path)?.statx().await;
[INFO] [stdout]     |                 ^^^^^^^^^^^^^ method not found in `!`
[INFO] [stdout] 
[INFO] [stdout] 
[INFO] [stdout] error[E0599]: no method named `close` found for type `!` in the current scope
[INFO] [stdout]    --> examples/test_create_dir_all.rs:193:7
[INFO] [stdout]     |
[INFO] [stdout] 193 |     f.close().await?;
[INFO] [stdout]     |       ^^^^^
[INFO] [stdout]     |
[INFO] [stdout] help: there is a method `clone` with a similar name
[INFO] [stdout]     |
[INFO] [stdout] 193 -     f.close().await?;
[INFO] [stdout] 193 +     f.clone().await?;
[INFO] [stdout]     |
[INFO] [stdout] 
[INFO] [stdout] 
[INFO] [stdout] warning: unreachable call
[INFO] [stdout]    --> examples/test_create_dir_all.rs:193:7
[INFO] [stdout]     |
[INFO] [stdout] 193 |     f.close().await?;
[INFO] [stdout]     |     - ^^^^^ unreachable call
[INFO] [stdout]     |     |
[INFO] [stdout]     |     any code following this expression is unreachable
[INFO] [stdout]     |
[INFO] [stdout]     = note: `#[warn(unreachable_code)]` (part of `#[warn(unused)]`) on by default
[INFO] [stdout] 
[INFO] [stdout] 
[INFO] [stdout] error[E0433]: cannot find module or crate `libc` in this scope
[INFO] [stdout]    --> examples/test_create_dir_all.rs:200:15
[INFO] [stdout]     |
[INFO] [stdout] 200 |         .mask(libc::STATX_MODE)
[INFO] [stdout]     |               ^^^^ use of unresolved module or unlinked crate `libc`
[INFO] [stdout]     |
[INFO] [stdout]     = help: if you wanted to use a crate named `libc`, use `cargo add libc` to add it to your `Cargo.toml`
[INFO] [stdout] 
[INFO] [stdout] 
[INFO] [stdout] warning: method call on a diverging inference variable
[INFO] [stdout]    --> examples/test_create_dir_all.rs:221:10
[INFO] [stdout]     |
[INFO] [stdout] 221 |     file.close().await
[INFO] [stdout]     |          ^^^^^
[INFO] [stdout]     |
[INFO] [stdout]     = help: consider providing a type annotation
[INFO] [stdout]     = warning: this was previously accepted by the compiler but is being phased out; it will become a hard error in a future release!
[INFO] [stdout]     = note: for more information, see issue #156047 <https://github.com/rust-lang/rust/issues/156047>
[INFO] [stdout] 
[INFO] [stdout] 
[INFO] [stdout] error[E0599]: no method named `close` found for type `!` in the current scope
[INFO] [stdout]    --> examples/test_create_dir_all.rs:221:10
[INFO] [stdout]     |
[INFO] [stdout] 221 |     file.close().await
[INFO] [stdout]     |          ^^^^^
[INFO] [stdout]     |
[INFO] [stdout] help: there is a method `clone` with a similar name
[INFO] [stdout]     |
[INFO] [stdout] 221 -     file.close().await
[INFO] [stdout] 221 +     file.clone().await
[INFO] [stdout]     |
[INFO] [stdout] 
[INFO] [stdout] 
[INFO] [stdout] Some errors have detailed explanations: E0425, E0432, E0433, E0599.
[INFO] [stdout] 
[INFO] [stdout] For more information about an error, try `rustc --explain E0425`.
[INFO] [stdout] 
[INFO] [stderr] error: could not compile `tokio-uring-xitca` (example "test_create_dir_all") due to 13 previous errors; 5 warnings emitted
[INFO] running `Command { std: "docker" "inspect" "7b2f4589e2b099721c706c358aa03264d763e41c2a3f32ba70691b16658db0dc", kill_on_drop: false }`
[INFO] running `Command { std: "docker" "rm" "-f" "7b2f4589e2b099721c706c358aa03264d763e41c2a3f32ba70691b16658db0dc", kill_on_drop: false }`
[INFO] [stdout] 7b2f4589e2b099721c706c358aa03264d763e41c2a3f32ba70691b16658db0dc
