[INFO] fetching crate tokio-rusqlite-folk 0.6.0...
[INFO] testing tokio-rusqlite-folk-0.6.0 against 1.100.0-beta.1+cargoflags=--release for beta-release-1.100-2
[INFO] extracting crate tokio-rusqlite-folk 0.6.0 into /workspace/builds/worker-3-tc2/source
[INFO] started tweaking crates.io crate tokio-rusqlite-folk 0.6.0
[INFO] removed 0 missing examples
[INFO] finished tweaking crates.io crate tokio-rusqlite-folk 0.6.0
[INFO] tweaked toml for crates.io crate tokio-rusqlite-folk 0.6.0 written to /workspace/builds/worker-3-tc2/source/Cargo.toml
[INFO] validating manifest of crates.io crate tokio-rusqlite-folk 0.6.0 on toolchain 1.100.0-beta.1
[INFO] running `Command { std: CARGO_HOME="/workspace/cargo-home" RUSTUP_HOME="/workspace/rustup-home" "/workspace/cargo-home/bin/cargo" "+1.100.0-beta.1" "metadata" "--manifest-path" "Cargo.toml" "--no-deps", kill_on_drop: false }`
[INFO] crate crates.io crate tokio-rusqlite-folk 0.6.0 already has a lockfile, it will not be regenerated
[INFO] running `Command { std: CARGO_HOME="/workspace/cargo-home" RUSTUP_HOME="/workspace/rustup-home" "/workspace/cargo-home/bin/cargo" "+1.100.0-beta.1" "fetch" "--manifest-path" "Cargo.toml", kill_on_drop: false }`
[INFO] [stderr] warning: `package.homepage` is redundant with `package.repository`
[INFO] [stderr]   --> Cargo.toml:46:12
[INFO] [stderr]    |
[INFO] [stderr] 46 | homepage = "https://github.com/programatik29/tokio-rusqlite"
[INFO] [stderr]    |            ^^^^^^^^^^^^^^^^^^^^^^^^^^^^^^^^^^^^^^^^^^^^^^^^^
[INFO] [stderr] ...
[INFO] [stderr] 51 | repository = "https://github.com/programatik29/tokio-rusqlite"
[INFO] [stderr]    |              -------------------------------------------------
[INFO] [stderr]    |
[INFO] [stderr]    = note: `cargo::redundant_homepage` is set to `warn` by default
[INFO] [stderr] help: consider removing `package.homepage`
[INFO] [stderr] warning: `tokio-rusqlite-folk` (manifest) generated 1 warning
[INFO] running `Command { std: "docker" "create" "-v" "/var/lib/crater-agent-workspace/builds/worker-3-tc2/source:/opt/rustwide/workdir:ro,Z" "-v" "/var/lib/crater-agent-workspace/builds/worker-3-tc2/target:/opt/rustwide/target:rw,Z" "-v" "/var/lib/crater-agent-workspace/cargo-home:/opt/rustwide/cargo-home:ro,Z" "-v" "/var/lib/crater-agent-workspace/rustup-home:/opt/rustwide/rustup-home:ro,Z" "-m" "1610612736" "--network" "none" "ghcr.io/rust-lang/crates-build-env/linux@sha256:77db811e55d90add9212f6832c23229e3de5f1c1f9905e8cb07319ea15df73ac" "sleep" "infinity", kill_on_drop: false }`
[INFO] [stdout] ddfe8496a60b8cda438d40a0f96ba8f83e43b6774ccd62d6ee93cb2f9e829fd1
[INFO] running `Command { std: "docker" "start" "ddfe8496a60b8cda438d40a0f96ba8f83e43b6774ccd62d6ee93cb2f9e829fd1", kill_on_drop: false }`
[INFO] running `Command { std: "docker" "inspect" "ddfe8496a60b8cda438d40a0f96ba8f83e43b6774ccd62d6ee93cb2f9e829fd1", kill_on_drop: false }`
[INFO] running `Command { std: "docker" "exec" "-e" "SOURCE_DIR=/opt/rustwide/workdir" "-e" "CARGO_HOME=/opt/rustwide/cargo-home" "-e" "RUSTUP_HOME=/opt/rustwide/rustup-home" "-e" "CARGO_TARGET_DIR=/opt/rustwide/target" "-w" "/opt/rustwide/workdir" "--user" "0:0" "ddfe8496a60b8cda438d40a0f96ba8f83e43b6774ccd62d6ee93cb2f9e829fd1" "/opt/rustwide/cargo-home/bin/cargo" "+1.100.0-beta.1" "metadata" "--no-deps" "--format-version=1", kill_on_drop: false }`
[INFO] running `Command { std: "docker" "inspect" "ddfe8496a60b8cda438d40a0f96ba8f83e43b6774ccd62d6ee93cb2f9e829fd1", kill_on_drop: false }`
[INFO] running `Command { std: "docker" "exec" "-e" "SOURCE_DIR=/opt/rustwide/workdir" "-e" "CARGO_HOME=/opt/rustwide/cargo-home" "-e" "RUSTUP_HOME=/opt/rustwide/rustup-home" "-e" "CARGO_TARGET_DIR=/opt/rustwide/target" "-e" "CARGO_INCREMENTAL=0" "-e" "RUST_BACKTRACE=full" "-e" "RUSTFLAGS=--cap-lints=warn" "-e" "RUSTDOCFLAGS=--cap-lints=warn" "-w" "/opt/rustwide/workdir" "--user" "0:0" "ddfe8496a60b8cda438d40a0f96ba8f83e43b6774ccd62d6ee93cb2f9e829fd1" "/opt/rustwide/cargo-home/bin/cargo" "+1.100.0-beta.1" "build" "--frozen" "--message-format=json" "--release", kill_on_drop: false }`
[INFO] [stderr] warning: `package.homepage` is redundant with `package.repository`
[INFO] [stderr]   --> Cargo.toml:46:12
[INFO] [stderr]    |
[INFO] [stderr] 46 | homepage = "https://github.com/programatik29/tokio-rusqlite"
[INFO] [stderr]    |            ^^^^^^^^^^^^^^^^^^^^^^^^^^^^^^^^^^^^^^^^^^^^^^^^^
[INFO] [stderr] ...
[INFO] [stderr] 51 | repository = "https://github.com/programatik29/tokio-rusqlite"
[INFO] [stderr]    |              -------------------------------------------------
[INFO] [stderr]    |
[INFO] [stderr]    = note: `cargo::redundant_homepage` is set to `warn` by default
[INFO] [stderr] help: consider removing `package.homepage`
[INFO] [stderr] warning: `tokio-rusqlite-folk` (manifest) generated 1 warning
[INFO] [stderr]    Compiling libsqlite3-sys v0.33.0
[INFO] [stderr]    Compiling crossbeam-utils v0.8.21
[INFO] [stderr]    Compiling bitflags v2.9.1
[INFO] [stderr]    Compiling fallible-iterator v0.3.0
[INFO] [stderr]    Compiling fallible-streaming-iterator v0.1.9
[INFO] [stderr]    Compiling hashbrown v0.15.4
[INFO] [stderr]    Compiling tokio v1.46.0
[INFO] [stderr]    Compiling crossbeam-channel v0.5.15
[INFO] [stderr]    Compiling hashlink v0.10.0
[INFO] [stderr]    Compiling rusqlite v0.35.0
[INFO] [stderr]    Compiling tokio-rusqlite-folk v0.6.0 (/opt/rustwide/workdir)
[INFO] [stderr]     Finished `release` profile [optimized] target(s) in 5.85s
[INFO] running `Command { std: "docker" "inspect" "ddfe8496a60b8cda438d40a0f96ba8f83e43b6774ccd62d6ee93cb2f9e829fd1", kill_on_drop: false }`
[INFO] running `Command { std: "docker" "exec" "-e" "SOURCE_DIR=/opt/rustwide/workdir" "-e" "CARGO_HOME=/opt/rustwide/cargo-home" "-e" "RUSTUP_HOME=/opt/rustwide/rustup-home" "-e" "CARGO_TARGET_DIR=/opt/rustwide/target" "-e" "CARGO_INCREMENTAL=0" "-e" "RUST_BACKTRACE=full" "-e" "RUSTFLAGS=--cap-lints=warn" "-e" "RUSTDOCFLAGS=--cap-lints=warn" "-w" "/opt/rustwide/workdir" "--user" "0:0" "ddfe8496a60b8cda438d40a0f96ba8f83e43b6774ccd62d6ee93cb2f9e829fd1" "/opt/rustwide/cargo-home/bin/cargo" "+1.100.0-beta.1" "test" "--frozen" "--no-run" "--message-format=json" "--release", kill_on_drop: false }`
[INFO] [stderr] warning: `package.homepage` is redundant with `package.repository`
[INFO] [stderr]   --> Cargo.toml:46:12
[INFO] [stderr]    |
[INFO] [stderr] 46 | homepage = "https://github.com/programatik29/tokio-rusqlite"
[INFO] [stderr]    |            ^^^^^^^^^^^^^^^^^^^^^^^^^^^^^^^^^^^^^^^^^^^^^^^^^
[INFO] [stderr] ...
[INFO] [stderr] 51 | repository = "https://github.com/programatik29/tokio-rusqlite"
[INFO] [stderr]    |              -------------------------------------------------
[INFO] [stderr]    |
[INFO] [stderr]    = note: `cargo::redundant_homepage` is set to `warn` by default
[INFO] [stderr] help: consider removing `package.homepage`
[INFO] [stderr] warning: `tokio-rusqlite-folk` (manifest) generated 1 warning
[INFO] [stderr]    Compiling libc v0.2.174
[INFO] [stderr]    Compiling proc-macro2 v1.0.95
[INFO] [stderr]    Compiling unicode-ident v1.0.18
[INFO] [stderr]    Compiling parking_lot_core v0.9.11
[INFO] [stderr]    Compiling cfg-if v1.0.1
[INFO] [stderr]    Compiling lock_api v0.4.13
[INFO] [stderr]    Compiling cc v1.2.27
[INFO] [stderr]    Compiling quote v1.0.40
[INFO] [stderr]    Compiling syn v2.0.104
[INFO] [stderr]    Compiling socket2 v0.5.10
[INFO] [stderr]    Compiling mio v1.0.4
[INFO] [stderr]    Compiling signal-hook-registry v1.4.5
[INFO] [stderr]    Compiling libsqlite3-sys v0.33.0
[INFO] [stderr]    Compiling parking_lot v0.12.4
[INFO] [stderr]    Compiling tokio-macros v2.5.0
[INFO] [stderr]    Compiling tokio v1.46.0
[INFO] [stderr]    Compiling rusqlite v0.35.0
[INFO] [stderr]    Compiling tokio-rusqlite-folk v0.6.0 (/opt/rustwide/workdir)
[INFO] [stdout] error[E0432]: unresolved import `tokio_rusqlite`
[INFO] [stdout]  --> examples/in_memory.rs:3:5
[INFO] [stdout]   |
[INFO] [stdout] 3 | use tokio_rusqlite::{params, Connection, Result};
[INFO] [stdout]   |     ^^^^^^^^^^^^^^ use of unresolved module or unlinked crate `tokio_rusqlite`
[INFO] [stdout]   |
[INFO] [stdout]   = help: if you wanted to use a crate named `tokio_rusqlite`, use `cargo add tokio_rusqlite` to add it to your `Cargo.toml`
[INFO] [stdout] 
[INFO] [stdout] 
[INFO] [stdout] warning: method call on a diverging inference variable
[INFO] [stdout]   --> examples/in_memory.rs:17:10
[INFO] [stdout]    |
[INFO] [stdout] 17 |         .call(|conn| {
[INFO] [stdout]    |          ^^^^
[INFO] [stdout]    |
[INFO] [stdout]    = help: consider providing a type annotation
[INFO] [stdout]    = warning: this was previously accepted by the compiler but is being phased out; it will become a hard error in a future release!
[INFO] [stdout]    = note: for more information, see issue #156047 <https://github.com/rust-lang/rust/issues/156047>
[INFO] [stdout]    = note: `#[warn(method_call_on_diverging_infer_var)]` (part of `#[warn(future_incompatible)]`) on by default
[INFO] [stdout] 
[INFO] [stdout] 
[INFO] [stdout] error[E0599]: no method named `call` found for type `!` in the current scope
[INFO] [stdout]   --> examples/in_memory.rs:17:10
[INFO] [stdout]    |
[INFO] [stdout] 16 |     let people = conn
[INFO] [stdout] 17 |         .call(|conn| {
[INFO] [stdout]    |          ^^^^ method not found in `!`
[INFO] [stdout] 
[INFO] [stdout] 
[INFO] [stdout] error[E0432]: unresolved import `tokio_rusqlite`
[INFO] [stdout]  --> examples/multiple_tasks.rs:4:5
[INFO] [stdout]   |
[INFO] [stdout] 4 | use tokio_rusqlite::{params, Connection, Result};
[INFO] [stdout]   |     ^^^^^^^^^^^^^^ use of unresolved module or unlinked crate `tokio_rusqlite`
[INFO] [stdout]   |
[INFO] [stdout]   = help: if you wanted to use a crate named `tokio_rusqlite`, use `cargo add tokio_rusqlite` to add it to your `Cargo.toml`
[INFO] [stdout] 
[INFO] [stdout] 
[INFO] [stdout] warning: method call on a diverging inference variable
[INFO] [stdout]   --> examples/multiple_tasks.rs:18:10
[INFO] [stdout]    |
[INFO] [stdout] 18 |     conn.call(|conn| {
[INFO] [stdout]    |          ^^^^
[INFO] [stdout]    |
[INFO] [stdout]    = help: consider providing a type annotation
[INFO] [stdout]    = warning: this was previously accepted by the compiler but is being phased out; it will become a hard error in a future release!
[INFO] [stdout]    = note: for more information, see issue #156047 <https://github.com/rust-lang/rust/issues/156047>
[INFO] [stdout]    = note: `#[warn(method_call_on_diverging_infer_var)]` (part of `#[warn(future_incompatible)]`) on by default
[INFO] [stdout] 
[INFO] [stdout] 
[INFO] [stdout] error[E0599]: no method named `close` found for type `!` in the current scope
[INFO] [stdout]   --> examples/in_memory.rs:57:10
[INFO] [stdout]    |
[INFO] [stdout] 57 |     conn.close().await?;
[INFO] [stdout]    |          ^^^^^
[INFO] [stdout]    |
[INFO] [stdout] help: there is a method `clone` with a similar name
[INFO] [stdout]    |
[INFO] [stdout] 57 -     conn.close().await?;
[INFO] [stdout] 57 +     conn.clone().await?;
[INFO] [stdout]    |
[INFO] [stdout] 
[INFO] [stdout] 
[INFO] [stdout] warning: unreachable call
[INFO] [stdout]   --> examples/in_memory.rs:57:10
[INFO] [stdout]    |
[INFO] [stdout] 57 |     conn.close().await?;
[INFO] [stdout]    |     ---- ^^^^^ unreachable call
[INFO] [stdout]    |     |
[INFO] [stdout]    |     any code following this expression is unreachable
[INFO] [stdout]    |
[INFO] [stdout]    = note: `#[warn(unreachable_code)]` (part of `#[warn(unused)]`) on by default
[INFO] [stdout] 
[INFO] [stdout] 
[INFO] [stdout] Some errors have detailed explanations: E0432, E0599.
[INFO] [stdout] 
[INFO] [stdout] For more information about an error, try `rustc --explain E0432`.
[INFO] [stdout] 
[INFO] [stdout] error[E0599]: no method named `call` found for type `!` in the current scope
[INFO] [stdout]   --> examples/multiple_tasks.rs:18:10
[INFO] [stdout]    |
[INFO] [stdout] 18 |     conn.call(|conn| {
[INFO] [stdout]    |          ^^^^ method not found in `!`
[INFO] [stdout] 
[INFO] [stdout] 
[INFO] [stderr] error: could not compile `tokio-rusqlite-folk` (example "in_memory") due to 3 previous errors; 3 warnings emitted
[INFO] [stderr] warning: build failed, waiting for other jobs to finish...
[INFO] [stdout] warning: unreachable call
[INFO] [stdout]   --> examples/multiple_tasks.rs:32:43
[INFO] [stdout]    |
[INFO] [stdout] 32 |     let add_steven = add_steven_task(conn.clone());
[INFO] [stdout]    |                                      ---- ^^^^^ unreachable call
[INFO] [stdout]    |                                      |
[INFO] [stdout]    |                                      any code following this expression is unreachable
[INFO] [stdout]    |
[INFO] [stdout]    = note: `#[warn(unreachable_code)]` (part of `#[warn(unused)]`) on by default
[INFO] [stdout] 
[INFO] [stdout] 
[INFO] [stdout] warning: unreachable call
[INFO] [stdout]   --> examples/multiple_tasks.rs:33:37
[INFO] [stdout]    |
[INFO] [stdout] 33 |     let add_bob = add_bob_task(conn.clone());
[INFO] [stdout]    |                                ---- ^^^^^ unreachable call
[INFO] [stdout]    |                                |
[INFO] [stdout]    |                                any code following this expression is unreachable
[INFO] [stdout] 
[INFO] [stdout] 
[INFO] [stdout] error[E0599]: no method named `call` found for type `!` in the current scope
[INFO] [stdout]   --> examples/multiple_tasks.rs:41:10
[INFO] [stdout]    |
[INFO] [stdout] 40 |     let people = conn
[INFO] [stdout] 41 |         .call(|conn| {
[INFO] [stdout]    |          ^^^^ method not found in `!`
[INFO] [stdout] 
[INFO] [stdout] 
[INFO] [stdout] warning: unreachable expression
[INFO] [stdout]   --> examples/multiple_tasks.rs:41:15
[INFO] [stdout]    |
[INFO] [stdout] 40 |       let people = conn
[INFO] [stdout]    |                    ---- any code following this expression is unreachable
[INFO] [stdout] 41 |           .call(|conn| {
[INFO] [stdout]    |  _______________^
[INFO] [stdout] 42 | |             let mut stmt = conn.prepare("SELECT id, name, data FROM person")?;
[INFO] [stdout] 43 | |             let people = stmt
[INFO] [stdout] 44 | |                 .query_map([], |row| {
[INFO] [stdout] ...  |
[INFO] [stdout] 53 | |             Ok(people)
[INFO] [stdout] 54 | |         })
[INFO] [stdout]    | |_________^ unreachable expression
[INFO] [stdout] 
[INFO] [stdout] 
[INFO] [stdout] error[E0599]: no method named `close` found for type `!` in the current scope
[INFO] [stdout]   --> examples/multiple_tasks.rs:61:10
[INFO] [stdout]    |
[INFO] [stdout] 61 |     conn.close().await?;
[INFO] [stdout]    |          ^^^^^
[INFO] [stdout]    |
[INFO] [stdout] help: there is a method `clone` with a similar name
[INFO] [stdout]    |
[INFO] [stdout] 61 -     conn.close().await?;
[INFO] [stdout] 61 +     conn.clone().await?;
[INFO] [stdout]    |
[INFO] [stdout] 
[INFO] [stdout] 
[INFO] [stdout] warning: unreachable call
[INFO] [stdout]   --> examples/multiple_tasks.rs:61:10
[INFO] [stdout]    |
[INFO] [stdout] 61 |     conn.close().await?;
[INFO] [stdout]    |     ---- ^^^^^ unreachable call
[INFO] [stdout]    |     |
[INFO] [stdout]    |     any code following this expression is unreachable
[INFO] [stdout] 
[INFO] [stdout] 
[INFO] [stdout] Some errors have detailed explanations: E0432, E0599.
[INFO] [stdout] 
[INFO] [stdout] For more information about an error, try `rustc --explain E0432`.
[INFO] [stdout] 
[INFO] [stderr] error: could not compile `tokio-rusqlite-folk` (example "multiple_tasks") due to 4 previous errors; 6 warnings emitted
[INFO] running `Command { std: "docker" "inspect" "ddfe8496a60b8cda438d40a0f96ba8f83e43b6774ccd62d6ee93cb2f9e829fd1", kill_on_drop: false }`
[INFO] running `Command { std: "docker" "rm" "-f" "ddfe8496a60b8cda438d40a0f96ba8f83e43b6774ccd62d6ee93cb2f9e829fd1", kill_on_drop: false }`
[INFO] [stdout] ddfe8496a60b8cda438d40a0f96ba8f83e43b6774ccd62d6ee93cb2f9e829fd1
