[INFO] fetching crate tokio-newrelic 0.1.0...
[INFO] testing tokio-newrelic-0.1.0 against 1.99.0-beta.8+cargoflags=--release for beta-release-1.100-2
[INFO] extracting crate tokio-newrelic 0.1.0 into /workspace/builds/worker-3-tc1/source
[INFO] started tweaking crates.io crate tokio-newrelic 0.1.0
[INFO] finished tweaking crates.io crate tokio-newrelic 0.1.0
[INFO] tweaked toml for crates.io crate tokio-newrelic 0.1.0 written to /workspace/builds/worker-3-tc1/source/Cargo.toml
[INFO] validating manifest of crates.io crate tokio-newrelic 0.1.0 on toolchain 1.99.0-beta.8
[INFO] running `Command { std: CARGO_HOME="/workspace/cargo-home" RUSTUP_HOME="/workspace/rustup-home" "/workspace/cargo-home/bin/cargo" "+1.99.0-beta.8" "metadata" "--manifest-path" "Cargo.toml" "--no-deps", kill_on_drop: false }`
[INFO] running `Command { std: CARGO_HOME="/workspace/cargo-home" RUSTUP_HOME="/workspace/rustup-home" "/workspace/cargo-home/bin/cargo" "+1.99.0-beta.8" "generate-lockfile" "--manifest-path" "Cargo.toml", kill_on_drop: false }`
[INFO] [stderr]     Updating crates.io index
[INFO] [stderr]      Locking 62 packages to highest compatible versions
[INFO] [stderr]       Adding diesel v1.4.8 (available: v2.3.14)
[INFO] [stderr]       Adding sqlparser v0.5.1 (available: v0.63.0)
[INFO] [stderr]       Adding tokio v0.2.25 (available: v1.53.3)
[INFO] running `Command { std: CARGO_HOME="/workspace/cargo-home" RUSTUP_HOME="/workspace/rustup-home" "/workspace/cargo-home/bin/cargo" "+1.99.0-beta.8" "fetch" "--manifest-path" "Cargo.toml", kill_on_drop: false }`
[INFO] [stderr]  Downloading crates ...
[INFO] [stderr]   Downloaded pq-sys v0.4.8
[INFO] [stderr]   Downloaded sqlparser v0.5.1
[INFO] [stderr]   Downloaded r2d2-diesel v1.0.0
[INFO] [stderr]   Downloaded diesel_derives v1.4.1
[INFO] [stderr]   Downloaded newrelic v0.2.2
[INFO] [stderr]   Downloaded diesel v1.4.8
[INFO] [stderr]   Downloaded newrelic-sys v0.2.0
[INFO] running `Command { std: "docker" "create" "-v" "/var/lib/crater-agent-workspace/builds/worker-3-tc1/source:/opt/rustwide/workdir:ro,Z" "-v" "/var/lib/crater-agent-workspace/builds/worker-3-tc1/target:/opt/rustwide/target:rw,Z" "-v" "/var/lib/crater-agent-workspace/cargo-home:/opt/rustwide/cargo-home:ro,Z" "-v" "/var/lib/crater-agent-workspace/rustup-home:/opt/rustwide/rustup-home:ro,Z" "-m" "1610612736" "--network" "none" "ghcr.io/rust-lang/crates-build-env/linux@sha256:77db811e55d90add9212f6832c23229e3de5f1c1f9905e8cb07319ea15df73ac" "sleep" "infinity", kill_on_drop: false }`
[INFO] [stdout] ffbb43761338607f1e3da04867315576568c689b9117a856859645ce3ed8a1db
[INFO] running `Command { std: "docker" "start" "ffbb43761338607f1e3da04867315576568c689b9117a856859645ce3ed8a1db", kill_on_drop: false }`
[INFO] running `Command { std: "docker" "inspect" "ffbb43761338607f1e3da04867315576568c689b9117a856859645ce3ed8a1db", kill_on_drop: false }`
[INFO] running `Command { std: "docker" "exec" "-e" "SOURCE_DIR=/opt/rustwide/workdir" "-e" "CARGO_HOME=/opt/rustwide/cargo-home" "-e" "RUSTUP_HOME=/opt/rustwide/rustup-home" "-e" "CARGO_TARGET_DIR=/opt/rustwide/target" "-w" "/opt/rustwide/workdir" "--user" "0:0" "ffbb43761338607f1e3da04867315576568c689b9117a856859645ce3ed8a1db" "/opt/rustwide/cargo-home/bin/cargo" "+1.99.0-beta.8" "metadata" "--no-deps" "--format-version=1", kill_on_drop: false }`
[INFO] running `Command { std: "docker" "inspect" "ffbb43761338607f1e3da04867315576568c689b9117a856859645ce3ed8a1db", kill_on_drop: false }`
[INFO] running `Command { std: "docker" "exec" "-e" "SOURCE_DIR=/opt/rustwide/workdir" "-e" "CARGO_HOME=/opt/rustwide/cargo-home" "-e" "RUSTUP_HOME=/opt/rustwide/rustup-home" "-e" "CARGO_TARGET_DIR=/opt/rustwide/target" "-e" "CARGO_INCREMENTAL=0" "-e" "RUST_BACKTRACE=full" "-e" "RUSTFLAGS=--cap-lints=warn" "-e" "RUSTDOCFLAGS=--cap-lints=warn" "-w" "/opt/rustwide/workdir" "--user" "0:0" "ffbb43761338607f1e3da04867315576568c689b9117a856859645ce3ed8a1db" "/opt/rustwide/cargo-home/bin/cargo" "+1.99.0-beta.8" "build" "--frozen" "--message-format=json" "--release", kill_on_drop: false }`
[INFO] [stderr]    Compiling syn v1.0.109
[INFO] [stderr]    Compiling pq-sys v0.4.8
[INFO] [stderr]    Compiling newrelic-sys v0.2.0
[INFO] [stderr]    Compiling bytes v0.5.6
[INFO] [stderr]    Compiling pin-project-lite v0.1.12
[INFO] [stderr]    Compiling sqlparser v0.5.1
[INFO] [stderr]    Compiling scheduled-thread-pool v0.2.7
[INFO] [stderr]    Compiling r2d2 v0.8.10
[INFO] [stderr] error: failed to run custom build command for `newrelic-sys v0.2.0`
[INFO] [stderr] note: To improve backtraces for build dependencies, set the CARGO_PROFILE_RELEASE_BUILD_OVERRIDE_DEBUG=true environment variable to enable debug information generation.
[INFO] [stderr] 
[INFO] [stderr] Caused by:
[INFO] [stderr]   process didn't exit successfully: `/opt/rustwide/target/release/build/newrelic-sys-6d7bad7888ce7f9d/build-script-build` (exit status: 101)
[INFO] [stderr]   --- stdout
[INFO] [stderr]   cargo:rustc-link-search=native=/opt/rustwide/target/release/build/newrelic-sys-cd0c1754b07c3fab/out
[INFO] [stderr]   cargo:rustc-link-lib=static=newrelic
[INFO] [stderr]   cargo:rustc-link-lib=dylib=pcre
[INFO] [stderr]   make -C vendor/newrelic/axiom
[INFO] [stderr]   make[1]: Entering directory '/opt/rustwide/cargo-home/registry/src/index.crates.io-1949cf8c6b5b557f/newrelic-sys-0.2.0/vendor/vendor/newrelic/axiom'
[INFO] [stderr]   make[1]: Leaving directory '/opt/rustwide/cargo-home/registry/src/index.crates.io-1949cf8c6b5b557f/newrelic-sys-0.2.0/vendor/vendor/newrelic/axiom'
[INFO] [stderr]   "./vendor/libnewrelic.a"
[INFO] [stderr] 
[INFO] [stderr]   --- stderr
[INFO] [stderr]   make: pcre-config: No such file or directory
[INFO] [stderr]   make: pcre-config: No such file or directory
[INFO] [stderr]   cat: ../../VERSION: No such file or directory
[INFO] [stderr]   fatal: not a git repository (or any parent up to mount point /opt/rustwide)
[INFO] [stderr]   Stopping at filesystem boundary (GIT_DISCOVERY_ACROSS_FILESYSTEM not set).
[INFO] [stderr]   make[1]: pcre-config: No such file or directory
[INFO] [stderr]   mkdir: Read-only file system
[INFO] [stderr]   make[1]: *** [Makefile:195: .deps/] Error 1
[INFO] [stderr]   make: *** [Makefile:88: vendor/newrelic/axiom/libaxiom.a] Error 2
[INFO] [stderr] 
[INFO] [stderr]   thread 'main' (122) panicked at /opt/rustwide/cargo-home/registry/src/index.crates.io-1949cf8c6b5b557f/newrelic-sys-0.2.0/build.rs:25:61:
[INFO] [stderr]   Could not copy object files: Os { code: 2, kind: NotFound, message: "No such file or directory" }
[INFO] [stderr]   stack backtrace:
[INFO] [stderr]      0:     0x62067670a281 - <<std[70759c8f55707aa4]::sys::backtrace::BacktraceLock>::print::DisplayBacktrace as core[df12db4294e9bfd3]::fmt::Display>::fmt
[INFO] [stderr]      1:     0x62067671b52a - core[df12db4294e9bfd3]::fmt::write
[INFO] [stderr]      2:     0x62067670df4c - <std[70759c8f55707aa4]::sys::stdio::unix::Stderr as core[df12db4294e9bfd3]::io::write::Write>::write_fmt
[INFO] [stderr]      3:     0x6206766ed1d6 - std[70759c8f55707aa4]::panicking::default_hook::{closure#0}
[INFO] [stderr]      4:     0x6206767057e1 - std[70759c8f55707aa4]::panicking::default_hook
[INFO] [stderr]      5:     0x62067670599b - std[70759c8f55707aa4]::panicking::panic_with_hook
[INFO] [stderr]      6:     0x6206766ed282 - std[70759c8f55707aa4]::panicking::panic_handler::{closure#0}
[INFO] [stderr]      7:     0x6206766e6319 - std[70759c8f55707aa4]::sys::backtrace::__rust_end_short_backtrace::<std[70759c8f55707aa4]::panicking::panic_handler::{closure#0}, !>
[INFO] [stderr]      8:     0x6206766eda7d - __rustc[8fa7c3cbc660c2b3]::rust_begin_unwind
[INFO] [stderr]      9:     0x62067671bc5c - core[df12db4294e9bfd3]::panicking::panic_fmt
[INFO] [stderr]     10:     0x62067671ba32 - core[df12db4294e9bfd3]::result::unwrap_failed
[INFO] [stderr]     11:     0x6206766d9906 - <core[df12db4294e9bfd3]::result::Result<u64, core[df12db4294e9bfd3]::io::error::Error>>::expect
[INFO] [stderr]     12:     0x6206766d96f3 - build_script_build[1b3a2521e921417e]::main
[INFO] [stderr]     13:     0x6206766dafc3 - <fn() as core[df12db4294e9bfd3]::ops::function::FnOnce<()>>::call_once
[INFO] [stderr]     14:     0x6206766d8eb6 - std[70759c8f55707aa4]::sys::backtrace::__rust_begin_short_backtrace::<fn(), ()>
[INFO] [stderr]     15:     0x6206766d91c9 - std[70759c8f55707aa4]::rt::lang_start::<()>::{closure#0}
[INFO] [stderr]     16:     0x620676704c19 - std[70759c8f55707aa4]::rt::lang_start_internal
[INFO] [stderr]     17:     0x6206766d87b1 - std[70759c8f55707aa4]::rt::lang_start::<()>
[INFO] [stderr]     18:     0x6206766db035 - main
[INFO] [stderr]     19:     0x7e158b3ea601 - <unknown>
[INFO] [stderr]     20:     0x7e158b3ea718 - __libc_start_main
[INFO] [stderr]     21:     0x6206766d7ea5 - _start
[INFO] [stderr]     22:                0x0 - <unknown>
[INFO] [stderr] warning: build failed, waiting for other jobs to finish...
[INFO] running `Command { std: "docker" "inspect" "ffbb43761338607f1e3da04867315576568c689b9117a856859645ce3ed8a1db", kill_on_drop: false }`
[INFO] running `Command { std: "docker" "rm" "-f" "ffbb43761338607f1e3da04867315576568c689b9117a856859645ce3ed8a1db", kill_on_drop: false }`
[INFO] [stdout] ffbb43761338607f1e3da04867315576568c689b9117a856859645ce3ed8a1db
