[INFO] fetching crate tokeira-storage 0.6.1...
[INFO] testing tokeira-storage-0.6.1 against 1.100.0-beta.1+cargoflags=--release for beta-release-1.100-2
[INFO] extracting crate tokeira-storage 0.6.1 into /workspace/builds/worker-5-tc2/source
[INFO] started tweaking crates.io crate tokeira-storage 0.6.1
[INFO] removed 0 missing tests
[INFO] finished tweaking crates.io crate tokeira-storage 0.6.1
[INFO] tweaked toml for crates.io crate tokeira-storage 0.6.1 written to /workspace/builds/worker-5-tc2/source/Cargo.toml
[INFO] validating manifest of crates.io crate tokeira-storage 0.6.1 on toolchain 1.100.0-beta.1
[INFO] running `Command { std: CARGO_HOME="/workspace/cargo-home" RUSTUP_HOME="/workspace/rustup-home" "/workspace/cargo-home/bin/cargo" "+1.100.0-beta.1" "metadata" "--manifest-path" "Cargo.toml" "--no-deps", kill_on_drop: false }`
[INFO] crate crates.io crate tokeira-storage 0.6.1 already has a lockfile, it will not be regenerated
[INFO] running `Command { std: CARGO_HOME="/workspace/cargo-home" RUSTUP_HOME="/workspace/rustup-home" "/workspace/cargo-home/bin/cargo" "+1.100.0-beta.1" "fetch" "--manifest-path" "Cargo.toml", kill_on_drop: false }`
[INFO] running `Command { std: "docker" "create" "-v" "/var/lib/crater-agent-workspace/builds/worker-5-tc2/source:/opt/rustwide/workdir:ro,Z" "-v" "/var/lib/crater-agent-workspace/builds/worker-5-tc2/target:/opt/rustwide/target:rw,Z" "-v" "/var/lib/crater-agent-workspace/cargo-home:/opt/rustwide/cargo-home:ro,Z" "-v" "/var/lib/crater-agent-workspace/rustup-home:/opt/rustwide/rustup-home:ro,Z" "-m" "1610612736" "--network" "none" "ghcr.io/rust-lang/crates-build-env/linux@sha256:77db811e55d90add9212f6832c23229e3de5f1c1f9905e8cb07319ea15df73ac" "sleep" "infinity", kill_on_drop: false }`
[INFO] [stdout] 6429943eb4c3c5997f7519528b5d057f155a66adf2a1697861f33ea2527d17a1
[INFO] running `Command { std: "docker" "start" "6429943eb4c3c5997f7519528b5d057f155a66adf2a1697861f33ea2527d17a1", kill_on_drop: false }`
[INFO] running `Command { std: "docker" "inspect" "6429943eb4c3c5997f7519528b5d057f155a66adf2a1697861f33ea2527d17a1", kill_on_drop: false }`
[INFO] running `Command { std: "docker" "exec" "-e" "SOURCE_DIR=/opt/rustwide/workdir" "-e" "CARGO_HOME=/opt/rustwide/cargo-home" "-e" "RUSTUP_HOME=/opt/rustwide/rustup-home" "-e" "CARGO_TARGET_DIR=/opt/rustwide/target" "-w" "/opt/rustwide/workdir" "--user" "0:0" "6429943eb4c3c5997f7519528b5d057f155a66adf2a1697861f33ea2527d17a1" "/opt/rustwide/cargo-home/bin/cargo" "+1.100.0-beta.1" "metadata" "--no-deps" "--format-version=1", kill_on_drop: false }`
[INFO] running `Command { std: "docker" "inspect" "6429943eb4c3c5997f7519528b5d057f155a66adf2a1697861f33ea2527d17a1", kill_on_drop: false }`
[INFO] running `Command { std: "docker" "exec" "-e" "SOURCE_DIR=/opt/rustwide/workdir" "-e" "CARGO_HOME=/opt/rustwide/cargo-home" "-e" "RUSTUP_HOME=/opt/rustwide/rustup-home" "-e" "CARGO_TARGET_DIR=/opt/rustwide/target" "-e" "CARGO_INCREMENTAL=0" "-e" "RUST_BACKTRACE=full" "-e" "RUSTFLAGS=--cap-lints=warn" "-e" "RUSTDOCFLAGS=--cap-lints=warn" "-w" "/opt/rustwide/workdir" "--user" "0:0" "6429943eb4c3c5997f7519528b5d057f155a66adf2a1697861f33ea2527d17a1" "/opt/rustwide/cargo-home/bin/cargo" "+1.100.0-beta.1" "build" "--frozen" "--message-format=json" "--release", kill_on_drop: false }`
[INFO] [stderr]    Compiling serde_core v1.0.228
[INFO] [stderr]    Compiling parking_lot_core v0.9.12
[INFO] [stderr]    Compiling cc v1.2.60
[INFO] [stderr]    Compiling zerofrom v0.1.7
[INFO] [stderr]    Compiling serde_json v1.0.149
[INFO] [stderr]    Compiling rustls v0.23.45
[INFO] [stderr]    Compiling foldhash v0.1.5
[INFO] [stderr]    Compiling ppv-lite86 v0.2.21
[INFO] [stderr]    Compiling prost-derive v0.14.3
[INFO] [stderr]    Compiling futures-executor v0.3.32
[INFO] [stderr]    Compiling serde v1.0.228
[INFO] [stderr]    Compiling typenum v1.20.0
[INFO] [stderr]    Compiling num-conv v0.2.1
[INFO] [stderr]    Compiling rustls-native-certs v0.8.3
[INFO] [stderr]    Compiling opentelemetry v0.31.0
[INFO] [stderr]    Compiling constant_time_eq v0.4.2
[INFO] [stderr]    Compiling zstd-safe v7.2.4
[INFO] [stderr]    Compiling yoke v0.8.2
[INFO] [stderr]    Compiling arrayvec v0.7.6
[INFO] [stderr]    Compiling smoothutf8 v0.2.3
[INFO] [stderr]    Compiling parking_lot v0.12.5
[INFO] [stderr]    Compiling time-macros v0.2.27
[INFO] [stderr]    Compiling ahash v0.8.12
[INFO] [stderr]    Compiling iri-string v0.7.12
[INFO] [stderr]    Compiling zerovec v0.11.6
[INFO] [stderr]    Compiling zerotrie v0.2.4
[INFO] [stderr]    Compiling regex-automata v0.4.18
[INFO] [stderr]    Compiling raw-cpuid v11.6.0
[INFO] [stderr]    Compiling rand_chacha v0.9.0
[INFO] [stderr]    Compiling rand v0.9.2
[INFO] [stderr]    Compiling generic-array v0.14.7
[INFO] [stderr]    Compiling toml_write v0.1.2
[INFO] [stderr]    Compiling cmake v0.1.58
[INFO] [stderr]    Compiling tinystr v0.8.3
[INFO] [stderr]    Compiling potential_utf v0.1.5
[INFO] [stderr]    Compiling zlib-rs v0.6.3
[INFO] [stderr]    Compiling icu_collections v2.2.0
[INFO] [stderr]    Compiling crypto-common v0.1.7
[INFO] [stderr]    Compiling block-buffer v0.10.4
[INFO] [stderr]    Compiling winnow v0.7.15
[INFO] [stderr]    Compiling icu_locale_core v2.2.0
[INFO] [stderr]    Compiling digest v0.10.7
[INFO] [stderr]    Compiling metrics v0.24.3
[INFO] [stderr]    Compiling futures v0.3.32
[INFO] [stderr]    Compiling tracing-log v0.2.0
[INFO] [stderr]    Compiling aws-lc-sys v0.45.0
[INFO] [stderr]    Compiling ring v0.17.14
[INFO] [stderr]    Compiling zstd-sys v2.0.16+zstd.1.5.7
[INFO] [stderr]    Compiling blake3 v1.8.5
[INFO] [stderr]    Compiling rand_xoshiro v0.7.0
[INFO] [stderr]    Compiling anstyle v1.0.14
[INFO] [stderr]    Compiling arraydeque v0.5.1
[INFO] [stderr]    Compiling sketches-ddsketch v0.3.1
[INFO] [stderr]    Compiling sha2 v0.10.9
[INFO] [stderr]    Compiling quanta v0.12.6
[INFO] [stderr]    Compiling annotate-snippets v0.12.16
[INFO] [stderr]    Compiling toml_datetime v0.6.11
[INFO] [stderr]    Compiling serde_spanned v0.6.9
[INFO] [stderr]    Compiling granit-parser v1.3.0
[INFO] [stderr]    Compiling icu_provider v2.2.0
[INFO] [stderr]    Compiling icu_properties v2.2.0
[INFO] [stderr]    Compiling icu_normalizer v2.2.0
[INFO] [stderr]    Compiling deranged v0.5.8
[INFO] [stderr]    Compiling uuid v1.23.0
[INFO] [stderr]    Compiling bytes v1.11.1
[INFO] [stderr]    Compiling hashbrown v0.15.5
[INFO] [stderr]    Compiling serde_urlencoded v0.7.1
[INFO] [stderr]    Compiling matchers v0.2.0
[INFO] [stderr]    Compiling flate2 v1.1.9
[INFO] [stderr]    Compiling toml_edit v0.22.27
[INFO] [stderr]    Compiling tracing-serde v0.2.0
[INFO] [stderr]    Compiling metrics-util v0.19.1
[INFO] [stderr]    Compiling tokio v1.50.0
[INFO] [stderr]    Compiling http v1.4.0
[INFO] [stderr]    Compiling prost v0.14.3
[INFO] [stderr]    Compiling buffa v0.9.2
[INFO] [stderr]    Compiling tracing-subscriber v0.3.23
[INFO] [stderr]    Compiling idna_adapter v1.2.1
[INFO] [stderr]    Compiling idna v1.1.0
[INFO] [stderr]    Compiling time v0.3.47
[INFO] [stderr]    Compiling prost-types v0.14.3
[INFO] [stderr]    Compiling encoding_rs_io v0.1.8
[INFO] [stderr]    Compiling url v2.5.8
[INFO] [stderr]    Compiling http-body v1.0.1
[INFO] [stderr]    Compiling http-body-util v0.1.3
[INFO] [stderr]    Compiling axum-core v0.5.6
[INFO] [stderr]    Compiling toml v0.8.23
[INFO] [stderr]    Compiling serde-saphyr v1.3.0
[INFO] [stderr]    Compiling cobs v0.3.0
[INFO] [stderr]    Compiling tokeira-storage v0.6.1 (/opt/rustwide/workdir)
[INFO] [stderr]    Compiling buffa-types v0.9.2
[INFO] [stderr]    Compiling tracing-opentelemetry v0.32.1
[INFO] [stderr]    Compiling postcard v1.1.3
[INFO] [stderr]    Compiling tokeira-types v0.6.1
[INFO] [stderr]    Compiling tokio-util v0.7.18
[INFO] [stderr]    Compiling tokio-stream v0.1.18
[INFO] [stderr]    Compiling tokeira-kernel v0.6.1
[INFO] [stderr]    Compiling opentelemetry_sdk v0.31.0
[INFO] [stderr]    Compiling h2 v0.4.16
[INFO] [stderr]    Compiling tower v0.5.3
[INFO] [stderr]    Compiling axum v0.8.9
[INFO] [stderr]    Compiling tower-http v0.6.8
[INFO] [stderr]    Compiling hyper v1.10.1
[INFO] [stderr]    Compiling hyper-util v0.1.20
[INFO] [stderr]    Compiling hyper-timeout v0.5.2
[INFO] [stderr]    Compiling tonic v0.14.6
[INFO] [stderr]    Compiling tonic-prost v0.14.6
[INFO] [stderr]    Compiling opentelemetry-proto v0.31.0
[INFO] [stderr]    Compiling zstd v0.13.3
[INFO] [stderr]    Compiling connectrpc v0.9.1
[INFO] [stderr]    Compiling tokeira-proto v0.6.1
[INFO] [stderr]    Compiling aws-lc-rs v1.18.1
[INFO] [stderr]    Compiling rustls-webpki v0.103.15
[INFO] [stderr]    Compiling tokeira-chasm v0.6.1
[INFO] [stderr]    Compiling tokio-rustls v0.26.4
[INFO] [stderr]    Compiling hyper-rustls v0.27.9
[INFO] [stderr]    Compiling reqwest v0.12.28
[INFO] [stderr]    Compiling metrics-exporter-prometheus v0.16.2
[INFO] [stderr]    Compiling opentelemetry-http v0.31.0
[INFO] [stderr]    Compiling opentelemetry-otlp v0.31.1
[INFO] [stderr]    Compiling tokeira-observability v0.6.1
[INFO] [stderr]     Finished `release` profile [optimized] target(s) in 4m 43s
[INFO] running `Command { std: "docker" "inspect" "6429943eb4c3c5997f7519528b5d057f155a66adf2a1697861f33ea2527d17a1", kill_on_drop: false }`
[INFO] running `Command { std: "docker" "exec" "-e" "SOURCE_DIR=/opt/rustwide/workdir" "-e" "CARGO_HOME=/opt/rustwide/cargo-home" "-e" "RUSTUP_HOME=/opt/rustwide/rustup-home" "-e" "CARGO_TARGET_DIR=/opt/rustwide/target" "-e" "CARGO_INCREMENTAL=0" "-e" "RUST_BACKTRACE=full" "-e" "RUSTFLAGS=--cap-lints=warn" "-e" "RUSTDOCFLAGS=--cap-lints=warn" "-w" "/opt/rustwide/workdir" "--user" "0:0" "6429943eb4c3c5997f7519528b5d057f155a66adf2a1697861f33ea2527d17a1" "/opt/rustwide/cargo-home/bin/cargo" "+1.100.0-beta.1" "test" "--frozen" "--no-run" "--message-format=json" "--release", kill_on_drop: false }`
[INFO] [stderr]    Compiling tokio v1.50.0
[INFO] [stderr]    Compiling regex-automata v0.4.18
[INFO] [stderr]    Compiling raw-cpuid v11.6.0
[INFO] [stderr]    Compiling nibble_vec v0.1.0
[INFO] [stderr]    Compiling endian-type v0.1.2
[INFO] [stderr]    Compiling ordered-float v4.6.0
[INFO] [stderr]    Compiling aho-corasick v1.1.4
[INFO] [stderr]    Compiling tempfile v3.27.0
[INFO] [stderr]    Compiling toml_datetime v0.6.11
[INFO] [stderr]    Compiling serde_spanned v0.6.9
[INFO] [stderr]    Compiling wait-timeout v0.2.1
[INFO] [stderr]    Compiling rand_xorshift v0.4.0
[INFO] [stderr]    Compiling radix_trie v0.2.1
[INFO] [stderr]    Compiling toml_edit v0.22.27
[INFO] [stderr]    Compiling rusty-fork v0.3.1
[INFO] [stderr]    Compiling proptest v1.11.0
[INFO] [stderr]    Compiling quanta v0.12.6
[INFO] [stderr]    Compiling metrics-util v0.19.1
[INFO] [stderr]    Compiling matchers v0.2.0
[INFO] [stderr]    Compiling tracing-subscriber v0.3.23
[INFO] [stderr]    Compiling toml v0.8.23
[INFO] [stderr]    Compiling tracing-opentelemetry v0.32.1
[INFO] [stderr]    Compiling tokio-util v0.7.18
[INFO] [stderr]    Compiling tokio-stream v0.1.18
[INFO] [stderr]    Compiling tokio-rustls v0.26.4
[INFO] [stderr]    Compiling opentelemetry_sdk v0.31.0
[INFO] [stderr]    Compiling h2 v0.4.16
[INFO] [stderr]    Compiling tower v0.5.3
[INFO] [stderr]    Compiling axum v0.8.9
[INFO] [stderr]    Compiling tower-http v0.6.8
[INFO] [stderr]    Compiling hyper v1.10.1
[INFO] [stderr]    Compiling hyper-util v0.1.20
[INFO] [stderr]    Compiling hyper-timeout v0.5.2
[INFO] [stderr]    Compiling hyper-rustls v0.27.9
[INFO] [stderr]    Compiling connectrpc v0.9.1
[INFO] [stderr]    Compiling tonic v0.14.6
[INFO] [stderr]    Compiling reqwest v0.12.28
[INFO] [stderr]    Compiling metrics-exporter-prometheus v0.16.2
[INFO] [stderr]    Compiling opentelemetry-http v0.31.0
[INFO] [stderr]    Compiling tonic-prost v0.14.6
[INFO] [stderr]    Compiling opentelemetry-proto v0.31.0
[INFO] [stderr]    Compiling tokeira-proto v0.6.1
[INFO] [stderr]    Compiling opentelemetry-otlp v0.31.1
[INFO] [stderr]    Compiling tokeira-observability v0.6.1
[INFO] [stderr]    Compiling tokeira-chasm v0.6.1
[INFO] [stderr]    Compiling tokeira-storage v0.6.1 (/opt/rustwide/workdir)
[INFO] [stdout] error[E0599]: no associated function or constant named `new` found for struct `tokeira_types::RunKey` in the current scope
[INFO] [stdout]    --> src/bulk_write_tests.rs:120:27
[INFO] [stdout]     |
[INFO] [stdout] 120 |     let run_key = RunKey::new();
[INFO] [stdout]     |                           ^^^ associated function or constant not found in `tokeira_types::RunKey`
[INFO] [stdout]     |
[INFO] [stdout] note: if you're trying to build a new `tokeira_types::RunKey`, consider using `tokeira_types::RunKey::derive` which returns `tokeira_types::RunKey`
[INFO] [stdout]    --> /opt/rustwide/cargo-home/registry/src/index.crates.io-1949cf8c6b5b557f/tokeira-types-0.6.1/src/ids.rs:129:5
[INFO] [stdout]     |
[INFO] [stdout] 129 |     pub fn derive(namespace_id: NamespaceId, workflow_id: &WorkflowId, run_id: RunId) -> Self {
[INFO] [stdout]     |     ^^^^^^^^^^^^^^^^^^^^^^^^^^^^^^^^^^^^^^^^^^^^^^^^^^^^^^^^^^^^^^^^^^^^^^^^^^^^^^^^^^^^^^^^^
[INFO] [stdout] help: there is a method `ne` with a similar name, but with different arguments
[INFO] [stdout]    --> /rustc/e3feeb59cd1bdd011a2bfcc0747b55125d9b8527/library/core/src/cmp.rs:278:4
[INFO] [stdout] 
[INFO] [stdout] 
[INFO] [stdout] error[E0599]: no associated function or constant named `new` found for struct `tokeira_types::RunKey` in the current scope
[INFO] [stdout]    --> src/bulk_write_tests.rs:219:42
[INFO] [stdout]     |
[INFO] [stdout] 219 |     let start = fresh_transition(RunKey::new());
[INFO] [stdout]     |                                          ^^^ associated function or constant not found in `tokeira_types::RunKey`
[INFO] [stdout]     |
[INFO] [stdout] note: if you're trying to build a new `tokeira_types::RunKey`, consider using `tokeira_types::RunKey::derive` which returns `tokeira_types::RunKey`
[INFO] [stdout]    --> /opt/rustwide/cargo-home/registry/src/index.crates.io-1949cf8c6b5b557f/tokeira-types-0.6.1/src/ids.rs:129:5
[INFO] [stdout]     |
[INFO] [stdout] 129 |     pub fn derive(namespace_id: NamespaceId, workflow_id: &WorkflowId, run_id: RunId) -> Self {
[INFO] [stdout]     |     ^^^^^^^^^^^^^^^^^^^^^^^^^^^^^^^^^^^^^^^^^^^^^^^^^^^^^^^^^^^^^^^^^^^^^^^^^^^^^^^^^^^^^^^^^
[INFO] [stdout] help: there is a method `ne` with a similar name, but with different arguments
[INFO] [stdout]    --> /rustc/e3feeb59cd1bdd011a2bfcc0747b55125d9b8527/library/core/src/cmp.rs:278:4
[INFO] [stdout] 
[INFO] [stdout] 
[INFO] [stdout] error[E0599]: no associated function or constant named `new` found for struct `tokeira_types::RunKey` in the current scope
[INFO] [stdout]    --> src/bulk_write_tests.rs:289:70
[INFO] [stdout]     |
[INFO] [stdout] 289 |     let mut state = applied(commit(backend, fresh_transition(RunKey::new())).await);
[INFO] [stdout]     |                                                                      ^^^ associated function or constant not found in `tokeira_types::RunKey`
[INFO] [stdout]     |
[INFO] [stdout] note: if you're trying to build a new `tokeira_types::RunKey`, consider using `tokeira_types::RunKey::derive` which returns `tokeira_types::RunKey`
[INFO] [stdout]    --> /opt/rustwide/cargo-home/registry/src/index.crates.io-1949cf8c6b5b557f/tokeira-types-0.6.1/src/ids.rs:129:5
[INFO] [stdout]     |
[INFO] [stdout] 129 |     pub fn derive(namespace_id: NamespaceId, workflow_id: &WorkflowId, run_id: RunId) -> Self {
[INFO] [stdout]     |     ^^^^^^^^^^^^^^^^^^^^^^^^^^^^^^^^^^^^^^^^^^^^^^^^^^^^^^^^^^^^^^^^^^^^^^^^^^^^^^^^^^^^^^^^^
[INFO] [stdout] help: there is a method `ne` with a similar name, but with different arguments
[INFO] [stdout]    --> /rustc/e3feeb59cd1bdd011a2bfcc0747b55125d9b8527/library/core/src/cmp.rs:278:4
[INFO] [stdout] 
[INFO] [stdout] 
[INFO] [stdout] error[E0599]: no associated function or constant named `new` found for struct `tokeira_types::RunKey` in the current scope
[INFO] [stdout]    --> src/memory/placement_tests.rs:22:51
[INFO] [stdout]     |
[INFO] [stdout]  22 |     let mut transition = fresh_transition(RunKey::new());
[INFO] [stdout]     |                                                   ^^^ associated function or constant not found in `tokeira_types::RunKey`
[INFO] [stdout]     |
[INFO] [stdout] note: if you're trying to build a new `tokeira_types::RunKey`, consider using `tokeira_types::RunKey::derive` which returns `tokeira_types::RunKey`
[INFO] [stdout]    --> /opt/rustwide/cargo-home/registry/src/index.crates.io-1949cf8c6b5b557f/tokeira-types-0.6.1/src/ids.rs:129:5
[INFO] [stdout]     |
[INFO] [stdout] 129 |     pub fn derive(namespace_id: NamespaceId, workflow_id: &WorkflowId, run_id: RunId) -> Self {
[INFO] [stdout]     |     ^^^^^^^^^^^^^^^^^^^^^^^^^^^^^^^^^^^^^^^^^^^^^^^^^^^^^^^^^^^^^^^^^^^^^^^^^^^^^^^^^^^^^^^^^
[INFO] [stdout] help: there is a method `ne` with a similar name, but with different arguments
[INFO] [stdout]    --> /rustc/e3feeb59cd1bdd011a2bfcc0747b55125d9b8527/library/core/src/cmp.rs:278:4
[INFO] [stdout] 
[INFO] [stdout] 
[INFO] [stdout] error[E0599]: no associated function or constant named `new` found for struct `tokeira_types::RunKey` in the current scope
[INFO] [stdout]    --> src/bulk_write_memory_properties.rs:73:68
[INFO] [stdout]     |
[INFO] [stdout]  73 |     let mut state = applied(commit(store, fresh_transition(RunKey::new())).await);
[INFO] [stdout]     |                                                                    ^^^ associated function or constant not found in `tokeira_types::RunKey`
[INFO] [stdout]     |
[INFO] [stdout] note: if you're trying to build a new `tokeira_types::RunKey`, consider using `tokeira_types::RunKey::derive` which returns `tokeira_types::RunKey`
[INFO] [stdout]    --> /opt/rustwide/cargo-home/registry/src/index.crates.io-1949cf8c6b5b557f/tokeira-types-0.6.1/src/ids.rs:129:5
[INFO] [stdout]     |
[INFO] [stdout] 129 |     pub fn derive(namespace_id: NamespaceId, workflow_id: &WorkflowId, run_id: RunId) -> Self {
[INFO] [stdout]     |     ^^^^^^^^^^^^^^^^^^^^^^^^^^^^^^^^^^^^^^^^^^^^^^^^^^^^^^^^^^^^^^^^^^^^^^^^^^^^^^^^^^^^^^^^^
[INFO] [stdout] help: there is a method `ne` with a similar name, but with different arguments
[INFO] [stdout]    --> /rustc/e3feeb59cd1bdd011a2bfcc0747b55125d9b8527/library/core/src/cmp.rs:278:4
[INFO] [stdout] 
[INFO] [stdout] 
[INFO] [stdout] error[E0599]: no associated function or constant named `new` found for struct `tokeira_types::RunKey` in the current scope
[INFO] [stdout]     --> src/memory.rs:4404:31
[INFO] [stdout]      |
[INFO] [stdout] 4404 |         let run_key = RunKey::new();
[INFO] [stdout]      |                               ^^^ associated function or constant not found in `tokeira_types::RunKey`
[INFO] [stdout]      |
[INFO] [stdout] note: if you're trying to build a new `tokeira_types::RunKey`, consider using `tokeira_types::RunKey::derive` which returns `tokeira_types::RunKey`
[INFO] [stdout]     --> /opt/rustwide/cargo-home/registry/src/index.crates.io-1949cf8c6b5b557f/tokeira-types-0.6.1/src/ids.rs:129:5
[INFO] [stdout]      |
[INFO] [stdout]  129 |     pub fn derive(namespace_id: NamespaceId, workflow_id: &WorkflowId, run_id: RunId) -> Self {
[INFO] [stdout]      |     ^^^^^^^^^^^^^^^^^^^^^^^^^^^^^^^^^^^^^^^^^^^^^^^^^^^^^^^^^^^^^^^^^^^^^^^^^^^^^^^^^^^^^^^^^
[INFO] [stdout] help: there is a method `ne` with a similar name, but with different arguments
[INFO] [stdout]     --> /rustc/e3feeb59cd1bdd011a2bfcc0747b55125d9b8527/library/core/src/cmp.rs:278:4
[INFO] [stdout] 
[INFO] [stdout] 
[INFO] [stdout] error[E0599]: no associated function or constant named `new` found for struct `tokeira_types::RunKey` in the current scope
[INFO] [stdout]     --> src/memory.rs:7742:43
[INFO] [stdout]      |
[INFO] [stdout] 7742 |                     let run_key = RunKey::new();
[INFO] [stdout]      |                                           ^^^ associated function or constant not found in `tokeira_types::RunKey`
[INFO] [stdout]      |
[INFO] [stdout] note: if you're trying to build a new `tokeira_types::RunKey`, consider using `tokeira_types::RunKey::derive` which returns `tokeira_types::RunKey`
[INFO] [stdout]     --> /opt/rustwide/cargo-home/registry/src/index.crates.io-1949cf8c6b5b557f/tokeira-types-0.6.1/src/ids.rs:129:5
[INFO] [stdout]      |
[INFO] [stdout]  129 |     pub fn derive(namespace_id: NamespaceId, workflow_id: &WorkflowId, run_id: RunId) -> Self {
[INFO] [stdout]      |     ^^^^^^^^^^^^^^^^^^^^^^^^^^^^^^^^^^^^^^^^^^^^^^^^^^^^^^^^^^^^^^^^^^^^^^^^^^^^^^^^^^^^^^^^^
[INFO] [stdout] help: there is a method `ne` with a similar name, but with different arguments
[INFO] [stdout]     --> /rustc/e3feeb59cd1bdd011a2bfcc0747b55125d9b8527/library/core/src/cmp.rs:278:4
[INFO] [stdout] 
[INFO] [stdout] 
[INFO] [stdout] error[E0599]: no associated function or constant named `new` found for struct `tokeira_types::RunKey` in the current scope
[INFO] [stdout]     --> src/memory.rs:7820:35
[INFO] [stdout]      |
[INFO] [stdout] 7820 |             let run_key = RunKey::new();
[INFO] [stdout]      |                                   ^^^ associated function or constant not found in `tokeira_types::RunKey`
[INFO] [stdout]      |
[INFO] [stdout] note: if you're trying to build a new `tokeira_types::RunKey`, consider using `tokeira_types::RunKey::derive` which returns `tokeira_types::RunKey`
[INFO] [stdout]     --> /opt/rustwide/cargo-home/registry/src/index.crates.io-1949cf8c6b5b557f/tokeira-types-0.6.1/src/ids.rs:129:5
[INFO] [stdout]      |
[INFO] [stdout]  129 |     pub fn derive(namespace_id: NamespaceId, workflow_id: &WorkflowId, run_id: RunId) -> Self {
[INFO] [stdout]      |     ^^^^^^^^^^^^^^^^^^^^^^^^^^^^^^^^^^^^^^^^^^^^^^^^^^^^^^^^^^^^^^^^^^^^^^^^^^^^^^^^^^^^^^^^^
[INFO] [stdout] help: there is a method `ne` with a similar name, but with different arguments
[INFO] [stdout]     --> /rustc/e3feeb59cd1bdd011a2bfcc0747b55125d9b8527/library/core/src/cmp.rs:278:4
[INFO] [stdout] 
[INFO] [stdout] 
[INFO] [stdout] error[E0599]: no associated function or constant named `new` found for struct `tokeira_types::RunKey` in the current scope
[INFO] [stdout]     --> src/memory.rs:8305:31
[INFO] [stdout]      |
[INFO] [stdout] 8305 |         let run_key = RunKey::new();
[INFO] [stdout]      |                               ^^^ associated function or constant not found in `tokeira_types::RunKey`
[INFO] [stdout]      |
[INFO] [stdout] note: if you're trying to build a new `tokeira_types::RunKey`, consider using `tokeira_types::RunKey::derive` which returns `tokeira_types::RunKey`
[INFO] [stdout]     --> /opt/rustwide/cargo-home/registry/src/index.crates.io-1949cf8c6b5b557f/tokeira-types-0.6.1/src/ids.rs:129:5
[INFO] [stdout]      |
[INFO] [stdout]  129 |     pub fn derive(namespace_id: NamespaceId, workflow_id: &WorkflowId, run_id: RunId) -> Self {
[INFO] [stdout]      |     ^^^^^^^^^^^^^^^^^^^^^^^^^^^^^^^^^^^^^^^^^^^^^^^^^^^^^^^^^^^^^^^^^^^^^^^^^^^^^^^^^^^^^^^^^
[INFO] [stdout] help: there is a method `ne` with a similar name, but with different arguments
[INFO] [stdout]     --> /rustc/e3feeb59cd1bdd011a2bfcc0747b55125d9b8527/library/core/src/cmp.rs:278:4
[INFO] [stdout] 
[INFO] [stdout] 
[INFO] [stdout] error[E0599]: no associated function or constant named `new` found for struct `tokeira_types::RunKey` in the current scope
[INFO] [stdout]    --> src/placement_upgrade_tests.rs:18:51
[INFO] [stdout]     |
[INFO] [stdout]  18 |     let mut transition = fresh_transition(RunKey::new());
[INFO] [stdout]     |                                                   ^^^ associated function or constant not found in `tokeira_types::RunKey`
[INFO] [stdout]     |
[INFO] [stdout] note: if you're trying to build a new `tokeira_types::RunKey`, consider using `tokeira_types::RunKey::derive` which returns `tokeira_types::RunKey`
[INFO] [stdout]    --> /opt/rustwide/cargo-home/registry/src/index.crates.io-1949cf8c6b5b557f/tokeira-types-0.6.1/src/ids.rs:129:5
[INFO] [stdout]     |
[INFO] [stdout] 129 |     pub fn derive(namespace_id: NamespaceId, workflow_id: &WorkflowId, run_id: RunId) -> Self {
[INFO] [stdout]     |     ^^^^^^^^^^^^^^^^^^^^^^^^^^^^^^^^^^^^^^^^^^^^^^^^^^^^^^^^^^^^^^^^^^^^^^^^^^^^^^^^^^^^^^^^^
[INFO] [stdout] help: there is a method `ne` with a similar name, but with different arguments
[INFO] [stdout]    --> /rustc/e3feeb59cd1bdd011a2bfcc0747b55125d9b8527/library/core/src/cmp.rs:278:4
[INFO] [stdout] 
[INFO] [stdout] 
[INFO] [stdout] error[E0599]: no associated function or constant named `new` found for struct `tokeira_types::RunKey` in the current scope
[INFO] [stdout]    --> src/recovery_index.rs:710:58
[INFO] [stdout]     |
[INFO] [stdout] 710 |                     let mut state = sample_state(RunKey::new());
[INFO] [stdout]     |                                                          ^^^ associated function or constant not found in `tokeira_types::RunKey`
[INFO] [stdout]     |
[INFO] [stdout] note: if you're trying to build a new `tokeira_types::RunKey`, consider using `tokeira_types::RunKey::derive` which returns `tokeira_types::RunKey`
[INFO] [stdout]    --> /opt/rustwide/cargo-home/registry/src/index.crates.io-1949cf8c6b5b557f/tokeira-types-0.6.1/src/ids.rs:129:5
[INFO] [stdout]     |
[INFO] [stdout] 129 |     pub fn derive(namespace_id: NamespaceId, workflow_id: &WorkflowId, run_id: RunId) -> Self {
[INFO] [stdout]     |     ^^^^^^^^^^^^^^^^^^^^^^^^^^^^^^^^^^^^^^^^^^^^^^^^^^^^^^^^^^^^^^^^^^^^^^^^^^^^^^^^^^^^^^^^^
[INFO] [stdout] help: there is a method `ne` with a similar name, but with different arguments
[INFO] [stdout]    --> /rustc/e3feeb59cd1bdd011a2bfcc0747b55125d9b8527/library/core/src/cmp.rs:278:4
[INFO] [stdout] 
[INFO] [stdout] 
[INFO] [stdout] error[E0599]: no associated function or constant named `new` found for struct `tokeira_types::RunKey` in the current scope
[INFO] [stdout]    --> src/workflow_dispatch_tests.rs:430:48
[INFO] [stdout]     |
[INFO] [stdout] 430 |     let mut initial = fresh_transition(RunKey::new());
[INFO] [stdout]     |                                                ^^^ associated function or constant not found in `tokeira_types::RunKey`
[INFO] [stdout]     |
[INFO] [stdout] note: if you're trying to build a new `tokeira_types::RunKey`, consider using `tokeira_types::RunKey::derive` which returns `tokeira_types::RunKey`
[INFO] [stdout]    --> /opt/rustwide/cargo-home/registry/src/index.crates.io-1949cf8c6b5b557f/tokeira-types-0.6.1/src/ids.rs:129:5
[INFO] [stdout]     |
[INFO] [stdout] 129 |     pub fn derive(namespace_id: NamespaceId, workflow_id: &WorkflowId, run_id: RunId) -> Self {
[INFO] [stdout]     |     ^^^^^^^^^^^^^^^^^^^^^^^^^^^^^^^^^^^^^^^^^^^^^^^^^^^^^^^^^^^^^^^^^^^^^^^^^^^^^^^^^^^^^^^^^
[INFO] [stdout] help: there is a method `ne` with a similar name, but with different arguments
[INFO] [stdout]    --> /rustc/e3feeb59cd1bdd011a2bfcc0747b55125d9b8527/library/core/src/cmp.rs:278:4
[INFO] [stdout] 
[INFO] [stdout] 
[INFO] [stdout] error[E0599]: no associated function or constant named `new` found for struct `tokeira_types::RunKey` in the current scope
[INFO] [stdout]    --> src/workflow_dispatch_tests.rs:593:51
[INFO] [stdout]     |
[INFO] [stdout] 593 |     let mut transition = fresh_transition(RunKey::new());
[INFO] [stdout]     |                                                   ^^^ associated function or constant not found in `tokeira_types::RunKey`
[INFO] [stdout]     |
[INFO] [stdout] note: if you're trying to build a new `tokeira_types::RunKey`, consider using `tokeira_types::RunKey::derive` which returns `tokeira_types::RunKey`
[INFO] [stdout]    --> /opt/rustwide/cargo-home/registry/src/index.crates.io-1949cf8c6b5b557f/tokeira-types-0.6.1/src/ids.rs:129:5
[INFO] [stdout]     |
[INFO] [stdout] 129 |     pub fn derive(namespace_id: NamespaceId, workflow_id: &WorkflowId, run_id: RunId) -> Self {
[INFO] [stdout]     |     ^^^^^^^^^^^^^^^^^^^^^^^^^^^^^^^^^^^^^^^^^^^^^^^^^^^^^^^^^^^^^^^^^^^^^^^^^^^^^^^^^^^^^^^^^
[INFO] [stdout] help: there is a method `ne` with a similar name, but with different arguments
[INFO] [stdout]    --> /rustc/e3feeb59cd1bdd011a2bfcc0747b55125d9b8527/library/core/src/cmp.rs:278:4
[INFO] [stdout] 
[INFO] [stdout] 
[INFO] [stdout] error[E0599]: no associated function or constant named `new` found for struct `tokeira_types::RunKey` in the current scope
[INFO] [stdout]    --> src/workflow_dispatch_tests.rs:637:51
[INFO] [stdout]     |
[INFO] [stdout] 637 |     let mut transition = fresh_transition(RunKey::new());
[INFO] [stdout]     |                                                   ^^^ associated function or constant not found in `tokeira_types::RunKey`
[INFO] [stdout]     |
[INFO] [stdout] note: if you're trying to build a new `tokeira_types::RunKey`, consider using `tokeira_types::RunKey::derive` which returns `tokeira_types::RunKey`
[INFO] [stdout]    --> /opt/rustwide/cargo-home/registry/src/index.crates.io-1949cf8c6b5b557f/tokeira-types-0.6.1/src/ids.rs:129:5
[INFO] [stdout]     |
[INFO] [stdout] 129 |     pub fn derive(namespace_id: NamespaceId, workflow_id: &WorkflowId, run_id: RunId) -> Self {
[INFO] [stdout]     |     ^^^^^^^^^^^^^^^^^^^^^^^^^^^^^^^^^^^^^^^^^^^^^^^^^^^^^^^^^^^^^^^^^^^^^^^^^^^^^^^^^^^^^^^^^
[INFO] [stdout] help: there is a method `ne` with a similar name, but with different arguments
[INFO] [stdout]    --> /rustc/e3feeb59cd1bdd011a2bfcc0747b55125d9b8527/library/core/src/cmp.rs:278:4
[INFO] [stdout] 
[INFO] [stdout] 
[INFO] [stdout] error[E0599]: no associated function or constant named `new` found for struct `tokeira_types::RunKey` in the current scope
[INFO] [stdout]    --> src/workflow_dispatch_tests.rs:667:44
[INFO] [stdout]     |
[INFO] [stdout] 667 |     let initial = fresh_transition(RunKey::new());
[INFO] [stdout]     |                                            ^^^ associated function or constant not found in `tokeira_types::RunKey`
[INFO] [stdout]     |
[INFO] [stdout] note: if you're trying to build a new `tokeira_types::RunKey`, consider using `tokeira_types::RunKey::derive` which returns `tokeira_types::RunKey`
[INFO] [stdout]    --> /opt/rustwide/cargo-home/registry/src/index.crates.io-1949cf8c6b5b557f/tokeira-types-0.6.1/src/ids.rs:129:5
[INFO] [stdout]     |
[INFO] [stdout] 129 |     pub fn derive(namespace_id: NamespaceId, workflow_id: &WorkflowId, run_id: RunId) -> Self {
[INFO] [stdout]     |     ^^^^^^^^^^^^^^^^^^^^^^^^^^^^^^^^^^^^^^^^^^^^^^^^^^^^^^^^^^^^^^^^^^^^^^^^^^^^^^^^^^^^^^^^^
[INFO] [stdout] help: there is a method `ne` with a similar name, but with different arguments
[INFO] [stdout]    --> /rustc/e3feeb59cd1bdd011a2bfcc0747b55125d9b8527/library/core/src/cmp.rs:278:4
[INFO] [stdout] 
[INFO] [stdout] 
[INFO] [stdout] error[E0599]: no associated function or constant named `new` found for struct `tokeira_types::RunKey` in the current scope
[INFO] [stdout]    --> src/workflow_dispatch_tests.rs:675:55
[INFO] [stdout]     |
[INFO] [stdout] 675 |         let mut transition = fresh_transition(RunKey::new());
[INFO] [stdout]     |                                                       ^^^ associated function or constant not found in `tokeira_types::RunKey`
[INFO] [stdout]     |
[INFO] [stdout] note: if you're trying to build a new `tokeira_types::RunKey`, consider using `tokeira_types::RunKey::derive` which returns `tokeira_types::RunKey`
[INFO] [stdout]    --> /opt/rustwide/cargo-home/registry/src/index.crates.io-1949cf8c6b5b557f/tokeira-types-0.6.1/src/ids.rs:129:5
[INFO] [stdout]     |
[INFO] [stdout] 129 |     pub fn derive(namespace_id: NamespaceId, workflow_id: &WorkflowId, run_id: RunId) -> Self {
[INFO] [stdout]     |     ^^^^^^^^^^^^^^^^^^^^^^^^^^^^^^^^^^^^^^^^^^^^^^^^^^^^^^^^^^^^^^^^^^^^^^^^^^^^^^^^^^^^^^^^^
[INFO] [stdout] help: there is a method `ne` with a similar name, but with different arguments
[INFO] [stdout]    --> /rustc/e3feeb59cd1bdd011a2bfcc0747b55125d9b8527/library/core/src/cmp.rs:278:4
[INFO] [stdout] 
[INFO] [stdout] 
[INFO] [stdout] error[E0599]: no associated function or constant named `new` found for struct `tokeira_types::RunKey` in the current scope
[INFO] [stdout]    --> src/workflow_dispatch_tests.rs:722:48
[INFO] [stdout]     |
[INFO] [stdout] 722 |     let mut initial = fresh_transition(RunKey::new());
[INFO] [stdout]     |                                                ^^^ associated function or constant not found in `tokeira_types::RunKey`
[INFO] [stdout]     |
[INFO] [stdout] note: if you're trying to build a new `tokeira_types::RunKey`, consider using `tokeira_types::RunKey::derive` which returns `tokeira_types::RunKey`
[INFO] [stdout]    --> /opt/rustwide/cargo-home/registry/src/index.crates.io-1949cf8c6b5b557f/tokeira-types-0.6.1/src/ids.rs:129:5
[INFO] [stdout]     |
[INFO] [stdout] 129 |     pub fn derive(namespace_id: NamespaceId, workflow_id: &WorkflowId, run_id: RunId) -> Self {
[INFO] [stdout]     |     ^^^^^^^^^^^^^^^^^^^^^^^^^^^^^^^^^^^^^^^^^^^^^^^^^^^^^^^^^^^^^^^^^^^^^^^^^^^^^^^^^^^^^^^^^
[INFO] [stdout] help: there is a method `ne` with a similar name, but with different arguments
[INFO] [stdout]    --> /rustc/e3feeb59cd1bdd011a2bfcc0747b55125d9b8527/library/core/src/cmp.rs:278:4
[INFO] [stdout] 
[INFO] [stdout] 
[INFO] [stdout] error[E0599]: no associated function or constant named `new` found for struct `tokeira_types::RunKey` in the current scope
[INFO] [stdout]    --> src/workflow_dispatch_tests.rs:736:49
[INFO] [stdout]     |
[INFO] [stdout] 736 |         transition.next_state.run_key = RunKey::new();
[INFO] [stdout]     |                                                 ^^^ associated function or constant not found in `tokeira_types::RunKey`
[INFO] [stdout]     |
[INFO] [stdout] note: if you're trying to build a new `tokeira_types::RunKey`, consider using `tokeira_types::RunKey::derive` which returns `tokeira_types::RunKey`
[INFO] [stdout]    --> /opt/rustwide/cargo-home/registry/src/index.crates.io-1949cf8c6b5b557f/tokeira-types-0.6.1/src/ids.rs:129:5
[INFO] [stdout]     |
[INFO] [stdout] 129 |     pub fn derive(namespace_id: NamespaceId, workflow_id: &WorkflowId, run_id: RunId) -> Self {
[INFO] [stdout]     |     ^^^^^^^^^^^^^^^^^^^^^^^^^^^^^^^^^^^^^^^^^^^^^^^^^^^^^^^^^^^^^^^^^^^^^^^^^^^^^^^^^^^^^^^^^
[INFO] [stdout] help: there is a method `ne` with a similar name, but with different arguments
[INFO] [stdout]    --> /rustc/e3feeb59cd1bdd011a2bfcc0747b55125d9b8527/library/core/src/cmp.rs:278:4
[INFO] [stdout] 
[INFO] [stdout] 
[INFO] [stdout] error[E0599]: no associated function or constant named `new` found for struct `tokeira_types::RunKey` in the current scope
[INFO] [stdout]    --> src/bug_condition_exploration_tests.rs:143:55
[INFO] [stdout]     |
[INFO] [stdout] 143 |         let mut transition = start_transition(RunKey::new());
[INFO] [stdout]     |                                                       ^^^ associated function or constant not found in `tokeira_types::RunKey`
[INFO] [stdout]     |
[INFO] [stdout] note: if you're trying to build a new `tokeira_types::RunKey`, consider using `tokeira_types::RunKey::derive` which returns `tokeira_types::RunKey`
[INFO] [stdout]    --> /opt/rustwide/cargo-home/registry/src/index.crates.io-1949cf8c6b5b557f/tokeira-types-0.6.1/src/ids.rs:129:5
[INFO] [stdout]     |
[INFO] [stdout] 129 |     pub fn derive(namespace_id: NamespaceId, workflow_id: &WorkflowId, run_id: RunId) -> Self {
[INFO] [stdout]     |     ^^^^^^^^^^^^^^^^^^^^^^^^^^^^^^^^^^^^^^^^^^^^^^^^^^^^^^^^^^^^^^^^^^^^^^^^^^^^^^^^^^^^^^^^^
[INFO] [stdout] help: there is a method `ne` with a similar name, but with different arguments
[INFO] [stdout]    --> /rustc/e3feeb59cd1bdd011a2bfcc0747b55125d9b8527/library/core/src/cmp.rs:278:4
[INFO] [stdout] 
[INFO] [stdout] 
[INFO] [stdout] error[E0599]: no associated function or constant named `new` found for struct `tokeira_types::RunKey` in the current scope
[INFO] [stdout]    --> src/history_event_tests.rs:101:41
[INFO] [stdout]     |
[INFO] [stdout] 101 |             .read_history_event(RunKey::new(), 1)
[INFO] [stdout]     |                                         ^^^ associated function or constant not found in `tokeira_types::RunKey`
[INFO] [stdout]     |
[INFO] [stdout] note: if you're trying to build a new `tokeira_types::RunKey`, consider using `tokeira_types::RunKey::derive` which returns `tokeira_types::RunKey`
[INFO] [stdout]    --> /opt/rustwide/cargo-home/registry/src/index.crates.io-1949cf8c6b5b557f/tokeira-types-0.6.1/src/ids.rs:129:5
[INFO] [stdout]     |
[INFO] [stdout] 129 |     pub fn derive(namespace_id: NamespaceId, workflow_id: &WorkflowId, run_id: RunId) -> Self {
[INFO] [stdout]     |     ^^^^^^^^^^^^^^^^^^^^^^^^^^^^^^^^^^^^^^^^^^^^^^^^^^^^^^^^^^^^^^^^^^^^^^^^^^^^^^^^^^^^^^^^^
[INFO] [stdout] help: there is a method `ne` with a similar name, but with different arguments
[INFO] [stdout]    --> /rustc/e3feeb59cd1bdd011a2bfcc0747b55125d9b8527/library/core/src/cmp.rs:278:4
[INFO] [stdout] 
[INFO] [stdout] 
[INFO] [stdout] error[E0599]: no associated function or constant named `new` found for struct `tokeira_types::RunKey` in the current scope
[INFO] [stdout]    --> src/lease_fence_tests.rs:62:51
[INFO] [stdout]     |
[INFO] [stdout]  62 |     let mut transition = fresh_transition(RunKey::new());
[INFO] [stdout]     |                                                   ^^^ associated function or constant not found in `tokeira_types::RunKey`
[INFO] [stdout]     |
[INFO] [stdout] note: if you're trying to build a new `tokeira_types::RunKey`, consider using `tokeira_types::RunKey::derive` which returns `tokeira_types::RunKey`
[INFO] [stdout]    --> /opt/rustwide/cargo-home/registry/src/index.crates.io-1949cf8c6b5b557f/tokeira-types-0.6.1/src/ids.rs:129:5
[INFO] [stdout]     |
[INFO] [stdout] 129 |     pub fn derive(namespace_id: NamespaceId, workflow_id: &WorkflowId, run_id: RunId) -> Self {
[INFO] [stdout]     |     ^^^^^^^^^^^^^^^^^^^^^^^^^^^^^^^^^^^^^^^^^^^^^^^^^^^^^^^^^^^^^^^^^^^^^^^^^^^^^^^^^^^^^^^^^
[INFO] [stdout] help: there is a method `ne` with a similar name, but with different arguments
[INFO] [stdout]    --> /rustc/e3feeb59cd1bdd011a2bfcc0747b55125d9b8527/library/core/src/cmp.rs:278:4
[INFO] [stdout] 
[INFO] [stdout] 
[INFO] [stdout] error[E0599]: no associated function or constant named `new` found for struct `tokeira_types::RunKey` in the current scope
[INFO] [stdout]    --> src/memory/placement_tests.rs:143:26
[INFO] [stdout]     |
[INFO] [stdout] 143 |         run_key: RunKey::new(),
[INFO] [stdout]     |                          ^^^ associated function or constant not found in `tokeira_types::RunKey`
[INFO] [stdout]     |
[INFO] [stdout] note: if you're trying to build a new `tokeira_types::RunKey`, consider using `tokeira_types::RunKey::derive` which returns `tokeira_types::RunKey`
[INFO] [stdout]    --> /opt/rustwide/cargo-home/registry/src/index.crates.io-1949cf8c6b5b557f/tokeira-types-0.6.1/src/ids.rs:129:5
[INFO] [stdout]     |
[INFO] [stdout] 129 |     pub fn derive(namespace_id: NamespaceId, workflow_id: &WorkflowId, run_id: RunId) -> Self {
[INFO] [stdout]     |     ^^^^^^^^^^^^^^^^^^^^^^^^^^^^^^^^^^^^^^^^^^^^^^^^^^^^^^^^^^^^^^^^^^^^^^^^^^^^^^^^^^^^^^^^^
[INFO] [stdout] help: there is a method `ne` with a similar name, but with different arguments
[INFO] [stdout]    --> /rustc/e3feeb59cd1bdd011a2bfcc0747b55125d9b8527/library/core/src/cmp.rs:278:4
[INFO] [stdout] 
[INFO] [stdout] 
[INFO] [stdout] error[E0599]: no associated function or constant named `new` found for struct `tokeira_types::RunKey` in the current scope
[INFO] [stdout]    --> src/memory/placement_tests.rs:218:65
[INFO] [stdout]     |
[INFO] [stdout] 218 |             inner.runs.get_mut(&key).unwrap().run_key = RunKey::new();
[INFO] [stdout]     |                                                                 ^^^ associated function or constant not found in `tokeira_types::RunKey`
[INFO] [stdout]     |
[INFO] [stdout] note: if you're trying to build a new `tokeira_types::RunKey`, consider using `tokeira_types::RunKey::derive` which returns `tokeira_types::RunKey`
[INFO] [stdout]    --> /opt/rustwide/cargo-home/registry/src/index.crates.io-1949cf8c6b5b557f/tokeira-types-0.6.1/src/ids.rs:129:5
[INFO] [stdout]     |
[INFO] [stdout] 129 |     pub fn derive(namespace_id: NamespaceId, workflow_id: &WorkflowId, run_id: RunId) -> Self {
[INFO] [stdout]     |     ^^^^^^^^^^^^^^^^^^^^^^^^^^^^^^^^^^^^^^^^^^^^^^^^^^^^^^^^^^^^^^^^^^^^^^^^^^^^^^^^^^^^^^^^^
[INFO] [stdout] help: there is a method `ne` with a similar name, but with different arguments
[INFO] [stdout]    --> /rustc/e3feeb59cd1bdd011a2bfcc0747b55125d9b8527/library/core/src/cmp.rs:278:4
[INFO] [stdout] 
[INFO] [stdout] 
[INFO] [stdout] error[E0599]: no associated function or constant named `new` found for struct `tokeira_types::RunKey` in the current scope
[INFO] [stdout]    --> src/projection_accumulator_tests.rs:308:50
[INFO] [stdout]     |
[INFO] [stdout] 308 |         let mut state = fresh_transition(RunKey::new()).next_state;
[INFO] [stdout]     |                                                  ^^^ associated function or constant not found in `tokeira_types::RunKey`
[INFO] [stdout]     |
[INFO] [stdout] note: if you're trying to build a new `tokeira_types::RunKey`, consider using `tokeira_types::RunKey::derive` which returns `tokeira_types::RunKey`
[INFO] [stdout]    --> /opt/rustwide/cargo-home/registry/src/index.crates.io-1949cf8c6b5b557f/tokeira-types-0.6.1/src/ids.rs:129:5
[INFO] [stdout]     |
[INFO] [stdout] 129 |     pub fn derive(namespace_id: NamespaceId, workflow_id: &WorkflowId, run_id: RunId) -> Self {
[INFO] [stdout]     |     ^^^^^^^^^^^^^^^^^^^^^^^^^^^^^^^^^^^^^^^^^^^^^^^^^^^^^^^^^^^^^^^^^^^^^^^^^^^^^^^^^^^^^^^^^
[INFO] [stdout] help: there is a method `ne` with a similar name, but with different arguments
[INFO] [stdout]    --> /rustc/e3feeb59cd1bdd011a2bfcc0747b55125d9b8527/library/core/src/cmp.rs:278:4
[INFO] [stdout] 
[INFO] [stdout] 
[INFO] [stdout] error[E0599]: no associated function or constant named `new` found for struct `tokeira_types::RunKey` in the current scope
[INFO] [stdout]    --> src/projection_accumulator_tests.rs:341:31
[INFO] [stdout]     |
[INFO] [stdout] 341 |             let key = RunKey::new();
[INFO] [stdout]     |                               ^^^ associated function or constant not found in `tokeira_types::RunKey`
[INFO] [stdout]     |
[INFO] [stdout] note: if you're trying to build a new `tokeira_types::RunKey`, consider using `tokeira_types::RunKey::derive` which returns `tokeira_types::RunKey`
[INFO] [stdout]    --> /opt/rustwide/cargo-home/registry/src/index.crates.io-1949cf8c6b5b557f/tokeira-types-0.6.1/src/ids.rs:129:5
[INFO] [stdout]     |
[INFO] [stdout] 129 |     pub fn derive(namespace_id: NamespaceId, workflow_id: &WorkflowId, run_id: RunId) -> Self {
[INFO] [stdout]     |     ^^^^^^^^^^^^^^^^^^^^^^^^^^^^^^^^^^^^^^^^^^^^^^^^^^^^^^^^^^^^^^^^^^^^^^^^^^^^^^^^^^^^^^^^^
[INFO] [stdout] help: there is a method `ne` with a similar name, but with different arguments
[INFO] [stdout]    --> /rustc/e3feeb59cd1bdd011a2bfcc0747b55125d9b8527/library/core/src/cmp.rs:278:4
[INFO] [stdout] 
[INFO] [stdout] 
[INFO] [stdout] error[E0599]: no associated function or constant named `new` found for struct `tokeira_types::RunKey` in the current scope
[INFO] [stdout]    --> src/projection_accumulator_tests.rs:356:47
[INFO] [stdout]     |
[INFO] [stdout] 356 |                 4 => record.run_key = RunKey::new(),
[INFO] [stdout]     |                                               ^^^ associated function or constant not found in `tokeira_types::RunKey`
[INFO] [stdout]     |
[INFO] [stdout] note: if you're trying to build a new `tokeira_types::RunKey`, consider using `tokeira_types::RunKey::derive` which returns `tokeira_types::RunKey`
[INFO] [stdout]    --> /opt/rustwide/cargo-home/registry/src/index.crates.io-1949cf8c6b5b557f/tokeira-types-0.6.1/src/ids.rs:129:5
[INFO] [stdout]     |
[INFO] [stdout] 129 |     pub fn derive(namespace_id: NamespaceId, workflow_id: &WorkflowId, run_id: RunId) -> Self {
[INFO] [stdout]     |     ^^^^^^^^^^^^^^^^^^^^^^^^^^^^^^^^^^^^^^^^^^^^^^^^^^^^^^^^^^^^^^^^^^^^^^^^^^^^^^^^^^^^^^^^^
[INFO] [stdout] help: there is a method `ne` with a similar name, but with different arguments
[INFO] [stdout]    --> /rustc/e3feeb59cd1bdd011a2bfcc0747b55125d9b8527/library/core/src/cmp.rs:278:4
[INFO] [stdout] 
[INFO] [stdout] 
[INFO] [stdout] error[E0599]: no associated function or constant named `new` found for struct `tokeira_types::RunKey` in the current scope
[INFO] [stdout]    --> src/projection_accumulator_tests.rs:401:35
[INFO] [stdout]     |
[INFO] [stdout] 401 |                 let key = RunKey::new();
[INFO] [stdout]     |                                   ^^^ associated function or constant not found in `tokeira_types::RunKey`
[INFO] [stdout]     |
[INFO] [stdout] note: if you're trying to build a new `tokeira_types::RunKey`, consider using `tokeira_types::RunKey::derive` which returns `tokeira_types::RunKey`
[INFO] [stdout]    --> /opt/rustwide/cargo-home/registry/src/index.crates.io-1949cf8c6b5b557f/tokeira-types-0.6.1/src/ids.rs:129:5
[INFO] [stdout]     |
[INFO] [stdout] 129 |     pub fn derive(namespace_id: NamespaceId, workflow_id: &WorkflowId, run_id: RunId) -> Self {
[INFO] [stdout]     |     ^^^^^^^^^^^^^^^^^^^^^^^^^^^^^^^^^^^^^^^^^^^^^^^^^^^^^^^^^^^^^^^^^^^^^^^^^^^^^^^^^^^^^^^^^
[INFO] [stdout] help: there is a method `ne` with a similar name, but with different arguments
[INFO] [stdout]    --> /rustc/e3feeb59cd1bdd011a2bfcc0747b55125d9b8527/library/core/src/cmp.rs:278:4
[INFO] [stdout] 
[INFO] [stdout] 
[INFO] [stdout] error[E0599]: no associated function or constant named `new` found for struct `tokeira_types::RunKey` in the current scope
[INFO] [stdout]    --> src/projection_accumulator_tests.rs:430:39
[INFO] [stdout]     |
[INFO] [stdout] 430 |                     let key = RunKey::new();
[INFO] [stdout]     |                                       ^^^ associated function or constant not found in `tokeira_types::RunKey`
[INFO] [stdout]     |
[INFO] [stdout] note: if you're trying to build a new `tokeira_types::RunKey`, consider using `tokeira_types::RunKey::derive` which returns `tokeira_types::RunKey`
[INFO] [stdout]    --> /opt/rustwide/cargo-home/registry/src/index.crates.io-1949cf8c6b5b557f/tokeira-types-0.6.1/src/ids.rs:129:5
[INFO] [stdout]     |
[INFO] [stdout] 129 |     pub fn derive(namespace_id: NamespaceId, workflow_id: &WorkflowId, run_id: RunId) -> Self {
[INFO] [stdout]     |     ^^^^^^^^^^^^^^^^^^^^^^^^^^^^^^^^^^^^^^^^^^^^^^^^^^^^^^^^^^^^^^^^^^^^^^^^^^^^^^^^^^^^^^^^^
[INFO] [stdout] help: there is a method `ne` with a similar name, but with different arguments
[INFO] [stdout]    --> /rustc/e3feeb59cd1bdd011a2bfcc0747b55125d9b8527/library/core/src/cmp.rs:278:4
[INFO] [stdout] 
[INFO] [stdout] 
[INFO] [stdout] error[E0599]: no associated function or constant named `new` found for struct `tokeira_types::RunKey` in the current scope
[INFO] [stdout]    --> src/projection_accumulator_tests.rs:455:35
[INFO] [stdout]     |
[INFO] [stdout] 455 |                 let key = RunKey::new();
[INFO] [stdout]     |                                   ^^^ associated function or constant not found in `tokeira_types::RunKey`
[INFO] [stdout]     |
[INFO] [stdout] note: if you're trying to build a new `tokeira_types::RunKey`, consider using `tokeira_types::RunKey::derive` which returns `tokeira_types::RunKey`
[INFO] [stdout]    --> /opt/rustwide/cargo-home/registry/src/index.crates.io-1949cf8c6b5b557f/tokeira-types-0.6.1/src/ids.rs:129:5
[INFO] [stdout]     |
[INFO] [stdout] 129 |     pub fn derive(namespace_id: NamespaceId, workflow_id: &WorkflowId, run_id: RunId) -> Self {
[INFO] [stdout]     |     ^^^^^^^^^^^^^^^^^^^^^^^^^^^^^^^^^^^^^^^^^^^^^^^^^^^^^^^^^^^^^^^^^^^^^^^^^^^^^^^^^^^^^^^^^
[INFO] [stdout] help: there is a method `ne` with a similar name, but with different arguments
[INFO] [stdout]    --> /rustc/e3feeb59cd1bdd011a2bfcc0747b55125d9b8527/library/core/src/cmp.rs:278:4
[INFO] [stdout] 
[INFO] [stdout] 
[INFO] [stdout] error[E0599]: no associated function or constant named `new` found for struct `tokeira_types::RunKey` in the current scope
[INFO] [stdout]    --> src/projection_accumulator_tests.rs:483:69
[INFO] [stdout]     |
[INFO] [stdout] 483 | ...                   transition.next_state.run_key = RunKey::new();
[INFO] [stdout]     |                                                               ^^^ associated function or constant not found in `tokeira_types::RunKey`
[INFO] [stdout]     |
[INFO] [stdout] note: if you're trying to build a new `tokeira_types::RunKey`, consider using `tokeira_types::RunKey::derive` which returns `tokeira_types::RunKey`
[INFO] [stdout]    --> /opt/rustwide/cargo-home/registry/src/index.crates.io-1949cf8c6b5b557f/tokeira-types-0.6.1/src/ids.rs:129:5
[INFO] [stdout]     |
[INFO] [stdout] 129 |     pub fn derive(namespace_id: NamespaceId, workflow_id: &WorkflowId, run_id: RunId) -> Self {
[INFO] [stdout]     |     ^^^^^^^^^^^^^^^^^^^^^^^^^^^^^^^^^^^^^^^^^^^^^^^^^^^^^^^^^^^^^^^^^^^^^^^^^^^^^^^^^^^^^^^^^
[INFO] [stdout] help: there is a method `ne` with a similar name, but with different arguments
[INFO] [stdout]    --> /rustc/e3feeb59cd1bdd011a2bfcc0747b55125d9b8527/library/core/src/cmp.rs:278:4
[INFO] [stdout] 
[INFO] [stdout] 
[INFO] [stdout] error[E0599]: no associated function or constant named `new` found for struct `tokeira_types::RunKey` in the current scope
[INFO] [stdout]    --> src/projection_accumulator_tests.rs:520:35
[INFO] [stdout]     |
[INFO] [stdout] 520 |                 let key = RunKey::new();
[INFO] [stdout]     |                                   ^^^ associated function or constant not found in `tokeira_types::RunKey`
[INFO] [stdout]     |
[INFO] [stdout] note: if you're trying to build a new `tokeira_types::RunKey`, consider using `tokeira_types::RunKey::derive` which returns `tokeira_types::RunKey`
[INFO] [stdout]    --> /opt/rustwide/cargo-home/registry/src/index.crates.io-1949cf8c6b5b557f/tokeira-types-0.6.1/src/ids.rs:129:5
[INFO] [stdout]     |
[INFO] [stdout] 129 |     pub fn derive(namespace_id: NamespaceId, workflow_id: &WorkflowId, run_id: RunId) -> Self {
[INFO] [stdout]     |     ^^^^^^^^^^^^^^^^^^^^^^^^^^^^^^^^^^^^^^^^^^^^^^^^^^^^^^^^^^^^^^^^^^^^^^^^^^^^^^^^^^^^^^^^^
[INFO] [stdout] help: there is a method `ne` with a similar name, but with different arguments
[INFO] [stdout]    --> /rustc/e3feeb59cd1bdd011a2bfcc0747b55125d9b8527/library/core/src/cmp.rs:278:4
[INFO] [stdout] 
[INFO] [stdout] 
[INFO] [stdout] error[E0599]: no associated function or constant named `new` found for struct `tokeira_types::RunKey` in the current scope
[INFO] [stdout]    --> src/projection_accumulator_tests.rs:561:40
[INFO] [stdout]     |
[INFO] [stdout] 561 |                     let base = RunKey::new();
[INFO] [stdout]     |                                        ^^^ associated function or constant not found in `tokeira_types::RunKey`
[INFO] [stdout]     |
[INFO] [stdout] note: if you're trying to build a new `tokeira_types::RunKey`, consider using `tokeira_types::RunKey::derive` which returns `tokeira_types::RunKey`
[INFO] [stdout]    --> /opt/rustwide/cargo-home/registry/src/index.crates.io-1949cf8c6b5b557f/tokeira-types-0.6.1/src/ids.rs:129:5
[INFO] [stdout]     |
[INFO] [stdout] 129 |     pub fn derive(namespace_id: NamespaceId, workflow_id: &WorkflowId, run_id: RunId) -> Self {
[INFO] [stdout]     |     ^^^^^^^^^^^^^^^^^^^^^^^^^^^^^^^^^^^^^^^^^^^^^^^^^^^^^^^^^^^^^^^^^^^^^^^^^^^^^^^^^^^^^^^^^
[INFO] [stdout] help: there is a method `ne` with a similar name, but with different arguments
[INFO] [stdout]    --> /rustc/e3feeb59cd1bdd011a2bfcc0747b55125d9b8527/library/core/src/cmp.rs:278:4
[INFO] [stdout] 
[INFO] [stdout] 
[INFO] [stdout] error[E0599]: no associated function or constant named `new` found for struct `tokeira_types::RunKey` in the current scope
[INFO] [stdout]    --> src/projection_accumulator_tests.rs:613:39
[INFO] [stdout]     |
[INFO] [stdout] 613 |                 let mut key = RunKey::new();
[INFO] [stdout]     |                                       ^^^ associated function or constant not found in `tokeira_types::RunKey`
[INFO] [stdout]     |
[INFO] [stdout] note: if you're trying to build a new `tokeira_types::RunKey`, consider using `tokeira_types::RunKey::derive` which returns `tokeira_types::RunKey`
[INFO] [stdout]    --> /opt/rustwide/cargo-home/registry/src/index.crates.io-1949cf8c6b5b557f/tokeira-types-0.6.1/src/ids.rs:129:5
[INFO] [stdout]     |
[INFO] [stdout] 129 |     pub fn derive(namespace_id: NamespaceId, workflow_id: &WorkflowId, run_id: RunId) -> Self {
[INFO] [stdout]     |     ^^^^^^^^^^^^^^^^^^^^^^^^^^^^^^^^^^^^^^^^^^^^^^^^^^^^^^^^^^^^^^^^^^^^^^^^^^^^^^^^^^^^^^^^^
[INFO] [stdout] help: there is a method `ne` with a similar name, but with different arguments
[INFO] [stdout]    --> /rustc/e3feeb59cd1bdd011a2bfcc0747b55125d9b8527/library/core/src/cmp.rs:278:4
[INFO] [stdout] 
[INFO] [stdout] 
[INFO] [stdout] error[E0599]: no associated function or constant named `new` found for struct `tokeira_types::RunKey` in the current scope
[INFO] [stdout]    --> src/projection_accumulator_tests.rs:698:46
[INFO] [stdout]     |
[INFO] [stdout] 698 |     let mut state = fresh_transition(RunKey::new()).next_state;
[INFO] [stdout]     |                                              ^^^ associated function or constant not found in `tokeira_types::RunKey`
[INFO] [stdout]     |
[INFO] [stdout] note: if you're trying to build a new `tokeira_types::RunKey`, consider using `tokeira_types::RunKey::derive` which returns `tokeira_types::RunKey`
[INFO] [stdout]    --> /opt/rustwide/cargo-home/registry/src/index.crates.io-1949cf8c6b5b557f/tokeira-types-0.6.1/src/ids.rs:129:5
[INFO] [stdout]     |
[INFO] [stdout] 129 |     pub fn derive(namespace_id: NamespaceId, workflow_id: &WorkflowId, run_id: RunId) -> Self {
[INFO] [stdout]     |     ^^^^^^^^^^^^^^^^^^^^^^^^^^^^^^^^^^^^^^^^^^^^^^^^^^^^^^^^^^^^^^^^^^^^^^^^^^^^^^^^^^^^^^^^^
[INFO] [stdout] help: there is a method `ne` with a similar name, but with different arguments
[INFO] [stdout]    --> /rustc/e3feeb59cd1bdd011a2bfcc0747b55125d9b8527/library/core/src/cmp.rs:278:4
[INFO] [stdout] 
[INFO] [stdout] 
[INFO] [stdout] error[E0599]: no associated function or constant named `new` found for struct `tokeira_types::RunKey` in the current scope
[INFO] [stdout]    --> src/projection_accumulator_tests.rs:703:26
[INFO] [stdout]     |
[INFO] [stdout] 703 |         run_key: RunKey::new(),
[INFO] [stdout]     |                          ^^^ associated function or constant not found in `tokeira_types::RunKey`
[INFO] [stdout]     |
[INFO] [stdout] note: if you're trying to build a new `tokeira_types::RunKey`, consider using `tokeira_types::RunKey::derive` which returns `tokeira_types::RunKey`
[INFO] [stdout]    --> /opt/rustwide/cargo-home/registry/src/index.crates.io-1949cf8c6b5b557f/tokeira-types-0.6.1/src/ids.rs:129:5
[INFO] [stdout]     |
[INFO] [stdout] 129 |     pub fn derive(namespace_id: NamespaceId, workflow_id: &WorkflowId, run_id: RunId) -> Self {
[INFO] [stdout]     |     ^^^^^^^^^^^^^^^^^^^^^^^^^^^^^^^^^^^^^^^^^^^^^^^^^^^^^^^^^^^^^^^^^^^^^^^^^^^^^^^^^^^^^^^^^
[INFO] [stdout] help: there is a method `ne` with a similar name, but with different arguments
[INFO] [stdout]    --> /rustc/e3feeb59cd1bdd011a2bfcc0747b55125d9b8527/library/core/src/cmp.rs:278:4
[INFO] [stdout] 
[INFO] [stdout] 
[INFO] [stdout] error[E0599]: no associated function or constant named `new` found for struct `tokeira_types::RunKey` in the current scope
[INFO] [stdout]    --> src/workflow_dispatch_memory_tests.rs:67:81
[INFO] [stdout]     |
[INFO] [stdout]  67 |     let initial = super::projection_accumulator_tests::fresh_transition(RunKey::new());
[INFO] [stdout]     |                                                                                 ^^^ associated function or constant not found in `tokeira_types::RunKey`
[INFO] [stdout]     |
[INFO] [stdout] note: if you're trying to build a new `tokeira_types::RunKey`, consider using `tokeira_types::RunKey::derive` which returns `tokeira_types::RunKey`
[INFO] [stdout]    --> /opt/rustwide/cargo-home/registry/src/index.crates.io-1949cf8c6b5b557f/tokeira-types-0.6.1/src/ids.rs:129:5
[INFO] [stdout]     |
[INFO] [stdout] 129 |     pub fn derive(namespace_id: NamespaceId, workflow_id: &WorkflowId, run_id: RunId) -> Self {
[INFO] [stdout]     |     ^^^^^^^^^^^^^^^^^^^^^^^^^^^^^^^^^^^^^^^^^^^^^^^^^^^^^^^^^^^^^^^^^^^^^^^^^^^^^^^^^^^^^^^^^
[INFO] [stdout] help: there is a method `ne` with a similar name, but with different arguments
[INFO] [stdout]    --> /rustc/e3feeb59cd1bdd011a2bfcc0747b55125d9b8527/library/core/src/cmp.rs:278:4
[INFO] [stdout] 
[INFO] [stdout] 
[INFO] [stdout] error[E0599]: no associated function or constant named `new` found for struct `tokeira_types::RunKey` in the current scope
[INFO] [stdout]    --> src/workflow_dispatch_memory_tests.rs:76:49
[INFO] [stdout]     |
[INFO] [stdout]  76 |         transition.next_state.run_key = RunKey::new();
[INFO] [stdout]     |                                                 ^^^ associated function or constant not found in `tokeira_types::RunKey`
[INFO] [stdout]     |
[INFO] [stdout] note: if you're trying to build a new `tokeira_types::RunKey`, consider using `tokeira_types::RunKey::derive` which returns `tokeira_types::RunKey`
[INFO] [stdout]    --> /opt/rustwide/cargo-home/registry/src/index.crates.io-1949cf8c6b5b557f/tokeira-types-0.6.1/src/ids.rs:129:5
[INFO] [stdout]     |
[INFO] [stdout] 129 |     pub fn derive(namespace_id: NamespaceId, workflow_id: &WorkflowId, run_id: RunId) -> Self {
[INFO] [stdout]     |     ^^^^^^^^^^^^^^^^^^^^^^^^^^^^^^^^^^^^^^^^^^^^^^^^^^^^^^^^^^^^^^^^^^^^^^^^^^^^^^^^^^^^^^^^^
[INFO] [stdout] help: there is a method `ne` with a similar name, but with different arguments
[INFO] [stdout]    --> /rustc/e3feeb59cd1bdd011a2bfcc0747b55125d9b8527/library/core/src/cmp.rs:278:4
[INFO] [stdout] 
[INFO] [stdout] 
[INFO] [stdout] error[E0599]: no associated function or constant named `new` found for struct `tokeira_types::RunKey` in the current scope
[INFO] [stdout]    --> src/workflow_dispatch_memory_tests.rs:110:84
[INFO] [stdout]     |
[INFO] [stdout] 110 |     let mut wanted = super::projection_accumulator_tests::fresh_transition(RunKey::new());
[INFO] [stdout]     |                                                                                    ^^^ associated function or constant not found in `tokeira_types::RunKey`
[INFO] [stdout]     |
[INFO] [stdout] note: if you're trying to build a new `tokeira_types::RunKey`, consider using `tokeira_types::RunKey::derive` which returns `tokeira_types::RunKey`
[INFO] [stdout]    --> /opt/rustwide/cargo-home/registry/src/index.crates.io-1949cf8c6b5b557f/tokeira-types-0.6.1/src/ids.rs:129:5
[INFO] [stdout]     |
[INFO] [stdout] 129 |     pub fn derive(namespace_id: NamespaceId, workflow_id: &WorkflowId, run_id: RunId) -> Self {
[INFO] [stdout]     |     ^^^^^^^^^^^^^^^^^^^^^^^^^^^^^^^^^^^^^^^^^^^^^^^^^^^^^^^^^^^^^^^^^^^^^^^^^^^^^^^^^^^^^^^^^
[INFO] [stdout] help: there is a method `ne` with a similar name, but with different arguments
[INFO] [stdout]    --> /rustc/e3feeb59cd1bdd011a2bfcc0747b55125d9b8527/library/core/src/cmp.rs:278:4
[INFO] [stdout] 
[INFO] [stdout] 
[INFO] [stdout] error[E0599]: no associated function or constant named `new` found for struct `tokeira_types::RunKey` in the current scope
[INFO] [stdout]    --> src/workflow_dispatch_memory_tests.rs:117:44
[INFO] [stdout]     |
[INFO] [stdout] 117 |     collision.next_state.run_key = RunKey::new();
[INFO] [stdout]     |                                            ^^^ associated function or constant not found in `tokeira_types::RunKey`
[INFO] [stdout]     |
[INFO] [stdout] note: if you're trying to build a new `tokeira_types::RunKey`, consider using `tokeira_types::RunKey::derive` which returns `tokeira_types::RunKey`
[INFO] [stdout]    --> /opt/rustwide/cargo-home/registry/src/index.crates.io-1949cf8c6b5b557f/tokeira-types-0.6.1/src/ids.rs:129:5
[INFO] [stdout]     |
[INFO] [stdout] 129 |     pub fn derive(namespace_id: NamespaceId, workflow_id: &WorkflowId, run_id: RunId) -> Self {
[INFO] [stdout]     |     ^^^^^^^^^^^^^^^^^^^^^^^^^^^^^^^^^^^^^^^^^^^^^^^^^^^^^^^^^^^^^^^^^^^^^^^^^^^^^^^^^^^^^^^^^
[INFO] [stdout] help: there is a method `ne` with a similar name, but with different arguments
[INFO] [stdout]    --> /rustc/e3feeb59cd1bdd011a2bfcc0747b55125d9b8527/library/core/src/cmp.rs:278:4
[INFO] [stdout] 
[INFO] [stdout] 
[INFO] [stdout] error[E0599]: no associated function or constant named `new` found for struct `tokeira_types::RunKey` in the current scope
[INFO] [stdout]    --> src/workflow_dispatch_memory_tests.rs:203:84
[INFO] [stdout]     |
[INFO] [stdout] 203 |     let transition = super::projection_accumulator_tests::fresh_transition(RunKey::new());
[INFO] [stdout]     |                                                                                    ^^^ associated function or constant not found in `tokeira_types::RunKey`
[INFO] [stdout]     |
[INFO] [stdout] note: if you're trying to build a new `tokeira_types::RunKey`, consider using `tokeira_types::RunKey::derive` which returns `tokeira_types::RunKey`
[INFO] [stdout]    --> /opt/rustwide/cargo-home/registry/src/index.crates.io-1949cf8c6b5b557f/tokeira-types-0.6.1/src/ids.rs:129:5
[INFO] [stdout]     |
[INFO] [stdout] 129 |     pub fn derive(namespace_id: NamespaceId, workflow_id: &WorkflowId, run_id: RunId) -> Self {
[INFO] [stdout]     |     ^^^^^^^^^^^^^^^^^^^^^^^^^^^^^^^^^^^^^^^^^^^^^^^^^^^^^^^^^^^^^^^^^^^^^^^^^^^^^^^^^^^^^^^^^
[INFO] [stdout] help: there is a method `ne` with a similar name, but with different arguments
[INFO] [stdout]    --> /rustc/e3feeb59cd1bdd011a2bfcc0747b55125d9b8527/library/core/src/cmp.rs:278:4
[INFO] [stdout] 
[INFO] [stdout] 
[INFO] [stdout] error[E0599]: no associated function or constant named `new` found for struct `tokeira_types::RunKey` in the current scope
[INFO] [stdout]    --> src/workflow_dispatch_memory_tests.rs:240:79
[INFO] [stdout]     |
[INFO] [stdout] 240 |     let state = super::projection_accumulator_tests::fresh_transition(RunKey::new()).next_state;
[INFO] [stdout]     |                                                                               ^^^ associated function or constant not found in `tokeira_types::RunKey`
[INFO] [stdout]     |
[INFO] [stdout] note: if you're trying to build a new `tokeira_types::RunKey`, consider using `tokeira_types::RunKey::derive` which returns `tokeira_types::RunKey`
[INFO] [stdout]    --> /opt/rustwide/cargo-home/registry/src/index.crates.io-1949cf8c6b5b557f/tokeira-types-0.6.1/src/ids.rs:129:5
[INFO] [stdout]     |
[INFO] [stdout] 129 |     pub fn derive(namespace_id: NamespaceId, workflow_id: &WorkflowId, run_id: RunId) -> Self {
[INFO] [stdout]     |     ^^^^^^^^^^^^^^^^^^^^^^^^^^^^^^^^^^^^^^^^^^^^^^^^^^^^^^^^^^^^^^^^^^^^^^^^^^^^^^^^^^^^^^^^^
[INFO] [stdout] help: there is a method `ne` with a similar name, but with different arguments
[INFO] [stdout]    --> /rustc/e3feeb59cd1bdd011a2bfcc0747b55125d9b8527/library/core/src/cmp.rs:278:4
[INFO] [stdout] 
[INFO] [stdout] 
[INFO] [stdout] error[E0599]: no associated function or constant named `new` found for struct `tokeira_types::RunKey` in the current scope
[INFO] [stdout]    --> src/workflow_dispatch_memory_tests.rs:286:79
[INFO] [stdout]     |
[INFO] [stdout] 286 |     let state = super::projection_accumulator_tests::fresh_transition(RunKey::new()).next_state;
[INFO] [stdout]     |                                                                               ^^^ associated function or constant not found in `tokeira_types::RunKey`
[INFO] [stdout]     |
[INFO] [stdout] note: if you're trying to build a new `tokeira_types::RunKey`, consider using `tokeira_types::RunKey::derive` which returns `tokeira_types::RunKey`
[INFO] [stdout]    --> /opt/rustwide/cargo-home/registry/src/index.crates.io-1949cf8c6b5b557f/tokeira-types-0.6.1/src/ids.rs:129:5
[INFO] [stdout]     |
[INFO] [stdout] 129 |     pub fn derive(namespace_id: NamespaceId, workflow_id: &WorkflowId, run_id: RunId) -> Self {
[INFO] [stdout]     |     ^^^^^^^^^^^^^^^^^^^^^^^^^^^^^^^^^^^^^^^^^^^^^^^^^^^^^^^^^^^^^^^^^^^^^^^^^^^^^^^^^^^^^^^^^
[INFO] [stdout] help: there is a method `ne` with a similar name, but with different arguments
[INFO] [stdout]    --> /rustc/e3feeb59cd1bdd011a2bfcc0747b55125d9b8527/library/core/src/cmp.rs:278:4
[INFO] [stdout] 
[INFO] [stdout] 
[INFO] [stdout] error[E0599]: no associated function or constant named `new` found for struct `tokeira_types::RunKey` in the current scope
[INFO] [stdout]    --> src/workflow_dispatch_memory_tests.rs:296:30
[INFO] [stdout]     |
[INFO] [stdout] 296 |             run_key: RunKey::new(),
[INFO] [stdout]     |                              ^^^ associated function or constant not found in `tokeira_types::RunKey`
[INFO] [stdout]     |
[INFO] [stdout] note: if you're trying to build a new `tokeira_types::RunKey`, consider using `tokeira_types::RunKey::derive` which returns `tokeira_types::RunKey`
[INFO] [stdout]    --> /opt/rustwide/cargo-home/registry/src/index.crates.io-1949cf8c6b5b557f/tokeira-types-0.6.1/src/ids.rs:129:5
[INFO] [stdout]     |
[INFO] [stdout] 129 |     pub fn derive(namespace_id: NamespaceId, workflow_id: &WorkflowId, run_id: RunId) -> Self {
[INFO] [stdout]     |     ^^^^^^^^^^^^^^^^^^^^^^^^^^^^^^^^^^^^^^^^^^^^^^^^^^^^^^^^^^^^^^^^^^^^^^^^^^^^^^^^^^^^^^^^^
[INFO] [stdout] help: there is a method `ne` with a similar name, but with different arguments
[INFO] [stdout]    --> /rustc/e3feeb59cd1bdd011a2bfcc0747b55125d9b8527/library/core/src/cmp.rs:278:4
[INFO] [stdout] 
[INFO] [stdout] 
[INFO] [stdout] error[E0599]: no associated function or constant named `new` found for struct `tokeira_types::RunKey` in the current scope
[INFO] [stdout]    --> src/bulk_write_memory_properties.rs:436:35
[INFO] [stdout]     |
[INFO] [stdout] 436 |             let run_key = RunKey::new();
[INFO] [stdout]     |                                   ^^^ associated function or constant not found in `tokeira_types::RunKey`
[INFO] [stdout]     |
[INFO] [stdout] note: if you're trying to build a new `tokeira_types::RunKey`, consider using `tokeira_types::RunKey::derive` which returns `tokeira_types::RunKey`
[INFO] [stdout]    --> /opt/rustwide/cargo-home/registry/src/index.crates.io-1949cf8c6b5b557f/tokeira-types-0.6.1/src/ids.rs:129:5
[INFO] [stdout]     |
[INFO] [stdout] 129 |     pub fn derive(namespace_id: NamespaceId, workflow_id: &WorkflowId, run_id: RunId) -> Self {
[INFO] [stdout]     |     ^^^^^^^^^^^^^^^^^^^^^^^^^^^^^^^^^^^^^^^^^^^^^^^^^^^^^^^^^^^^^^^^^^^^^^^^^^^^^^^^^^^^^^^^^
[INFO] [stdout] help: there is a method `ne` with a similar name, but with different arguments
[INFO] [stdout]    --> /rustc/e3feeb59cd1bdd011a2bfcc0747b55125d9b8527/library/core/src/cmp.rs:278:4
[INFO] [stdout] 
[INFO] [stdout] 
[INFO] [stdout] error[E0599]: no associated function or constant named `new` found for struct `tokeira_types::RunKey` in the current scope
[INFO] [stdout]    --> src/bulk_write_memory_properties.rs:544:31
[INFO] [stdout]     |
[INFO] [stdout] 544 |                 3 => (RunKey::new(), StaleTimer::RunMissing),
[INFO] [stdout]     |                               ^^^ associated function or constant not found in `tokeira_types::RunKey`
[INFO] [stdout]     |
[INFO] [stdout] note: if you're trying to build a new `tokeira_types::RunKey`, consider using `tokeira_types::RunKey::derive` which returns `tokeira_types::RunKey`
[INFO] [stdout]    --> /opt/rustwide/cargo-home/registry/src/index.crates.io-1949cf8c6b5b557f/tokeira-types-0.6.1/src/ids.rs:129:5
[INFO] [stdout]     |
[INFO] [stdout] 129 |     pub fn derive(namespace_id: NamespaceId, workflow_id: &WorkflowId, run_id: RunId) -> Self {
[INFO] [stdout]     |     ^^^^^^^^^^^^^^^^^^^^^^^^^^^^^^^^^^^^^^^^^^^^^^^^^^^^^^^^^^^^^^^^^^^^^^^^^^^^^^^^^^^^^^^^^
[INFO] [stdout] help: there is a method `ne` with a similar name, but with different arguments
[INFO] [stdout]    --> /rustc/e3feeb59cd1bdd011a2bfcc0747b55125d9b8527/library/core/src/cmp.rs:278:4
[INFO] [stdout] 
[INFO] [stdout] 
[INFO] [stdout] error[E0599]: no associated function or constant named `new` found for struct `tokeira_types::RunKey` in the current scope
[INFO] [stdout]     --> src/memory.rs:3816:39
[INFO] [stdout]      |
[INFO] [stdout] 3816 |                 let run_key = RunKey::new();
[INFO] [stdout]      |                                       ^^^ associated function or constant not found in `tokeira_types::RunKey`
[INFO] [stdout]      |
[INFO] [stdout] note: if you're trying to build a new `tokeira_types::RunKey`, consider using `tokeira_types::RunKey::derive` which returns `tokeira_types::RunKey`
[INFO] [stdout]     --> /opt/rustwide/cargo-home/registry/src/index.crates.io-1949cf8c6b5b557f/tokeira-types-0.6.1/src/ids.rs:129:5
[INFO] [stdout]      |
[INFO] [stdout]  129 |     pub fn derive(namespace_id: NamespaceId, workflow_id: &WorkflowId, run_id: RunId) -> Self {
[INFO] [stdout]      |     ^^^^^^^^^^^^^^^^^^^^^^^^^^^^^^^^^^^^^^^^^^^^^^^^^^^^^^^^^^^^^^^^^^^^^^^^^^^^^^^^^^^^^^^^^
[INFO] [stdout] help: there is a method `ne` with a similar name, but with different arguments
[INFO] [stdout]     --> /rustc/e3feeb59cd1bdd011a2bfcc0747b55125d9b8527/library/core/src/cmp.rs:278:4
[INFO] [stdout] 
[INFO] [stdout] 
[INFO] [stdout] error[E0599]: no associated function or constant named `new` found for struct `tokeira_types::RunKey` in the current scope
[INFO] [stdout]     --> src/memory.rs:3854:39
[INFO] [stdout]      |
[INFO] [stdout] 3854 |                 let run_key = RunKey::new();
[INFO] [stdout]      |                                       ^^^ associated function or constant not found in `tokeira_types::RunKey`
[INFO] [stdout]      |
[INFO] [stdout] note: if you're trying to build a new `tokeira_types::RunKey`, consider using `tokeira_types::RunKey::derive` which returns `tokeira_types::RunKey`
[INFO] [stdout]     --> /opt/rustwide/cargo-home/registry/src/index.crates.io-1949cf8c6b5b557f/tokeira-types-0.6.1/src/ids.rs:129:5
[INFO] [stdout]      |
[INFO] [stdout]  129 |     pub fn derive(namespace_id: NamespaceId, workflow_id: &WorkflowId, run_id: RunId) -> Self {
[INFO] [stdout]      |     ^^^^^^^^^^^^^^^^^^^^^^^^^^^^^^^^^^^^^^^^^^^^^^^^^^^^^^^^^^^^^^^^^^^^^^^^^^^^^^^^^^^^^^^^^
[INFO] [stdout] help: there is a method `ne` with a similar name, but with different arguments
[INFO] [stdout]     --> /rustc/e3feeb59cd1bdd011a2bfcc0747b55125d9b8527/library/core/src/cmp.rs:278:4
[INFO] [stdout] 
[INFO] [stdout] 
[INFO] [stdout] error[E0599]: no associated function or constant named `new` found for struct `tokeira_types::RunKey` in the current scope
[INFO] [stdout]     --> src/memory.rs:3909:39
[INFO] [stdout]      |
[INFO] [stdout] 3909 |                 let run_key = RunKey::new();
[INFO] [stdout]      |                                       ^^^ associated function or constant not found in `tokeira_types::RunKey`
[INFO] [stdout]      |
[INFO] [stdout] note: if you're trying to build a new `tokeira_types::RunKey`, consider using `tokeira_types::RunKey::derive` which returns `tokeira_types::RunKey`
[INFO] [stdout]     --> /opt/rustwide/cargo-home/registry/src/index.crates.io-1949cf8c6b5b557f/tokeira-types-0.6.1/src/ids.rs:129:5
[INFO] [stdout]      |
[INFO] [stdout]  129 |     pub fn derive(namespace_id: NamespaceId, workflow_id: &WorkflowId, run_id: RunId) -> Self {
[INFO] [stdout]      |     ^^^^^^^^^^^^^^^^^^^^^^^^^^^^^^^^^^^^^^^^^^^^^^^^^^^^^^^^^^^^^^^^^^^^^^^^^^^^^^^^^^^^^^^^^
[INFO] [stdout] help: there is a method `ne` with a similar name, but with different arguments
[INFO] [stdout]     --> /rustc/e3feeb59cd1bdd011a2bfcc0747b55125d9b8527/library/core/src/cmp.rs:278:4
[INFO] [stdout] 
[INFO] [stdout] 
[INFO] [stdout] error[E0599]: no associated function or constant named `new` found for struct `tokeira_types::RunKey` in the current scope
[INFO] [stdout]     --> src/memory.rs:4086:31
[INFO] [stdout]      |
[INFO] [stdout] 4086 |         let run_key = RunKey::new();
[INFO] [stdout]      |                               ^^^ associated function or constant not found in `tokeira_types::RunKey`
[INFO] [stdout]      |
[INFO] [stdout] note: if you're trying to build a new `tokeira_types::RunKey`, consider using `tokeira_types::RunKey::derive` which returns `tokeira_types::RunKey`
[INFO] [stdout]     --> /opt/rustwide/cargo-home/registry/src/index.crates.io-1949cf8c6b5b557f/tokeira-types-0.6.1/src/ids.rs:129:5
[INFO] [stdout]      |
[INFO] [stdout]  129 |     pub fn derive(namespace_id: NamespaceId, workflow_id: &WorkflowId, run_id: RunId) -> Self {
[INFO] [stdout]      |     ^^^^^^^^^^^^^^^^^^^^^^^^^^^^^^^^^^^^^^^^^^^^^^^^^^^^^^^^^^^^^^^^^^^^^^^^^^^^^^^^^^^^^^^^^
[INFO] [stdout] help: there is a method `ne` with a similar name, but with different arguments
[INFO] [stdout]     --> /rustc/e3feeb59cd1bdd011a2bfcc0747b55125d9b8527/library/core/src/cmp.rs:278:4
[INFO] [stdout] 
[INFO] [stdout] 
[INFO] [stdout] error[E0599]: no associated function or constant named `new` found for struct `tokeira_types::RunKey` in the current scope
[INFO] [stdout]     --> src/memory.rs:4120:31
[INFO] [stdout]      |
[INFO] [stdout] 4120 |         let run_key = RunKey::new();
[INFO] [stdout]      |                               ^^^ associated function or constant not found in `tokeira_types::RunKey`
[INFO] [stdout]      |
[INFO] [stdout] note: if you're trying to build a new `tokeira_types::RunKey`, consider using `tokeira_types::RunKey::derive` which returns `tokeira_types::RunKey`
[INFO] [stdout]     --> /opt/rustwide/cargo-home/registry/src/index.crates.io-1949cf8c6b5b557f/tokeira-types-0.6.1/src/ids.rs:129:5
[INFO] [stdout]      |
[INFO] [stdout]  129 |     pub fn derive(namespace_id: NamespaceId, workflow_id: &WorkflowId, run_id: RunId) -> Self {
[INFO] [stdout]      |     ^^^^^^^^^^^^^^^^^^^^^^^^^^^^^^^^^^^^^^^^^^^^^^^^^^^^^^^^^^^^^^^^^^^^^^^^^^^^^^^^^^^^^^^^^
[INFO] [stdout] help: there is a method `ne` with a similar name, but with different arguments
[INFO] [stdout]     --> /rustc/e3feeb59cd1bdd011a2bfcc0747b55125d9b8527/library/core/src/cmp.rs:278:4
[INFO] [stdout] 
[INFO] [stdout] 
[INFO] [stdout] error[E0599]: no associated function or constant named `new` found for struct `tokeira_types::RunKey` in the current scope
[INFO] [stdout]     --> src/memory.rs:4178:31
[INFO] [stdout]      |
[INFO] [stdout] 4178 |         let run_key = RunKey::new();
[INFO] [stdout]      |                               ^^^ associated function or constant not found in `tokeira_types::RunKey`
[INFO] [stdout]      |
[INFO] [stdout] note: if you're trying to build a new `tokeira_types::RunKey`, consider using `tokeira_types::RunKey::derive` which returns `tokeira_types::RunKey`
[INFO] [stdout]     --> /opt/rustwide/cargo-home/registry/src/index.crates.io-1949cf8c6b5b557f/tokeira-types-0.6.1/src/ids.rs:129:5
[INFO] [stdout]      |
[INFO] [stdout]  129 |     pub fn derive(namespace_id: NamespaceId, workflow_id: &WorkflowId, run_id: RunId) -> Self {
[INFO] [stdout]      |     ^^^^^^^^^^^^^^^^^^^^^^^^^^^^^^^^^^^^^^^^^^^^^^^^^^^^^^^^^^^^^^^^^^^^^^^^^^^^^^^^^^^^^^^^^
[INFO] [stdout] help: there is a method `ne` with a similar name, but with different arguments
[INFO] [stdout]     --> /rustc/e3feeb59cd1bdd011a2bfcc0747b55125d9b8527/library/core/src/cmp.rs:278:4
[INFO] [stdout] 
[INFO] [stdout] 
[INFO] [stdout] error[E0599]: no associated function or constant named `new` found for struct `tokeira_types::RunKey` in the current scope
[INFO] [stdout]     --> src/memory.rs:4216:31
[INFO] [stdout]      |
[INFO] [stdout] 4216 |         let run_key = RunKey::new();
[INFO] [stdout]      |                               ^^^ associated function or constant not found in `tokeira_types::RunKey`
[INFO] [stdout]      |
[INFO] [stdout] note: if you're trying to build a new `tokeira_types::RunKey`, consider using `tokeira_types::RunKey::derive` which returns `tokeira_types::RunKey`
[INFO] [stdout]     --> /opt/rustwide/cargo-home/registry/src/index.crates.io-1949cf8c6b5b557f/tokeira-types-0.6.1/src/ids.rs:129:5
[INFO] [stdout]      |
[INFO] [stdout]  129 |     pub fn derive(namespace_id: NamespaceId, workflow_id: &WorkflowId, run_id: RunId) -> Self {
[INFO] [stdout]      |     ^^^^^^^^^^^^^^^^^^^^^^^^^^^^^^^^^^^^^^^^^^^^^^^^^^^^^^^^^^^^^^^^^^^^^^^^^^^^^^^^^^^^^^^^^
[INFO] [stdout] help: there is a method `ne` with a similar name, but with different arguments
[INFO] [stdout]     --> /rustc/e3feeb59cd1bdd011a2bfcc0747b55125d9b8527/library/core/src/cmp.rs:278:4
[INFO] [stdout] 
[INFO] [stdout] 
[INFO] [stdout] error[E0599]: no associated function or constant named `new` found for struct `tokeira_types::RunKey` in the current scope
[INFO] [stdout]     --> src/memory.rs:4283:43
[INFO] [stdout]      |
[INFO] [stdout] 4283 |                     let run_key = RunKey::new();
[INFO] [stdout]      |                                           ^^^ associated function or constant not found in `tokeira_types::RunKey`
[INFO] [stdout]      |
[INFO] [stdout] note: if you're trying to build a new `tokeira_types::RunKey`, consider using `tokeira_types::RunKey::derive` which returns `tokeira_types::RunKey`
[INFO] [stdout]     --> /opt/rustwide/cargo-home/registry/src/index.crates.io-1949cf8c6b5b557f/tokeira-types-0.6.1/src/ids.rs:129:5
[INFO] [stdout]      |
[INFO] [stdout]  129 |     pub fn derive(namespace_id: NamespaceId, workflow_id: &WorkflowId, run_id: RunId) -> Self {
[INFO] [stdout]      |     ^^^^^^^^^^^^^^^^^^^^^^^^^^^^^^^^^^^^^^^^^^^^^^^^^^^^^^^^^^^^^^^^^^^^^^^^^^^^^^^^^^^^^^^^^
[INFO] [stdout] help: there is a method `ne` with a similar name, but with different arguments
[INFO] [stdout]     --> /rustc/e3feeb59cd1bdd011a2bfcc0747b55125d9b8527/library/core/src/cmp.rs:278:4
[INFO] [stdout] 
[INFO] [stdout] 
[INFO] [stdout] error[E0599]: no associated function or constant named `new` found for struct `tokeira_types::RunKey` in the current scope
[INFO] [stdout]     --> src/memory.rs:4331:39
[INFO] [stdout]      |
[INFO] [stdout] 4331 |                 let run_key = RunKey::new();
[INFO] [stdout]      |                                       ^^^ associated function or constant not found in `tokeira_types::RunKey`
[INFO] [stdout]      |
[INFO] [stdout] note: if you're trying to build a new `tokeira_types::RunKey`, consider using `tokeira_types::RunKey::derive` which returns `tokeira_types::RunKey`
[INFO] [stdout]     --> /opt/rustwide/cargo-home/registry/src/index.crates.io-1949cf8c6b5b557f/tokeira-types-0.6.1/src/ids.rs:129:5
[INFO] [stdout]      |
[INFO] [stdout]  129 |     pub fn derive(namespace_id: NamespaceId, workflow_id: &WorkflowId, run_id: RunId) -> Self {
[INFO] [stdout]      |     ^^^^^^^^^^^^^^^^^^^^^^^^^^^^^^^^^^^^^^^^^^^^^^^^^^^^^^^^^^^^^^^^^^^^^^^^^^^^^^^^^^^^^^^^^
[INFO] [stdout] help: there is a method `ne` with a similar name, but with different arguments
[INFO] [stdout]     --> /rustc/e3feeb59cd1bdd011a2bfcc0747b55125d9b8527/library/core/src/cmp.rs:278:4
[INFO] [stdout] 
[INFO] [stdout] 
[INFO] [stdout] error[E0599]: no associated function or constant named `new` found for struct `tokeira_types::RunKey` in the current scope
[INFO] [stdout]     --> src/memory.rs:4454:35
[INFO] [stdout]      |
[INFO] [stdout] 4454 |             let run_key = RunKey::new();
[INFO] [stdout]      |                                   ^^^ associated function or constant not found in `tokeira_types::RunKey`
[INFO] [stdout]      |
[INFO] [stdout] note: if you're trying to build a new `tokeira_types::RunKey`, consider using `tokeira_types::RunKey::derive` which returns `tokeira_types::RunKey`
[INFO] [stdout]     --> /opt/rustwide/cargo-home/registry/src/index.crates.io-1949cf8c6b5b557f/tokeira-types-0.6.1/src/ids.rs:129:5
[INFO] [stdout]      |
[INFO] [stdout]  129 |     pub fn derive(namespace_id: NamespaceId, workflow_id: &WorkflowId, run_id: RunId) -> Self {
[INFO] [stdout]      |     ^^^^^^^^^^^^^^^^^^^^^^^^^^^^^^^^^^^^^^^^^^^^^^^^^^^^^^^^^^^^^^^^^^^^^^^^^^^^^^^^^^^^^^^^^
[INFO] [stdout] help: there is a method `ne` with a similar name, but with different arguments
[INFO] [stdout]     --> /rustc/e3feeb59cd1bdd011a2bfcc0747b55125d9b8527/library/core/src/cmp.rs:278:4
[INFO] [stdout] 
[INFO] [stdout] 
[INFO] [stdout] error[E0599]: no associated function or constant named `new` found for struct `tokeira_types::RunKey` in the current scope
[INFO] [stdout]     --> src/memory.rs:4744:31
[INFO] [stdout]      |
[INFO] [stdout] 4744 |         let run_key = RunKey::new();
[INFO] [stdout]      |                               ^^^ associated function or constant not found in `tokeira_types::RunKey`
[INFO] [stdout]      |
[INFO] [stdout] note: if you're trying to build a new `tokeira_types::RunKey`, consider using `tokeira_types::RunKey::derive` which returns `tokeira_types::RunKey`
[INFO] [stdout]     --> /opt/rustwide/cargo-home/registry/src/index.crates.io-1949cf8c6b5b557f/tokeira-types-0.6.1/src/ids.rs:129:5
[INFO] [stdout]      |
[INFO] [stdout]  129 |     pub fn derive(namespace_id: NamespaceId, workflow_id: &WorkflowId, run_id: RunId) -> Self {
[INFO] [stdout]      |     ^^^^^^^^^^^^^^^^^^^^^^^^^^^^^^^^^^^^^^^^^^^^^^^^^^^^^^^^^^^^^^^^^^^^^^^^^^^^^^^^^^^^^^^^^
[INFO] [stdout] help: there is a method `ne` with a similar name, but with different arguments
[INFO] [stdout]     --> /rustc/e3feeb59cd1bdd011a2bfcc0747b55125d9b8527/library/core/src/cmp.rs:278:4
[INFO] [stdout] 
[INFO] [stdout] 
[INFO] [stdout] error[E0599]: no associated function or constant named `new` found for struct `tokeira_types::RunKey` in the current scope
[INFO] [stdout]     --> src/memory.rs:4802:31
[INFO] [stdout]      |
[INFO] [stdout] 4802 |         let run_key = RunKey::new();
[INFO] [stdout]      |                               ^^^ associated function or constant not found in `tokeira_types::RunKey`
[INFO] [stdout]      |
[INFO] [stdout] note: if you're trying to build a new `tokeira_types::RunKey`, consider using `tokeira_types::RunKey::derive` which returns `tokeira_types::RunKey`
[INFO] [stdout]     --> /opt/rustwide/cargo-home/registry/src/index.crates.io-1949cf8c6b5b557f/tokeira-types-0.6.1/src/ids.rs:129:5
[INFO] [stdout]      |
[INFO] [stdout]  129 |     pub fn derive(namespace_id: NamespaceId, workflow_id: &WorkflowId, run_id: RunId) -> Self {
[INFO] [stdout]      |     ^^^^^^^^^^^^^^^^^^^^^^^^^^^^^^^^^^^^^^^^^^^^^^^^^^^^^^^^^^^^^^^^^^^^^^^^^^^^^^^^^^^^^^^^^
[INFO] [stdout] help: there is a method `ne` with a similar name, but with different arguments
[INFO] [stdout]     --> /rustc/e3feeb59cd1bdd011a2bfcc0747b55125d9b8527/library/core/src/cmp.rs:278:4
[INFO] [stdout] 
[INFO] [stdout] 
[INFO] [stdout] error[E0599]: no associated function or constant named `new` found for struct `tokeira_types::RunKey` in the current scope
[INFO] [stdout]     --> src/memory.rs:4872:31
[INFO] [stdout]      |
[INFO] [stdout] 4872 |         let run_key = RunKey::new();
[INFO] [stdout]      |                               ^^^ associated function or constant not found in `tokeira_types::RunKey`
[INFO] [stdout]      |
[INFO] [stdout] note: if you're trying to build a new `tokeira_types::RunKey`, consider using `tokeira_types::RunKey::derive` which returns `tokeira_types::RunKey`
[INFO] [stdout]     --> /opt/rustwide/cargo-home/registry/src/index.crates.io-1949cf8c6b5b557f/tokeira-types-0.6.1/src/ids.rs:129:5
[INFO] [stdout]      |
[INFO] [stdout]  129 |     pub fn derive(namespace_id: NamespaceId, workflow_id: &WorkflowId, run_id: RunId) -> Self {
[INFO] [stdout]      |     ^^^^^^^^^^^^^^^^^^^^^^^^^^^^^^^^^^^^^^^^^^^^^^^^^^^^^^^^^^^^^^^^^^^^^^^^^^^^^^^^^^^^^^^^^
[INFO] [stdout] help: there is a method `ne` with a similar name, but with different arguments
[INFO] [stdout]     --> /rustc/e3feeb59cd1bdd011a2bfcc0747b55125d9b8527/library/core/src/cmp.rs:278:4
[INFO] [stdout] 
[INFO] [stdout] 
[INFO] [stdout] error[E0599]: no associated function or constant named `new` found for struct `tokeira_types::RunKey` in the current scope
[INFO] [stdout]     --> src/memory.rs:4934:31
[INFO] [stdout]      |
[INFO] [stdout] 4934 |         let run_key = RunKey::new();
[INFO] [stdout]      |                               ^^^ associated function or constant not found in `tokeira_types::RunKey`
[INFO] [stdout]      |
[INFO] [stdout] note: if you're trying to build a new `tokeira_types::RunKey`, consider using `tokeira_types::RunKey::derive` which returns `tokeira_types::RunKey`
[INFO] [stdout]     --> /opt/rustwide/cargo-home/registry/src/index.crates.io-1949cf8c6b5b557f/tokeira-types-0.6.1/src/ids.rs:129:5
[INFO] [stdout]      |
[INFO] [stdout]  129 |     pub fn derive(namespace_id: NamespaceId, workflow_id: &WorkflowId, run_id: RunId) -> Self {
[INFO] [stdout]      |     ^^^^^^^^^^^^^^^^^^^^^^^^^^^^^^^^^^^^^^^^^^^^^^^^^^^^^^^^^^^^^^^^^^^^^^^^^^^^^^^^^^^^^^^^^
[INFO] [stdout] help: there is a method `ne` with a similar name, but with different arguments
[INFO] [stdout]     --> /rustc/e3feeb59cd1bdd011a2bfcc0747b55125d9b8527/library/core/src/cmp.rs:278:4
[INFO] [stdout] 
[INFO] [stdout] 
[INFO] [stdout] error[E0599]: no associated function or constant named `new` found for struct `tokeira_types::RunKey` in the current scope
[INFO] [stdout]     --> src/memory.rs:4995:31
[INFO] [stdout]      |
[INFO] [stdout] 4995 |         let run_key = RunKey::new();
[INFO] [stdout]      |                               ^^^ associated function or constant not found in `tokeira_types::RunKey`
[INFO] [stdout]      |
[INFO] [stdout] note: if you're trying to build a new `tokeira_types::RunKey`, consider using `tokeira_types::RunKey::derive` which returns `tokeira_types::RunKey`
[INFO] [stdout]     --> /opt/rustwide/cargo-home/registry/src/index.crates.io-1949cf8c6b5b557f/tokeira-types-0.6.1/src/ids.rs:129:5
[INFO] [stdout]      |
[INFO] [stdout]  129 |     pub fn derive(namespace_id: NamespaceId, workflow_id: &WorkflowId, run_id: RunId) -> Self {
[INFO] [stdout]      |     ^^^^^^^^^^^^^^^^^^^^^^^^^^^^^^^^^^^^^^^^^^^^^^^^^^^^^^^^^^^^^^^^^^^^^^^^^^^^^^^^^^^^^^^^^
[INFO] [stdout] help: there is a method `ne` with a similar name, but with different arguments
[INFO] [stdout]     --> /rustc/e3feeb59cd1bdd011a2bfcc0747b55125d9b8527/library/core/src/cmp.rs:278:4
[INFO] [stdout] 
[INFO] [stdout] 
[INFO] [stdout] error[E0599]: no associated function or constant named `new` found for struct `tokeira_types::RunKey` in the current scope
[INFO] [stdout]     --> src/memory.rs:5105:39
[INFO] [stdout]      |
[INFO] [stdout] 5105 |                 let run_key = RunKey::new();
[INFO] [stdout]      |                                       ^^^ associated function or constant not found in `tokeira_types::RunKey`
[INFO] [stdout]      |
[INFO] [stdout] note: if you're trying to build a new `tokeira_types::RunKey`, consider using `tokeira_types::RunKey::derive` which returns `tokeira_types::RunKey`
[INFO] [stdout]     --> /opt/rustwide/cargo-home/registry/src/index.crates.io-1949cf8c6b5b557f/tokeira-types-0.6.1/src/ids.rs:129:5
[INFO] [stdout]      |
[INFO] [stdout]  129 |     pub fn derive(namespace_id: NamespaceId, workflow_id: &WorkflowId, run_id: RunId) -> Self {
[INFO] [stdout]      |     ^^^^^^^^^^^^^^^^^^^^^^^^^^^^^^^^^^^^^^^^^^^^^^^^^^^^^^^^^^^^^^^^^^^^^^^^^^^^^^^^^^^^^^^^^
[INFO] [stdout] help: there is a method `ne` with a similar name, but with different arguments
[INFO] [stdout]     --> /rustc/e3feeb59cd1bdd011a2bfcc0747b55125d9b8527/library/core/src/cmp.rs:278:4
[INFO] [stdout] 
[INFO] [stdout] 
[INFO] [stdout] error[E0599]: no associated function or constant named `new` found for struct `tokeira_types::RunKey` in the current scope
[INFO] [stdout]     --> src/memory.rs:5145:39
[INFO] [stdout]      |
[INFO] [stdout] 5145 |                 let run_key = RunKey::new();
[INFO] [stdout]      |                                       ^^^ associated function or constant not found in `tokeira_types::RunKey`
[INFO] [stdout]      |
[INFO] [stdout] note: if you're trying to build a new `tokeira_types::RunKey`, consider using `tokeira_types::RunKey::derive` which returns `tokeira_types::RunKey`
[INFO] [stdout]     --> /opt/rustwide/cargo-home/registry/src/index.crates.io-1949cf8c6b5b557f/tokeira-types-0.6.1/src/ids.rs:129:5
[INFO] [stdout]      |
[INFO] [stdout]  129 |     pub fn derive(namespace_id: NamespaceId, workflow_id: &WorkflowId, run_id: RunId) -> Self {
[INFO] [stdout]      |     ^^^^^^^^^^^^^^^^^^^^^^^^^^^^^^^^^^^^^^^^^^^^^^^^^^^^^^^^^^^^^^^^^^^^^^^^^^^^^^^^^^^^^^^^^
[INFO] [stdout] help: there is a method `ne` with a similar name, but with different arguments
[INFO] [stdout]     --> /rustc/e3feeb59cd1bdd011a2bfcc0747b55125d9b8527/library/core/src/cmp.rs:278:4
[INFO] [stdout] 
[INFO] [stdout] 
[INFO] [stdout] error[E0599]: no associated function or constant named `new` found for struct `tokeira_types::RunKey` in the current scope
[INFO] [stdout]     --> src/memory.rs:5204:39
[INFO] [stdout]      |
[INFO] [stdout] 5204 |                 let run_key = RunKey::new();
[INFO] [stdout]      |                                       ^^^ associated function or constant not found in `tokeira_types::RunKey`
[INFO] [stdout]      |
[INFO] [stdout] note: if you're trying to build a new `tokeira_types::RunKey`, consider using `tokeira_types::RunKey::derive` which returns `tokeira_types::RunKey`
[INFO] [stdout]     --> /opt/rustwide/cargo-home/registry/src/index.crates.io-1949cf8c6b5b557f/tokeira-types-0.6.1/src/ids.rs:129:5
[INFO] [stdout]      |
[INFO] [stdout]  129 |     pub fn derive(namespace_id: NamespaceId, workflow_id: &WorkflowId, run_id: RunId) -> Self {
[INFO] [stdout]      |     ^^^^^^^^^^^^^^^^^^^^^^^^^^^^^^^^^^^^^^^^^^^^^^^^^^^^^^^^^^^^^^^^^^^^^^^^^^^^^^^^^^^^^^^^^
[INFO] [stdout] help: there is a method `ne` with a similar name, but with different arguments
[INFO] [stdout]     --> /rustc/e3feeb59cd1bdd011a2bfcc0747b55125d9b8527/library/core/src/cmp.rs:278:4
[INFO] [stdout] 
[INFO] [stdout] 
[INFO] [stdout] error[E0599]: no associated function or constant named `new` found for struct `tokeira_types::RunKey` in the current scope
[INFO] [stdout]     --> src/memory.rs:5279:43
[INFO] [stdout]      |
[INFO] [stdout] 5279 |                     let run_key = RunKey::new();
[INFO] [stdout]      |                                           ^^^ associated function or constant not found in `tokeira_types::RunKey`
[INFO] [stdout]      |
[INFO] [stdout] note: if you're trying to build a new `tokeira_types::RunKey`, consider using `tokeira_types::RunKey::derive` which returns `tokeira_types::RunKey`
[INFO] [stdout]     --> /opt/rustwide/cargo-home/registry/src/index.crates.io-1949cf8c6b5b557f/tokeira-types-0.6.1/src/ids.rs:129:5
[INFO] [stdout]      |
[INFO] [stdout]  129 |     pub fn derive(namespace_id: NamespaceId, workflow_id: &WorkflowId, run_id: RunId) -> Self {
[INFO] [stdout]      |     ^^^^^^^^^^^^^^^^^^^^^^^^^^^^^^^^^^^^^^^^^^^^^^^^^^^^^^^^^^^^^^^^^^^^^^^^^^^^^^^^^^^^^^^^^
[INFO] [stdout] help: there is a method `ne` with a similar name, but with different arguments
[INFO] [stdout]     --> /rustc/e3feeb59cd1bdd011a2bfcc0747b55125d9b8527/library/core/src/cmp.rs:278:4
[INFO] [stdout] 
[INFO] [stdout] 
[INFO] [stdout] error[E0599]: no associated function or constant named `new` found for struct `tokeira_types::RunKey` in the current scope
[INFO] [stdout]     --> src/memory.rs:5319:42
[INFO] [stdout]      |
[INFO] [stdout] 5319 |                         run_key: RunKey::new(),
[INFO] [stdout]      |                                          ^^^ associated function or constant not found in `tokeira_types::RunKey`
[INFO] [stdout]      |
[INFO] [stdout] note: if you're trying to build a new `tokeira_types::RunKey`, consider using `tokeira_types::RunKey::derive` which returns `tokeira_types::RunKey`
[INFO] [stdout]     --> /opt/rustwide/cargo-home/registry/src/index.crates.io-1949cf8c6b5b557f/tokeira-types-0.6.1/src/ids.rs:129:5
[INFO] [stdout]      |
[INFO] [stdout]  129 |     pub fn derive(namespace_id: NamespaceId, workflow_id: &WorkflowId, run_id: RunId) -> Self {
[INFO] [stdout]      |     ^^^^^^^^^^^^^^^^^^^^^^^^^^^^^^^^^^^^^^^^^^^^^^^^^^^^^^^^^^^^^^^^^^^^^^^^^^^^^^^^^^^^^^^^^
[INFO] [stdout] help: there is a method `ne` with a similar name, but with different arguments
[INFO] [stdout]     --> /rustc/e3feeb59cd1bdd011a2bfcc0747b55125d9b8527/library/core/src/cmp.rs:278:4
[INFO] [stdout] 
[INFO] [stdout] 
[INFO] [stdout] error[E0599]: no associated function or constant named `new` found for struct `tokeira_types::RunKey` in the current scope
[INFO] [stdout]     --> src/memory.rs:5377:46
[INFO] [stdout]      |
[INFO] [stdout] 5377 | ...                   run_key: RunKey::new(),
[INFO] [stdout]      |                                        ^^^ associated function or constant not found in `tokeira_types::RunKey`
[INFO] [stdout]      |
[INFO] [stdout] note: if you're trying to build a new `tokeira_types::RunKey`, consider using `tokeira_types::RunKey::derive` which returns `tokeira_types::RunKey`
[INFO] [stdout]     --> /opt/rustwide/cargo-home/registry/src/index.crates.io-1949cf8c6b5b557f/tokeira-types-0.6.1/src/ids.rs:129:5
[INFO] [stdout]      |
[INFO] [stdout]  129 |     pub fn derive(namespace_id: NamespaceId, workflow_id: &WorkflowId, run_id: RunId) -> Self {
[INFO] [stdout]      |     ^^^^^^^^^^^^^^^^^^^^^^^^^^^^^^^^^^^^^^^^^^^^^^^^^^^^^^^^^^^^^^^^^^^^^^^^^^^^^^^^^^^^^^^^^
[INFO] [stdout] help: there is a method `ne` with a similar name, but with different arguments
[INFO] [stdout]     --> /rustc/e3feeb59cd1bdd011a2bfcc0747b55125d9b8527/library/core/src/cmp.rs:278:4
[INFO] [stdout] 
[INFO] [stdout] 
[INFO] [stdout] error[E0599]: no associated function or constant named `new` found for struct `tokeira_types::RunKey` in the current scope
[INFO] [stdout]     --> src/memory.rs:5410:39
[INFO] [stdout]      |
[INFO] [stdout] 5410 |                 let run_key = RunKey::new();
[INFO] [stdout]      |                                       ^^^ associated function or constant not found in `tokeira_types::RunKey`
[INFO] [stdout]      |
[INFO] [stdout] note: if you're trying to build a new `tokeira_types::RunKey`, consider using `tokeira_types::RunKey::derive` which returns `tokeira_types::RunKey`
[INFO] [stdout]     --> /opt/rustwide/cargo-home/registry/src/index.crates.io-1949cf8c6b5b557f/tokeira-types-0.6.1/src/ids.rs:129:5
[INFO] [stdout]      |
[INFO] [stdout]  129 |     pub fn derive(namespace_id: NamespaceId, workflow_id: &WorkflowId, run_id: RunId) -> Self {
[INFO] [stdout]      |     ^^^^^^^^^^^^^^^^^^^^^^^^^^^^^^^^^^^^^^^^^^^^^^^^^^^^^^^^^^^^^^^^^^^^^^^^^^^^^^^^^^^^^^^^^
[INFO] [stdout] help: there is a method `ne` with a similar name, but with different arguments
[INFO] [stdout]     --> /rustc/e3feeb59cd1bdd011a2bfcc0747b55125d9b8527/library/core/src/cmp.rs:278:4
[INFO] [stdout] 
[INFO] [stdout] 
[INFO] [stdout] error[E0599]: no associated function or constant named `new` found for struct `tokeira_types::RunKey` in the current scope
[INFO] [stdout]     --> src/memory.rs:5440:47
[INFO] [stdout]      |
[INFO] [stdout] 5440 |                         let run_key = RunKey::new();
[INFO] [stdout]      |                                               ^^^ associated function or constant not found in `tokeira_types::RunKey`
[INFO] [stdout]      |
[INFO] [stdout] note: if you're trying to build a new `tokeira_types::RunKey`, consider using `tokeira_types::RunKey::derive` which returns `tokeira_types::RunKey`
[INFO] [stdout]     --> /opt/rustwide/cargo-home/registry/src/index.crates.io-1949cf8c6b5b557f/tokeira-types-0.6.1/src/ids.rs:129:5
[INFO] [stdout]      |
[INFO] [stdout]  129 |     pub fn derive(namespace_id: NamespaceId, workflow_id: &WorkflowId, run_id: RunId) -> Self {
[INFO] [stdout]      |     ^^^^^^^^^^^^^^^^^^^^^^^^^^^^^^^^^^^^^^^^^^^^^^^^^^^^^^^^^^^^^^^^^^^^^^^^^^^^^^^^^^^^^^^^^
[INFO] [stdout] help: there is a method `ne` with a similar name, but with different arguments
[INFO] [stdout]     --> /rustc/e3feeb59cd1bdd011a2bfcc0747b55125d9b8527/library/core/src/cmp.rs:278:4
[INFO] [stdout] 
[INFO] [stdout] 
[INFO] [stdout] error[E0599]: no associated function or constant named `new` found for struct `tokeira_types::RunKey` in the current scope
[INFO] [stdout]     --> src/memory.rs:5478:41
[INFO] [stdout]      |
[INFO] [stdout] 5478 |                 let run_key_1 = RunKey::new();
[INFO] [stdout]      |                                         ^^^ associated function or constant not found in `tokeira_types::RunKey`
[INFO] [stdout]      |
[INFO] [stdout] note: if you're trying to build a new `tokeira_types::RunKey`, consider using `tokeira_types::RunKey::derive` which returns `tokeira_types::RunKey`
[INFO] [stdout]     --> /opt/rustwide/cargo-home/registry/src/index.crates.io-1949cf8c6b5b557f/tokeira-types-0.6.1/src/ids.rs:129:5
[INFO] [stdout]      |
[INFO] [stdout]  129 |     pub fn derive(namespace_id: NamespaceId, workflow_id: &WorkflowId, run_id: RunId) -> Self {
[INFO] [stdout]      |     ^^^^^^^^^^^^^^^^^^^^^^^^^^^^^^^^^^^^^^^^^^^^^^^^^^^^^^^^^^^^^^^^^^^^^^^^^^^^^^^^^^^^^^^^^
[INFO] [stdout] help: there is a method `ne` with a similar name, but with different arguments
[INFO] [stdout]     --> /rustc/e3feeb59cd1bdd011a2bfcc0747b55125d9b8527/library/core/src/cmp.rs:278:4
[INFO] [stdout] 
[INFO] [stdout] 
[INFO] [stdout] error[E0599]: no associated function or constant named `new` found for struct `tokeira_types::RunKey` in the current scope
[INFO] [stdout]     --> src/memory.rs:5484:41
[INFO] [stdout]      |
[INFO] [stdout] 5484 |                 let run_key_2 = RunKey::new();
[INFO] [stdout]      |                                         ^^^ associated function or constant not found in `tokeira_types::RunKey`
[INFO] [stdout]      |
[INFO] [stdout] note: if you're trying to build a new `tokeira_types::RunKey`, consider using `tokeira_types::RunKey::derive` which returns `tokeira_types::RunKey`
[INFO] [stdout]     --> /opt/rustwide/cargo-home/registry/src/index.crates.io-1949cf8c6b5b557f/tokeira-types-0.6.1/src/ids.rs:129:5
[INFO] [stdout]      |
[INFO] [stdout]  129 |     pub fn derive(namespace_id: NamespaceId, workflow_id: &WorkflowId, run_id: RunId) -> Self {
[INFO] [stdout]      |     ^^^^^^^^^^^^^^^^^^^^^^^^^^^^^^^^^^^^^^^^^^^^^^^^^^^^^^^^^^^^^^^^^^^^^^^^^^^^^^^^^^^^^^^^^
[INFO] [stdout] help: there is a method `ne` with a similar name, but with different arguments
[INFO] [stdout]     --> /rustc/e3feeb59cd1bdd011a2bfcc0747b55125d9b8527/library/core/src/cmp.rs:278:4
[INFO] [stdout] 
[INFO] [stdout] 
[INFO] [stdout] error[E0599]: no associated function or constant named `new` found for struct `tokeira_types::RunKey` in the current scope
[INFO] [stdout]     --> src/memory.rs:5498:39
[INFO] [stdout]      |
[INFO] [stdout] 5498 |                 let run_key = RunKey::new();
[INFO] [stdout]      |                                       ^^^ associated function or constant not found in `tokeira_types::RunKey`
[INFO] [stdout]      |
[INFO] [stdout] note: if you're trying to build a new `tokeira_types::RunKey`, consider using `tokeira_types::RunKey::derive` which returns `tokeira_types::RunKey`
[INFO] [stdout]     --> /opt/rustwide/cargo-home/registry/src/index.crates.io-1949cf8c6b5b557f/tokeira-types-0.6.1/src/ids.rs:129:5
[INFO] [stdout]      |
[INFO] [stdout]  129 |     pub fn derive(namespace_id: NamespaceId, workflow_id: &WorkflowId, run_id: RunId) -> Self {
[INFO] [stdout]      |     ^^^^^^^^^^^^^^^^^^^^^^^^^^^^^^^^^^^^^^^^^^^^^^^^^^^^^^^^^^^^^^^^^^^^^^^^^^^^^^^^^^^^^^^^^
[INFO] [stdout] help: there is a method `ne` with a similar name, but with different arguments
[INFO] [stdout]     --> /rustc/e3feeb59cd1bdd011a2bfcc0747b55125d9b8527/library/core/src/cmp.rs:278:4
[INFO] [stdout] 
[INFO] [stdout] 
[INFO] [stdout] error[E0599]: no associated function or constant named `new` found for struct `tokeira_types::RunKey` in the current scope
[INFO] [stdout]     --> src/memory.rs:5536:41
[INFO] [stdout]      |
[INFO] [stdout] 5536 |                 let run_key_1 = RunKey::new();
[INFO] [stdout]      |                                         ^^^ associated function or constant not found in `tokeira_types::RunKey`
[INFO] [stdout]      |
[INFO] [stdout] note: if you're trying to build a new `tokeira_types::RunKey`, consider using `tokeira_types::RunKey::derive` which returns `tokeira_types::RunKey`
[INFO] [stdout]     --> /opt/rustwide/cargo-home/registry/src/index.crates.io-1949cf8c6b5b557f/tokeira-types-0.6.1/src/ids.rs:129:5
[INFO] [stdout]      |
[INFO] [stdout]  129 |     pub fn derive(namespace_id: NamespaceId, workflow_id: &WorkflowId, run_id: RunId) -> Self {
[INFO] [stdout]      |     ^^^^^^^^^^^^^^^^^^^^^^^^^^^^^^^^^^^^^^^^^^^^^^^^^^^^^^^^^^^^^^^^^^^^^^^^^^^^^^^^^^^^^^^^^
[INFO] [stdout] help: there is a method `ne` with a similar name, but with different arguments
[INFO] [stdout]     --> /rustc/e3feeb59cd1bdd011a2bfcc0747b55125d9b8527/library/core/src/cmp.rs:278:4
[INFO] [stdout] 
[INFO] [stdout] 
[INFO] [stdout] error[E0599]: no associated function or constant named `new` found for struct `tokeira_types::RunKey` in the current scope
[INFO] [stdout]     --> src/memory.rs:5562:41
[INFO] [stdout]      |
[INFO] [stdout] 5562 |                 let run_key_2 = RunKey::new();
[INFO] [stdout]      |                                         ^^^ associated function or constant not found in `tokeira_types::RunKey`
[INFO] [stdout]      |
[INFO] [stdout] note: if you're trying to build a new `tokeira_types::RunKey`, consider using `tokeira_types::RunKey::derive` which returns `tokeira_types::RunKey`
[INFO] [stdout]     --> /opt/rustwide/cargo-home/registry/src/index.crates.io-1949cf8c6b5b557f/tokeira-types-0.6.1/src/ids.rs:129:5
[INFO] [stdout]      |
[INFO] [stdout]  129 |     pub fn derive(namespace_id: NamespaceId, workflow_id: &WorkflowId, run_id: RunId) -> Self {
[INFO] [stdout]      |     ^^^^^^^^^^^^^^^^^^^^^^^^^^^^^^^^^^^^^^^^^^^^^^^^^^^^^^^^^^^^^^^^^^^^^^^^^^^^^^^^^^^^^^^^^
[INFO] [stdout] help: there is a method `ne` with a similar name, but with different arguments
[INFO] [stdout]     --> /rustc/e3feeb59cd1bdd011a2bfcc0747b55125d9b8527/library/core/src/cmp.rs:278:4
[INFO] [stdout] 
[INFO] [stdout] 
[INFO] [stdout] error[E0599]: no associated function or constant named `new` found for struct `tokeira_types::RunKey` in the current scope
[INFO] [stdout]     --> src/memory.rs:5577:39
[INFO] [stdout]      |
[INFO] [stdout] 5577 |                 let run_key = RunKey::new();
[INFO] [stdout]      |                                       ^^^ associated function or constant not found in `tokeira_types::RunKey`
[INFO] [stdout]      |
[INFO] [stdout] note: if you're trying to build a new `tokeira_types::RunKey`, consider using `tokeira_types::RunKey::derive` which returns `tokeira_types::RunKey`
[INFO] [stdout]     --> /opt/rustwide/cargo-home/registry/src/index.crates.io-1949cf8c6b5b557f/tokeira-types-0.6.1/src/ids.rs:129:5
[INFO] [stdout]      |
[INFO] [stdout]  129 |     pub fn derive(namespace_id: NamespaceId, workflow_id: &WorkflowId, run_id: RunId) -> Self {
[INFO] [stdout]      |     ^^^^^^^^^^^^^^^^^^^^^^^^^^^^^^^^^^^^^^^^^^^^^^^^^^^^^^^^^^^^^^^^^^^^^^^^^^^^^^^^^^^^^^^^^
[INFO] [stdout] help: there is a method `ne` with a similar name, but with different arguments
[INFO] [stdout]     --> /rustc/e3feeb59cd1bdd011a2bfcc0747b55125d9b8527/library/core/src/cmp.rs:278:4
[INFO] [stdout] 
[INFO] [stdout] 
[INFO] [stdout] error[E0599]: no associated function or constant named `new` found for struct `tokeira_types::RunKey` in the current scope
[INFO] [stdout]     --> src/memory.rs:5612:46
[INFO] [stdout]      |
[INFO] [stdout] 5612 | ...                   run_key: RunKey::new(),
[INFO] [stdout]      |                                        ^^^ associated function or constant not found in `tokeira_types::RunKey`
[INFO] [stdout]      |
[INFO] [stdout] note: if you're trying to build a new `tokeira_types::RunKey`, consider using `tokeira_types::RunKey::derive` which returns `tokeira_types::RunKey`
[INFO] [stdout]     --> /opt/rustwide/cargo-home/registry/src/index.crates.io-1949cf8c6b5b557f/tokeira-types-0.6.1/src/ids.rs:129:5
[INFO] [stdout]      |
[INFO] [stdout]  129 |     pub fn derive(namespace_id: NamespaceId, workflow_id: &WorkflowId, run_id: RunId) -> Self {
[INFO] [stdout]      |     ^^^^^^^^^^^^^^^^^^^^^^^^^^^^^^^^^^^^^^^^^^^^^^^^^^^^^^^^^^^^^^^^^^^^^^^^^^^^^^^^^^^^^^^^^
[INFO] [stdout] help: there is a method `ne` with a similar name, but with different arguments
[INFO] [stdout]     --> /rustc/e3feeb59cd1bdd011a2bfcc0747b55125d9b8527/library/core/src/cmp.rs:278:4
[INFO] [stdout] 
[INFO] [stdout] 
[INFO] [stdout] error[E0599]: no associated function or constant named `new` found for struct `tokeira_types::RunKey` in the current scope
[INFO] [stdout]     --> src/memory.rs:5647:37
[INFO] [stdout]      |
[INFO] [stdout] 5647 |                 let runs = [RunKey::new(), RunKey::new()];
[INFO] [stdout]      |                                     ^^^ associated function or constant not found in `tokeira_types::RunKey`
[INFO] [stdout]      |
[INFO] [stdout] note: if you're trying to build a new `tokeira_types::RunKey`, consider using `tokeira_types::RunKey::derive` which returns `tokeira_types::RunKey`
[INFO] [stdout]     --> /opt/rustwide/cargo-home/registry/src/index.crates.io-1949cf8c6b5b557f/tokeira-types-0.6.1/src/ids.rs:129:5
[INFO] [stdout]      |
[INFO] [stdout]  129 |     pub fn derive(namespace_id: NamespaceId, workflow_id: &WorkflowId, run_id: RunId) -> Self {
[INFO] [stdout]      |     ^^^^^^^^^^^^^^^^^^^^^^^^^^^^^^^^^^^^^^^^^^^^^^^^^^^^^^^^^^^^^^^^^^^^^^^^^^^^^^^^^^^^^^^^^
[INFO] [stdout] help: there is a method `ne` with a similar name, but with different arguments
[INFO] [stdout]     --> /rustc/e3feeb59cd1bdd011a2bfcc0747b55125d9b8527/library/core/src/cmp.rs:278:4
[INFO] [stdout] 
[INFO] [stdout] 
[INFO] [stdout] error[E0599]: no associated function or constant named `new` found for struct `tokeira_types::RunKey` in the current scope
[INFO] [stdout]     --> src/memory.rs:5647:52
[INFO] [stdout]      |
[INFO] [stdout] 5647 |                 let runs = [RunKey::new(), RunKey::new()];
[INFO] [stdout]      |                                                    ^^^ associated function or constant not found in `tokeira_types::RunKey`
[INFO] [stdout]      |
[INFO] [stdout] note: if you're trying to build a new `tokeira_types::RunKey`, consider using `tokeira_types::RunKey::derive` which returns `tokeira_types::RunKey`
[INFO] [stdout]     --> /opt/rustwide/cargo-home/registry/src/index.crates.io-1949cf8c6b5b557f/tokeira-types-0.6.1/src/ids.rs:129:5
[INFO] [stdout]      |
[INFO] [stdout]  129 |     pub fn derive(namespace_id: NamespaceId, workflow_id: &WorkflowId, run_id: RunId) -> Self {
[INFO] [stdout]      |     ^^^^^^^^^^^^^^^^^^^^^^^^^^^^^^^^^^^^^^^^^^^^^^^^^^^^^^^^^^^^^^^^^^^^^^^^^^^^^^^^^^^^^^^^^
[INFO] [stdout] help: there is a method `ne` with a similar name, but with different arguments
[INFO] [stdout]     --> /rustc/e3feeb59cd1bdd011a2bfcc0747b55125d9b8527/library/core/src/cmp.rs:278:4
[INFO] [stdout] 
[INFO] [stdout] 
[INFO] [stdout] error[E0599]: no associated function or constant named `new` found for struct `tokeira_types::RunKey` in the current scope
[INFO] [stdout]     --> src/memory.rs:5722:39
[INFO] [stdout]      |
[INFO] [stdout] 5722 |                 let run_key = RunKey::new();
[INFO] [stdout]      |                                       ^^^ associated function or constant not found in `tokeira_types::RunKey`
[INFO] [stdout]      |
[INFO] [stdout] note: if you're trying to build a new `tokeira_types::RunKey`, consider using `tokeira_types::RunKey::derive` which returns `tokeira_types::RunKey`
[INFO] [stdout]     --> /opt/rustwide/cargo-home/registry/src/index.crates.io-1949cf8c6b5b557f/tokeira-types-0.6.1/src/ids.rs:129:5
[INFO] [stdout]      |
[INFO] [stdout]  129 |     pub fn derive(namespace_id: NamespaceId, workflow_id: &WorkflowId, run_id: RunId) -> Self {
[INFO] [stdout]      |     ^^^^^^^^^^^^^^^^^^^^^^^^^^^^^^^^^^^^^^^^^^^^^^^^^^^^^^^^^^^^^^^^^^^^^^^^^^^^^^^^^^^^^^^^^
[INFO] [stdout] help: there is a method `ne` with a similar name, but with different arguments
[INFO] [stdout]     --> /rustc/e3feeb59cd1bdd011a2bfcc0747b55125d9b8527/library/core/src/cmp.rs:278:4
[INFO] [stdout] 
[INFO] [stdout] 
[INFO] [stdout] error[E0599]: no associated function or constant named `new` found for struct `tokeira_types::RunKey` in the current scope
[INFO] [stdout]     --> src/memory.rs:5779:33
[INFO] [stdout]      |
[INFO] [stdout] 5779 |         let run_key_1 = RunKey::new();
[INFO] [stdout]      |                                 ^^^ associated function or constant not found in `tokeira_types::RunKey`
[INFO] [stdout]      |
[INFO] [stdout] note: if you're trying to build a new `tokeira_types::RunKey`, consider using `tokeira_types::RunKey::derive` which returns `tokeira_types::RunKey`
[INFO] [stdout]     --> /opt/rustwide/cargo-home/registry/src/index.crates.io-1949cf8c6b5b557f/tokeira-types-0.6.1/src/ids.rs:129:5
[INFO] [stdout]      |
[INFO] [stdout]  129 |     pub fn derive(namespace_id: NamespaceId, workflow_id: &WorkflowId, run_id: RunId) -> Self {
[INFO] [stdout]      |     ^^^^^^^^^^^^^^^^^^^^^^^^^^^^^^^^^^^^^^^^^^^^^^^^^^^^^^^^^^^^^^^^^^^^^^^^^^^^^^^^^^^^^^^^^
[INFO] [stdout] help: there is a method `ne` with a similar name, but with different arguments
[INFO] [stdout]     --> /rustc/e3feeb59cd1bdd011a2bfcc0747b55125d9b8527/library/core/src/cmp.rs:278:4
[INFO] [stdout] 
[INFO] [stdout] 
[INFO] [stdout] error[E0599]: no associated function or constant named `new` found for struct `tokeira_types::RunKey` in the current scope
[INFO] [stdout]     --> src/memory.rs:5788:33
[INFO] [stdout]      |
[INFO] [stdout] 5788 |         let run_key_2 = RunKey::new();
[INFO] [stdout]      |                                 ^^^ associated function or constant not found in `tokeira_types::RunKey`
[INFO] [stdout]      |
[INFO] [stdout] note: if you're trying to build a new `tokeira_types::RunKey`, consider using `tokeira_types::RunKey::derive` which returns `tokeira_types::RunKey`
[INFO] [stdout]     --> /opt/rustwide/cargo-home/registry/src/index.crates.io-1949cf8c6b5b557f/tokeira-types-0.6.1/src/ids.rs:129:5
[INFO] [stdout]      |
[INFO] [stdout]  129 |     pub fn derive(namespace_id: NamespaceId, workflow_id: &WorkflowId, run_id: RunId) -> Self {
[INFO] [stdout]      |     ^^^^^^^^^^^^^^^^^^^^^^^^^^^^^^^^^^^^^^^^^^^^^^^^^^^^^^^^^^^^^^^^^^^^^^^^^^^^^^^^^^^^^^^^^
[INFO] [stdout] help: there is a method `ne` with a similar name, but with different arguments
[INFO] [stdout]     --> /rustc/e3feeb59cd1bdd011a2bfcc0747b55125d9b8527/library/core/src/cmp.rs:278:4
[INFO] [stdout] 
[INFO] [stdout] 
[INFO] [stdout] error[E0599]: no associated function or constant named `new` found for struct `tokeira_types::RunKey` in the current scope
[INFO] [stdout]     --> src/memory.rs:5812:33
[INFO] [stdout]      |
[INFO] [stdout] 5812 |         let run_key_1 = RunKey::new();
[INFO] [stdout]      |                                 ^^^ associated function or constant not found in `tokeira_types::RunKey`
[INFO] [stdout]      |
[INFO] [stdout] note: if you're trying to build a new `tokeira_types::RunKey`, consider using `tokeira_types::RunKey::derive` which returns `tokeira_types::RunKey`
[INFO] [stdout]     --> /opt/rustwide/cargo-home/registry/src/index.crates.io-1949cf8c6b5b557f/tokeira-types-0.6.1/src/ids.rs:129:5
[INFO] [stdout]      |
[INFO] [stdout]  129 |     pub fn derive(namespace_id: NamespaceId, workflow_id: &WorkflowId, run_id: RunId) -> Self {
[INFO] [stdout]      |     ^^^^^^^^^^^^^^^^^^^^^^^^^^^^^^^^^^^^^^^^^^^^^^^^^^^^^^^^^^^^^^^^^^^^^^^^^^^^^^^^^^^^^^^^^
[INFO] [stdout] help: there is a method `ne` with a similar name, but with different arguments
[INFO] [stdout]     --> /rustc/e3feeb59cd1bdd011a2bfcc0747b55125d9b8527/library/core/src/cmp.rs:278:4
[INFO] [stdout] 
[INFO] [stdout] 
[INFO] [stdout] error[E0599]: no associated function or constant named `new` found for struct `tokeira_types::RunKey` in the current scope
[INFO] [stdout]     --> src/memory.rs:5844:33
[INFO] [stdout]      |
[INFO] [stdout] 5844 |         let run_key_2 = RunKey::new();
[INFO] [stdout]      |                                 ^^^ associated function or constant not found in `tokeira_types::RunKey`
[INFO] [stdout]      |
[INFO] [stdout] note: if you're trying to build a new `tokeira_types::RunKey`, consider using `tokeira_types::RunKey::derive` which returns `tokeira_types::RunKey`
[INFO] [stdout]     --> /opt/rustwide/cargo-home/registry/src/index.crates.io-1949cf8c6b5b557f/tokeira-types-0.6.1/src/ids.rs:129:5
[INFO] [stdout]      |
[INFO] [stdout]  129 |     pub fn derive(namespace_id: NamespaceId, workflow_id: &WorkflowId, run_id: RunId) -> Self {
[INFO] [stdout]      |     ^^^^^^^^^^^^^^^^^^^^^^^^^^^^^^^^^^^^^^^^^^^^^^^^^^^^^^^^^^^^^^^^^^^^^^^^^^^^^^^^^^^^^^^^^
[INFO] [stdout] help: there is a method `ne` with a similar name, but with different arguments
[INFO] [stdout]     --> /rustc/e3feeb59cd1bdd011a2bfcc0747b55125d9b8527/library/core/src/cmp.rs:278:4
[INFO] [stdout] 
[INFO] [stdout] 
[INFO] [stdout] error[E0599]: no associated function or constant named `new` found for struct `tokeira_types::RunKey` in the current scope
[INFO] [stdout]     --> src/memory.rs:5858:31
[INFO] [stdout]      |
[INFO] [stdout] 5858 |         let run_key = RunKey::new();
[INFO] [stdout]      |                               ^^^ associated function or constant not found in `tokeira_types::RunKey`
[INFO] [stdout]      |
[INFO] [stdout] note: if you're trying to build a new `tokeira_types::RunKey`, consider using `tokeira_types::RunKey::derive` which returns `tokeira_types::RunKey`
[INFO] [stdout]     --> /opt/rustwide/cargo-home/registry/src/index.crates.io-1949cf8c6b5b557f/tokeira-types-0.6.1/src/ids.rs:129:5
[INFO] [stdout]      |
[INFO] [stdout]  129 |     pub fn derive(namespace_id: NamespaceId, workflow_id: &WorkflowId, run_id: RunId) -> Self {
[INFO] [stdout]      |     ^^^^^^^^^^^^^^^^^^^^^^^^^^^^^^^^^^^^^^^^^^^^^^^^^^^^^^^^^^^^^^^^^^^^^^^^^^^^^^^^^^^^^^^^^
[INFO] [stdout] help: there is a method `ne` with a similar name, but with different arguments
[INFO] [stdout]     --> /rustc/e3feeb59cd1bdd011a2bfcc0747b55125d9b8527/library/core/src/cmp.rs:278:4
[INFO] [stdout] 
[INFO] [stdout] 
[INFO] [stdout] error[E0599]: no associated function or constant named `new` found for struct `tokeira_types::RunKey` in the current scope
[INFO] [stdout]     --> src/memory.rs:5875:31
[INFO] [stdout]      |
[INFO] [stdout] 5875 |         let run_key = RunKey::new();
[INFO] [stdout]      |                               ^^^ associated function or constant not found in `tokeira_types::RunKey`
[INFO] [stdout]      |
[INFO] [stdout] note: if you're trying to build a new `tokeira_types::RunKey`, consider using `tokeira_types::RunKey::derive` which returns `tokeira_types::RunKey`
[INFO] [stdout]     --> /opt/rustwide/cargo-home/registry/src/index.crates.io-1949cf8c6b5b557f/tokeira-types-0.6.1/src/ids.rs:129:5
[INFO] [stdout]      |
[INFO] [stdout]  129 |     pub fn derive(namespace_id: NamespaceId, workflow_id: &WorkflowId, run_id: RunId) -> Self {
[INFO] [stdout]      |     ^^^^^^^^^^^^^^^^^^^^^^^^^^^^^^^^^^^^^^^^^^^^^^^^^^^^^^^^^^^^^^^^^^^^^^^^^^^^^^^^^^^^^^^^^
[INFO] [stdout] help: there is a method `ne` with a similar name, but with different arguments
[INFO] [stdout]     --> /rustc/e3feeb59cd1bdd011a2bfcc0747b55125d9b8527/library/core/src/cmp.rs:278:4
[INFO] [stdout] 
[INFO] [stdout] 
[INFO] [stdout] error[E0599]: no associated function or constant named `new` found for struct `tokeira_types::RunKey` in the current scope
[INFO] [stdout]     --> src/memory.rs:5947:31
[INFO] [stdout]      |
[INFO] [stdout] 5947 |         let run_key = RunKey::new();
[INFO] [stdout]      |                               ^^^ associated function or constant not found in `tokeira_types::RunKey`
[INFO] [stdout]      |
[INFO] [stdout] note: if you're trying to build a new `tokeira_types::RunKey`, consider using `tokeira_types::RunKey::derive` which returns `tokeira_types::RunKey`
[INFO] [stdout]     --> /opt/rustwide/cargo-home/registry/src/index.crates.io-1949cf8c6b5b557f/tokeira-types-0.6.1/src/ids.rs:129:5
[INFO] [stdout]      |
[INFO] [stdout]  129 |     pub fn derive(namespace_id: NamespaceId, workflow_id: &WorkflowId, run_id: RunId) -> Self {
[INFO] [stdout]      |     ^^^^^^^^^^^^^^^^^^^^^^^^^^^^^^^^^^^^^^^^^^^^^^^^^^^^^^^^^^^^^^^^^^^^^^^^^^^^^^^^^^^^^^^^^
[INFO] [stdout] help: there is a method `ne` with a similar name, but with different arguments
[INFO] [stdout]     --> /rustc/e3feeb59cd1bdd011a2bfcc0747b55125d9b8527/library/core/src/cmp.rs:278:4
[INFO] [stdout] 
[INFO] [stdout] 
[INFO] [stdout] error[E0599]: no associated function or constant named `new` found for struct `tokeira_types::RunKey` in the current scope
[INFO] [stdout]     --> src/memory.rs:5969:38
[INFO] [stdout]      |
[INFO] [stdout] 5969 |                     run_key: RunKey::new(),
[INFO] [stdout]      |                                      ^^^ associated function or constant not found in `tokeira_types::RunKey`
[INFO] [stdout]      |
[INFO] [stdout] note: if you're trying to build a new `tokeira_types::RunKey`, consider using `tokeira_types::RunKey::derive` which returns `tokeira_types::RunKey`
[INFO] [stdout]     --> /opt/rustwide/cargo-home/registry/src/index.crates.io-1949cf8c6b5b557f/tokeira-types-0.6.1/src/ids.rs:129:5
[INFO] [stdout]      |
[INFO] [stdout]  129 |     pub fn derive(namespace_id: NamespaceId, workflow_id: &WorkflowId, run_id: RunId) -> Self {
[INFO] [stdout]      |     ^^^^^^^^^^^^^^^^^^^^^^^^^^^^^^^^^^^^^^^^^^^^^^^^^^^^^^^^^^^^^^^^^^^^^^^^^^^^^^^^^^^^^^^^^
[INFO] [stdout] help: there is a method `ne` with a similar name, but with different arguments
[INFO] [stdout]     --> /rustc/e3feeb59cd1bdd011a2bfcc0747b55125d9b8527/library/core/src/cmp.rs:278:4
[INFO] [stdout] 
[INFO] [stdout] 
[INFO] [stdout] error[E0599]: no associated function or constant named `new` found for struct `tokeira_types::RunKey` in the current scope
[INFO] [stdout]     --> src/memory.rs:5983:38
[INFO] [stdout]      |
[INFO] [stdout] 5983 |                     run_key: RunKey::new(),
[INFO] [stdout]      |                                      ^^^ associated function or constant not found in `tokeira_types::RunKey`
[INFO] [stdout]      |
[INFO] [stdout] note: if you're trying to build a new `tokeira_types::RunKey`, consider using `tokeira_types::RunKey::derive` which returns `tokeira_types::RunKey`
[INFO] [stdout]     --> /opt/rustwide/cargo-home/registry/src/index.crates.io-1949cf8c6b5b557f/tokeira-types-0.6.1/src/ids.rs:129:5
[INFO] [stdout]      |
[INFO] [stdout]  129 |     pub fn derive(namespace_id: NamespaceId, workflow_id: &WorkflowId, run_id: RunId) -> Self {
[INFO] [stdout]      |     ^^^^^^^^^^^^^^^^^^^^^^^^^^^^^^^^^^^^^^^^^^^^^^^^^^^^^^^^^^^^^^^^^^^^^^^^^^^^^^^^^^^^^^^^^
[INFO] [stdout] help: there is a method `ne` with a similar name, but with different arguments
[INFO] [stdout]     --> /rustc/e3feeb59cd1bdd011a2bfcc0747b55125d9b8527/library/core/src/cmp.rs:278:4
[INFO] [stdout] 
[INFO] [stdout] 
[INFO] [stdout] error[E0599]: no associated function or constant named `new` found for struct `tokeira_types::RunKey` in the current scope
[INFO] [stdout]     --> src/memory.rs:6019:31
[INFO] [stdout]      |
[INFO] [stdout] 6019 |         let run_key = RunKey::new();
[INFO] [stdout]      |                               ^^^ associated function or constant not found in `tokeira_types::RunKey`
[INFO] [stdout]      |
[INFO] [stdout] note: if you're trying to build a new `tokeira_types::RunKey`, consider using `tokeira_types::RunKey::derive` which returns `tokeira_types::RunKey`
[INFO] [stdout]     --> /opt/rustwide/cargo-home/registry/src/index.crates.io-1949cf8c6b5b557f/tokeira-types-0.6.1/src/ids.rs:129:5
[INFO] [stdout]      |
[INFO] [stdout]  129 |     pub fn derive(namespace_id: NamespaceId, workflow_id: &WorkflowId, run_id: RunId) -> Self {
[INFO] [stdout]      |     ^^^^^^^^^^^^^^^^^^^^^^^^^^^^^^^^^^^^^^^^^^^^^^^^^^^^^^^^^^^^^^^^^^^^^^^^^^^^^^^^^^^^^^^^^
[INFO] [stdout] help: there is a method `ne` with a similar name, but with different arguments
[INFO] [stdout]     --> /rustc/e3feeb59cd1bdd011a2bfcc0747b55125d9b8527/library/core/src/cmp.rs:278:4
[INFO] [stdout] 
[INFO] [stdout] 
[INFO] [stdout] error[E0599]: no associated function or constant named `new` found for struct `tokeira_types::RunKey` in the current scope
[INFO] [stdout]     --> src/memory.rs:6063:31
[INFO] [stdout]      |
[INFO] [stdout] 6063 |         let run_key = RunKey::new();
[INFO] [stdout]      |                               ^^^ associated function or constant not found in `tokeira_types::RunKey`
[INFO] [stdout]      |
[INFO] [stdout] note: if you're trying to build a new `tokeira_types::RunKey`, consider using `tokeira_types::RunKey::derive` which returns `tokeira_types::RunKey`
[INFO] [stdout]     --> /opt/rustwide/cargo-home/registry/src/index.crates.io-1949cf8c6b5b557f/tokeira-types-0.6.1/src/ids.rs:129:5
[INFO] [stdout]      |
[INFO] [stdout]  129 |     pub fn derive(namespace_id: NamespaceId, workflow_id: &WorkflowId, run_id: RunId) -> Self {
[INFO] [stdout]      |     ^^^^^^^^^^^^^^^^^^^^^^^^^^^^^^^^^^^^^^^^^^^^^^^^^^^^^^^^^^^^^^^^^^^^^^^^^^^^^^^^^^^^^^^^^
[INFO] [stdout] help: there is a method `ne` with a similar name, but with different arguments
[INFO] [stdout]     --> /rustc/e3feeb59cd1bdd011a2bfcc0747b55125d9b8527/library/core/src/cmp.rs:278:4
[INFO] [stdout] 
[INFO] [stdout] 
[INFO] [stdout] error[E0599]: no associated function or constant named `new` found for struct `tokeira_types::RunKey` in the current scope
[INFO] [stdout]     --> src/memory.rs:6144:36
[INFO] [stdout]      |
[INFO] [stdout] 6144 |         let base_run_key = RunKey::new();
[INFO] [stdout]      |                                    ^^^ associated function or constant not found in `tokeira_types::RunKey`
[INFO] [stdout]      |
[INFO] [stdout] note: if you're trying to build a new `tokeira_types::RunKey`, consider using `tokeira_types::RunKey::derive` which returns `tokeira_types::RunKey`
[INFO] [stdout]     --> /opt/rustwide/cargo-home/registry/src/index.crates.io-1949cf8c6b5b557f/tokeira-types-0.6.1/src/ids.rs:129:5
[INFO] [stdout]      |
[INFO] [stdout]  129 |     pub fn derive(namespace_id: NamespaceId, workflow_id: &WorkflowId, run_id: RunId) -> Self {
[INFO] [stdout]      |     ^^^^^^^^^^^^^^^^^^^^^^^^^^^^^^^^^^^^^^^^^^^^^^^^^^^^^^^^^^^^^^^^^^^^^^^^^^^^^^^^^^^^^^^^^
[INFO] [stdout] help: there is a method `ne` with a similar name, but with different arguments
[INFO] [stdout]     --> /rustc/e3feeb59cd1bdd011a2bfcc0747b55125d9b8527/library/core/src/cmp.rs:278:4
[INFO] [stdout] 
[INFO] [stdout] 
[INFO] [stdout] error[E0599]: no associated function or constant named `new` found for struct `tokeira_types::RunKey` in the current scope
[INFO] [stdout]     --> src/memory.rs:6330:36
[INFO] [stdout]      |
[INFO] [stdout] 6330 |         let base_run_key = RunKey::new();
[INFO] [stdout]      |                                    ^^^ associated function or constant not found in `tokeira_types::RunKey`
[INFO] [stdout]      |
[INFO] [stdout] note: if you're trying to build a new `tokeira_types::RunKey`, consider using `tokeira_types::RunKey::derive` which returns `tokeira_types::RunKey`
[INFO] [stdout]     --> /opt/rustwide/cargo-home/registry/src/index.crates.io-1949cf8c6b5b557f/tokeira-types-0.6.1/src/ids.rs:129:5
[INFO] [stdout]      |
[INFO] [stdout]  129 |     pub fn derive(namespace_id: NamespaceId, workflow_id: &WorkflowId, run_id: RunId) -> Self {
[INFO] [stdout]      |     ^^^^^^^^^^^^^^^^^^^^^^^^^^^^^^^^^^^^^^^^^^^^^^^^^^^^^^^^^^^^^^^^^^^^^^^^^^^^^^^^^^^^^^^^^
[INFO] [stdout] help: there is a method `ne` with a similar name, but with different arguments
[INFO] [stdout]     --> /rustc/e3feeb59cd1bdd011a2bfcc0747b55125d9b8527/library/core/src/cmp.rs:278:4
[INFO] [stdout] 
[INFO] [stdout] 
[INFO] [stdout] error[E0599]: no associated function or constant named `new` found for struct `tokeira_types::RunKey` in the current scope
[INFO] [stdout]     --> src/memory.rs:6398:36
[INFO] [stdout]      |
[INFO] [stdout] 6398 |         let base_run_key = RunKey::new();
[INFO] [stdout]      |                                    ^^^ associated function or constant not found in `tokeira_types::RunKey`
[INFO] [stdout]      |
[INFO] [stdout] note: if you're trying to build a new `tokeira_types::RunKey`, consider using `tokeira_types::RunKey::derive` which returns `tokeira_types::RunKey`
[INFO] [stdout]     --> /opt/rustwide/cargo-home/registry/src/index.crates.io-1949cf8c6b5b557f/tokeira-types-0.6.1/src/ids.rs:129:5
[INFO] [stdout]      |
[INFO] [stdout]  129 |     pub fn derive(namespace_id: NamespaceId, workflow_id: &WorkflowId, run_id: RunId) -> Self {
[INFO] [stdout]      |     ^^^^^^^^^^^^^^^^^^^^^^^^^^^^^^^^^^^^^^^^^^^^^^^^^^^^^^^^^^^^^^^^^^^^^^^^^^^^^^^^^^^^^^^^^
[INFO] [stdout] help: there is a method `ne` with a similar name, but with different arguments
[INFO] [stdout]     --> /rustc/e3feeb59cd1bdd011a2bfcc0747b55125d9b8527/library/core/src/cmp.rs:278:4
[INFO] [stdout] 
[INFO] [stdout] 
[INFO] [stdout] error[E0599]: no associated function or constant named `new` found for struct `tokeira_types::RunKey` in the current scope
[INFO] [stdout]     --> src/memory.rs:6519:44
[INFO] [stdout]      |
[INFO] [stdout] 6519 |                 let base_run_key = RunKey::new();
[INFO] [stdout]      |                                            ^^^ associated function or constant not found in `tokeira_types::RunKey`
[INFO] [stdout]      |
[INFO] [stdout] note: if you're trying to build a new `tokeira_types::RunKey`, consider using `tokeira_types::RunKey::derive` which returns `tokeira_types::RunKey`
[INFO] [stdout]     --> /opt/rustwide/cargo-home/registry/src/index.crates.io-1949cf8c6b5b557f/tokeira-types-0.6.1/src/ids.rs:129:5
[INFO] [stdout]      |
[INFO] [stdout]  129 |     pub fn derive(namespace_id: NamespaceId, workflow_id: &WorkflowId, run_id: RunId) -> Self {
[INFO] [stdout]      |     ^^^^^^^^^^^^^^^^^^^^^^^^^^^^^^^^^^^^^^^^^^^^^^^^^^^^^^^^^^^^^^^^^^^^^^^^^^^^^^^^^^^^^^^^^
[INFO] [stdout] help: there is a method `ne` with a similar name, but with different arguments
[INFO] [stdout]     --> /rustc/e3feeb59cd1bdd011a2bfcc0747b55125d9b8527/library/core/src/cmp.rs:278:4
[INFO] [stdout] 
[INFO] [stdout] 
[INFO] [stdout] error[E0599]: no associated function or constant named `new` found for struct `tokeira_types::RunKey` in the current scope
[INFO] [stdout]     --> src/memory.rs:6682:39
[INFO] [stdout]      |
[INFO] [stdout] 6682 |                 let run_key = RunKey::new();
[INFO] [stdout]      |                                       ^^^ associated function or constant not found in `tokeira_types::RunKey`
[INFO] [stdout]      |
[INFO] [stdout] note: if you're trying to build a new `tokeira_types::RunKey`, consider using `tokeira_types::RunKey::derive` which returns `tokeira_types::RunKey`
[INFO] [stdout]     --> /opt/rustwide/cargo-home/registry/src/index.crates.io-1949cf8c6b5b557f/tokeira-types-0.6.1/src/ids.rs:129:5
[INFO] [stdout]      |
[INFO] [stdout]  129 |     pub fn derive(namespace_id: NamespaceId, workflow_id: &WorkflowId, run_id: RunId) -> Self {
[INFO] [stdout]      |     ^^^^^^^^^^^^^^^^^^^^^^^^^^^^^^^^^^^^^^^^^^^^^^^^^^^^^^^^^^^^^^^^^^^^^^^^^^^^^^^^^^^^^^^^^
[INFO] [stdout] help: there is a method `ne` with a similar name, but with different arguments
[INFO] [stdout]     --> /rustc/e3feeb59cd1bdd011a2bfcc0747b55125d9b8527/library/core/src/cmp.rs:278:4
[INFO] [stdout] 
[INFO] [stdout] 
[INFO] [stdout] error[E0599]: no associated function or constant named `new` found for struct `tokeira_types::RunKey` in the current scope
[INFO] [stdout]     --> src/memory.rs:6757:43
[INFO] [stdout]      |
[INFO] [stdout] 6757 |                     let run_key = RunKey::new();
[INFO] [stdout]      |                                           ^^^ associated function or constant not found in `tokeira_types::RunKey`
[INFO] [stdout]      |
[INFO] [stdout] note: if you're trying to build a new `tokeira_types::RunKey`, consider using `tokeira_types::RunKey::derive` which returns `tokeira_types::RunKey`
[INFO] [stdout]     --> /opt/rustwide/cargo-home/registry/src/index.crates.io-1949cf8c6b5b557f/tokeira-types-0.6.1/src/ids.rs:129:5
[INFO] [stdout]      |
[INFO] [stdout]  129 |     pub fn derive(namespace_id: NamespaceId, workflow_id: &WorkflowId, run_id: RunId) -> Self {
[INFO] [stdout]      |     ^^^^^^^^^^^^^^^^^^^^^^^^^^^^^^^^^^^^^^^^^^^^^^^^^^^^^^^^^^^^^^^^^^^^^^^^^^^^^^^^^^^^^^^^^
[INFO] [stdout] help: there is a method `ne` with a similar name, but with different arguments
[INFO] [stdout]     --> /rustc/e3feeb59cd1bdd011a2bfcc0747b55125d9b8527/library/core/src/cmp.rs:278:4
[INFO] [stdout] 
[INFO] [stdout] 
[INFO] [stdout] error[E0599]: no associated function or constant named `new` found for struct `tokeira_types::RunKey` in the current scope
[INFO] [stdout]     --> src/memory.rs:7390:35
[INFO] [stdout]      |
[INFO] [stdout] 7390 |             let run_key = RunKey::new();
[INFO] [stdout]      |                                   ^^^ associated function or constant not found in `tokeira_types::RunKey`
[INFO] [stdout]      |
[INFO] [stdout] note: if you're trying to build a new `tokeira_types::RunKey`, consider using `tokeira_types::RunKey::derive` which returns `tokeira_types::RunKey`
[INFO] [stdout]     --> /opt/rustwide/cargo-home/registry/src/index.crates.io-1949cf8c6b5b557f/tokeira-types-0.6.1/src/ids.rs:129:5
[INFO] [stdout]      |
[INFO] [stdout]  129 |     pub fn derive(namespace_id: NamespaceId, workflow_id: &WorkflowId, run_id: RunId) -> Self {
[INFO] [stdout]      |     ^^^^^^^^^^^^^^^^^^^^^^^^^^^^^^^^^^^^^^^^^^^^^^^^^^^^^^^^^^^^^^^^^^^^^^^^^^^^^^^^^^^^^^^^^
[INFO] [stdout] help: there is a method `ne` with a similar name, but with different arguments
[INFO] [stdout]     --> /rustc/e3feeb59cd1bdd011a2bfcc0747b55125d9b8527/library/core/src/cmp.rs:278:4
[INFO] [stdout] 
[INFO] [stdout] 
[INFO] [stdout] error[E0599]: no associated function or constant named `new` found for struct `tokeira_types::RunKey` in the current scope
[INFO] [stdout]     --> src/memory.rs:7996:56
[INFO] [stdout]      |
[INFO] [stdout] 7996 |                         &[run_state_section(&[(RunKey::new(), run_extension.clone())])],
[INFO] [stdout]      |                                                        ^^^ associated function or constant not found in `tokeira_types::RunKey`
[INFO] [stdout]      |
[INFO] [stdout] note: if you're trying to build a new `tokeira_types::RunKey`, consider using `tokeira_types::RunKey::derive` which returns `tokeira_types::RunKey`
[INFO] [stdout]     --> /opt/rustwide/cargo-home/registry/src/index.crates.io-1949cf8c6b5b557f/tokeira-types-0.6.1/src/ids.rs:129:5
[INFO] [stdout]      |
[INFO] [stdout]  129 |     pub fn derive(namespace_id: NamespaceId, workflow_id: &WorkflowId, run_id: RunId) -> Self {
[INFO] [stdout]      |     ^^^^^^^^^^^^^^^^^^^^^^^^^^^^^^^^^^^^^^^^^^^^^^^^^^^^^^^^^^^^^^^^^^^^^^^^^^^^^^^^^^^^^^^^^
[INFO] [stdout] help: there is a method `ne` with a similar name, but with different arguments
[INFO] [stdout]     --> /rustc/e3feeb59cd1bdd011a2bfcc0747b55125d9b8527/library/core/src/cmp.rs:278:4
[INFO] [stdout] 
[INFO] [stdout] 
[INFO] [stdout] error[E0599]: no associated function or constant named `new` found for struct `tokeira_types::RunKey` in the current scope
[INFO] [stdout]     --> src/memory.rs:8133:44
[INFO] [stdout]      |
[INFO] [stdout] 8133 |                 let injected_key = RunKey::new();
[INFO] [stdout]      |                                            ^^^ associated function or constant not found in `tokeira_types::RunKey`
[INFO] [stdout]      |
[INFO] [stdout] note: if you're trying to build a new `tokeira_types::RunKey`, consider using `tokeira_types::RunKey::derive` which returns `tokeira_types::RunKey`
[INFO] [stdout]     --> /opt/rustwide/cargo-home/registry/src/index.crates.io-1949cf8c6b5b557f/tokeira-types-0.6.1/src/ids.rs:129:5
[INFO] [stdout]      |
[INFO] [stdout]  129 |     pub fn derive(namespace_id: NamespaceId, workflow_id: &WorkflowId, run_id: RunId) -> Self {
[INFO] [stdout]      |     ^^^^^^^^^^^^^^^^^^^^^^^^^^^^^^^^^^^^^^^^^^^^^^^^^^^^^^^^^^^^^^^^^^^^^^^^^^^^^^^^^^^^^^^^^
[INFO] [stdout] help: there is a method `ne` with a similar name, but with different arguments
[INFO] [stdout]     --> /rustc/e3feeb59cd1bdd011a2bfcc0747b55125d9b8527/library/core/src/cmp.rs:278:4
[INFO] [stdout] 
[INFO] [stdout] 
[INFO] [stdout] error[E0599]: no associated function or constant named `new` found for struct `tokeira_types::RunKey` in the current scope
[INFO] [stdout]     --> src/memory.rs:8238:39
[INFO] [stdout]      |
[INFO] [stdout] 8238 |                 let run_key = RunKey::new();
[INFO] [stdout]      |                                       ^^^ associated function or constant not found in `tokeira_types::RunKey`
[INFO] [stdout]      |
[INFO] [stdout] note: if you're trying to build a new `tokeira_types::RunKey`, consider using `tokeira_types::RunKey::derive` which returns `tokeira_types::RunKey`
[INFO] [stdout]     --> /opt/rustwide/cargo-home/registry/src/index.crates.io-1949cf8c6b5b557f/tokeira-types-0.6.1/src/ids.rs:129:5
[INFO] [stdout]      |
[INFO] [stdout]  129 |     pub fn derive(namespace_id: NamespaceId, workflow_id: &WorkflowId, run_id: RunId) -> Self {
[INFO] [stdout]      |     ^^^^^^^^^^^^^^^^^^^^^^^^^^^^^^^^^^^^^^^^^^^^^^^^^^^^^^^^^^^^^^^^^^^^^^^^^^^^^^^^^^^^^^^^^
[INFO] [stdout] help: there is a method `ne` with a similar name, but with different arguments
[INFO] [stdout]     --> /rustc/e3feeb59cd1bdd011a2bfcc0747b55125d9b8527/library/core/src/cmp.rs:278:4
[INFO] [stdout] 
[INFO] [stdout] 
[INFO] [stdout] error[E0599]: no associated function or constant named `new` found for struct `tokeira_types::RunKey` in the current scope
[INFO] [stdout]     --> src/memory.rs:8513:59
[INFO] [stdout]      |
[INFO] [stdout] 8513 |             let mut transition = start_transition(RunKey::new());
[INFO] [stdout]      |                                                           ^^^ associated function or constant not found in `tokeira_types::RunKey`
[INFO] [stdout]      |
[INFO] [stdout] note: if you're trying to build a new `tokeira_types::RunKey`, consider using `tokeira_types::RunKey::derive` which returns `tokeira_types::RunKey`
[INFO] [stdout]     --> /opt/rustwide/cargo-home/registry/src/index.crates.io-1949cf8c6b5b557f/tokeira-types-0.6.1/src/ids.rs:129:5
[INFO] [stdout]      |
[INFO] [stdout]  129 |     pub fn derive(namespace_id: NamespaceId, workflow_id: &WorkflowId, run_id: RunId) -> Self {
[INFO] [stdout]      |     ^^^^^^^^^^^^^^^^^^^^^^^^^^^^^^^^^^^^^^^^^^^^^^^^^^^^^^^^^^^^^^^^^^^^^^^^^^^^^^^^^^^^^^^^^
[INFO] [stdout] help: there is a method `ne` with a similar name, but with different arguments
[INFO] [stdout]     --> /rustc/e3feeb59cd1bdd011a2bfcc0747b55125d9b8527/library/core/src/cmp.rs:278:4
[INFO] [stdout] 
[INFO] [stdout] 
[INFO] [stdout] error[E0599]: no associated function or constant named `new` found for struct `tokeira_types::RunKey` in the current scope
[INFO] [stdout]     --> src/memory.rs:8615:54
[INFO] [stdout]      |
[INFO] [stdout] 8615 |                 prop_assert_eq!(check_commit(RunKey::new(), &unchecked, measures), Ok(()));
[INFO] [stdout]      |                                                      ^^^ associated function or constant not found in `tokeira_types::RunKey`
[INFO] [stdout]      |
[INFO] [stdout] note: if you're trying to build a new `tokeira_types::RunKey`, consider using `tokeira_types::RunKey::derive` which returns `tokeira_types::RunKey`
[INFO] [stdout]     --> /opt/rustwide/cargo-home/registry/src/index.crates.io-1949cf8c6b5b557f/tokeira-types-0.6.1/src/ids.rs:129:5
[INFO] [stdout]      |
[INFO] [stdout]  129 |     pub fn derive(namespace_id: NamespaceId, workflow_id: &WorkflowId, run_id: RunId) -> Self {
[INFO] [stdout]      |     ^^^^^^^^^^^^^^^^^^^^^^^^^^^^^^^^^^^^^^^^^^^^^^^^^^^^^^^^^^^^^^^^^^^^^^^^^^^^^^^^^^^^^^^^^
[INFO] [stdout] help: there is a method `ne` with a similar name, but with different arguments
[INFO] [stdout]     --> /rustc/e3feeb59cd1bdd011a2bfcc0747b55125d9b8527/library/core/src/cmp.rs:278:4
[INFO] [stdout] 
[INFO] [stdout] 
[INFO] [stdout] error[E0599]: no associated function or constant named `new` found for struct `tokeira_types::RunKey` in the current scope
[INFO] [stdout]     --> src/memory.rs:8617:52
[INFO] [stdout]      |
[INFO] [stdout] 8617 |                 let outcome = check_commit(RunKey::new(), &limited, measures)
[INFO] [stdout]      |                                                    ^^^ associated function or constant not found in `tokeira_types::RunKey`
[INFO] [stdout]      |
[INFO] [stdout] note: if you're trying to build a new `tokeira_types::RunKey`, consider using `tokeira_types::RunKey::derive` which returns `tokeira_types::RunKey`
[INFO] [stdout]     --> /opt/rustwide/cargo-home/registry/src/index.crates.io-1949cf8c6b5b557f/tokeira-types-0.6.1/src/ids.rs:129:5
[INFO] [stdout]      |
[INFO] [stdout]  129 |     pub fn derive(namespace_id: NamespaceId, workflow_id: &WorkflowId, run_id: RunId) -> Self {
[INFO] [stdout]      |     ^^^^^^^^^^^^^^^^^^^^^^^^^^^^^^^^^^^^^^^^^^^^^^^^^^^^^^^^^^^^^^^^^^^^^^^^^^^^^^^^^^^^^^^^^
[INFO] [stdout] help: there is a method `ne` with a similar name, but with different arguments
[INFO] [stdout]     --> /rustc/e3feeb59cd1bdd011a2bfcc0747b55125d9b8527/library/core/src/cmp.rs:278:4
[INFO] [stdout] 
[INFO] [stdout] 
[INFO] [stdout] error[E0599]: no associated function or constant named `new` found for struct `tokeira_types::RunKey` in the current scope
[INFO] [stdout]     --> src/memory.rs:8637:43
[INFO] [stdout]      |
[INFO] [stdout] 8637 |                     let run_key = RunKey::new();
[INFO] [stdout]      |                                           ^^^ associated function or constant not found in `tokeira_types::RunKey`
[INFO] [stdout]      |
[INFO] [stdout] note: if you're trying to build a new `tokeira_types::RunKey`, consider using `tokeira_types::RunKey::derive` which returns `tokeira_types::RunKey`
[INFO] [stdout]     --> /opt/rustwide/cargo-home/registry/src/index.crates.io-1949cf8c6b5b557f/tokeira-types-0.6.1/src/ids.rs:129:5
[INFO] [stdout]      |
[INFO] [stdout]  129 |     pub fn derive(namespace_id: NamespaceId, workflow_id: &WorkflowId, run_id: RunId) -> Self {
[INFO] [stdout]      |     ^^^^^^^^^^^^^^^^^^^^^^^^^^^^^^^^^^^^^^^^^^^^^^^^^^^^^^^^^^^^^^^^^^^^^^^^^^^^^^^^^^^^^^^^^
[INFO] [stdout] help: there is a method `ne` with a similar name, but with different arguments
[INFO] [stdout]     --> /rustc/e3feeb59cd1bdd011a2bfcc0747b55125d9b8527/library/core/src/cmp.rs:278:4
[INFO] [stdout] 
[INFO] [stdout] 
[INFO] [stdout] error[E0599]: no associated function or constant named `new` found for struct `tokeira_types::RunKey` in the current scope
[INFO] [stdout]     --> src/memory.rs:8702:38
[INFO] [stdout]      |
[INFO] [stdout] 8702 |                 check_commit(RunKey::new(), &open, measures(101, 0, 0))
[INFO] [stdout]      |                                      ^^^ associated function or constant not found in `tokeira_types::RunKey`
[INFO] [stdout]      |
[INFO] [stdout] note: if you're trying to build a new `tokeira_types::RunKey`, consider using `tokeira_types::RunKey::derive` which returns `tokeira_types::RunKey`
[INFO] [stdout]     --> /opt/rustwide/cargo-home/registry/src/index.crates.io-1949cf8c6b5b557f/tokeira-types-0.6.1/src/ids.rs:129:5
[INFO] [stdout]      |
[INFO] [stdout]  129 |     pub fn derive(namespace_id: NamespaceId, workflow_id: &WorkflowId, run_id: RunId) -> Self {
[INFO] [stdout]      |     ^^^^^^^^^^^^^^^^^^^^^^^^^^^^^^^^^^^^^^^^^^^^^^^^^^^^^^^^^^^^^^^^^^^^^^^^^^^^^^^^^^^^^^^^^
[INFO] [stdout] help: there is a method `ne` with a similar name, but with different arguments
[INFO] [stdout]     --> /rustc/e3feeb59cd1bdd011a2bfcc0747b55125d9b8527/library/core/src/cmp.rs:278:4
[INFO] [stdout] 
[INFO] [stdout] 
[INFO] [stdout] error[E0599]: no associated function or constant named `new` found for struct `tokeira_types::RunKey` in the current scope
[INFO] [stdout]     --> src/memory.rs:8709:29
[INFO] [stdout]      |
[INFO] [stdout] 8709 |                     RunKey::new(),
[INFO] [stdout]      |                             ^^^ associated function or constant not found in `tokeira_types::RunKey`
[INFO] [stdout]      |
[INFO] [stdout] note: if you're trying to build a new `tokeira_types::RunKey`, consider using `tokeira_types::RunKey::derive` which returns `tokeira_types::RunKey`
[INFO] [stdout]     --> /opt/rustwide/cargo-home/registry/src/index.crates.io-1949cf8c6b5b557f/tokeira-types-0.6.1/src/ids.rs:129:5
[INFO] [stdout]      |
[INFO] [stdout]  129 |     pub fn derive(namespace_id: NamespaceId, workflow_id: &WorkflowId, run_id: RunId) -> Self {
[INFO] [stdout]      |     ^^^^^^^^^^^^^^^^^^^^^^^^^^^^^^^^^^^^^^^^^^^^^^^^^^^^^^^^^^^^^^^^^^^^^^^^^^^^^^^^^^^^^^^^^
[INFO] [stdout] help: there is a method `ne` with a similar name, but with different arguments
[INFO] [stdout]     --> /rustc/e3feeb59cd1bdd011a2bfcc0747b55125d9b8527/library/core/src/cmp.rs:278:4
[INFO] [stdout] 
[INFO] [stdout] 
[INFO] [stdout] error[E0599]: no associated function or constant named `new` found for struct `tokeira_types::RunKey` in the current scope
[INFO] [stdout]     --> src/memory.rs:8718:38
[INFO] [stdout]      |
[INFO] [stdout] 8718 |                 check_commit(RunKey::new(), &open, measures(0, 101, 0))
[INFO] [stdout]      |                                      ^^^ associated function or constant not found in `tokeira_types::RunKey`
[INFO] [stdout]      |
[INFO] [stdout] note: if you're trying to build a new `tokeira_types::RunKey`, consider using `tokeira_types::RunKey::derive` which returns `tokeira_types::RunKey`
[INFO] [stdout]     --> /opt/rustwide/cargo-home/registry/src/index.crates.io-1949cf8c6b5b557f/tokeira-types-0.6.1/src/ids.rs:129:5
[INFO] [stdout]      |
[INFO] [stdout]  129 |     pub fn derive(namespace_id: NamespaceId, workflow_id: &WorkflowId, run_id: RunId) -> Self {
[INFO] [stdout]      |     ^^^^^^^^^^^^^^^^^^^^^^^^^^^^^^^^^^^^^^^^^^^^^^^^^^^^^^^^^^^^^^^^^^^^^^^^^^^^^^^^^^^^^^^^^
[INFO] [stdout] help: there is a method `ne` with a similar name, but with different arguments
[INFO] [stdout]     --> /rustc/e3feeb59cd1bdd011a2bfcc0747b55125d9b8527/library/core/src/cmp.rs:278:4
[INFO] [stdout] 
[INFO] [stdout] 
[INFO] [stdout] error[E0599]: no associated function or constant named `new` found for struct `tokeira_types::RunKey` in the current scope
[INFO] [stdout]     --> src/memory.rs:8724:38
[INFO] [stdout]      |
[INFO] [stdout] 8724 |                 check_commit(RunKey::new(), &open, measures(0, 0, 101))
[INFO] [stdout]      |                                      ^^^ associated function or constant not found in `tokeira_types::RunKey`
[INFO] [stdout]      |
[INFO] [stdout] note: if you're trying to build a new `tokeira_types::RunKey`, consider using `tokeira_types::RunKey::derive` which returns `tokeira_types::RunKey`
[INFO] [stdout]     --> /opt/rustwide/cargo-home/registry/src/index.crates.io-1949cf8c6b5b557f/tokeira-types-0.6.1/src/ids.rs:129:5
[INFO] [stdout]      |
[INFO] [stdout]  129 |     pub fn derive(namespace_id: NamespaceId, workflow_id: &WorkflowId, run_id: RunId) -> Self {
[INFO] [stdout]      |     ^^^^^^^^^^^^^^^^^^^^^^^^^^^^^^^^^^^^^^^^^^^^^^^^^^^^^^^^^^^^^^^^^^^^^^^^^^^^^^^^^^^^^^^^^
[INFO] [stdout] help: there is a method `ne` with a similar name, but with different arguments
[INFO] [stdout]     --> /rustc/e3feeb59cd1bdd011a2bfcc0747b55125d9b8527/library/core/src/cmp.rs:278:4
[INFO] [stdout] 
[INFO] [stdout] 
[INFO] [stdout] error[E0599]: no associated function or constant named `new` found for struct `tokeira_types::RunKey` in the current scope
[INFO] [stdout]     --> src/memory.rs:8737:50
[INFO] [stdout]      |
[INFO] [stdout] 8737 |             let mut state = sample_state(RunKey::new());
[INFO] [stdout]      |                                                  ^^^ associated function or constant not found in `tokeira_types::RunKey`
[INFO] [stdout]      |
[INFO] [stdout] note: if you're trying to build a new `tokeira_types::RunKey`, consider using `tokeira_types::RunKey::derive` which returns `tokeira_types::RunKey`
[INFO] [stdout]     --> /opt/rustwide/cargo-home/registry/src/index.crates.io-1949cf8c6b5b557f/tokeira-types-0.6.1/src/ids.rs:129:5
[INFO] [stdout]      |
[INFO] [stdout]  129 |     pub fn derive(namespace_id: NamespaceId, workflow_id: &WorkflowId, run_id: RunId) -> Self {
[INFO] [stdout]      |     ^^^^^^^^^^^^^^^^^^^^^^^^^^^^^^^^^^^^^^^^^^^^^^^^^^^^^^^^^^^^^^^^^^^^^^^^^^^^^^^^^^^^^^^^^
[INFO] [stdout] help: there is a method `ne` with a similar name, but with different arguments
[INFO] [stdout]     --> /rustc/e3feeb59cd1bdd011a2bfcc0747b55125d9b8527/library/core/src/cmp.rs:278:4
[INFO] [stdout] 
[INFO] [stdout] 
[INFO] [stdout] error[E0599]: no associated function or constant named `new` found for struct `tokeira_types::RunKey` in the current scope
[INFO] [stdout]     --> src/memory.rs:8759:35
[INFO] [stdout]      |
[INFO] [stdout] 8759 |             let run_key = RunKey::new();
[INFO] [stdout]      |                                   ^^^ associated function or constant not found in `tokeira_types::RunKey`
[INFO] [stdout]      |
[INFO] [stdout] note: if you're trying to build a new `tokeira_types::RunKey`, consider using `tokeira_types::RunKey::derive` which returns `tokeira_types::RunKey`
[INFO] [stdout]     --> /opt/rustwide/cargo-home/registry/src/index.crates.io-1949cf8c6b5b557f/tokeira-types-0.6.1/src/ids.rs:129:5
[INFO] [stdout]      |
[INFO] [stdout]  129 |     pub fn derive(namespace_id: NamespaceId, workflow_id: &WorkflowId, run_id: RunId) -> Self {
[INFO] [stdout]      |     ^^^^^^^^^^^^^^^^^^^^^^^^^^^^^^^^^^^^^^^^^^^^^^^^^^^^^^^^^^^^^^^^^^^^^^^^^^^^^^^^^^^^^^^^^
[INFO] [stdout] help: there is a method `ne` with a similar name, but with different arguments
[INFO] [stdout]     --> /rustc/e3feeb59cd1bdd011a2bfcc0747b55125d9b8527/library/core/src/cmp.rs:278:4
[INFO] [stdout] 
[INFO] [stdout] 
[INFO] [stdout] error[E0599]: no associated function or constant named `new` found for struct `tokeira_types::RunKey` in the current scope
[INFO] [stdout]     --> src/memory.rs:8784:35
[INFO] [stdout]      |
[INFO] [stdout] 8784 |             let run_key = RunKey::new();
[INFO] [stdout]      |                                   ^^^ associated function or constant not found in `tokeira_types::RunKey`
[INFO] [stdout]      |
[INFO] [stdout] note: if you're trying to build a new `tokeira_types::RunKey`, consider using `tokeira_types::RunKey::derive` which returns `tokeira_types::RunKey`
[INFO] [stdout]     --> /opt/rustwide/cargo-home/registry/src/index.crates.io-1949cf8c6b5b557f/tokeira-types-0.6.1/src/ids.rs:129:5
[INFO] [stdout]      |
[INFO] [stdout]  129 |     pub fn derive(namespace_id: NamespaceId, workflow_id: &WorkflowId, run_id: RunId) -> Self {
[INFO] [stdout]      |     ^^^^^^^^^^^^^^^^^^^^^^^^^^^^^^^^^^^^^^^^^^^^^^^^^^^^^^^^^^^^^^^^^^^^^^^^^^^^^^^^^^^^^^^^^
[INFO] [stdout] help: there is a method `ne` with a similar name, but with different arguments
[INFO] [stdout]     --> /rustc/e3feeb59cd1bdd011a2bfcc0747b55125d9b8527/library/core/src/cmp.rs:278:4
[INFO] [stdout] 
[INFO] [stdout] 
[INFO] [stdout] error[E0599]: no associated function or constant named `new` found for struct `tokeira_types::RunKey` in the current scope
[INFO] [stdout]    --> src/preservation_property_tests.rs:147:55
[INFO] [stdout]     |
[INFO] [stdout] 147 |         let mut transition = start_transition(RunKey::new());
[INFO] [stdout]     |                                                       ^^^ associated function or constant not found in `tokeira_types::RunKey`
[INFO] [stdout]     |
[INFO] [stdout] note: if you're trying to build a new `tokeira_types::RunKey`, consider using `tokeira_types::RunKey::derive` which returns `tokeira_types::RunKey`
[INFO] [stdout]    --> /opt/rustwide/cargo-home/registry/src/index.crates.io-1949cf8c6b5b557f/tokeira-types-0.6.1/src/ids.rs:129:5
[INFO] [stdout]     |
[INFO] [stdout] 129 |     pub fn derive(namespace_id: NamespaceId, workflow_id: &WorkflowId, run_id: RunId) -> Self {
[INFO] [stdout]     |     ^^^^^^^^^^^^^^^^^^^^^^^^^^^^^^^^^^^^^^^^^^^^^^^^^^^^^^^^^^^^^^^^^^^^^^^^^^^^^^^^^^^^^^^^^
[INFO] [stdout] help: there is a method `ne` with a similar name, but with different arguments
[INFO] [stdout]    --> /rustc/e3feeb59cd1bdd011a2bfcc0747b55125d9b8527/library/core/src/cmp.rs:278:4
[INFO] [stdout] 
[INFO] [stdout] 
[INFO] [stdout] error[E0599]: no associated function or constant named `new` found for struct `tokeira_types::RunKey` in the current scope
[INFO] [stdout]    --> src/preservation_property_tests.rs:235:39
[INFO] [stdout]     |
[INFO] [stdout] 235 |                 let run_key = RunKey::new();
[INFO] [stdout]     |                                       ^^^ associated function or constant not found in `tokeira_types::RunKey`
[INFO] [stdout]     |
[INFO] [stdout] note: if you're trying to build a new `tokeira_types::RunKey`, consider using `tokeira_types::RunKey::derive` which returns `tokeira_types::RunKey`
[INFO] [stdout]    --> /opt/rustwide/cargo-home/registry/src/index.crates.io-1949cf8c6b5b557f/tokeira-types-0.6.1/src/ids.rs:129:5
[INFO] [stdout]     |
[INFO] [stdout] 129 |     pub fn derive(namespace_id: NamespaceId, workflow_id: &WorkflowId, run_id: RunId) -> Self {
[INFO] [stdout]     |     ^^^^^^^^^^^^^^^^^^^^^^^^^^^^^^^^^^^^^^^^^^^^^^^^^^^^^^^^^^^^^^^^^^^^^^^^^^^^^^^^^^^^^^^^^
[INFO] [stdout] help: there is a method `ne` with a similar name, but with different arguments
[INFO] [stdout]    --> /rustc/e3feeb59cd1bdd011a2bfcc0747b55125d9b8527/library/core/src/cmp.rs:278:4
[INFO] [stdout] 
[INFO] [stdout] 
[INFO] [stdout] error[E0599]: no associated function or constant named `new` found for struct `tokeira_types::RunKey` in the current scope
[INFO] [stdout]    --> src/preservation_property_tests.rs:301:39
[INFO] [stdout]     |
[INFO] [stdout] 301 |                 let run_key = RunKey::new();
[INFO] [stdout]     |                                       ^^^ associated function or constant not found in `tokeira_types::RunKey`
[INFO] [stdout]     |
[INFO] [stdout] note: if you're trying to build a new `tokeira_types::RunKey`, consider using `tokeira_types::RunKey::derive` which returns `tokeira_types::RunKey`
[INFO] [stdout]    --> /opt/rustwide/cargo-home/registry/src/index.crates.io-1949cf8c6b5b557f/tokeira-types-0.6.1/src/ids.rs:129:5
[INFO] [stdout]     |
[INFO] [stdout] 129 |     pub fn derive(namespace_id: NamespaceId, workflow_id: &WorkflowId, run_id: RunId) -> Self {
[INFO] [stdout]     |     ^^^^^^^^^^^^^^^^^^^^^^^^^^^^^^^^^^^^^^^^^^^^^^^^^^^^^^^^^^^^^^^^^^^^^^^^^^^^^^^^^^^^^^^^^
[INFO] [stdout] help: there is a method `ne` with a similar name, but with different arguments
[INFO] [stdout]    --> /rustc/e3feeb59cd1bdd011a2bfcc0747b55125d9b8527/library/core/src/cmp.rs:278:4
[INFO] [stdout] 
[INFO] [stdout] 
[INFO] [stdout] error[E0599]: no associated function or constant named `new` found for struct `tokeira_types::RunKey` in the current scope
[INFO] [stdout]    --> src/preservation_property_tests.rs:483:39
[INFO] [stdout]     |
[INFO] [stdout] 483 |                 let run_key = RunKey::new();
[INFO] [stdout]     |                                       ^^^ associated function or constant not found in `tokeira_types::RunKey`
[INFO] [stdout]     |
[INFO] [stdout] note: if you're trying to build a new `tokeira_types::RunKey`, consider using `tokeira_types::RunKey::derive` which returns `tokeira_types::RunKey`
[INFO] [stdout]    --> /opt/rustwide/cargo-home/registry/src/index.crates.io-1949cf8c6b5b557f/tokeira-types-0.6.1/src/ids.rs:129:5
[INFO] [stdout]     |
[INFO] [stdout] 129 |     pub fn derive(namespace_id: NamespaceId, workflow_id: &WorkflowId, run_id: RunId) -> Self {
[INFO] [stdout]     |     ^^^^^^^^^^^^^^^^^^^^^^^^^^^^^^^^^^^^^^^^^^^^^^^^^^^^^^^^^^^^^^^^^^^^^^^^^^^^^^^^^^^^^^^^^
[INFO] [stdout] help: there is a method `ne` with a similar name, but with different arguments
[INFO] [stdout]    --> /rustc/e3feeb59cd1bdd011a2bfcc0747b55125d9b8527/library/core/src/cmp.rs:278:4
[INFO] [stdout] 
[INFO] [stdout] 
[INFO] [stdout] error[E0599]: no associated function or constant named `new` found for struct `tokeira_types::RunKey` in the current scope
[INFO] [stdout]    --> src/preservation_property_tests.rs:825:39
[INFO] [stdout]     |
[INFO] [stdout] 825 |                 let run_key = RunKey::new();
[INFO] [stdout]     |                                       ^^^ associated function or constant not found in `tokeira_types::RunKey`
[INFO] [stdout]     |
[INFO] [stdout] note: if you're trying to build a new `tokeira_types::RunKey`, consider using `tokeira_types::RunKey::derive` which returns `tokeira_types::RunKey`
[INFO] [stdout]    --> /opt/rustwide/cargo-home/registry/src/index.crates.io-1949cf8c6b5b557f/tokeira-types-0.6.1/src/ids.rs:129:5
[INFO] [stdout]     |
[INFO] [stdout] 129 |     pub fn derive(namespace_id: NamespaceId, workflow_id: &WorkflowId, run_id: RunId) -> Self {
[INFO] [stdout]     |     ^^^^^^^^^^^^^^^^^^^^^^^^^^^^^^^^^^^^^^^^^^^^^^^^^^^^^^^^^^^^^^^^^^^^^^^^^^^^^^^^^^^^^^^^^
[INFO] [stdout] help: there is a method `ne` with a similar name, but with different arguments
[INFO] [stdout]    --> /rustc/e3feeb59cd1bdd011a2bfcc0747b55125d9b8527/library/core/src/cmp.rs:278:4
[INFO] [stdout] 
[INFO] [stdout] 
[INFO] [stdout] error[E0599]: no associated function or constant named `new` found for struct `tokeira_types::RunKey` in the current scope
[INFO] [stdout]    --> src/recovery_index.rs:396:46
[INFO] [stdout]     |
[INFO] [stdout] 396 |         let mut state = sample_state(RunKey::new());
[INFO] [stdout]     |                                              ^^^ associated function or constant not found in `tokeira_types::RunKey`
[INFO] [stdout]     |
[INFO] [stdout] note: if you're trying to build a new `tokeira_types::RunKey`, consider using `tokeira_types::RunKey::derive` which returns `tokeira_types::RunKey`
[INFO] [stdout]    --> /opt/rustwide/cargo-home/registry/src/index.crates.io-1949cf8c6b5b557f/tokeira-types-0.6.1/src/ids.rs:129:5
[INFO] [stdout]     |
[INFO] [stdout] 129 |     pub fn derive(namespace_id: NamespaceId, workflow_id: &WorkflowId, run_id: RunId) -> Self {
[INFO] [stdout]     |     ^^^^^^^^^^^^^^^^^^^^^^^^^^^^^^^^^^^^^^^^^^^^^^^^^^^^^^^^^^^^^^^^^^^^^^^^^^^^^^^^^^^^^^^^^
[INFO] [stdout] help: there is a method `ne` with a similar name, but with different arguments
[INFO] [stdout]    --> /rustc/e3feeb59cd1bdd011a2bfcc0747b55125d9b8527/library/core/src/cmp.rs:278:4
[INFO] [stdout] 
[INFO] [stdout] 
[INFO] [stdout] error[E0599]: no associated function or constant named `new` found for struct `tokeira_types::RunKey` in the current scope
[INFO] [stdout]    --> src/recovery_index.rs:502:42
[INFO] [stdout]     |
[INFO] [stdout] 502 |         let state = sample_state(RunKey::new());
[INFO] [stdout]     |                                          ^^^ associated function or constant not found in `tokeira_types::RunKey`
[INFO] [stdout]     |
[INFO] [stdout] note: if you're trying to build a new `tokeira_types::RunKey`, consider using `tokeira_types::RunKey::derive` which returns `tokeira_types::RunKey`
[INFO] [stdout]    --> /opt/rustwide/cargo-home/registry/src/index.crates.io-1949cf8c6b5b557f/tokeira-types-0.6.1/src/ids.rs:129:5
[INFO] [stdout]     |
[INFO] [stdout] 129 |     pub fn derive(namespace_id: NamespaceId, workflow_id: &WorkflowId, run_id: RunId) -> Self {
[INFO] [stdout]     |     ^^^^^^^^^^^^^^^^^^^^^^^^^^^^^^^^^^^^^^^^^^^^^^^^^^^^^^^^^^^^^^^^^^^^^^^^^^^^^^^^^^^^^^^^^
[INFO] [stdout] help: there is a method `ne` with a similar name, but with different arguments
[INFO] [stdout]    --> /rustc/e3feeb59cd1bdd011a2bfcc0747b55125d9b8527/library/core/src/cmp.rs:278:4
[INFO] [stdout] 
[INFO] [stdout] 
[INFO] [stdout] error[E0599]: no associated function or constant named `new` found for struct `tokeira_types::RunKey` in the current scope
[INFO] [stdout]    --> src/recovery_index.rs:509:47
[INFO] [stdout]     |
[INFO] [stdout] 509 |         let mut paused = sample_state(RunKey::new());
[INFO] [stdout]     |                                               ^^^ associated function or constant not found in `tokeira_types::RunKey`
[INFO] [stdout]     |
[INFO] [stdout] note: if you're trying to build a new `tokeira_types::RunKey`, consider using `tokeira_types::RunKey::derive` which returns `tokeira_types::RunKey`
[INFO] [stdout]    --> /opt/rustwide/cargo-home/registry/src/index.crates.io-1949cf8c6b5b557f/tokeira-types-0.6.1/src/ids.rs:129:5
[INFO] [stdout]     |
[INFO] [stdout] 129 |     pub fn derive(namespace_id: NamespaceId, workflow_id: &WorkflowId, run_id: RunId) -> Self {
[INFO] [stdout]     |     ^^^^^^^^^^^^^^^^^^^^^^^^^^^^^^^^^^^^^^^^^^^^^^^^^^^^^^^^^^^^^^^^^^^^^^^^^^^^^^^^^^^^^^^^^
[INFO] [stdout] help: there is a method `ne` with a similar name, but with different arguments
[INFO] [stdout]    --> /rustc/e3feeb59cd1bdd011a2bfcc0747b55125d9b8527/library/core/src/cmp.rs:278:4
[INFO] [stdout] 
[INFO] [stdout] 
[INFO] [stdout] error[E0599]: no associated function or constant named `new` found for struct `tokeira_types::RunKey` in the current scope
[INFO] [stdout]    --> src/recovery_index.rs:520:46
[INFO] [stdout]     |
[INFO] [stdout] 520 |         let mut state = sample_state(RunKey::new());
[INFO] [stdout]     |                                              ^^^ associated function or constant not found in `tokeira_types::RunKey`
[INFO] [stdout]     |
[INFO] [stdout] note: if you're trying to build a new `tokeira_types::RunKey`, consider using `tokeira_types::RunKey::derive` which returns `tokeira_types::RunKey`
[INFO] [stdout]    --> /opt/rustwide/cargo-home/registry/src/index.crates.io-1949cf8c6b5b557f/tokeira-types-0.6.1/src/ids.rs:129:5
[INFO] [stdout]     |
[INFO] [stdout] 129 |     pub fn derive(namespace_id: NamespaceId, workflow_id: &WorkflowId, run_id: RunId) -> Self {
[INFO] [stdout]     |     ^^^^^^^^^^^^^^^^^^^^^^^^^^^^^^^^^^^^^^^^^^^^^^^^^^^^^^^^^^^^^^^^^^^^^^^^^^^^^^^^^^^^^^^^^
[INFO] [stdout] help: there is a method `ne` with a similar name, but with different arguments
[INFO] [stdout]    --> /rustc/e3feeb59cd1bdd011a2bfcc0747b55125d9b8527/library/core/src/cmp.rs:278:4
[INFO] [stdout] 
[INFO] [stdout] 
[INFO] [stdout] error[E0599]: no associated function or constant named `new` found for struct `tokeira_types::RunKey` in the current scope
[INFO] [stdout]    --> src/workflow_dispatch_tests.rs:156:61
[INFO] [stdout]     |
[INFO] [stdout] 156 |                 let mut template = fresh_transition(RunKey::new());
[INFO] [stdout]     |                                                             ^^^ associated function or constant not found in `tokeira_types::RunKey`
[INFO] [stdout]     |
[INFO] [stdout] note: if you're trying to build a new `tokeira_types::RunKey`, consider using `tokeira_types::RunKey::derive` which returns `tokeira_types::RunKey`
[INFO] [stdout]    --> /opt/rustwide/cargo-home/registry/src/index.crates.io-1949cf8c6b5b557f/tokeira-types-0.6.1/src/ids.rs:129:5
[INFO] [stdout]     |
[INFO] [stdout] 129 |     pub fn derive(namespace_id: NamespaceId, workflow_id: &WorkflowId, run_id: RunId) -> Self {
[INFO] [stdout]     |     ^^^^^^^^^^^^^^^^^^^^^^^^^^^^^^^^^^^^^^^^^^^^^^^^^^^^^^^^^^^^^^^^^^^^^^^^^^^^^^^^^^^^^^^^^
[INFO] [stdout] help: there is a method `ne` with a similar name, but with different arguments
[INFO] [stdout]    --> /rustc/e3feeb59cd1bdd011a2bfcc0747b55125d9b8527/library/core/src/cmp.rs:278:4
[INFO] [stdout] 
[INFO] [stdout] 
[INFO] [stdout] error[E0599]: no associated function or constant named `new` found for struct `tokeira_types::RunKey` in the current scope
[INFO] [stdout]    --> src/workflow_dispatch_tests.rs:167:61
[INFO] [stdout]     |
[INFO] [stdout] 167 |                     transition.next_state.run_key = RunKey::new();
[INFO] [stdout]     |                                                             ^^^ associated function or constant not found in `tokeira_types::RunKey`
[INFO] [stdout]     |
[INFO] [stdout] note: if you're trying to build a new `tokeira_types::RunKey`, consider using `tokeira_types::RunKey::derive` which returns `tokeira_types::RunKey`
[INFO] [stdout]    --> /opt/rustwide/cargo-home/registry/src/index.crates.io-1949cf8c6b5b557f/tokeira-types-0.6.1/src/ids.rs:129:5
[INFO] [stdout]     |
[INFO] [stdout] 129 |     pub fn derive(namespace_id: NamespaceId, workflow_id: &WorkflowId, run_id: RunId) -> Self {
[INFO] [stdout]     |     ^^^^^^^^^^^^^^^^^^^^^^^^^^^^^^^^^^^^^^^^^^^^^^^^^^^^^^^^^^^^^^^^^^^^^^^^^^^^^^^^^^^^^^^^^
[INFO] [stdout] help: there is a method `ne` with a similar name, but with different arguments
[INFO] [stdout]    --> /rustc/e3feeb59cd1bdd011a2bfcc0747b55125d9b8527/library/core/src/cmp.rs:278:4
[INFO] [stdout] 
[INFO] [stdout] 
[INFO] [stdout] error[E0599]: no associated function or constant named `new` found for struct `tokeira_types::RunKey` in the current scope
[INFO] [stdout]    --> src/workflow_dispatch_tests.rs:327:63
[INFO] [stdout]     |
[INFO] [stdout] 327 |                 let mut transition = fresh_transition(RunKey::new());
[INFO] [stdout]     |                                                               ^^^ associated function or constant not found in `tokeira_types::RunKey`
[INFO] [stdout]     |
[INFO] [stdout] note: if you're trying to build a new `tokeira_types::RunKey`, consider using `tokeira_types::RunKey::derive` which returns `tokeira_types::RunKey`
[INFO] [stdout]    --> /opt/rustwide/cargo-home/registry/src/index.crates.io-1949cf8c6b5b557f/tokeira-types-0.6.1/src/ids.rs:129:5
[INFO] [stdout]     |
[INFO] [stdout] 129 |     pub fn derive(namespace_id: NamespaceId, workflow_id: &WorkflowId, run_id: RunId) -> Self {
[INFO] [stdout]     |     ^^^^^^^^^^^^^^^^^^^^^^^^^^^^^^^^^^^^^^^^^^^^^^^^^^^^^^^^^^^^^^^^^^^^^^^^^^^^^^^^^^^^^^^^^
[INFO] [stdout] help: there is a method `ne` with a similar name, but with different arguments
[INFO] [stdout]    --> /rustc/e3feeb59cd1bdd011a2bfcc0747b55125d9b8527/library/core/src/cmp.rs:278:4
[INFO] [stdout] 
[INFO] [stdout] 
[INFO] [stdout] error[E0599]: no associated function or constant named `new` found for struct `tokeira_types::RunKey` in the current scope
[INFO] [stdout]    --> src/workflow_dispatch_tests.rs:857:71
[INFO] [stdout]     |
[INFO] [stdout] 857 |                         let mut transition = fresh_transition(RunKey::new());
[INFO] [stdout]     |                                                                       ^^^ associated function or constant not found in `tokeira_types::RunKey`
[INFO] [stdout]     |
[INFO] [stdout] note: if you're trying to build a new `tokeira_types::RunKey`, consider using `tokeira_types::RunKey::derive` which returns `tokeira_types::RunKey`
[INFO] [stdout]    --> /opt/rustwide/cargo-home/registry/src/index.crates.io-1949cf8c6b5b557f/tokeira-types-0.6.1/src/ids.rs:129:5
[INFO] [stdout]     |
[INFO] [stdout] 129 |     pub fn derive(namespace_id: NamespaceId, workflow_id: &WorkflowId, run_id: RunId) -> Self {
[INFO] [stdout]     |     ^^^^^^^^^^^^^^^^^^^^^^^^^^^^^^^^^^^^^^^^^^^^^^^^^^^^^^^^^^^^^^^^^^^^^^^^^^^^^^^^^^^^^^^^^
[INFO] [stdout] help: there is a method `ne` with a similar name, but with different arguments
[INFO] [stdout]    --> /rustc/e3feeb59cd1bdd011a2bfcc0747b55125d9b8527/library/core/src/cmp.rs:278:4
[INFO] [stdout] 
[INFO] [stdout] 
[INFO] [stdout] error[E0599]: no associated function or constant named `new` found for struct `tokeira_types::RunKey` in the current scope
[INFO] [stdout]     --> src/workflow_dispatch_tests.rs:1058:64
[INFO] [stdout]      |
[INFO] [stdout] 1058 |                     let mut initial = fresh_transition(RunKey::new());
[INFO] [stdout]      |                                                                ^^^ associated function or constant not found in `tokeira_types::RunKey`
[INFO] [stdout]      |
[INFO] [stdout] note: if you're trying to build a new `tokeira_types::RunKey`, consider using `tokeira_types::RunKey::derive` which returns `tokeira_types::RunKey`
[INFO] [stdout]     --> /opt/rustwide/cargo-home/registry/src/index.crates.io-1949cf8c6b5b557f/tokeira-types-0.6.1/src/ids.rs:129:5
[INFO] [stdout]      |
[INFO] [stdout]  129 |     pub fn derive(namespace_id: NamespaceId, workflow_id: &WorkflowId, run_id: RunId) -> Self {
[INFO] [stdout]      |     ^^^^^^^^^^^^^^^^^^^^^^^^^^^^^^^^^^^^^^^^^^^^^^^^^^^^^^^^^^^^^^^^^^^^^^^^^^^^^^^^^^^^^^^^^
[INFO] [stdout] help: there is a method `ne` with a similar name, but with different arguments
[INFO] [stdout]     --> /rustc/e3feeb59cd1bdd011a2bfcc0747b55125d9b8527/library/core/src/cmp.rs:278:4
[INFO] [stdout] 
[INFO] [stdout] 
[INFO] [stdout] error[E0599]: no associated function or constant named `new` found for struct `tokeira_types::RunKey` in the current scope
[INFO] [stdout]     --> src/workflow_dispatch_tests.rs:1061:64
[INFO] [stdout]      |
[INFO] [stdout] 1061 |                     let mut initial = fresh_transition(RunKey::new());
[INFO] [stdout]      |                                                                ^^^ associated function or constant not found in `tokeira_types::RunKey`
[INFO] [stdout]      |
[INFO] [stdout] note: if you're trying to build a new `tokeira_types::RunKey`, consider using `tokeira_types::RunKey::derive` which returns `tokeira_types::RunKey`
[INFO] [stdout]     --> /opt/rustwide/cargo-home/registry/src/index.crates.io-1949cf8c6b5b557f/tokeira-types-0.6.1/src/ids.rs:129:5
[INFO] [stdout]      |
[INFO] [stdout]  129 |     pub fn derive(namespace_id: NamespaceId, workflow_id: &WorkflowId, run_id: RunId) -> Self {
[INFO] [stdout]      |     ^^^^^^^^^^^^^^^^^^^^^^^^^^^^^^^^^^^^^^^^^^^^^^^^^^^^^^^^^^^^^^^^^^^^^^^^^^^^^^^^^^^^^^^^^
[INFO] [stdout] help: there is a method `ne` with a similar name, but with different arguments
[INFO] [stdout]     --> /rustc/e3feeb59cd1bdd011a2bfcc0747b55125d9b8527/library/core/src/cmp.rs:278:4
[INFO] [stdout] 
[INFO] [stdout] 
[INFO] [stdout] error[E0599]: no associated function or constant named `new` found for struct `tokeira_types::RunKey` in the current scope
[INFO] [stdout]     --> src/workflow_dispatch_tests.rs:1077:42
[INFO] [stdout]      |
[INFO] [stdout] 1077 |                     let absent = RunKey::new();
[INFO] [stdout]      |                                          ^^^ associated function or constant not found in `tokeira_types::RunKey`
[INFO] [stdout]      |
[INFO] [stdout] note: if you're trying to build a new `tokeira_types::RunKey`, consider using `tokeira_types::RunKey::derive` which returns `tokeira_types::RunKey`
[INFO] [stdout]     --> /opt/rustwide/cargo-home/registry/src/index.crates.io-1949cf8c6b5b557f/tokeira-types-0.6.1/src/ids.rs:129:5
[INFO] [stdout]      |
[INFO] [stdout]  129 |     pub fn derive(namespace_id: NamespaceId, workflow_id: &WorkflowId, run_id: RunId) -> Self {
[INFO] [stdout]      |     ^^^^^^^^^^^^^^^^^^^^^^^^^^^^^^^^^^^^^^^^^^^^^^^^^^^^^^^^^^^^^^^^^^^^^^^^^^^^^^^^^^^^^^^^^
[INFO] [stdout] help: there is a method `ne` with a similar name, but with different arguments
[INFO] [stdout]     --> /rustc/e3feeb59cd1bdd011a2bfcc0747b55125d9b8527/library/core/src/cmp.rs:278:4
[INFO] [stdout] 
[INFO] [stdout] 
[INFO] [stdout] For more information about this error, try `rustc --explain E0599`.
[INFO] [stdout] 
[INFO] [stderr] error: could not compile `tokeira-storage` (lib test) due to 126 previous errors
[INFO] [stderr] warning: build failed, waiting for other jobs to finish...
[INFO] running `Command { std: "docker" "inspect" "6429943eb4c3c5997f7519528b5d057f155a66adf2a1697861f33ea2527d17a1", kill_on_drop: false }`
[INFO] running `Command { std: "docker" "rm" "-f" "6429943eb4c3c5997f7519528b5d057f155a66adf2a1697861f33ea2527d17a1", kill_on_drop: false }`
[INFO] [stdout] 6429943eb4c3c5997f7519528b5d057f155a66adf2a1697861f33ea2527d17a1
