[INFO] fetching crate tmx-rs 0.1.0...
[INFO] testing tmx-rs-0.1.0 against 1.99.0-beta.8+cargoflags=--release for beta-release-1.100-2
[INFO] extracting crate tmx-rs 0.1.0 into /workspace/builds/worker-4-tc1/source
[INFO] started tweaking crates.io crate tmx-rs 0.1.0
[INFO] finished tweaking crates.io crate tmx-rs 0.1.0
[INFO] tweaked toml for crates.io crate tmx-rs 0.1.0 written to /workspace/builds/worker-4-tc1/source/Cargo.toml
[INFO] validating manifest of crates.io crate tmx-rs 0.1.0 on toolchain 1.99.0-beta.8
[INFO] running `Command { std: CARGO_HOME="/workspace/cargo-home" RUSTUP_HOME="/workspace/rustup-home" "/workspace/cargo-home/bin/cargo" "+1.99.0-beta.8" "metadata" "--manifest-path" "Cargo.toml" "--no-deps", kill_on_drop: false }`
[INFO] running `Command { std: CARGO_HOME="/workspace/cargo-home" RUSTUP_HOME="/workspace/rustup-home" "/workspace/cargo-home/bin/cargo" "+1.99.0-beta.8" "generate-lockfile" "--manifest-path" "Cargo.toml", kill_on_drop: false }`
[INFO] [stderr]     Updating crates.io index
[INFO] [stderr]      Locking 36 packages to highest compatible versions
[INFO] [stderr]       Adding base64 v0.13.1 (available: v0.23.1)
[INFO] [stderr]       Adding glam v0.20.5 (available: v0.34.1)
[INFO] [stderr]       Adding image v0.23.14 (available: v0.25.10)
[INFO] [stderr]       Adding libflate v1.4.0 (available: v2.3.2)
[INFO] [stderr]       Adding xml-rs v0.8.29 (available: v1.0.0)
[INFO] running `Command { std: CARGO_HOME="/workspace/cargo-home" RUSTUP_HOME="/workspace/rustup-home" "/workspace/cargo-home/bin/cargo" "+1.99.0-beta.8" "fetch" "--manifest-path" "Cargo.toml", kill_on_drop: false }`
[INFO] [stderr]  Downloading crates ...
[INFO] [stderr]   Downloaded xml-rs v0.8.29
[INFO] [stderr]   Downloaded libflate_lz77 v1.2.0
[INFO] [stderr]   Downloaded libflate v1.4.0
[INFO] [stderr]   Downloaded miniz_oxide v0.3.7
[INFO] [stderr]   Downloaded scoped_threadpool v0.1.9
[INFO] [stderr]   Downloaded num-rational v0.3.2
[INFO] [stderr]   Downloaded miniz_oxide v0.4.4
[INFO] [stderr]   Downloaded deflate v0.8.6
[INFO] [stderr]   Downloaded png v0.16.8
[INFO] [stderr]   Downloaded image v0.23.14
[INFO] [stderr]   Downloaded glam v0.20.5
[INFO] [stderr]   Downloaded jpeg-decoder v0.1.22
[INFO] [stderr]   Downloaded gif v0.11.4
[INFO] [stderr]   Downloaded tiff v0.6.1
[INFO] running `Command { std: "docker" "create" "-v" "/var/lib/crater-agent-workspace/builds/worker-4-tc1/source:/opt/rustwide/workdir:ro,Z" "-v" "/var/lib/crater-agent-workspace/builds/worker-4-tc1/target:/opt/rustwide/target:rw,Z" "-v" "/var/lib/crater-agent-workspace/cargo-home:/opt/rustwide/cargo-home:ro,Z" "-v" "/var/lib/crater-agent-workspace/rustup-home:/opt/rustwide/rustup-home:ro,Z" "-m" "1610612736" "--network" "none" "ghcr.io/rust-lang/crates-build-env/linux@sha256:77db811e55d90add9212f6832c23229e3de5f1c1f9905e8cb07319ea15df73ac" "sleep" "infinity", kill_on_drop: false }`
[INFO] [stdout] 6be4d9ffeb4a43147626bae18a63c3c5fbbd2a8a59ea2c39f81d1dda94e57762
[INFO] running `Command { std: "docker" "start" "6be4d9ffeb4a43147626bae18a63c3c5fbbd2a8a59ea2c39f81d1dda94e57762", kill_on_drop: false }`
[INFO] running `Command { std: "docker" "inspect" "6be4d9ffeb4a43147626bae18a63c3c5fbbd2a8a59ea2c39f81d1dda94e57762", kill_on_drop: false }`
[INFO] running `Command { std: "docker" "exec" "-e" "SOURCE_DIR=/opt/rustwide/workdir" "-e" "CARGO_HOME=/opt/rustwide/cargo-home" "-e" "RUSTUP_HOME=/opt/rustwide/rustup-home" "-e" "CARGO_TARGET_DIR=/opt/rustwide/target" "-w" "/opt/rustwide/workdir" "--user" "0:0" "6be4d9ffeb4a43147626bae18a63c3c5fbbd2a8a59ea2c39f81d1dda94e57762" "/opt/rustwide/cargo-home/bin/cargo" "+1.99.0-beta.8" "metadata" "--no-deps" "--format-version=1", kill_on_drop: false }`
[INFO] running `Command { std: "docker" "inspect" "6be4d9ffeb4a43147626bae18a63c3c5fbbd2a8a59ea2c39f81d1dda94e57762", kill_on_drop: false }`
[INFO] running `Command { std: "docker" "exec" "-e" "SOURCE_DIR=/opt/rustwide/workdir" "-e" "CARGO_HOME=/opt/rustwide/cargo-home" "-e" "RUSTUP_HOME=/opt/rustwide/rustup-home" "-e" "CARGO_TARGET_DIR=/opt/rustwide/target" "-e" "CARGO_INCREMENTAL=0" "-e" "RUST_BACKTRACE=full" "-e" "RUSTFLAGS=--cap-lints=warn" "-e" "RUSTDOCFLAGS=--cap-lints=warn" "-w" "/opt/rustwide/workdir" "--user" "0:0" "6be4d9ffeb4a43147626bae18a63c3c5fbbd2a8a59ea2c39f81d1dda94e57762" "/opt/rustwide/cargo-home/bin/cargo" "+1.99.0-beta.8" "build" "--frozen" "--message-format=json" "--release", kill_on_drop: false }`
[INFO] [stderr]    Compiling crossbeam-utils v0.8.23
[INFO] [stderr]    Compiling crossbeam-epoch v0.9.21
[INFO] [stderr]    Compiling crossbeam-deque v0.8.8
[INFO] [stderr]    Compiling num-traits v0.2.19
[INFO] [stderr]    Compiling crc32fast v1.5.2
[INFO] [stderr]    Compiling adler32 v1.2.0
[INFO] [stderr]    Compiling miniz_oxide v0.4.4
[INFO] [stderr]    Compiling cfg-if v1.0.5
[INFO] [stderr]    Compiling either v1.19.0
[INFO] [stderr]    Compiling num-rational v0.3.2
[INFO] [stderr]    Compiling byteorder v1.5.0
[INFO] [stderr]    Compiling adler v1.0.2
[INFO] [stderr]    Compiling weezl v0.1.12
[INFO] [stderr]    Compiling rle-decode-fast v1.0.3
[INFO] [stderr]    Compiling color_quant v1.1.0
[INFO] [stderr]    Compiling anyhow v1.0.104
[INFO] [stderr]    Compiling scoped_threadpool v0.1.9
[INFO] [stderr]    Compiling miniz_oxide v0.3.7
[INFO] [stderr]    Compiling libflate_lz77 v1.2.0
[INFO] [stderr]    Compiling bytemuck v1.25.2
[INFO] [stderr]    Compiling glam v0.20.5
[INFO] [stderr]    Compiling base64 v0.13.1
[INFO] [stderr]    Compiling xml-rs v0.8.29
[INFO] [stderr]    Compiling deflate v0.8.6
[INFO] [stderr]    Compiling gif v0.11.4
[INFO] [stderr]    Compiling libflate v1.4.0
[INFO] [stderr]    Compiling num-integer v0.1.47
[INFO] [stderr]    Compiling png v0.16.8
[INFO] [stderr]    Compiling num-iter v0.1.46
[INFO] [stderr]    Compiling rayon-core v1.13.0
[INFO] [stderr]    Compiling rayon v1.12.0
[INFO] [stderr]    Compiling jpeg-decoder v0.1.22
[INFO] [stderr]    Compiling tiff v0.6.1
[INFO] [stderr]    Compiling image v0.23.14
[INFO] [stderr]    Compiling tmx-rs v0.1.0 (/opt/rustwide/workdir)
[INFO] [stdout] error[E0532]: expected a pattern, found a function call
[INFO] [stdout]    --> src/parse.rs:856:43
[INFO] [stdout]     |
[INFO] [stdout] 856 | ...                   (Some(Ok(x)), Some(Ok(y))) => Ok(Vec2::new(x, y)),
[INFO] [stdout]     |                             ^^ not a tuple struct or tuple variant
[INFO] [stdout]     |
[INFO] [stdout]     = note: function calls are not allowed in patterns: <https://doc.rust-lang.org/book/ch19-00-patterns.html>
[INFO] [stdout] help: consider importing this tuple variant instead
[INFO] [stdout]     |
[INFO] [stdout]   1 + use std::result::Result::Ok;
[INFO] [stdout]     |
[INFO] [stdout] 
[INFO] [stdout] 
[INFO] [stdout] error[E0532]: expected a pattern, found a function call
[INFO] [stdout]    --> src/parse.rs:856:56
[INFO] [stdout]     |
[INFO] [stdout] 856 | ...                   (Some(Ok(x)), Some(Ok(y))) => Ok(Vec2::new(x, y)),
[INFO] [stdout]     |                                          ^^ not a tuple struct or tuple variant
[INFO] [stdout]     |
[INFO] [stdout]     = note: function calls are not allowed in patterns: <https://doc.rust-lang.org/book/ch19-00-patterns.html>
[INFO] [stdout] help: consider importing this tuple variant instead
[INFO] [stdout]     |
[INFO] [stdout]   1 + use std::result::Result::Ok;
[INFO] [stdout]     |
[INFO] [stdout] 
[INFO] [stdout] 
[INFO] [stdout] error[E0532]: expected a pattern, found a function call
[INFO] [stdout]    --> src/parse.rs:861:33
[INFO] [stdout]     |
[INFO] [stdout] 861 | ...                   Ok(mut vec) => {
[INFO] [stdout]     |                       ^^ not a tuple struct or tuple variant
[INFO] [stdout]     |
[INFO] [stdout]     = note: function calls are not allowed in patterns: <https://doc.rust-lang.org/book/ch19-00-patterns.html>
[INFO] [stdout] help: consider importing this tuple variant instead
[INFO] [stdout]     |
[INFO] [stdout]   1 + use std::result::Result::Ok;
[INFO] [stdout]     |
[INFO] [stdout] 
[INFO] [stdout] 
[INFO] [stdout] For more information about this error, try `rustc --explain E0532`.
[INFO] [stdout] 
[INFO] [stderr] error: could not compile `tmx-rs` (lib) due to 3 previous errors
[INFO] [stderr] warning: build failed, waiting for other jobs to finish...
[INFO] running `Command { std: "docker" "inspect" "6be4d9ffeb4a43147626bae18a63c3c5fbbd2a8a59ea2c39f81d1dda94e57762", kill_on_drop: false }`
[INFO] running `Command { std: "docker" "rm" "-f" "6be4d9ffeb4a43147626bae18a63c3c5fbbd2a8a59ea2c39f81d1dda94e57762", kill_on_drop: false }`
[INFO] [stdout] 6be4d9ffeb4a43147626bae18a63c3c5fbbd2a8a59ea2c39f81d1dda94e57762
