[INFO] fetching crate tmaze 1.18.0...
[INFO] testing tmaze-1.18.0 against 1.100.0-beta.1+cargoflags=--release for beta-release-1.100-2
[INFO] extracting crate tmaze 1.18.0 into /workspace/builds/worker-7-tc2/source
[INFO] started tweaking crates.io crate tmaze 1.18.0
[INFO] removed 0 missing examples
[INFO] finished tweaking crates.io crate tmaze 1.18.0
[INFO] tweaked toml for crates.io crate tmaze 1.18.0 written to /workspace/builds/worker-7-tc2/source/Cargo.toml
[INFO] validating manifest of crates.io crate tmaze 1.18.0 on toolchain 1.100.0-beta.1
[INFO] running `Command { std: CARGO_HOME="/workspace/cargo-home" RUSTUP_HOME="/workspace/rustup-home" "/workspace/cargo-home/bin/cargo" "+1.100.0-beta.1" "metadata" "--manifest-path" "Cargo.toml" "--no-deps", kill_on_drop: false }`
[INFO] crate crates.io crate tmaze 1.18.0 already has a lockfile, it will not be regenerated
[INFO] running `Command { std: CARGO_HOME="/workspace/cargo-home" RUSTUP_HOME="/workspace/rustup-home" "/workspace/cargo-home/bin/cargo" "+1.100.0-beta.1" "fetch" "--manifest-path" "Cargo.toml", kill_on_drop: false }`
[INFO] running `Command { std: "docker" "create" "-v" "/var/lib/crater-agent-workspace/builds/worker-7-tc2/source:/opt/rustwide/workdir:ro,Z" "-v" "/var/lib/crater-agent-workspace/builds/worker-7-tc2/target:/opt/rustwide/target:rw,Z" "-v" "/var/lib/crater-agent-workspace/cargo-home:/opt/rustwide/cargo-home:ro,Z" "-v" "/var/lib/crater-agent-workspace/rustup-home:/opt/rustwide/rustup-home:ro,Z" "-m" "1610612736" "--network" "none" "ghcr.io/rust-lang/crates-build-env/linux@sha256:77db811e55d90add9212f6832c23229e3de5f1c1f9905e8cb07319ea15df73ac" "sleep" "infinity", kill_on_drop: false }`
[INFO] [stdout] 9b38b83fde0ee3fd174cdfff5df9964497ca144a6de7d4acc31a6f257b08d568
[INFO] running `Command { std: "docker" "start" "9b38b83fde0ee3fd174cdfff5df9964497ca144a6de7d4acc31a6f257b08d568", kill_on_drop: false }`
[INFO] running `Command { std: "docker" "inspect" "9b38b83fde0ee3fd174cdfff5df9964497ca144a6de7d4acc31a6f257b08d568", kill_on_drop: false }`
[INFO] running `Command { std: "docker" "exec" "-e" "SOURCE_DIR=/opt/rustwide/workdir" "-e" "CARGO_HOME=/opt/rustwide/cargo-home" "-e" "RUSTUP_HOME=/opt/rustwide/rustup-home" "-e" "CARGO_TARGET_DIR=/opt/rustwide/target" "-w" "/opt/rustwide/workdir" "--user" "0:0" "9b38b83fde0ee3fd174cdfff5df9964497ca144a6de7d4acc31a6f257b08d568" "/opt/rustwide/cargo-home/bin/cargo" "+1.100.0-beta.1" "metadata" "--no-deps" "--format-version=1", kill_on_drop: false }`
[INFO] running `Command { std: "docker" "inspect" "9b38b83fde0ee3fd174cdfff5df9964497ca144a6de7d4acc31a6f257b08d568", kill_on_drop: false }`
[INFO] running `Command { std: "docker" "exec" "-e" "SOURCE_DIR=/opt/rustwide/workdir" "-e" "CARGO_HOME=/opt/rustwide/cargo-home" "-e" "RUSTUP_HOME=/opt/rustwide/rustup-home" "-e" "CARGO_TARGET_DIR=/opt/rustwide/target" "-e" "CARGO_INCREMENTAL=0" "-e" "RUST_BACKTRACE=full" "-e" "RUSTFLAGS=--cap-lints=warn" "-e" "RUSTDOCFLAGS=--cap-lints=warn" "-w" "/opt/rustwide/workdir" "--user" "0:0" "9b38b83fde0ee3fd174cdfff5df9964497ca144a6de7d4acc31a6f257b08d568" "/opt/rustwide/cargo-home/bin/cargo" "+1.100.0-beta.1" "build" "--frozen" "--message-format=json" "--release", kill_on_drop: false }`
[INFO] [stderr]    Compiling log v0.4.29
[INFO] [stderr]    Compiling futures-sink v0.3.32
[INFO] [stderr]    Compiling cc v1.2.61
[INFO] [stderr]    Compiling bitflags v2.11.1
[INFO] [stderr]    Compiling icu_locale_core v2.2.0
[INFO] [stderr]    Compiling icu_collections v2.2.0
[INFO] [stderr]    Compiling rustls v0.23.39
[INFO] [stderr]    Compiling alsa-sys v0.3.1
[INFO] [stderr]    Compiling futures-channel v0.3.32
[INFO] [stderr]    Compiling object v0.37.3
[INFO] [stderr]    Compiling signal-hook v0.3.18
[INFO] [stderr]    Compiling mio v1.2.0
[INFO] [stderr]    Compiling symphonia-core v0.5.5
[INFO] [stderr]    Compiling futures-util v0.3.32
[INFO] [stderr]    Compiling cpal v0.15.3
[INFO] [stderr]    Compiling rustix v0.38.44
[INFO] [stderr]    Compiling syn v1.0.109
[INFO] [stderr]    Compiling tokio v1.52.1
[INFO] [stderr]    Compiling iri-string v0.7.12
[INFO] [stderr]    Compiling gimli v0.32.3
[INFO] [stderr]    Compiling miniz_oxide v0.8.9
[INFO] [stderr]    Compiling ring v0.17.14
[INFO] [stderr]    Compiling icu_provider v2.2.0
[INFO] [stderr]    Compiling icu_properties v2.2.0
[INFO] [stderr]    Compiling icu_normalizer v2.2.0
[INFO] [stderr]    Compiling idna_adapter v1.2.1
[INFO] [stderr]    Compiling idna v1.1.0
[INFO] [stderr]    Compiling symphonia-metadata v0.5.5
[INFO] [stderr]    Compiling url v2.5.8
[INFO] [stderr]    Compiling addr2line v0.25.1
[INFO] [stderr]    Compiling futures-executor v0.3.32
[INFO] [stderr]    Compiling symphonia-bundle-mp3 v0.5.5
[INFO] [stderr]    Compiling serde_urlencoded v0.7.1
[INFO] [stderr]    Compiling alsa v0.9.1
[INFO] [stderr]    Compiling thiserror v2.0.18
[INFO] [stderr]    Compiling rand_chacha v0.3.1
[INFO] [stderr]    Compiling pest_generator v2.8.6
[INFO] [stderr]    Compiling serde_json v1.0.149
[INFO] [stderr]    Compiling hyper v1.9.0
[INFO] [stderr]    Compiling tower v0.5.3
[INFO] [stderr]    Compiling tower-http v0.6.8
[INFO] [stderr]    Compiling ahash v0.8.12
[INFO] [stderr]    Compiling hyper-util v0.1.20
[INFO] [stderr]    Compiling substring v1.4.5
[INFO] [stderr]    Compiling toml_datetime v0.6.11
[INFO] [stderr]    Compiling serde_spanned v0.6.9
[INFO] [stderr]    Compiling thiserror-impl v1.0.69
[INFO] [stderr]    Compiling linux-raw-sys v0.4.15
[INFO] [stderr]    Compiling boml v1.0.2
[INFO] [stderr]    Compiling rustc-demangle v0.1.27
[INFO] [stderr]    Compiling dasp_sample v0.11.0
[INFO] [stderr]    Compiling clap_builder v4.6.0
[INFO] [stderr]    Compiling thiserror v1.0.69
[INFO] [stderr]    Compiling rayon v1.12.0
[INFO] [stderr]    Compiling tmaze v1.18.0 (/opt/rustwide/workdir)
[INFO] [stderr]    Compiling toml_edit v0.22.27
[INFO] [stderr]    Compiling chrono v0.4.44
[INFO] [stderr]    Compiling hashbrown v0.14.5
[INFO] [stderr]    Compiling clap_derive v4.6.1
[INFO] [stderr]    Compiling backtrace v0.3.76
[INFO] [stderr]    Compiling dirs-sys v0.4.1
[INFO] [stderr]    Compiling signal-hook-mio v0.2.5
[INFO] [stderr]    Compiling pest_derive v2.8.6
[INFO] [stderr]    Compiling rand v0.8.6
[INFO] [stderr]    Compiling symphonia v0.5.5
[INFO] [stderr]    Compiling futures v0.3.32
[INFO] [stderr]    Compiling rand_xoshiro v0.6.0
[INFO] [stderr]    Compiling serde_path_to_error v0.1.20
[INFO] [stderr]    Compiling console v0.15.11
[INFO] [stderr]    Compiling pausable_clock v1.0.2
[INFO] [stderr]    Compiling hound v3.5.1
[INFO] [stderr]    Compiling rustls-webpki v0.103.13
[INFO] [stderr]    Compiling better-panic v0.3.0
[INFO] [stderr]    Compiling rodio v0.18.1
[INFO] [stderr]    Compiling derivative v2.2.0
[INFO] [stderr]    Compiling cmaze v0.9.1
[INFO] [stderr]    Compiling pad v0.1.6
[INFO] [stderr]    Compiling arc-swap v1.9.1
[INFO] [stderr]    Compiling clap v4.6.1
[INFO] [stderr]    Compiling json5 v0.4.1
[INFO] [stderr]    Compiling dirs v5.0.1
[INFO] [stderr]    Compiling crossterm v0.28.1
[INFO] [stderr]    Compiling toml v0.8.23
[INFO] [stderr]    Compiling tokio-rustls v0.26.4
[INFO] [stderr]    Compiling hyper-rustls v0.27.9
[INFO] [stderr]    Compiling reqwest v0.12.28
[INFO] [stderr]    Compiling upon v0.10.0
[INFO] [stderr]    Compiling crates_io_api v0.11.0
[INFO] [stderr] warning: unused dependency `derivative`
[INFO] [stderr]   --> Cargo.toml:38:15
[INFO] [stderr]    |
[INFO] [stderr] 38 | [dependencies.derivative]
[INFO] [stderr]    |               ^^^^^^^^^^^
[INFO] [stderr]    |
[INFO] [stderr]    = note: `cargo::unused_dependencies` is set to `warn` by default
[INFO] [stderr] help: consider removing the dependency on `derivative`
[INFO] [stderr] warning: `tmaze` (manifest) generated 1 warning
[INFO] [stderr]     Finished `release` profile [optimized] target(s) in 4m 25s
[INFO] running `Command { std: "docker" "inspect" "9b38b83fde0ee3fd174cdfff5df9964497ca144a6de7d4acc31a6f257b08d568", kill_on_drop: false }`
[INFO] running `Command { std: "docker" "exec" "-e" "SOURCE_DIR=/opt/rustwide/workdir" "-e" "CARGO_HOME=/opt/rustwide/cargo-home" "-e" "RUSTUP_HOME=/opt/rustwide/rustup-home" "-e" "CARGO_TARGET_DIR=/opt/rustwide/target" "-e" "CARGO_INCREMENTAL=0" "-e" "RUST_BACKTRACE=full" "-e" "RUSTFLAGS=--cap-lints=warn" "-e" "RUSTDOCFLAGS=--cap-lints=warn" "-w" "/opt/rustwide/workdir" "--user" "0:0" "9b38b83fde0ee3fd174cdfff5df9964497ca144a6de7d4acc31a6f257b08d568" "/opt/rustwide/cargo-home/bin/cargo" "+1.100.0-beta.1" "test" "--frozen" "--no-run" "--message-format=json" "--release", kill_on_drop: false }`
[INFO] [stderr]    Compiling diff v0.1.13
[INFO] [stderr]    Compiling yansi v1.0.1
[INFO] [stderr]    Compiling pretty_assertions v1.4.1
[INFO] [stderr]    Compiling tmaze v1.18.0 (/opt/rustwide/workdir)
[INFO] [stdout] error[E0432]: unresolved import `tmaze::app::Event`
[INFO] [stdout]  --> examples/logging.rs:4:49
[INFO] [stdout]   |
[INFO] [stdout] 4 |         Activity, ActivityHandler, App, Change, Event,
[INFO] [stdout]   |                                                 ^^^^^ no `Event` in `app`
[INFO] [stdout]   |
[INFO] [stdout] help: a similar name exists in the module
[INFO] [stdout]   |
[INFO] [stdout] 4 -         Activity, ActivityHandler, App, Change, Event,
[INFO] [stdout] 4 +         Activity, ActivityHandler, App, Change, event,
[INFO] [stdout]   |
[INFO] [stdout] 
[INFO] [stdout] 
[INFO] [stdout] error[E0061]: this method takes 1 argument but 0 arguments were supplied
[INFO] [stdout]    --> examples/menu.rs:19:45
[INFO] [stdout]     |
[INFO] [stdout]  19 |     let menu = menu::Menu::new(menu_config).into_activity();
[INFO] [stdout]     |                                             ^^^^^^^^^^^^^-- argument #1 is missing
[INFO] [stdout]     |
[INFO] [stdout] note: method defined here
[INFO] [stdout]    --> src/ui/menu.rs:407:12
[INFO] [stdout]     |
[INFO] [stdout] 407 |     pub fn into_activity(self, name: impl Into<String>) -> Activity {
[INFO] [stdout]     |            ^^^^^^^^^^^^^
[INFO] [stdout] help: provide the argument
[INFO] [stdout]     |
[INFO] [stdout]  19 |     let menu = menu::Menu::new(menu_config).into_activity(/* name */);
[INFO] [stdout]     |                                                           ++++++++++
[INFO] [stdout] 
[INFO] [stdout] 
[INFO] [stdout] error[E0599]: no variant, associated function, or constant named `Default` found for enum `ConfigSource<'a>` in the current scope
[INFO] [stdout]   --> examples/logging.rs:18:55
[INFO] [stdout]    |
[INFO] [stdout] 18 |         config_source: tmaze::settings::ConfigSource::Default,
[INFO] [stdout]    |                                                       ^^^^^^^ variant, associated function, or constant not found in `ConfigSource<'_>`
[INFO] [stdout] 
[INFO] [stdout] 
[INFO] [stdout] error[E0599]: no variant, associated function, or constant named `Default` found for enum `ConfigSource<'a>` in the current scope
[INFO] [stdout]   --> examples/menu.rs:23:38
[INFO] [stdout]    |
[INFO] [stdout] 23 |         config_source: ConfigSource::Default,
[INFO] [stdout]    |                                      ^^^^^^^ variant, associated function, or constant not found in `ConfigSource<'_>`
[INFO] [stdout] 
[INFO] [stdout] 
[INFO] [stdout] Some errors have detailed explanations: E0432, E0599.
[INFO] [stdout] 
[INFO] [stdout] For more information about an error, try `rustc --explain E0432`.
[INFO] [stdout] 
[INFO] [stdout] Some errors have detailed explanations: E0061, E0599.
[INFO] [stdout] 
[INFO] [stdout] For more information about an error, try `rustc --explain E0061`.
[INFO] [stdout] 
[INFO] [stderr] error: could not compile `tmaze` (example "menu") due to 2 previous errors
[INFO] [stderr] warning: build failed, waiting for other jobs to finish...
[INFO] [stderr] error: could not compile `tmaze` (example "logging") due to 2 previous errors
[INFO] [stderr] warning: unused dependency `derivative`
[INFO] [stderr]   --> Cargo.toml:38:15
[INFO] [stderr]    |
[INFO] [stderr] 38 | [dependencies.derivative]
[INFO] [stderr]    |               ^^^^^^^^^^^
[INFO] [stderr]    |
[INFO] [stderr]    = note: `cargo::unused_dependencies` is set to `warn` by default
[INFO] [stderr] help: consider removing the dependency on `derivative`
[INFO] [stderr] warning: `tmaze` (manifest) generated 1 warning
[INFO] running `Command { std: "docker" "inspect" "9b38b83fde0ee3fd174cdfff5df9964497ca144a6de7d4acc31a6f257b08d568", kill_on_drop: false }`
[INFO] running `Command { std: "docker" "rm" "-f" "9b38b83fde0ee3fd174cdfff5df9964497ca144a6de7d4acc31a6f257b08d568", kill_on_drop: false }`
[INFO] [stdout] 9b38b83fde0ee3fd174cdfff5df9964497ca144a6de7d4acc31a6f257b08d568
