[INFO] fetching crate tm-exec 0.7.0...
[INFO] testing tm-exec-0.7.0 against 1.99.0-beta.8+cargoflags=--release for beta-release-1.100-2
[INFO] extracting crate tm-exec 0.7.0 into /workspace/builds/worker-7-tc1/source
[INFO] started tweaking crates.io crate tm-exec 0.7.0
[INFO] removed 0 missing tests
[INFO] finished tweaking crates.io crate tm-exec 0.7.0
[INFO] tweaked toml for crates.io crate tm-exec 0.7.0 written to /workspace/builds/worker-7-tc1/source/Cargo.toml
[INFO] validating manifest of crates.io crate tm-exec 0.7.0 on toolchain 1.99.0-beta.8
[INFO] running `Command { std: CARGO_HOME="/workspace/cargo-home" RUSTUP_HOME="/workspace/rustup-home" "/workspace/cargo-home/bin/cargo" "+1.99.0-beta.8" "metadata" "--manifest-path" "Cargo.toml" "--no-deps", kill_on_drop: false }`
[INFO] crate crates.io crate tm-exec 0.7.0 already has a lockfile, it will not be regenerated
[INFO] running `Command { std: CARGO_HOME="/workspace/cargo-home" RUSTUP_HOME="/workspace/rustup-home" "/workspace/cargo-home/bin/cargo" "+1.99.0-beta.8" "fetch" "--manifest-path" "Cargo.toml", kill_on_drop: false }`
[INFO] [stderr]     Updating crates.io index
[INFO] [stderr]  Downloading crates ...
[INFO] [stderr]   Downloaded tm-ir v0.7.0
[INFO] [stderr]   Downloaded lru v0.18.5
[INFO] [stderr]   Downloaded smallvec v1.16.2
[INFO] [stderr]   Downloaded hashlink v0.12.2
[INFO] [stderr]   Downloaded console v0.16.6
[INFO] [stderr]   Downloaded cc v1.5.1
[INFO] [stderr]   Downloaded insta v1.48.0
[INFO] [stderr]   Downloaded zerocopy-derive v0.8.59
[INFO] [stderr]   Downloaded tm-core v0.7.0
[INFO] [stderr]   Downloaded syn v3.0.6
[INFO] [stderr]   Downloaded zerocopy v0.8.59
[INFO] running `Command { std: "docker" "create" "-v" "/var/lib/crater-agent-workspace/builds/worker-7-tc1/source:/opt/rustwide/workdir:ro,Z" "-v" "/var/lib/crater-agent-workspace/builds/worker-7-tc1/target:/opt/rustwide/target:rw,Z" "-v" "/var/lib/crater-agent-workspace/cargo-home:/opt/rustwide/cargo-home:ro,Z" "-v" "/var/lib/crater-agent-workspace/rustup-home:/opt/rustwide/rustup-home:ro,Z" "-m" "1610612736" "--network" "none" "ghcr.io/rust-lang/crates-build-env/linux@sha256:77db811e55d90add9212f6832c23229e3de5f1c1f9905e8cb07319ea15df73ac" "sleep" "infinity", kill_on_drop: false }`
[INFO] [stdout] b6d22bc45262a7fd12a80f4f7f2e62ef2c42066c57b1b7e39724ddf060989819
[INFO] running `Command { std: "docker" "start" "b6d22bc45262a7fd12a80f4f7f2e62ef2c42066c57b1b7e39724ddf060989819", kill_on_drop: false }`
[INFO] running `Command { std: "docker" "inspect" "b6d22bc45262a7fd12a80f4f7f2e62ef2c42066c57b1b7e39724ddf060989819", kill_on_drop: false }`
[INFO] running `Command { std: "docker" "exec" "-e" "SOURCE_DIR=/opt/rustwide/workdir" "-e" "CARGO_HOME=/opt/rustwide/cargo-home" "-e" "RUSTUP_HOME=/opt/rustwide/rustup-home" "-e" "CARGO_TARGET_DIR=/opt/rustwide/target" "-w" "/opt/rustwide/workdir" "--user" "0:0" "b6d22bc45262a7fd12a80f4f7f2e62ef2c42066c57b1b7e39724ddf060989819" "/opt/rustwide/cargo-home/bin/cargo" "+1.99.0-beta.8" "metadata" "--no-deps" "--format-version=1", kill_on_drop: false }`
[INFO] running `Command { std: "docker" "inspect" "b6d22bc45262a7fd12a80f4f7f2e62ef2c42066c57b1b7e39724ddf060989819", kill_on_drop: false }`
[INFO] running `Command { std: "docker" "exec" "-e" "SOURCE_DIR=/opt/rustwide/workdir" "-e" "CARGO_HOME=/opt/rustwide/cargo-home" "-e" "RUSTUP_HOME=/opt/rustwide/rustup-home" "-e" "CARGO_TARGET_DIR=/opt/rustwide/target" "-e" "CARGO_INCREMENTAL=0" "-e" "RUST_BACKTRACE=full" "-e" "RUSTFLAGS=--cap-lints=warn" "-e" "RUSTDOCFLAGS=--cap-lints=warn" "-w" "/opt/rustwide/workdir" "--user" "0:0" "b6d22bc45262a7fd12a80f4f7f2e62ef2c42066c57b1b7e39724ddf060989819" "/opt/rustwide/cargo-home/bin/cargo" "+1.99.0-beta.8" "build" "--frozen" "--message-format=json" "--release", kill_on_drop: false }`
[INFO] [stderr]    Compiling proc-macro2 v1.0.107
[INFO] [stderr]    Compiling foldhash v0.2.0
[INFO] [stderr]    Compiling thiserror v2.0.21
[INFO] [stderr]    Compiling aho-corasick v1.1.5
[INFO] [stderr]    Compiling hashbrown v0.17.1
[INFO] [stderr]    Compiling quote v1.0.47
[INFO] [stderr]    Compiling syn v3.0.6
[INFO] [stderr]    Compiling lru v0.18.5
[INFO] [stderr]    Compiling regex-automata v0.4.18
[INFO] [stderr]    Compiling thiserror-impl v2.0.21
[INFO] [stderr]    Compiling tm-core v0.7.0
[INFO] [stderr]    Compiling regex v1.13.1
[INFO] [stderr]    Compiling tm-ir v0.7.0
[INFO] [stderr]    Compiling tm-exec v0.7.0 (/opt/rustwide/workdir)
[INFO] [stderr]     Finished `release` profile [optimized] target(s) in 39.03s
[INFO] running `Command { std: "docker" "inspect" "b6d22bc45262a7fd12a80f4f7f2e62ef2c42066c57b1b7e39724ddf060989819", kill_on_drop: false }`
[INFO] running `Command { std: "docker" "exec" "-e" "SOURCE_DIR=/opt/rustwide/workdir" "-e" "CARGO_HOME=/opt/rustwide/cargo-home" "-e" "RUSTUP_HOME=/opt/rustwide/rustup-home" "-e" "CARGO_TARGET_DIR=/opt/rustwide/target" "-e" "CARGO_INCREMENTAL=0" "-e" "RUST_BACKTRACE=full" "-e" "RUSTFLAGS=--cap-lints=warn" "-e" "RUSTDOCFLAGS=--cap-lints=warn" "-w" "/opt/rustwide/workdir" "--user" "0:0" "b6d22bc45262a7fd12a80f4f7f2e62ef2c42066c57b1b7e39724ddf060989819" "/opt/rustwide/cargo-home/bin/cargo" "+1.99.0-beta.8" "test" "--frozen" "--no-run" "--message-format=json" "--release", kill_on_drop: false }`
[INFO] [stderr]    Compiling libc v0.2.189
[INFO] [stderr]    Compiling rustix v1.1.5
[INFO] [stderr]    Compiling bitflags v2.13.2
[INFO] [stderr]    Compiling zerocopy v0.8.59
[INFO] [stderr]    Compiling fastrand v2.5.0
[INFO] [stderr]    Compiling cc v1.5.1
[INFO] [stderr]    Compiling pkg-config v0.3.34
[INFO] [stderr]    Compiling hashlink v0.12.2
[INFO] [stderr]    Compiling similar v2.7.0
[INFO] [stderr]    Compiling smallvec v1.16.2
[INFO] [stderr]    Compiling fallible-streaming-iterator v0.1.9
[INFO] [stderr]    Compiling fallible-iterator v0.3.0
[INFO] [stderr]    Compiling getrandom v0.3.4
[INFO] [stderr]    Compiling getrandom v0.4.3
[INFO] [stderr]    Compiling wait-timeout v0.2.1
[INFO] [stderr]    Compiling console v0.16.6
[INFO] [stderr]    Compiling libsqlite3-sys v0.38.2
[INFO] [stderr]    Compiling rand_core v0.9.5
[INFO] [stderr]    Compiling rand_xorshift v0.4.0
[INFO] [stderr]    Compiling rand v0.9.5
[INFO] [stderr]    Compiling tempfile v3.27.0
[INFO] [stderr]    Compiling rusty-fork v0.3.1
[INFO] [stderr]    Compiling insta v1.48.0
[INFO] [stderr]    Compiling ppv-lite86 v0.2.21
[INFO] [stderr]    Compiling rand_chacha v0.9.0
[INFO] [stderr]    Compiling proptest v1.11.0
[INFO] [stderr]    Compiling rusqlite v0.40.2
[INFO] [stderr]    Compiling tm-exec v0.7.0 (/opt/rustwide/workdir)
[INFO] [stdout] error[E0432]: unresolved import `tiramemsu`
[INFO] [stdout]  --> tests/common/mock.rs:6:5
[INFO] [stdout]   |
[INFO] [stdout] 6 | use tiramemsu::{NativeKind, NativeOperator, SqlValue};
[INFO] [stdout]   |     ^^^^^^^^^ use of unresolved module or unlinked crate `tiramemsu`
[INFO] [stdout]   |
[INFO] [stdout]   = help: if you wanted to use a crate named `tiramemsu`, use `cargo add tiramemsu` to add it to your `Cargo.toml`
[INFO] [stdout] 
[INFO] [stdout] 
[INFO] [stdout] error[E0432]: unresolved import `tiramemsu`
[INFO] [stdout]  --> tests/common/paths.rs:4:5
[INFO] [stdout]   |
[INFO] [stdout] 4 | use tiramemsu::*;
[INFO] [stdout]   |     ^^^^^^^^^ use of unresolved module or unlinked crate `tiramemsu`
[INFO] [stdout]   |
[INFO] [stdout]   = help: if you wanted to use a crate named `tiramemsu`, use `cargo add tiramemsu` to add it to your `Cargo.toml`
[INFO] [stdout] 
[INFO] [stdout] 
[INFO] [stdout] error[E0432]: unresolved import `tiramemsu`
[INFO] [stdout]  --> tests/common/probe.rs:8:5
[INFO] [stdout]   |
[INFO] [stdout] 8 | use tiramemsu::{Capabilities, Executor, Host, HostOptions, Result, RusqliteHost, SqlValue};
[INFO] [stdout]   |     ^^^^^^^^^ use of unresolved module or unlinked crate `tiramemsu`
[INFO] [stdout]   |
[INFO] [stdout]   = help: if you wanted to use a crate named `tiramemsu`, use `cargo add tiramemsu` to add it to your `Cargo.toml`
[INFO] [stdout] 
[INFO] [stdout] 
[INFO] [stdout] error[E0432]: unresolved import `tiramemsu`
[INFO] [stdout]   --> tests/common/skewed.rs:13:5
[INFO] [stdout]    |
[INFO] [stdout] 13 | use tiramemsu::*;
[INFO] [stdout]    |     ^^^^^^^^^ use of unresolved module or unlinked crate `tiramemsu`
[INFO] [stdout]    |
[INFO] [stdout]    = help: if you wanted to use a crate named `tiramemsu`, use `cargo add tiramemsu` to add it to your `Cargo.toml`
[INFO] [stdout] 
[INFO] [stdout] 
[INFO] [stdout] error[E0432]: unresolved import `tiramemsu`
[INFO] [stdout]   --> tests/common/mod.rs:14:5
[INFO] [stdout]    |
[INFO] [stdout] 14 | use tiramemsu::*;
[INFO] [stdout]    |     ^^^^^^^^^ use of unresolved module or unlinked crate `tiramemsu`
[INFO] [stdout]    |
[INFO] [stdout]    = help: if you wanted to use a crate named `tiramemsu`, use `cargo add tiramemsu` to add it to your `Cargo.toml`
[INFO] [stdout] 
[INFO] [stdout] 
[INFO] [stdout] error[E0433]: cannot find module or crate `tiramemsu` in this scope
[INFO] [stdout]   --> tests/connections.rs:10:5
[INFO] [stdout]    |
[INFO] [stdout] 10 | use tiramemsu::ir::builder::IrBuilder;
[INFO] [stdout]    |     ^^^^^^^^^ use of unresolved module or unlinked crate `tiramemsu`
[INFO] [stdout]    |
[INFO] [stdout]    = help: if you wanted to use a crate named `tiramemsu`, use `cargo add tiramemsu` to add it to your `Cargo.toml`
[INFO] [stdout] 
[INFO] [stdout] 
[INFO] [stdout] error[E0433]: cannot find module or crate `tiramemsu` in this scope
[INFO] [stdout]   --> tests/connections.rs:11:5
[INFO] [stdout]    |
[INFO] [stdout] 11 | use tiramemsu::ir::Op;
[INFO] [stdout]    |     ^^^^^^^^^ use of unresolved module or unlinked crate `tiramemsu`
[INFO] [stdout]    |
[INFO] [stdout]    = help: if you wanted to use a crate named `tiramemsu`, use `cargo add tiramemsu` to add it to your `Cargo.toml`
[INFO] [stdout] 
[INFO] [stdout] 
[INFO] [stdout] error[E0432]: unresolved import `tiramemsu`
[INFO] [stdout]   --> tests/connections.rs:12:5
[INFO] [stdout]    |
[INFO] [stdout] 12 | use tiramemsu::*;
[INFO] [stdout]    |     ^^^^^^^^^ use of unresolved module or unlinked crate `tiramemsu`
[INFO] [stdout]    |
[INFO] [stdout]    = help: if you wanted to use a crate named `tiramemsu`, use `cargo add tiramemsu` to add it to your `Cargo.toml`
[INFO] [stdout] 
[INFO] [stdout] 
[INFO] [stdout] error[E0432]: unresolved import `tiramemsu`
[INFO] [stdout]  --> tests/common/mock.rs:6:5
[INFO] [stdout]   |
[INFO] [stdout] 6 | use tiramemsu::{NativeKind, NativeOperator, SqlValue};
[INFO] [stdout]   |     ^^^^^^^^^ use of unresolved module or unlinked crate `tiramemsu`
[INFO] [stdout]   |
[INFO] [stdout]   = help: if you wanted to use a crate named `tiramemsu`, use `cargo add tiramemsu` to add it to your `Cargo.toml`
[INFO] [stdout] 
[INFO] [stdout] 
[INFO] [stdout] error[E0432]: unresolved import `tiramemsu`
[INFO] [stdout]  --> tests/common/paths.rs:4:5
[INFO] [stdout]   |
[INFO] [stdout] 4 | use tiramemsu::*;
[INFO] [stdout]   |     ^^^^^^^^^ use of unresolved module or unlinked crate `tiramemsu`
[INFO] [stdout]   |
[INFO] [stdout]   = help: if you wanted to use a crate named `tiramemsu`, use `cargo add tiramemsu` to add it to your `Cargo.toml`
[INFO] [stdout] 
[INFO] [stdout] 
[INFO] [stdout] error[E0432]: unresolved import `tiramemsu`
[INFO] [stdout]  --> tests/common/mock.rs:6:5
[INFO] [stdout]   |
[INFO] [stdout] 6 | use tiramemsu::{NativeKind, NativeOperator, SqlValue};
[INFO] [stdout]   |     ^^^^^^^^^ use of unresolved module or unlinked crate `tiramemsu`
[INFO] [stdout]   |
[INFO] [stdout]   = help: if you wanted to use a crate named `tiramemsu`, use `cargo add tiramemsu` to add it to your `Cargo.toml`
[INFO] [stdout] 
[INFO] [stdout] 
[INFO] [stdout] error[E0432]: unresolved import `tiramemsu`
[INFO] [stdout]  --> tests/common/paths.rs:4:5
[INFO] [stdout]   |
[INFO] [stdout] 4 | use tiramemsu::*;
[INFO] [stdout]   |     ^^^^^^^^^ use of unresolved module or unlinked crate `tiramemsu`
[INFO] [stdout]   |
[INFO] [stdout]   = help: if you wanted to use a crate named `tiramemsu`, use `cargo add tiramemsu` to add it to your `Cargo.toml`
[INFO] [stdout] 
[INFO] [stdout] 
[INFO] [stdout] error[E0432]: unresolved import `tiramemsu`
[INFO] [stdout]  --> tests/common/probe.rs:8:5
[INFO] [stdout]   |
[INFO] [stdout] 8 | use tiramemsu::{Capabilities, Executor, Host, HostOptions, Result, RusqliteHost, SqlValue};
[INFO] [stdout]   |     ^^^^^^^^^ use of unresolved module or unlinked crate `tiramemsu`
[INFO] [stdout]   |
[INFO] [stdout]   = help: if you wanted to use a crate named `tiramemsu`, use `cargo add tiramemsu` to add it to your `Cargo.toml`
[INFO] [stdout] 
[INFO] [stdout] 
[INFO] [stdout] error[E0432]: unresolved import `tiramemsu`
[INFO] [stdout]   --> tests/common/skewed.rs:13:5
[INFO] [stdout]    |
[INFO] [stdout] 13 | use tiramemsu::*;
[INFO] [stdout]    |     ^^^^^^^^^ use of unresolved module or unlinked crate `tiramemsu`
[INFO] [stdout]    |
[INFO] [stdout]    = help: if you wanted to use a crate named `tiramemsu`, use `cargo add tiramemsu` to add it to your `Cargo.toml`
[INFO] [stdout] 
[INFO] [stdout] 
[INFO] [stdout] error[E0432]: unresolved import `tiramemsu`
[INFO] [stdout]   --> tests/common/mod.rs:14:5
[INFO] [stdout]    |
[INFO] [stdout] 14 | use tiramemsu::*;
[INFO] [stdout]    |     ^^^^^^^^^ use of unresolved module or unlinked crate `tiramemsu`
[INFO] [stdout]    |
[INFO] [stdout]    = help: if you wanted to use a crate named `tiramemsu`, use `cargo add tiramemsu` to add it to your `Cargo.toml`
[INFO] [stdout] 
[INFO] [stdout] 
[INFO] [stdout] error[E0433]: cannot find module or crate `tiramemsu` in this scope
[INFO] [stdout]  --> tests/plans.rs:8:5
[INFO] [stdout]   |
[INFO] [stdout] 8 | use tiramemsu::ir::builder::IrBuilder;
[INFO] [stdout]   |     ^^^^^^^^^ use of unresolved module or unlinked crate `tiramemsu`
[INFO] [stdout]   |
[INFO] [stdout]   = help: if you wanted to use a crate named `tiramemsu`, use `cargo add tiramemsu` to add it to your `Cargo.toml`
[INFO] [stdout] 
[INFO] [stdout] 
[INFO] [stdout] error[E0433]: cannot find module or crate `tiramemsu` in this scope
[INFO] [stdout]  --> tests/plans.rs:9:5
[INFO] [stdout]   |
[INFO] [stdout] 9 | use tiramemsu::ir::{Expr, Op, TriplePattern, View};
[INFO] [stdout]   |     ^^^^^^^^^ use of unresolved module or unlinked crate `tiramemsu`
[INFO] [stdout]   |
[INFO] [stdout]   = help: if you wanted to use a crate named `tiramemsu`, use `cargo add tiramemsu` to add it to your `Cargo.toml`
[INFO] [stdout] 
[INFO] [stdout] 
[INFO] [stdout] error[E0432]: unresolved import `tiramemsu`
[INFO] [stdout]   --> tests/plans.rs:10:5
[INFO] [stdout]    |
[INFO] [stdout] 10 | use tiramemsu::*;
[INFO] [stdout]    |     ^^^^^^^^^ use of unresolved module or unlinked crate `tiramemsu`
[INFO] [stdout]    |
[INFO] [stdout]    = help: if you wanted to use a crate named `tiramemsu`, use `cargo add tiramemsu` to add it to your `Cargo.toml`
[INFO] [stdout] 
[INFO] [stdout] 
[INFO] [stdout] error[E0432]: unresolved import `tiramemsu`
[INFO] [stdout]  --> tests/common/mock.rs:6:5
[INFO] [stdout]   |
[INFO] [stdout] 6 | use tiramemsu::{NativeKind, NativeOperator, SqlValue};
[INFO] [stdout]   |     ^^^^^^^^^ use of unresolved module or unlinked crate `tiramemsu`
[INFO] [stdout]   |
[INFO] [stdout]   = help: if you wanted to use a crate named `tiramemsu`, use `cargo add tiramemsu` to add it to your `Cargo.toml`
[INFO] [stdout] 
[INFO] [stdout] 
[INFO] [stdout] error[E0432]: unresolved import `tiramemsu`
[INFO] [stdout]  --> tests/common/paths.rs:4:5
[INFO] [stdout]   |
[INFO] [stdout] 4 | use tiramemsu::*;
[INFO] [stdout]   |     ^^^^^^^^^ use of unresolved module or unlinked crate `tiramemsu`
[INFO] [stdout]   |
[INFO] [stdout]   = help: if you wanted to use a crate named `tiramemsu`, use `cargo add tiramemsu` to add it to your `Cargo.toml`
[INFO] [stdout] 
[INFO] [stdout] 
[INFO] [stdout] error[E0432]: unresolved import `tiramemsu`
[INFO] [stdout]  --> tests/common/probe.rs:8:5
[INFO] [stdout]   |
[INFO] [stdout] 8 | use tiramemsu::{Capabilities, Executor, Host, HostOptions, Result, RusqliteHost, SqlValue};
[INFO] [stdout]   |     ^^^^^^^^^ use of unresolved module or unlinked crate `tiramemsu`
[INFO] [stdout]   |
[INFO] [stdout]   = help: if you wanted to use a crate named `tiramemsu`, use `cargo add tiramemsu` to add it to your `Cargo.toml`
[INFO] [stdout] 
[INFO] [stdout] 
[INFO] [stdout] error[E0432]: unresolved import `tiramemsu`
[INFO] [stdout]   --> tests/common/skewed.rs:13:5
[INFO] [stdout]    |
[INFO] [stdout] 13 | use tiramemsu::*;
[INFO] [stdout]    |     ^^^^^^^^^ use of unresolved module or unlinked crate `tiramemsu`
[INFO] [stdout]    |
[INFO] [stdout]    = help: if you wanted to use a crate named `tiramemsu`, use `cargo add tiramemsu` to add it to your `Cargo.toml`
[INFO] [stdout] 
[INFO] [stdout] 
[INFO] [stdout] error[E0432]: unresolved import `tiramemsu`
[INFO] [stdout]   --> tests/common/mod.rs:14:5
[INFO] [stdout]    |
[INFO] [stdout] 14 | use tiramemsu::*;
[INFO] [stdout]    |     ^^^^^^^^^ use of unresolved module or unlinked crate `tiramemsu`
[INFO] [stdout]    |
[INFO] [stdout]    = help: if you wanted to use a crate named `tiramemsu`, use `cargo add tiramemsu` to add it to your `Cargo.toml`
[INFO] [stdout] 
[INFO] [stdout] 
[INFO] [stdout] error[E0433]: cannot find `vtab` in `rusqlite`
[INFO] [stdout]    --> tests/path_fetch.rs:125:31
[INFO] [stdout]     |
[INFO] [stdout] 125 |                 use rusqlite::vtab::array::Array;
[INFO] [stdout]     |                               ^^^^ could not find `vtab` in `rusqlite`
[INFO] [stdout]     |
[INFO] [stdout] note: found an item that was configured out
[INFO] [stdout]    --> /opt/rustwide/cargo-home/registry/src/index.crates.io-1949cf8c6b5b557f/rusqlite-0.40.2/src/lib.rs:158:9
[INFO] [stdout]     |
[INFO] [stdout] 157 | #[cfg(feature = "vtab")]
[INFO] [stdout]     |       ---------------- the item is gated behind the `vtab` feature
[INFO] [stdout] 158 | pub mod vtab;
[INFO] [stdout]     |         ^^^^
[INFO] [stdout] 
[INFO] [stdout] 
[INFO] [stdout] error[E0432]: unresolved import `tiramemsu`
[INFO] [stdout]  --> tests/common/mock.rs:6:5
[INFO] [stdout]   |
[INFO] [stdout] 6 | use tiramemsu::{NativeKind, NativeOperator, SqlValue};
[INFO] [stdout]   |     ^^^^^^^^^ use of unresolved module or unlinked crate `tiramemsu`
[INFO] [stdout]   |
[INFO] [stdout]   = help: if you wanted to use a crate named `tiramemsu`, use `cargo add tiramemsu` to add it to your `Cargo.toml`
[INFO] [stdout] 
[INFO] [stdout] 
[INFO] [stdout] error[E0432]: unresolved import `tiramemsu`
[INFO] [stdout]  --> tests/common/paths.rs:4:5
[INFO] [stdout]   |
[INFO] [stdout] 4 | use tiramemsu::*;
[INFO] [stdout]   |     ^^^^^^^^^ use of unresolved module or unlinked crate `tiramemsu`
[INFO] [stdout]   |
[INFO] [stdout]   = help: if you wanted to use a crate named `tiramemsu`, use `cargo add tiramemsu` to add it to your `Cargo.toml`
[INFO] [stdout] 
[INFO] [stdout] 
[INFO] [stdout] error[E0432]: unresolved import `tiramemsu`
[INFO] [stdout]  --> tests/common/probe.rs:8:5
[INFO] [stdout]   |
[INFO] [stdout] 8 | use tiramemsu::{Capabilities, Executor, Host, HostOptions, Result, RusqliteHost, SqlValue};
[INFO] [stdout]   |     ^^^^^^^^^ use of unresolved module or unlinked crate `tiramemsu`
[INFO] [stdout]   |
[INFO] [stdout]   = help: if you wanted to use a crate named `tiramemsu`, use `cargo add tiramemsu` to add it to your `Cargo.toml`
[INFO] [stdout] 
[INFO] [stdout] 
[INFO] [stdout] error[E0432]: unresolved import `tiramemsu`
[INFO] [stdout]   --> tests/common/skewed.rs:13:5
[INFO] [stdout]    |
[INFO] [stdout] 13 | use tiramemsu::*;
[INFO] [stdout]    |     ^^^^^^^^^ use of unresolved module or unlinked crate `tiramemsu`
[INFO] [stdout]    |
[INFO] [stdout]    = help: if you wanted to use a crate named `tiramemsu`, use `cargo add tiramemsu` to add it to your `Cargo.toml`
[INFO] [stdout] 
[INFO] [stdout] 
[INFO] [stdout] error[E0432]: unresolved import `tiramemsu`
[INFO] [stdout]   --> tests/common/mod.rs:14:5
[INFO] [stdout]    |
[INFO] [stdout] 14 | use tiramemsu::*;
[INFO] [stdout]    |     ^^^^^^^^^ use of unresolved module or unlinked crate `tiramemsu`
[INFO] [stdout]    |
[INFO] [stdout]    = help: if you wanted to use a crate named `tiramemsu`, use `cargo add tiramemsu` to add it to your `Cargo.toml`
[INFO] [stdout] 
[INFO] [stdout] 
[INFO] [stdout] error[E0433]: cannot find module or crate `tiramemsu` in this scope
[INFO] [stdout]   --> tests/stable_reads.rs:11:5
[INFO] [stdout]    |
[INFO] [stdout] 11 | use tiramemsu::ir::builder::IrBuilder;
[INFO] [stdout]    |     ^^^^^^^^^ use of unresolved module or unlinked crate `tiramemsu`
[INFO] [stdout]    |
[INFO] [stdout]    = help: if you wanted to use a crate named `tiramemsu`, use `cargo add tiramemsu` to add it to your `Cargo.toml`
[INFO] [stdout] 
[INFO] [stdout] 
[INFO] [stdout] error[E0433]: cannot find module or crate `tiramemsu` in this scope
[INFO] [stdout]   --> tests/stable_reads.rs:12:5
[INFO] [stdout]    |
[INFO] [stdout] 12 | use tiramemsu::ir::{Op, View};
[INFO] [stdout]    |     ^^^^^^^^^ use of unresolved module or unlinked crate `tiramemsu`
[INFO] [stdout]    |
[INFO] [stdout]    = help: if you wanted to use a crate named `tiramemsu`, use `cargo add tiramemsu` to add it to your `Cargo.toml`
[INFO] [stdout] 
[INFO] [stdout] 
[INFO] [stdout] error[E0432]: unresolved import `tiramemsu`
[INFO] [stdout]   --> tests/stable_reads.rs:13:5
[INFO] [stdout]    |
[INFO] [stdout] 13 | use tiramemsu::*;
[INFO] [stdout]    |     ^^^^^^^^^ use of unresolved module or unlinked crate `tiramemsu`
[INFO] [stdout]    |
[INFO] [stdout]    = help: if you wanted to use a crate named `tiramemsu`, use `cargo add tiramemsu` to add it to your `Cargo.toml`
[INFO] [stdout] 
[INFO] [stdout] 
[INFO] [stdout] error[E0432]: unresolved import `tiramemsu`
[INFO] [stdout]  --> tests/path_fetch.rs:7:5
[INFO] [stdout]   |
[INFO] [stdout] 7 | use tiramemsu::*;
[INFO] [stdout]   |     ^^^^^^^^^ use of unresolved module or unlinked crate `tiramemsu`
[INFO] [stdout]   |
[INFO] [stdout]   = help: if you wanted to use a crate named `tiramemsu`, use `cargo add tiramemsu` to add it to your `Cargo.toml`
[INFO] [stdout] 
[INFO] [stdout] 
[INFO] [stdout] error[E0432]: unresolved import `tm_rusqlite`
[INFO] [stdout]   --> tests/path_fetch.rs:13:5
[INFO] [stdout]    |
[INFO] [stdout] 13 | use tm_rusqlite::RusqliteExec;
[INFO] [stdout]    |     ^^^^^^^^^^^ use of unresolved module or unlinked crate `tm_rusqlite`
[INFO] [stdout]    |
[INFO] [stdout] help: there is a crate or module with a similar name
[INFO] [stdout]    |
[INFO] [stdout] 13 - use tm_rusqlite::RusqliteExec;
[INFO] [stdout] 13 + use rusqlite::RusqliteExec;
[INFO] [stdout]    |
[INFO] [stdout] 
[INFO] [stdout] 
[INFO] [stdout] error[E0432]: unresolved import `tiramemsu`
[INFO] [stdout]  --> tests/common/probe.rs:8:5
[INFO] [stdout]   |
[INFO] [stdout] 8 | use tiramemsu::{Capabilities, Executor, Host, HostOptions, Result, RusqliteHost, SqlValue};
[INFO] [stdout]   |     ^^^^^^^^^ use of unresolved module or unlinked crate `tiramemsu`
[INFO] [stdout]   |
[INFO] [stdout]   = help: if you wanted to use a crate named `tiramemsu`, use `cargo add tiramemsu` to add it to your `Cargo.toml`
[INFO] [stdout] 
[INFO] [stdout] 
[INFO] [stdout] error[E0432]: unresolved import `tiramemsu`
[INFO] [stdout]   --> tests/common/skewed.rs:13:5
[INFO] [stdout]    |
[INFO] [stdout] 13 | use tiramemsu::*;
[INFO] [stdout]    |     ^^^^^^^^^ use of unresolved module or unlinked crate `tiramemsu`
[INFO] [stdout]    |
[INFO] [stdout]    = help: if you wanted to use a crate named `tiramemsu`, use `cargo add tiramemsu` to add it to your `Cargo.toml`
[INFO] [stdout] 
[INFO] [stdout] 
[INFO] [stdout] error[E0432]: unresolved import `tiramemsu`
[INFO] [stdout]   --> tests/common/mod.rs:14:5
[INFO] [stdout]    |
[INFO] [stdout] 14 | use tiramemsu::*;
[INFO] [stdout]    |     ^^^^^^^^^ use of unresolved module or unlinked crate `tiramemsu`
[INFO] [stdout]    |
[INFO] [stdout]    = help: if you wanted to use a crate named `tiramemsu`, use `cargo add tiramemsu` to add it to your `Cargo.toml`
[INFO] [stdout] 
[INFO] [stdout] 
[INFO] [stdout] error[E0433]: cannot find module or crate `tiramemsu` in this scope
[INFO] [stdout]  --> tests/term_cache.rs:6:5
[INFO] [stdout]   |
[INFO] [stdout] 6 | use tiramemsu::ir::builder::IrBuilder;
[INFO] [stdout]   |     ^^^^^^^^^ use of unresolved module or unlinked crate `tiramemsu`
[INFO] [stdout]   |
[INFO] [stdout]   = help: if you wanted to use a crate named `tiramemsu`, use `cargo add tiramemsu` to add it to your `Cargo.toml`
[INFO] [stdout] 
[INFO] [stdout] 
[INFO] [stdout] error[E0432]: unresolved import `tiramemsu`
[INFO] [stdout]  --> tests/term_cache.rs:7:5
[INFO] [stdout]   |
[INFO] [stdout] 7 | use tiramemsu::*;
[INFO] [stdout]   |     ^^^^^^^^^ use of unresolved module or unlinked crate `tiramemsu`
[INFO] [stdout]   |
[INFO] [stdout]   = help: if you wanted to use a crate named `tiramemsu`, use `cargo add tiramemsu` to add it to your `Cargo.toml`
[INFO] [stdout] 
[INFO] [stdout] 
[INFO] [stdout] error[E0432]: unresolved import `tiramemsu`
[INFO] [stdout]  --> tests/common/mock.rs:6:5
[INFO] [stdout]   |
[INFO] [stdout] 6 | use tiramemsu::{NativeKind, NativeOperator, SqlValue};
[INFO] [stdout]   |     ^^^^^^^^^ use of unresolved module or unlinked crate `tiramemsu`
[INFO] [stdout]   |
[INFO] [stdout]   = help: if you wanted to use a crate named `tiramemsu`, use `cargo add tiramemsu` to add it to your `Cargo.toml`
[INFO] [stdout] 
[INFO] [stdout] 
[INFO] [stdout] error[E0432]: unresolved import `tiramemsu`
[INFO] [stdout]  --> tests/common/paths.rs:4:5
[INFO] [stdout]   |
[INFO] [stdout] 4 | use tiramemsu::*;
[INFO] [stdout]   |     ^^^^^^^^^ use of unresolved module or unlinked crate `tiramemsu`
[INFO] [stdout]   |
[INFO] [stdout]   = help: if you wanted to use a crate named `tiramemsu`, use `cargo add tiramemsu` to add it to your `Cargo.toml`
[INFO] [stdout] 
[INFO] [stdout] 
[INFO] [stdout] error[E0432]: unresolved import `tiramemsu`
[INFO] [stdout]  --> tests/common/probe.rs:8:5
[INFO] [stdout]   |
[INFO] [stdout] 8 | use tiramemsu::{Capabilities, Executor, Host, HostOptions, Result, RusqliteHost, SqlValue};
[INFO] [stdout]   |     ^^^^^^^^^ use of unresolved module or unlinked crate `tiramemsu`
[INFO] [stdout]   |
[INFO] [stdout]   = help: if you wanted to use a crate named `tiramemsu`, use `cargo add tiramemsu` to add it to your `Cargo.toml`
[INFO] [stdout] 
[INFO] [stdout] 
[INFO] [stdout] error[E0432]: unresolved import `tiramemsu`
[INFO] [stdout]   --> tests/common/skewed.rs:13:5
[INFO] [stdout]    |
[INFO] [stdout] 13 | use tiramemsu::*;
[INFO] [stdout]    |     ^^^^^^^^^ use of unresolved module or unlinked crate `tiramemsu`
[INFO] [stdout]    |
[INFO] [stdout]    = help: if you wanted to use a crate named `tiramemsu`, use `cargo add tiramemsu` to add it to your `Cargo.toml`
[INFO] [stdout] 
[INFO] [stdout] 
[INFO] [stdout] error[E0432]: unresolved import `tiramemsu`
[INFO] [stdout]   --> tests/common/mod.rs:14:5
[INFO] [stdout]    |
[INFO] [stdout] 14 | use tiramemsu::*;
[INFO] [stdout]    |     ^^^^^^^^^ use of unresolved module or unlinked crate `tiramemsu`
[INFO] [stdout]    |
[INFO] [stdout]    = help: if you wanted to use a crate named `tiramemsu`, use `cargo add tiramemsu` to add it to your `Cargo.toml`
[INFO] [stdout] 
[INFO] [stdout] 
[INFO] [stdout] error[E0432]: unresolved import `tiramemsu`
[INFO] [stdout]  --> tests/layer_hops.rs:8:5
[INFO] [stdout]   |
[INFO] [stdout] 8 | use tiramemsu::*;
[INFO] [stdout]   |     ^^^^^^^^^ use of unresolved module or unlinked crate `tiramemsu`
[INFO] [stdout]   |
[INFO] [stdout]   = help: if you wanted to use a crate named `tiramemsu`, use `cargo add tiramemsu` to add it to your `Cargo.toml`
[INFO] [stdout] 
[INFO] [stdout] 
[INFO] [stdout] error[E0432]: unresolved import `tiramemsu`
[INFO] [stdout]  --> tests/common/mock.rs:6:5
[INFO] [stdout]   |
[INFO] [stdout] 6 | use tiramemsu::{NativeKind, NativeOperator, SqlValue};
[INFO] [stdout]   |     ^^^^^^^^^ use of unresolved module or unlinked crate `tiramemsu`
[INFO] [stdout]   |
[INFO] [stdout]   = help: if you wanted to use a crate named `tiramemsu`, use `cargo add tiramemsu` to add it to your `Cargo.toml`
[INFO] [stdout] 
[INFO] [stdout] 
[INFO] [stdout] error[E0432]: unresolved import `tiramemsu`
[INFO] [stdout]  --> tests/common/mock.rs:6:5
[INFO] [stdout]   |
[INFO] [stdout] 6 | use tiramemsu::{NativeKind, NativeOperator, SqlValue};
[INFO] [stdout]   |     ^^^^^^^^^ use of unresolved module or unlinked crate `tiramemsu`
[INFO] [stdout]   |
[INFO] [stdout]   = help: if you wanted to use a crate named `tiramemsu`, use `cargo add tiramemsu` to add it to your `Cargo.toml`
[INFO] [stdout] 
[INFO] [stdout] 
[INFO] [stdout] error[E0432]: unresolved import `tiramemsu`
[INFO] [stdout]  --> tests/common/paths.rs:4:5
[INFO] [stdout]   |
[INFO] [stdout] 4 | use tiramemsu::*;
[INFO] [stdout]   |     ^^^^^^^^^ use of unresolved module or unlinked crate `tiramemsu`
[INFO] [stdout]   |
[INFO] [stdout]   = help: if you wanted to use a crate named `tiramemsu`, use `cargo add tiramemsu` to add it to your `Cargo.toml`
[INFO] [stdout] 
[INFO] [stdout] 
[INFO] [stdout] error[E0432]: unresolved import `tiramemsu`
[INFO] [stdout]  --> tests/common/paths.rs:4:5
[INFO] [stdout]   |
[INFO] [stdout] 4 | use tiramemsu::*;
[INFO] [stdout]   |     ^^^^^^^^^ use of unresolved module or unlinked crate `tiramemsu`
[INFO] [stdout]   |
[INFO] [stdout]   = help: if you wanted to use a crate named `tiramemsu`, use `cargo add tiramemsu` to add it to your `Cargo.toml`
[INFO] [stdout] 
[INFO] [stdout] 
[INFO] [stdout] error[E0432]: unresolved import `tiramemsu`
[INFO] [stdout]  --> tests/common/probe.rs:8:5
[INFO] [stdout]   |
[INFO] [stdout] 8 | use tiramemsu::{Capabilities, Executor, Host, HostOptions, Result, RusqliteHost, SqlValue};
[INFO] [stdout]   |     ^^^^^^^^^ use of unresolved module or unlinked crate `tiramemsu`
[INFO] [stdout]   |
[INFO] [stdout]   = help: if you wanted to use a crate named `tiramemsu`, use `cargo add tiramemsu` to add it to your `Cargo.toml`
[INFO] [stdout] 
[INFO] [stdout] 
[INFO] [stdout] error[E0432]: unresolved import `tiramemsu`
[INFO] [stdout]   --> tests/common/skewed.rs:13:5
[INFO] [stdout]    |
[INFO] [stdout] 13 | use tiramemsu::*;
[INFO] [stdout]    |     ^^^^^^^^^ use of unresolved module or unlinked crate `tiramemsu`
[INFO] [stdout]    |
[INFO] [stdout]    = help: if you wanted to use a crate named `tiramemsu`, use `cargo add tiramemsu` to add it to your `Cargo.toml`
[INFO] [stdout] 
[INFO] [stdout] 
[INFO] [stdout] error[E0432]: unresolved import `tiramemsu`
[INFO] [stdout]   --> tests/common/mod.rs:14:5
[INFO] [stdout]    |
[INFO] [stdout] 14 | use tiramemsu::*;
[INFO] [stdout]    |     ^^^^^^^^^ use of unresolved module or unlinked crate `tiramemsu`
[INFO] [stdout]    |
[INFO] [stdout]    = help: if you wanted to use a crate named `tiramemsu`, use `cargo add tiramemsu` to add it to your `Cargo.toml`
[INFO] [stdout] 
[INFO] [stdout] 
[INFO] [stdout] error[E0433]: cannot find module or crate `tiramemsu` in this scope
[INFO] [stdout]   --> tests/lftj.rs:16:5
[INFO] [stdout]    |
[INFO] [stdout] 16 | use tiramemsu::ir::builder::IrBuilder;
[INFO] [stdout]    |     ^^^^^^^^^ use of unresolved module or unlinked crate `tiramemsu`
[INFO] [stdout]    |
[INFO] [stdout]    = help: if you wanted to use a crate named `tiramemsu`, use `cargo add tiramemsu` to add it to your `Cargo.toml`
[INFO] [stdout] 
[INFO] [stdout] 
[INFO] [stdout] error[E0433]: cannot find module or crate `tiramemsu` in this scope
[INFO] [stdout]   --> tests/lftj.rs:17:5
[INFO] [stdout]    |
[INFO] [stdout] 17 | use tiramemsu::ir::{GraphSel, GraphSet, Op, Semantics, TermOrVar, TriplePattern, View};
[INFO] [stdout]    |     ^^^^^^^^^ use of unresolved module or unlinked crate `tiramemsu`
[INFO] [stdout]    |
[INFO] [stdout]    = help: if you wanted to use a crate named `tiramemsu`, use `cargo add tiramemsu` to add it to your `Cargo.toml`
[INFO] [stdout] 
[INFO] [stdout] 
[INFO] [stdout] error[E0432]: unresolved import `tiramemsu`
[INFO] [stdout]   --> tests/lftj.rs:18:5
[INFO] [stdout]    |
[INFO] [stdout] 18 | use tiramemsu::*;
[INFO] [stdout]    |     ^^^^^^^^^ use of unresolved module or unlinked crate `tiramemsu`
[INFO] [stdout]    |
[INFO] [stdout]    = help: if you wanted to use a crate named `tiramemsu`, use `cargo add tiramemsu` to add it to your `Cargo.toml`
[INFO] [stdout] 
[INFO] [stdout] 
[INFO] [stdout] error[E0432]: unresolved import `tiramemsu`
[INFO] [stdout]  --> tests/common/mock.rs:6:5
[INFO] [stdout]   |
[INFO] [stdout] 6 | use tiramemsu::{NativeKind, NativeOperator, SqlValue};
[INFO] [stdout]   |     ^^^^^^^^^ use of unresolved module or unlinked crate `tiramemsu`
[INFO] [stdout]   |
[INFO] [stdout]   = help: if you wanted to use a crate named `tiramemsu`, use `cargo add tiramemsu` to add it to your `Cargo.toml`
[INFO] [stdout] 
[INFO] [stdout] 
[INFO] [stdout] error[E0432]: unresolved import `tiramemsu`
[INFO] [stdout]  --> tests/common/paths.rs:4:5
[INFO] [stdout]   |
[INFO] [stdout] 4 | use tiramemsu::*;
[INFO] [stdout]   |     ^^^^^^^^^ use of unresolved module or unlinked crate `tiramemsu`
[INFO] [stdout]   |
[INFO] [stdout]   = help: if you wanted to use a crate named `tiramemsu`, use `cargo add tiramemsu` to add it to your `Cargo.toml`
[INFO] [stdout] 
[INFO] [stdout] 
[INFO] [stdout] error[E0432]: unresolved import `tiramemsu`
[INFO] [stdout]  --> tests/common/probe.rs:8:5
[INFO] [stdout]   |
[INFO] [stdout] 8 | use tiramemsu::{Capabilities, Executor, Host, HostOptions, Result, RusqliteHost, SqlValue};
[INFO] [stdout]   |     ^^^^^^^^^ use of unresolved module or unlinked crate `tiramemsu`
[INFO] [stdout]   |
[INFO] [stdout]   = help: if you wanted to use a crate named `tiramemsu`, use `cargo add tiramemsu` to add it to your `Cargo.toml`
[INFO] [stdout] 
[INFO] [stdout] 
[INFO] [stdout] error[E0432]: unresolved import `tiramemsu`
[INFO] [stdout]  --> tests/common/probe.rs:8:5
[INFO] [stdout]   |
[INFO] [stdout] 8 | use tiramemsu::{Capabilities, Executor, Host, HostOptions, Result, RusqliteHost, SqlValue};
[INFO] [stdout]   |     ^^^^^^^^^ use of unresolved module or unlinked crate `tiramemsu`
[INFO] [stdout]   |
[INFO] [stdout]   = help: if you wanted to use a crate named `tiramemsu`, use `cargo add tiramemsu` to add it to your `Cargo.toml`
[INFO] [stdout] 
[INFO] [stdout] 
[INFO] [stdout] error[E0432]: unresolved import `tiramemsu`
[INFO] [stdout]   --> tests/common/skewed.rs:13:5
[INFO] [stdout]    |
[INFO] [stdout] 13 | use tiramemsu::*;
[INFO] [stdout]    |     ^^^^^^^^^ use of unresolved module or unlinked crate `tiramemsu`
[INFO] [stdout]    |
[INFO] [stdout]    = help: if you wanted to use a crate named `tiramemsu`, use `cargo add tiramemsu` to add it to your `Cargo.toml`
[INFO] [stdout] 
[INFO] [stdout] 
[INFO] [stdout] error[E0432]: unresolved import `tiramemsu`
[INFO] [stdout]   --> tests/common/skewed.rs:13:5
[INFO] [stdout]    |
[INFO] [stdout] 13 | use tiramemsu::*;
[INFO] [stdout]    |     ^^^^^^^^^ use of unresolved module or unlinked crate `tiramemsu`
[INFO] [stdout]    |
[INFO] [stdout]    = help: if you wanted to use a crate named `tiramemsu`, use `cargo add tiramemsu` to add it to your `Cargo.toml`
[INFO] [stdout] 
[INFO] [stdout] 
[INFO] [stdout] error[E0432]: unresolved import `tiramemsu`
[INFO] [stdout]   --> tests/common/mod.rs:14:5
[INFO] [stdout]    |
[INFO] [stdout] 14 | use tiramemsu::*;
[INFO] [stdout]    |     ^^^^^^^^^ use of unresolved module or unlinked crate `tiramemsu`
[INFO] [stdout]    |
[INFO] [stdout]    = help: if you wanted to use a crate named `tiramemsu`, use `cargo add tiramemsu` to add it to your `Cargo.toml`
[INFO] [stdout] 
[INFO] [stdout] 
[INFO] [stdout] error[E0432]: unresolved import `tiramemsu`
[INFO] [stdout]  --> tests/path_sql.rs:9:5
[INFO] [stdout]   |
[INFO] [stdout] 9 | use tiramemsu::*;
[INFO] [stdout]   |     ^^^^^^^^^ use of unresolved module or unlinked crate `tiramemsu`
[INFO] [stdout]   |
[INFO] [stdout]   = help: if you wanted to use a crate named `tiramemsu`, use `cargo add tiramemsu` to add it to your `Cargo.toml`
[INFO] [stdout] 
[INFO] [stdout] 
[INFO] [stdout] error[E0432]: unresolved import `tiramemsu`
[INFO] [stdout]   --> tests/common/mod.rs:14:5
[INFO] [stdout]    |
[INFO] [stdout] 14 | use tiramemsu::*;
[INFO] [stdout]    |     ^^^^^^^^^ use of unresolved module or unlinked crate `tiramemsu`
[INFO] [stdout]    |
[INFO] [stdout]    = help: if you wanted to use a crate named `tiramemsu`, use `cargo add tiramemsu` to add it to your `Cargo.toml`
[INFO] [stdout] 
[INFO] [stdout] 
[INFO] [stdout] error[E0432]: unresolved import `tiramemsu`
[INFO] [stdout]  --> tests/path_ops.rs:8:5
[INFO] [stdout]   |
[INFO] [stdout] 8 | use tiramemsu::*;
[INFO] [stdout]   |     ^^^^^^^^^ use of unresolved module or unlinked crate `tiramemsu`
[INFO] [stdout]   |
[INFO] [stdout]   = help: if you wanted to use a crate named `tiramemsu`, use `cargo add tiramemsu` to add it to your `Cargo.toml`
[INFO] [stdout] 
[INFO] [stdout] 
[INFO] [stdout] error[E0432]: unresolved import `tiramemsu`
[INFO] [stdout]  --> tests/common/mock.rs:6:5
[INFO] [stdout]   |
[INFO] [stdout] 6 | use tiramemsu::{NativeKind, NativeOperator, SqlValue};
[INFO] [stdout]   |     ^^^^^^^^^ use of unresolved module or unlinked crate `tiramemsu`
[INFO] [stdout]   |
[INFO] [stdout]   = help: if you wanted to use a crate named `tiramemsu`, use `cargo add tiramemsu` to add it to your `Cargo.toml`
[INFO] [stdout] 
[INFO] [stdout] 
[INFO] [stdout] error[E0432]: unresolved import `tiramemsu`
[INFO] [stdout]  --> tests/common/mock.rs:6:5
[INFO] [stdout]   |
[INFO] [stdout] 6 | use tiramemsu::{NativeKind, NativeOperator, SqlValue};
[INFO] [stdout]   |     ^^^^^^^^^ use of unresolved module or unlinked crate `tiramemsu`
[INFO] [stdout]   |
[INFO] [stdout]   = help: if you wanted to use a crate named `tiramemsu`, use `cargo add tiramemsu` to add it to your `Cargo.toml`
[INFO] [stdout] 
[INFO] [stdout] 
[INFO] [stdout] error[E0432]: unresolved import `tiramemsu`
[INFO] [stdout]  --> tests/common/paths.rs:4:5
[INFO] [stdout]   |
[INFO] [stdout] 4 | use tiramemsu::*;
[INFO] [stdout]   |     ^^^^^^^^^ use of unresolved module or unlinked crate `tiramemsu`
[INFO] [stdout]   |
[INFO] [stdout]   = help: if you wanted to use a crate named `tiramemsu`, use `cargo add tiramemsu` to add it to your `Cargo.toml`
[INFO] [stdout] 
[INFO] [stdout] 
[INFO] [stdout] error[E0432]: unresolved import `tiramemsu`
[INFO] [stdout]  --> tests/common/paths.rs:4:5
[INFO] [stdout]   |
[INFO] [stdout] 4 | use tiramemsu::*;
[INFO] [stdout]   |     ^^^^^^^^^ use of unresolved module or unlinked crate `tiramemsu`
[INFO] [stdout]   |
[INFO] [stdout]   = help: if you wanted to use a crate named `tiramemsu`, use `cargo add tiramemsu` to add it to your `Cargo.toml`
[INFO] [stdout] 
[INFO] [stdout] 
[INFO] [stdout] error[E0432]: unresolved import `tiramemsu`
[INFO] [stdout]  --> tests/common/probe.rs:8:5
[INFO] [stdout]   |
[INFO] [stdout] 8 | use tiramemsu::{Capabilities, Executor, Host, HostOptions, Result, RusqliteHost, SqlValue};
[INFO] [stdout]   |     ^^^^^^^^^ use of unresolved module or unlinked crate `tiramemsu`
[INFO] [stdout]   |
[INFO] [stdout]   = help: if you wanted to use a crate named `tiramemsu`, use `cargo add tiramemsu` to add it to your `Cargo.toml`
[INFO] [stdout] 
[INFO] [stdout] 
[INFO] [stdout] error[E0432]: unresolved import `tiramemsu`
[INFO] [stdout]   --> tests/common/skewed.rs:13:5
[INFO] [stdout]    |
[INFO] [stdout] 13 | use tiramemsu::*;
[INFO] [stdout]    |     ^^^^^^^^^ use of unresolved module or unlinked crate `tiramemsu`
[INFO] [stdout]    |
[INFO] [stdout]    = help: if you wanted to use a crate named `tiramemsu`, use `cargo add tiramemsu` to add it to your `Cargo.toml`
[INFO] [stdout] 
[INFO] [stdout] 
[INFO] [stdout] error[E0433]: cannot find module or crate `tiramemsu` in this scope
[INFO] [stdout]  --> tests/sql_exec.rs:8:5
[INFO] [stdout]   |
[INFO] [stdout] 8 | use tiramemsu::ir::builder::IrBuilder;
[INFO] [stdout]   |     ^^^^^^^^^ use of unresolved module or unlinked crate `tiramemsu`
[INFO] [stdout]   |
[INFO] [stdout]   = help: if you wanted to use a crate named `tiramemsu`, use `cargo add tiramemsu` to add it to your `Cargo.toml`
[INFO] [stdout] 
[INFO] [stdout] 
[INFO] [stdout] error[E0433]: cannot find module or crate `tiramemsu` in this scope
[INFO] [stdout]  --> tests/sql_exec.rs:9:5
[INFO] [stdout]   |
[INFO] [stdout] 9 | use tiramemsu::ir::*;
[INFO] [stdout]   |     ^^^^^^^^^ use of unresolved module or unlinked crate `tiramemsu`
[INFO] [stdout]   |
[INFO] [stdout]   = help: if you wanted to use a crate named `tiramemsu`, use `cargo add tiramemsu` to add it to your `Cargo.toml`
[INFO] [stdout] 
[INFO] [stdout] 
[INFO] [stdout] error[E0433]: cannot find module or crate `tiramemsu` in this scope
[INFO] [stdout]   --> tests/sql_exec.rs:10:5
[INFO] [stdout]    |
[INFO] [stdout] 10 | use tiramemsu::ir::{Op, View};
[INFO] [stdout]    |     ^^^^^^^^^ use of unresolved module or unlinked crate `tiramemsu`
[INFO] [stdout]    |
[INFO] [stdout]    = help: if you wanted to use a crate named `tiramemsu`, use `cargo add tiramemsu` to add it to your `Cargo.toml`
[INFO] [stdout] 
[INFO] [stdout] 
[INFO] [stdout] error[E0432]: unresolved import `tiramemsu`
[INFO] [stdout]   --> tests/common/mod.rs:14:5
[INFO] [stdout]    |
[INFO] [stdout] 14 | use tiramemsu::*;
[INFO] [stdout]    |     ^^^^^^^^^ use of unresolved module or unlinked crate `tiramemsu`
[INFO] [stdout]    |
[INFO] [stdout]    = help: if you wanted to use a crate named `tiramemsu`, use `cargo add tiramemsu` to add it to your `Cargo.toml`
[INFO] [stdout] 
[INFO] [stdout] 
[INFO] [stdout] error[E0432]: unresolved import `tiramemsu`
[INFO] [stdout]   --> tests/sql_exec.rs:11:5
[INFO] [stdout]    |
[INFO] [stdout] 11 | use tiramemsu::*;
[INFO] [stdout]    |     ^^^^^^^^^ use of unresolved module or unlinked crate `tiramemsu`
[INFO] [stdout]    |
[INFO] [stdout]    = help: if you wanted to use a crate named `tiramemsu`, use `cargo add tiramemsu` to add it to your `Cargo.toml`
[INFO] [stdout] 
[INFO] [stdout] 
[INFO] [stdout] error[E0432]: unresolved import `tiramemsu`
[INFO] [stdout]  --> tests/common/mock.rs:6:5
[INFO] [stdout]   |
[INFO] [stdout] 6 | use tiramemsu::{NativeKind, NativeOperator, SqlValue};
[INFO] [stdout]   |     ^^^^^^^^^ use of unresolved module or unlinked crate `tiramemsu`
[INFO] [stdout]   |
[INFO] [stdout]   = help: if you wanted to use a crate named `tiramemsu`, use `cargo add tiramemsu` to add it to your `Cargo.toml`
[INFO] [stdout] 
[INFO] [stdout] 
[INFO] [stdout] error[E0432]: unresolved import `tiramemsu`
[INFO] [stdout]  --> tests/common/paths.rs:4:5
[INFO] [stdout]   |
[INFO] [stdout] 4 | use tiramemsu::*;
[INFO] [stdout]   |     ^^^^^^^^^ use of unresolved module or unlinked crate `tiramemsu`
[INFO] [stdout]   |
[INFO] [stdout]   = help: if you wanted to use a crate named `tiramemsu`, use `cargo add tiramemsu` to add it to your `Cargo.toml`
[INFO] [stdout] 
[INFO] [stdout] 
[INFO] [stdout] error[E0432]: unresolved import `tiramemsu`
[INFO] [stdout]  --> tests/common/probe.rs:8:5
[INFO] [stdout]   |
[INFO] [stdout] 8 | use tiramemsu::{Capabilities, Executor, Host, HostOptions, Result, RusqliteHost, SqlValue};
[INFO] [stdout]   |     ^^^^^^^^^ use of unresolved module or unlinked crate `tiramemsu`
[INFO] [stdout]   |
[INFO] [stdout]   = help: if you wanted to use a crate named `tiramemsu`, use `cargo add tiramemsu` to add it to your `Cargo.toml`
[INFO] [stdout] 
[INFO] [stdout] 
[INFO] [stdout] error[E0432]: unresolved import `tiramemsu`
[INFO] [stdout]   --> tests/common/skewed.rs:13:5
[INFO] [stdout]    |
[INFO] [stdout] 13 | use tiramemsu::*;
[INFO] [stdout]    |     ^^^^^^^^^ use of unresolved module or unlinked crate `tiramemsu`
[INFO] [stdout]    |
[INFO] [stdout]    = help: if you wanted to use a crate named `tiramemsu`, use `cargo add tiramemsu` to add it to your `Cargo.toml`
[INFO] [stdout] 
[INFO] [stdout] 
[INFO] [stdout] error[E0432]: unresolved import `tiramemsu`
[INFO] [stdout]   --> tests/common/mod.rs:14:5
[INFO] [stdout]    |
[INFO] [stdout] 14 | use tiramemsu::*;
[INFO] [stdout]    |     ^^^^^^^^^ use of unresolved module or unlinked crate `tiramemsu`
[INFO] [stdout]    |
[INFO] [stdout]    = help: if you wanted to use a crate named `tiramemsu`, use `cargo add tiramemsu` to add it to your `Cargo.toml`
[INFO] [stdout] 
[INFO] [stdout] 
[INFO] [stdout] error[E0432]: unresolved import `tiramemsu`
[INFO] [stdout]  --> tests/path_time.rs:8:5
[INFO] [stdout]   |
[INFO] [stdout] 8 | use tiramemsu::*;
[INFO] [stdout]   |     ^^^^^^^^^ use of unresolved module or unlinked crate `tiramemsu`
[INFO] [stdout]   |
[INFO] [stdout]   = help: if you wanted to use a crate named `tiramemsu`, use `cargo add tiramemsu` to add it to your `Cargo.toml`
[INFO] [stdout] 
[INFO] [stdout] 
[INFO] [stdout] error[E0432]: unresolved import `tiramemsu`
[INFO] [stdout]  --> tests/common/probe.rs:8:5
[INFO] [stdout]   |
[INFO] [stdout] 8 | use tiramemsu::{Capabilities, Executor, Host, HostOptions, Result, RusqliteHost, SqlValue};
[INFO] [stdout]   |     ^^^^^^^^^ use of unresolved module or unlinked crate `tiramemsu`
[INFO] [stdout]   |
[INFO] [stdout]   = help: if you wanted to use a crate named `tiramemsu`, use `cargo add tiramemsu` to add it to your `Cargo.toml`
[INFO] [stdout] 
[INFO] [stdout] 
[INFO] [stdout] error[E0432]: unresolved import `tiramemsu`
[INFO] [stdout]   --> tests/common/skewed.rs:13:5
[INFO] [stdout]    |
[INFO] [stdout] 13 | use tiramemsu::*;
[INFO] [stdout]    |     ^^^^^^^^^ use of unresolved module or unlinked crate `tiramemsu`
[INFO] [stdout]    |
[INFO] [stdout]    = help: if you wanted to use a crate named `tiramemsu`, use `cargo add tiramemsu` to add it to your `Cargo.toml`
[INFO] [stdout] 
[INFO] [stdout] 
[INFO] [stdout] error[E0432]: unresolved import `tiramemsu`
[INFO] [stdout]   --> tests/common/mod.rs:14:5
[INFO] [stdout]    |
[INFO] [stdout] 14 | use tiramemsu::*;
[INFO] [stdout]    |     ^^^^^^^^^ use of unresolved module or unlinked crate `tiramemsu`
[INFO] [stdout]    |
[INFO] [stdout]    = help: if you wanted to use a crate named `tiramemsu`, use `cargo add tiramemsu` to add it to your `Cargo.toml`
[INFO] [stdout] 
[INFO] [stdout] 
[INFO] [stdout] error[E0432]: unresolved import `tiramemsu`
[INFO] [stdout]   --> tests/path_time_respecting.rs:12:5
[INFO] [stdout]    |
[INFO] [stdout] 12 | use tiramemsu::*;
[INFO] [stdout]    |     ^^^^^^^^^ use of unresolved module or unlinked crate `tiramemsu`
[INFO] [stdout]    |
[INFO] [stdout]    = help: if you wanted to use a crate named `tiramemsu`, use `cargo add tiramemsu` to add it to your `Cargo.toml`
[INFO] [stdout] 
[INFO] [stdout] 
[INFO] [stdout] error[E0432]: unresolved import `tm_rusqlite`
[INFO] [stdout]   --> tests/path_time_respecting.rs:16:5
[INFO] [stdout]    |
[INFO] [stdout] 16 | use tm_rusqlite::RusqliteExec;
[INFO] [stdout]    |     ^^^^^^^^^^^ use of unresolved module or unlinked crate `tm_rusqlite`
[INFO] [stdout]    |
[INFO] [stdout] help: there is a crate or module with a similar name
[INFO] [stdout]    |
[INFO] [stdout] 16 - use tm_rusqlite::RusqliteExec;
[INFO] [stdout] 16 + use rusqlite::RusqliteExec;
[INFO] [stdout]    |
[INFO] [stdout] 
[INFO] [stdout] 
[INFO] [stdout] error[E0432]: unresolved import `tiramemsu`
[INFO] [stdout]  --> tests/common/mock.rs:6:5
[INFO] [stdout]   |
[INFO] [stdout] 6 | use tiramemsu::{NativeKind, NativeOperator, SqlValue};
[INFO] [stdout]   |     ^^^^^^^^^ use of unresolved module or unlinked crate `tiramemsu`
[INFO] [stdout]   |
[INFO] [stdout]   = help: if you wanted to use a crate named `tiramemsu`, use `cargo add tiramemsu` to add it to your `Cargo.toml`
[INFO] [stdout] 
[INFO] [stdout] 
[INFO] [stdout] error[E0432]: unresolved import `tiramemsu`
[INFO] [stdout]  --> tests/common/paths.rs:4:5
[INFO] [stdout]   |
[INFO] [stdout] 4 | use tiramemsu::*;
[INFO] [stdout]   |     ^^^^^^^^^ use of unresolved module or unlinked crate `tiramemsu`
[INFO] [stdout]   |
[INFO] [stdout]   = help: if you wanted to use a crate named `tiramemsu`, use `cargo add tiramemsu` to add it to your `Cargo.toml`
[INFO] [stdout] 
[INFO] [stdout] 
[INFO] [stdout] error[E0432]: unresolved import `tiramemsu`
[INFO] [stdout]  --> tests/common/probe.rs:8:5
[INFO] [stdout]   |
[INFO] [stdout] 8 | use tiramemsu::{Capabilities, Executor, Host, HostOptions, Result, RusqliteHost, SqlValue};
[INFO] [stdout]   |     ^^^^^^^^^ use of unresolved module or unlinked crate `tiramemsu`
[INFO] [stdout]   |
[INFO] [stdout]   = help: if you wanted to use a crate named `tiramemsu`, use `cargo add tiramemsu` to add it to your `Cargo.toml`
[INFO] [stdout] 
[INFO] [stdout] 
[INFO] [stdout] error[E0432]: unresolved import `tiramemsu`
[INFO] [stdout]   --> tests/common/skewed.rs:13:5
[INFO] [stdout]    |
[INFO] [stdout] 13 | use tiramemsu::*;
[INFO] [stdout]    |     ^^^^^^^^^ use of unresolved module or unlinked crate `tiramemsu`
[INFO] [stdout]    |
[INFO] [stdout]    = help: if you wanted to use a crate named `tiramemsu`, use `cargo add tiramemsu` to add it to your `Cargo.toml`
[INFO] [stdout] 
[INFO] [stdout] 
[INFO] [stdout] error[E0433]: cannot find module or crate `tiramemsu` in this scope
[INFO] [stdout]  --> tests/join_order.rs:7:5
[INFO] [stdout]   |
[INFO] [stdout] 7 | use tiramemsu::ir::builder::IrBuilder;
[INFO] [stdout]   |     ^^^^^^^^^ use of unresolved module or unlinked crate `tiramemsu`
[INFO] [stdout]   |
[INFO] [stdout]   = help: if you wanted to use a crate named `tiramemsu`, use `cargo add tiramemsu` to add it to your `Cargo.toml`
[INFO] [stdout] 
[INFO] [stdout] 
[INFO] [stdout] error[E0433]: cannot find module or crate `tiramemsu` in this scope
[INFO] [stdout]  --> tests/join_order.rs:8:5
[INFO] [stdout]   |
[INFO] [stdout] 8 | use tiramemsu::ir::Op;
[INFO] [stdout]   |     ^^^^^^^^^ use of unresolved module or unlinked crate `tiramemsu`
[INFO] [stdout]   |
[INFO] [stdout]   = help: if you wanted to use a crate named `tiramemsu`, use `cargo add tiramemsu` to add it to your `Cargo.toml`
[INFO] [stdout] 
[INFO] [stdout] 
[INFO] [stdout] error[E0432]: unresolved import `tiramemsu`
[INFO] [stdout]   --> tests/common/mod.rs:14:5
[INFO] [stdout]    |
[INFO] [stdout] 14 | use tiramemsu::*;
[INFO] [stdout]    |     ^^^^^^^^^ use of unresolved module or unlinked crate `tiramemsu`
[INFO] [stdout]    |
[INFO] [stdout]    = help: if you wanted to use a crate named `tiramemsu`, use `cargo add tiramemsu` to add it to your `Cargo.toml`
[INFO] [stdout] 
[INFO] [stdout] 
[INFO] [stdout] error[E0432]: unresolved import `tiramemsu`
[INFO] [stdout]  --> tests/common/mock.rs:6:5
[INFO] [stdout]   |
[INFO] [stdout] 6 | use tiramemsu::{NativeKind, NativeOperator, SqlValue};
[INFO] [stdout]   |     ^^^^^^^^^ use of unresolved module or unlinked crate `tiramemsu`
[INFO] [stdout]   |
[INFO] [stdout]   = help: if you wanted to use a crate named `tiramemsu`, use `cargo add tiramemsu` to add it to your `Cargo.toml`
[INFO] [stdout] 
[INFO] [stdout] 
[INFO] [stdout] error[E0432]: unresolved import `tiramemsu`
[INFO] [stdout]  --> tests/common/paths.rs:4:5
[INFO] [stdout]   |
[INFO] [stdout] 4 | use tiramemsu::*;
[INFO] [stdout]   |     ^^^^^^^^^ use of unresolved module or unlinked crate `tiramemsu`
[INFO] [stdout]   |
[INFO] [stdout]   = help: if you wanted to use a crate named `tiramemsu`, use `cargo add tiramemsu` to add it to your `Cargo.toml`
[INFO] [stdout] 
[INFO] [stdout] 
[INFO] [stdout] error[E0432]: unresolved import `tiramemsu`
[INFO] [stdout]  --> tests/common/probe.rs:8:5
[INFO] [stdout]   |
[INFO] [stdout] 8 | use tiramemsu::{Capabilities, Executor, Host, HostOptions, Result, RusqliteHost, SqlValue};
[INFO] [stdout]   |     ^^^^^^^^^ use of unresolved module or unlinked crate `tiramemsu`
[INFO] [stdout]   |
[INFO] [stdout]   = help: if you wanted to use a crate named `tiramemsu`, use `cargo add tiramemsu` to add it to your `Cargo.toml`
[INFO] [stdout] 
[INFO] [stdout] 
[INFO] [stdout] error[E0432]: unresolved import `tiramemsu`
[INFO] [stdout]   --> tests/common/skewed.rs:13:5
[INFO] [stdout]    |
[INFO] [stdout] 13 | use tiramemsu::*;
[INFO] [stdout]    |     ^^^^^^^^^ use of unresolved module or unlinked crate `tiramemsu`
[INFO] [stdout]    |
[INFO] [stdout]    = help: if you wanted to use a crate named `tiramemsu`, use `cargo add tiramemsu` to add it to your `Cargo.toml`
[INFO] [stdout] 
[INFO] [stdout] 
[INFO] [stdout] error[E0432]: unresolved import `tiramemsu`
[INFO] [stdout]   --> tests/common/mod.rs:14:5
[INFO] [stdout]    |
[INFO] [stdout] 14 | use tiramemsu::*;
[INFO] [stdout]    |     ^^^^^^^^^ use of unresolved module or unlinked crate `tiramemsu`
[INFO] [stdout]    |
[INFO] [stdout]    = help: if you wanted to use a crate named `tiramemsu`, use `cargo add tiramemsu` to add it to your `Cargo.toml`
[INFO] [stdout] 
[INFO] [stdout] 
[INFO] [stdout] error[E0433]: cannot find `vtab` in `rusqlite`
[INFO] [stdout]    --> tests/path_graphs.rs:285:31
[INFO] [stdout]     |
[INFO] [stdout] 285 |                 use rusqlite::vtab::array::Array;
[INFO] [stdout]     |                               ^^^^ could not find `vtab` in `rusqlite`
[INFO] [stdout]     |
[INFO] [stdout] note: found an item that was configured out
[INFO] [stdout]    --> /opt/rustwide/cargo-home/registry/src/index.crates.io-1949cf8c6b5b557f/rusqlite-0.40.2/src/lib.rs:158:9
[INFO] [stdout]     |
[INFO] [stdout] 157 | #[cfg(feature = "vtab")]
[INFO] [stdout]     |       ---------------- the item is gated behind the `vtab` feature
[INFO] [stdout] 158 | pub mod vtab;
[INFO] [stdout]     |         ^^^^
[INFO] [stdout] 
[INFO] [stdout] 
[INFO] [stdout] error[E0433]: cannot find module or crate `tiramemsu` in this scope
[INFO] [stdout]  --> tests/path_graphs.rs:9:5
[INFO] [stdout]   |
[INFO] [stdout] 9 | use tiramemsu::ir::builder::IrBuilder;
[INFO] [stdout]   |     ^^^^^^^^^ use of unresolved module or unlinked crate `tiramemsu`
[INFO] [stdout]   |
[INFO] [stdout]   = help: if you wanted to use a crate named `tiramemsu`, use `cargo add tiramemsu` to add it to your `Cargo.toml`
[INFO] [stdout] 
[INFO] [stdout] 
[INFO] [stdout] error[E0433]: cannot find module or crate `tiramemsu` in this scope
[INFO] [stdout]   --> tests/path_graphs.rs:10:5
[INFO] [stdout]    |
[INFO] [stdout] 10 | use tiramemsu::ir::{GraphSel, Op, PathExpr, TermOrVar};
[INFO] [stdout]    |     ^^^^^^^^^ use of unresolved module or unlinked crate `tiramemsu`
[INFO] [stdout]    |
[INFO] [stdout]    = help: if you wanted to use a crate named `tiramemsu`, use `cargo add tiramemsu` to add it to your `Cargo.toml`
[INFO] [stdout] 
[INFO] [stdout] 
[INFO] [stdout] error[E0432]: unresolved import `tiramemsu`
[INFO] [stdout]   --> tests/path_graphs.rs:11:5
[INFO] [stdout]    |
[INFO] [stdout] 11 | use tiramemsu::*;
[INFO] [stdout]    |     ^^^^^^^^^ use of unresolved module or unlinked crate `tiramemsu`
[INFO] [stdout]    |
[INFO] [stdout]    = help: if you wanted to use a crate named `tiramemsu`, use `cargo add tiramemsu` to add it to your `Cargo.toml`
[INFO] [stdout] 
[INFO] [stdout] 
[INFO] [stdout] error[E0432]: unresolved import `tm_rusqlite`
[INFO] [stdout]   --> tests/path_graphs.rs:17:5
[INFO] [stdout]    |
[INFO] [stdout] 17 | use tm_rusqlite::RusqliteExec;
[INFO] [stdout]    |     ^^^^^^^^^^^ use of unresolved module or unlinked crate `tm_rusqlite`
[INFO] [stdout]    |
[INFO] [stdout] help: there is a crate or module with a similar name
[INFO] [stdout]    |
[INFO] [stdout] 17 - use tm_rusqlite::RusqliteExec;
[INFO] [stdout] 17 + use rusqlite::RusqliteExec;
[INFO] [stdout]    |
[INFO] [stdout] 
[INFO] [stdout] 
[INFO] [stdout] error[E0432]: unresolved import `tiramemsu`
[INFO] [stdout]  --> tests/common/mock.rs:6:5
[INFO] [stdout]   |
[INFO] [stdout] 6 | use tiramemsu::{NativeKind, NativeOperator, SqlValue};
[INFO] [stdout]   |     ^^^^^^^^^ use of unresolved module or unlinked crate `tiramemsu`
[INFO] [stdout]   |
[INFO] [stdout]   = help: if you wanted to use a crate named `tiramemsu`, use `cargo add tiramemsu` to add it to your `Cargo.toml`
[INFO] [stdout] 
[INFO] [stdout] 
[INFO] [stdout] error[E0432]: unresolved import `tiramemsu`
[INFO] [stdout]  --> tests/common/paths.rs:4:5
[INFO] [stdout]   |
[INFO] [stdout] 4 | use tiramemsu::*;
[INFO] [stdout]   |     ^^^^^^^^^ use of unresolved module or unlinked crate `tiramemsu`
[INFO] [stdout]   |
[INFO] [stdout]   = help: if you wanted to use a crate named `tiramemsu`, use `cargo add tiramemsu` to add it to your `Cargo.toml`
[INFO] [stdout] 
[INFO] [stdout] 
[INFO] [stdout] error[E0432]: unresolved import `tiramemsu`
[INFO] [stdout]  --> tests/common/probe.rs:8:5
[INFO] [stdout]   |
[INFO] [stdout] 8 | use tiramemsu::{Capabilities, Executor, Host, HostOptions, Result, RusqliteHost, SqlValue};
[INFO] [stdout]   |     ^^^^^^^^^ use of unresolved module or unlinked crate `tiramemsu`
[INFO] [stdout]   |
[INFO] [stdout]   = help: if you wanted to use a crate named `tiramemsu`, use `cargo add tiramemsu` to add it to your `Cargo.toml`
[INFO] [stdout] 
[INFO] [stdout] 
[INFO] [stdout] error[E0432]: unresolved import `tiramemsu`
[INFO] [stdout]   --> tests/common/skewed.rs:13:5
[INFO] [stdout]    |
[INFO] [stdout] 13 | use tiramemsu::*;
[INFO] [stdout]    |     ^^^^^^^^^ use of unresolved module or unlinked crate `tiramemsu`
[INFO] [stdout]    |
[INFO] [stdout]    = help: if you wanted to use a crate named `tiramemsu`, use `cargo add tiramemsu` to add it to your `Cargo.toml`
[INFO] [stdout] 
[INFO] [stdout] 
[INFO] [stdout] error[E0432]: unresolved import `tiramemsu`
[INFO] [stdout]   --> tests/common/mod.rs:14:5
[INFO] [stdout]    |
[INFO] [stdout] 14 | use tiramemsu::*;
[INFO] [stdout]    |     ^^^^^^^^^ use of unresolved module or unlinked crate `tiramemsu`
[INFO] [stdout]    |
[INFO] [stdout]    = help: if you wanted to use a crate named `tiramemsu`, use `cargo add tiramemsu` to add it to your `Cargo.toml`
[INFO] [stdout] 
[INFO] [stdout] 
[INFO] [stdout] error[E0433]: cannot find module or crate `tiramemsu` in this scope
[INFO] [stdout]  --> tests/cypher_primitives.rs:7:5
[INFO] [stdout]   |
[INFO] [stdout] 7 | use tiramemsu::ir::builder::IrBuilder;
[INFO] [stdout]   |     ^^^^^^^^^ use of unresolved module or unlinked crate `tiramemsu`
[INFO] [stdout]   |
[INFO] [stdout]   = help: if you wanted to use a crate named `tiramemsu`, use `cargo add tiramemsu` to add it to your `Cargo.toml`
[INFO] [stdout] 
[INFO] [stdout] 
[INFO] [stdout] error[E0433]: cannot find module or crate `tiramemsu` in this scope
[INFO] [stdout]  --> tests/cypher_primitives.rs:8:5
[INFO] [stdout]   |
[INFO] [stdout] 8 | use tiramemsu::ir::{
[INFO] [stdout]   |     ^^^^^^^^^ use of unresolved module or unlinked crate `tiramemsu`
[INFO] [stdout]   |
[INFO] [stdout]   = help: if you wanted to use a crate named `tiramemsu`, use `cargo add tiramemsu` to add it to your `Cargo.toml`
[INFO] [stdout] 
[INFO] [stdout] 
[INFO] [stdout] error[E0433]: cannot find module or crate `tiramemsu` in this scope
[INFO] [stdout]   --> tests/cypher_primitives.rs:11:5
[INFO] [stdout]    |
[INFO] [stdout] 11 | use tiramemsu::ir::{Semantics, TermOrVar, Var};
[INFO] [stdout]    |     ^^^^^^^^^ use of unresolved module or unlinked crate `tiramemsu`
[INFO] [stdout]    |
[INFO] [stdout]    = help: if you wanted to use a crate named `tiramemsu`, use `cargo add tiramemsu` to add it to your `Cargo.toml`
[INFO] [stdout] 
[INFO] [stdout] 
[INFO] [stdout] error[E0432]: unresolved import `tiramemsu`
[INFO] [stdout]   --> tests/cypher_primitives.rs:12:5
[INFO] [stdout]    |
[INFO] [stdout] 12 | use tiramemsu::*;
[INFO] [stdout]    |     ^^^^^^^^^ use of unresolved module or unlinked crate `tiramemsu`
[INFO] [stdout]    |
[INFO] [stdout]    = help: if you wanted to use a crate named `tiramemsu`, use `cargo add tiramemsu` to add it to your `Cargo.toml`
[INFO] [stdout] 
[INFO] [stdout] 
[INFO] [stdout] error[E0432]: unresolved import `tiramemsu`
[INFO] [stdout]  --> tests/common/mock.rs:6:5
[INFO] [stdout]   |
[INFO] [stdout] 6 | use tiramemsu::{NativeKind, NativeOperator, SqlValue};
[INFO] [stdout]   |     ^^^^^^^^^ use of unresolved module or unlinked crate `tiramemsu`
[INFO] [stdout]   |
[INFO] [stdout]   = help: if you wanted to use a crate named `tiramemsu`, use `cargo add tiramemsu` to add it to your `Cargo.toml`
[INFO] [stdout] 
[INFO] [stdout] 
[INFO] [stdout] error[E0432]: unresolved import `tiramemsu`
[INFO] [stdout]  --> tests/common/paths.rs:4:5
[INFO] [stdout]   |
[INFO] [stdout] 4 | use tiramemsu::*;
[INFO] [stdout]   |     ^^^^^^^^^ use of unresolved module or unlinked crate `tiramemsu`
[INFO] [stdout]   |
[INFO] [stdout]   = help: if you wanted to use a crate named `tiramemsu`, use `cargo add tiramemsu` to add it to your `Cargo.toml`
[INFO] [stdout] 
[INFO] [stdout] 
[INFO] [stdout] error[E0432]: unresolved import `tiramemsu`
[INFO] [stdout]  --> tests/common/probe.rs:8:5
[INFO] [stdout]   |
[INFO] [stdout] 8 | use tiramemsu::{Capabilities, Executor, Host, HostOptions, Result, RusqliteHost, SqlValue};
[INFO] [stdout]   |     ^^^^^^^^^ use of unresolved module or unlinked crate `tiramemsu`
[INFO] [stdout]   |
[INFO] [stdout]   = help: if you wanted to use a crate named `tiramemsu`, use `cargo add tiramemsu` to add it to your `Cargo.toml`
[INFO] [stdout] 
[INFO] [stdout] 
[INFO] [stdout] error[E0432]: unresolved import `tiramemsu`
[INFO] [stdout]   --> tests/common/skewed.rs:13:5
[INFO] [stdout]    |
[INFO] [stdout] 13 | use tiramemsu::*;
[INFO] [stdout]    |     ^^^^^^^^^ use of unresolved module or unlinked crate `tiramemsu`
[INFO] [stdout]    |
[INFO] [stdout]    = help: if you wanted to use a crate named `tiramemsu`, use `cargo add tiramemsu` to add it to your `Cargo.toml`
[INFO] [stdout] 
[INFO] [stdout] 
[INFO] [stdout] error[E0432]: unresolved import `tiramemsu`
[INFO] [stdout]   --> tests/common/mod.rs:14:5
[INFO] [stdout]    |
[INFO] [stdout] 14 | use tiramemsu::*;
[INFO] [stdout]    |     ^^^^^^^^^ use of unresolved module or unlinked crate `tiramemsu`
[INFO] [stdout]    |
[INFO] [stdout]    = help: if you wanted to use a crate named `tiramemsu`, use `cargo add tiramemsu` to add it to your `Cargo.toml`
[INFO] [stdout] 
[INFO] [stdout] 
[INFO] [stdout] error[E0432]: unresolved import `tiramemsu`
[INFO] [stdout]  --> tests/path_limits.rs:8:5
[INFO] [stdout]   |
[INFO] [stdout] 8 | use tiramemsu::*;
[INFO] [stdout]   |     ^^^^^^^^^ use of unresolved module or unlinked crate `tiramemsu`
[INFO] [stdout]   |
[INFO] [stdout]   = help: if you wanted to use a crate named `tiramemsu`, use `cargo add tiramemsu` to add it to your `Cargo.toml`
[INFO] [stdout] 
[INFO] [stdout] 
[INFO] [stdout] For more information about this error, try `rustc --explain E0432`.
[INFO] [stdout] 
[INFO] [stderr] error: could not compile `tm-exec` (test "path_limits") due to 6 previous errors
[INFO] [stderr] warning: build failed, waiting for other jobs to finish...
[INFO] [stdout] For more information about this error, try `rustc --explain E0432`.
[INFO] [stdout] 
[INFO] [stderr] error: could not compile `tm-exec` (test "path_sql") due to 6 previous errors
[INFO] [stdout] Some errors have detailed explanations: E0432, E0433.
[INFO] [stdout] 
[INFO] [stdout] For more information about an error, try `rustc --explain E0432`.
[INFO] [stdout] 
[INFO] [stderr] error: could not compile `tm-exec` (test "connections") due to 8 previous errors
[INFO] [stdout] Some errors have detailed explanations: E0432, E0433.
[INFO] [stdout] 
[INFO] [stdout] For more information about an error, try `rustc --explain E0432`.
[INFO] [stdout] 
[INFO] [stderr] error: could not compile `tm-exec` (test "join_order") due to 7 previous errors
[INFO] [stdout] For more information about this error, try `rustc --explain E0432`.
[INFO] [stdout] 
[INFO] [stderr] error: could not compile `tm-exec` (test "path_time") due to 6 previous errors
[INFO] [stdout] error[E0107]: enum takes 2 generic arguments but 1 generic argument was supplied
[INFO] [stdout]   --> tests/stable_reads.rs:48:52
[INFO] [stdout]    |
[INFO] [stdout] 48 | fn apply(tx: &mut Tx<'_>, o: &O, known: &[Eid]) -> Result<()> {
[INFO] [stdout]    |                                                    ^^^^^^ -- supplied 1 generic argument
[INFO] [stdout]    |                                                    |
[INFO] [stdout]    |                                                    expected 2 generic arguments
[INFO] [stdout]    |
[INFO] [stdout] help: add missing generic argument
[INFO] [stdout]    |
[INFO] [stdout] 48 | fn apply(tx: &mut Tx<'_>, o: &O, known: &[Eid]) -> Result<(), E> {
[INFO] [stdout]    |                                                             +++
[INFO] [stdout] 
[INFO] [stdout] 
[INFO] [stdout] Some errors have detailed explanations: E0107, E0432, E0433.
[INFO] [stdout] 
[INFO] [stdout] For more information about an error, try `rustc --explain E0107`.
[INFO] [stdout] 
[INFO] [stderr] error: could not compile `tm-exec` (test "stable_reads") due to 9 previous errors
[INFO] [stdout] Some errors have detailed explanations: E0432, E0433.
[INFO] [stdout] 
[INFO] [stdout] For more information about an error, try `rustc --explain E0432`.
[INFO] [stdout] 
[INFO] [stderr] error: could not compile `tm-exec` (test "path_fetch") due to 8 previous errors
[INFO] [stdout] For more information about this error, try `rustc --explain E0432`.
[INFO] [stdout] 
[INFO] [stderr] error: could not compile `tm-exec` (test "layer_hops") due to 6 previous errors
[INFO] [stdout] For more information about this error, try `rustc --explain E0432`.
[INFO] [stdout] 
[INFO] [stderr] error: could not compile `tm-exec` (test "path_time_respecting") due to 7 previous errors
[INFO] [stdout] Some errors have detailed explanations: E0432, E0433.
[INFO] [stdout] 
[INFO] [stdout] For more information about an error, try `rustc --explain E0432`.
[INFO] [stdout] 
[INFO] [stderr] error: could not compile `tm-exec` (test "term_cache") due to 7 previous errors
[INFO] [stdout] Some errors have detailed explanations: E0432, E0433.
[INFO] [stdout] 
[INFO] [stdout] For more information about an error, try `rustc --explain E0432`.
[INFO] [stdout] 
[INFO] [stderr] error: could not compile `tm-exec` (test "cypher_primitives") due to 9 previous errors
[INFO] [stdout] Some errors have detailed explanations: E0432, E0433.
[INFO] [stdout] 
[INFO] [stdout] For more information about an error, try `rustc --explain E0432`.
[INFO] [stdout] 
[INFO] [stderr] error: could not compile `tm-exec` (test "path_graphs") due to 10 previous errors
[INFO] [stdout] Some errors have detailed explanations: E0432, E0433.
[INFO] [stdout] 
[INFO] [stdout] For more information about an error, try `rustc --explain E0432`.
[INFO] [stdout] 
[INFO] [stderr] error: could not compile `tm-exec` (test "plans") due to 8 previous errors
[INFO] [stdout] For more information about this error, try `rustc --explain E0432`.
[INFO] [stdout] 
[INFO] [stderr] error: could not compile `tm-exec` (test "path_ops") due to 6 previous errors
[INFO] [stdout] Some errors have detailed explanations: E0432, E0433.
[INFO] [stdout] 
[INFO] [stdout] For more information about an error, try `rustc --explain E0432`.
[INFO] [stdout] 
[INFO] [stderr] error: could not compile `tm-exec` (test "lftj") due to 8 previous errors
[INFO] [stdout] Some errors have detailed explanations: E0432, E0433.
[INFO] [stdout] 
[INFO] [stdout] For more information about an error, try `rustc --explain E0432`.
[INFO] [stdout] 
[INFO] [stderr] error: could not compile `tm-exec` (test "sql_exec") due to 9 previous errors
[INFO] running `Command { std: "docker" "inspect" "b6d22bc45262a7fd12a80f4f7f2e62ef2c42066c57b1b7e39724ddf060989819", kill_on_drop: false }`
[INFO] running `Command { std: "docker" "rm" "-f" "b6d22bc45262a7fd12a80f4f7f2e62ef2c42066c57b1b7e39724ddf060989819", kill_on_drop: false }`
[INFO] [stdout] b6d22bc45262a7fd12a80f4f7f2e62ef2c42066c57b1b7e39724ddf060989819
