[INFO] fetching crate tls-sys 0.1.0...
[INFO] testing tls-sys-0.1.0 against 1.100.0-beta.1+cargoflags=--release for beta-release-1.100-2
[INFO] extracting crate tls-sys 0.1.0 into /workspace/builds/worker-2-tc2/source
[INFO] started tweaking crates.io crate tls-sys 0.1.0
[INFO] finished tweaking crates.io crate tls-sys 0.1.0
[INFO] tweaked toml for crates.io crate tls-sys 0.1.0 written to /workspace/builds/worker-2-tc2/source/Cargo.toml
[INFO] validating manifest of crates.io crate tls-sys 0.1.0 on toolchain 1.100.0-beta.1
[INFO] running `Command { std: CARGO_HOME="/workspace/cargo-home" RUSTUP_HOME="/workspace/rustup-home" "/workspace/cargo-home/bin/cargo" "+1.100.0-beta.1" "metadata" "--manifest-path" "Cargo.toml" "--no-deps", kill_on_drop: false }`
[INFO] running `Command { std: CARGO_HOME="/workspace/cargo-home" RUSTUP_HOME="/workspace/rustup-home" "/workspace/cargo-home/bin/cargo" "+1.100.0-beta.1" "generate-lockfile" "--manifest-path" "Cargo.toml", kill_on_drop: false }`
[INFO] [stderr]     Updating crates.io index
[INFO] [stderr]      Locking 2 packages to highest compatible versions
[INFO] running `Command { std: CARGO_HOME="/workspace/cargo-home" RUSTUP_HOME="/workspace/rustup-home" "/workspace/cargo-home/bin/cargo" "+1.100.0-beta.1" "fetch" "--manifest-path" "Cargo.toml", kill_on_drop: false }`
[INFO] [stderr] warning: Cargo.toml: `package.edition` is unspecified, defaulting to `2015` while the latest is `2024`
[INFO] [stderr] warning: `tls-sys` (manifest) generated 1 warning
[INFO] running `Command { std: "docker" "create" "-v" "/var/lib/crater-agent-workspace/builds/worker-2-tc2/source:/opt/rustwide/workdir:ro,Z" "-v" "/var/lib/crater-agent-workspace/builds/worker-2-tc2/target:/opt/rustwide/target:rw,Z" "-v" "/var/lib/crater-agent-workspace/cargo-home:/opt/rustwide/cargo-home:ro,Z" "-v" "/var/lib/crater-agent-workspace/rustup-home:/opt/rustwide/rustup-home:ro,Z" "-m" "1610612736" "--network" "none" "ghcr.io/rust-lang/crates-build-env/linux@sha256:77db811e55d90add9212f6832c23229e3de5f1c1f9905e8cb07319ea15df73ac" "sleep" "infinity", kill_on_drop: false }`
[INFO] [stdout] 35d277ef9287d2613df7c9a76d4e4d25a496f23324668764268fd6121a7bfc58
[INFO] running `Command { std: "docker" "start" "35d277ef9287d2613df7c9a76d4e4d25a496f23324668764268fd6121a7bfc58", kill_on_drop: false }`
[INFO] running `Command { std: "docker" "inspect" "35d277ef9287d2613df7c9a76d4e4d25a496f23324668764268fd6121a7bfc58", kill_on_drop: false }`
[INFO] running `Command { std: "docker" "exec" "-e" "SOURCE_DIR=/opt/rustwide/workdir" "-e" "CARGO_HOME=/opt/rustwide/cargo-home" "-e" "RUSTUP_HOME=/opt/rustwide/rustup-home" "-e" "CARGO_TARGET_DIR=/opt/rustwide/target" "-w" "/opt/rustwide/workdir" "--user" "0:0" "35d277ef9287d2613df7c9a76d4e4d25a496f23324668764268fd6121a7bfc58" "/opt/rustwide/cargo-home/bin/cargo" "+1.100.0-beta.1" "metadata" "--no-deps" "--format-version=1", kill_on_drop: false }`
[INFO] running `Command { std: "docker" "inspect" "35d277ef9287d2613df7c9a76d4e4d25a496f23324668764268fd6121a7bfc58", kill_on_drop: false }`
[INFO] running `Command { std: "docker" "exec" "-e" "SOURCE_DIR=/opt/rustwide/workdir" "-e" "CARGO_HOME=/opt/rustwide/cargo-home" "-e" "RUSTUP_HOME=/opt/rustwide/rustup-home" "-e" "CARGO_TARGET_DIR=/opt/rustwide/target" "-e" "CARGO_INCREMENTAL=0" "-e" "RUST_BACKTRACE=full" "-e" "RUSTFLAGS=--cap-lints=warn" "-e" "RUSTDOCFLAGS=--cap-lints=warn" "-w" "/opt/rustwide/workdir" "--user" "0:0" "35d277ef9287d2613df7c9a76d4e4d25a496f23324668764268fd6121a7bfc58" "/opt/rustwide/cargo-home/bin/cargo" "+1.100.0-beta.1" "build" "--frozen" "--message-format=json" "--release", kill_on_drop: false }`
[INFO] [stderr] warning: Cargo.toml: `package.edition` is unspecified, defaulting to `2015` while the latest is `2024`
[INFO] [stderr] warning: `tls-sys` (manifest) generated 1 warning
[INFO] [stderr]    Compiling gcc v0.3.55
[INFO] [stderr]    Compiling tls-sys v0.1.0 (/opt/rustwide/workdir)
[INFO] [stdout] warning: use of deprecated type alias `gcc::Config`: gcc::Config has been renamed to gcc::Build
[INFO] [stdout]  --> src/build.rs:7:28
[INFO] [stdout]   |
[INFO] [stdout] 7 |     let mut gcc_cfg = gcc::Config::new();
[INFO] [stdout]   |                            ^^^^^^
[INFO] [stdout]   |
[INFO] [stdout]   = note: `#[warn(deprecated)]` on by default
[INFO] [stdout] 
[INFO] [stdout] 
[INFO] [stdout] warning: use of deprecated associated function `gcc::Build::new`: crate has been renamed to `cc`, the `gcc` name is not maintained
[INFO] [stdout]  --> src/build.rs:7:36
[INFO] [stdout]   |
[INFO] [stdout] 7 |     let mut gcc_cfg = gcc::Config::new();
[INFO] [stdout]   |                                    ^^^
[INFO] [stdout] 
[INFO] [stdout] 
[INFO] [stderr] warning: tls-sys@0.1.0: src/libressl_api_check.c:4:10: fatal error: tls.h: No such file or directory
[INFO] [stderr] warning: tls-sys@0.1.0:     4 | #include <tls.h>
[INFO] [stderr] warning: tls-sys@0.1.0:       |          ^~~~~~~
[INFO] [stderr] warning: tls-sys@0.1.0: compilation terminated.
[INFO] [stderr] error: failed to run custom build command for `tls-sys v0.1.0 (/opt/rustwide/workdir)`
[INFO] [stderr] note: To improve backtraces for build dependencies, set the CARGO_PROFILE_RELEASE_BUILD_OVERRIDE_DEBUG=true environment variable to enable debug information generation.
[INFO] [stderr] 
[INFO] [stderr] Caused by:
[INFO] [stderr]   process didn't exit successfully: `/opt/rustwide/target/release/build/tls-sys/9125c698e987da4e/out/build_script_build` (exit status: 101)
[INFO] [stderr]   --- stdout
[INFO] [stderr]   TARGET = Some("x86_64-unknown-linux-gnu")
[INFO] [stderr]   OPT_LEVEL = Some("3")
[INFO] [stderr]   TARGET = Some("x86_64-unknown-linux-gnu")
[INFO] [stderr]   HOST = Some("x86_64-unknown-linux-gnu")
[INFO] [stderr]   TARGET = Some("x86_64-unknown-linux-gnu")
[INFO] [stderr]   TARGET = Some("x86_64-unknown-linux-gnu")
[INFO] [stderr]   HOST = Some("x86_64-unknown-linux-gnu")
[INFO] [stderr]   CC_x86_64-unknown-linux-gnu = None
[INFO] [stderr]   CC_x86_64_unknown_linux_gnu = None
[INFO] [stderr]   HOST_CC = None
[INFO] [stderr]   CC = None
[INFO] [stderr]   HOST = Some("x86_64-unknown-linux-gnu")
[INFO] [stderr]   TARGET = Some("x86_64-unknown-linux-gnu")
[INFO] [stderr]   HOST = Some("x86_64-unknown-linux-gnu")
[INFO] [stderr]   CFLAGS_x86_64-unknown-linux-gnu = None
[INFO] [stderr]   CFLAGS_x86_64_unknown_linux_gnu = None
[INFO] [stderr]   HOST_CFLAGS = None
[INFO] [stderr]   CFLAGS = None
[INFO] [stderr]   DEBUG = Some("false")
[INFO] [stderr]   running: "cc" "-O3" "-ffunction-sections" "-fdata-sections" "-fPIC" "-m64" "-Wall" "-Wextra" "-o" "/opt/rustwide/target/release/build/tls-sys/f050a9a582788984/out/src/libressl_api_check.o" "-c" "src/libressl_api_check.c"
[INFO] [stderr]   cargo:warning=src/libressl_api_check.c:4:10: fatal error: tls.h: No such file or directory
[INFO] [stderr]   cargo:warning=    4 | #include <tls.h>
[INFO] [stderr]   cargo:warning=      |          ^~~~~~~
[INFO] [stderr]   cargo:warning=compilation terminated.
[INFO] [stderr]   exit status: 1
[INFO] [stderr] 
[INFO] [stderr]   --- stderr
[INFO] [stderr] 
[INFO] [stderr]   thread 'main' (91) panicked at /opt/rustwide/cargo-home/registry/src/index.crates.io-1949cf8c6b5b557f/gcc-0.3.55/src/lib.rs:1672:5:
[INFO] [stderr] 
[INFO] [stderr] 
[INFO] [stderr]   Internal error occurred: Command "cc" "-O3" "-ffunction-sections" "-fdata-sections" "-fPIC" "-m64" "-Wall" "-Wextra" "-o" "/opt/rustwide/target/release/build/tls-sys/f050a9a582788984/out/src/libressl_api_check.o" "-c" "src/libressl_api_check.c" with args "cc" did not execute successfully (status code exit status: 1).
[INFO] [stderr] 
[INFO] [stderr] 
[INFO] [stderr]   stack backtrace:
[INFO] [stderr]      0:     0x640d79ac5de1 - <<std[617be2ca0a6fd877]::sys::backtrace::BacktraceLock>::print::DisplayBacktrace as core[a373ad73a504971]::fmt::Display>::fmt
[INFO] [stderr]      1:     0x640d79ad93fa - core[a373ad73a504971]::fmt::write
[INFO] [stderr]      2:     0x640d79acb53c - <std[617be2ca0a6fd877]::sys::stdio::unix::Stderr as core[a373ad73a504971]::io::write::Write>::write_fmt
[INFO] [stderr]      3:     0x640d79aa41b6 - std[617be2ca0a6fd877]::panicking::default_hook::{closure#0}
[INFO] [stderr]      4:     0x640d79ac0461 - std[617be2ca0a6fd877]::panicking::default_hook
[INFO] [stderr]      5:     0x640d79ac061b - std[617be2ca0a6fd877]::panicking::panic_with_hook
[INFO] [stderr]      6:     0x640d79aa4262 - std[617be2ca0a6fd877]::panicking::panic_handler::{closure#0}
[INFO] [stderr]      7:     0x640d79a9cf09 - std[617be2ca0a6fd877]::sys::backtrace::__rust_end_short_backtrace::<std[617be2ca0a6fd877]::panicking::panic_handler::{closure#0}, !>
[INFO] [stderr]      8:     0x640d79aa4b6d - __rustc[ea4f61d10b84890b]::rust_begin_unwind
[INFO] [stderr]      9:     0x640d79ad9b6c - core[a373ad73a504971]::panicking::panic_fmt
[INFO] [stderr]     10:     0x640d79a6eb67 - gcc[4a8c019493453f2b]::fail
[INFO] [stderr]     11:     0x640d79a79c4d - <gcc[4a8c019493453f2b]::Build>::compile
[INFO] [stderr]     12:     0x640d79a6b45a - build_script_build[34faea20325b32e5]::main
[INFO] [stderr]     13:     0x640d79a6cab3 - <fn() as core[a373ad73a504971]::ops::function::FnOnce<()>>::call_once
[INFO] [stderr]     14:     0x640d79a6b18e - std[617be2ca0a6fd877]::sys::backtrace::__rust_begin_short_backtrace::<fn(), ()>
[INFO] [stderr]     15:     0x640d79a6b199 - std[617be2ca0a6fd877]::rt::lang_start::<()>::{closure#0}
[INFO] [stderr]     16:     0x640d79abf8d8 - std[617be2ca0a6fd877]::rt::lang_start_internal
[INFO] [stderr]     17:     0x640d79a6b101 - std[617be2ca0a6fd877]::rt::lang_start::<()>
[INFO] [stderr]     18:     0x640d79a6caf5 - main
[INFO] [stderr]     19:     0x7147854bf601 - <unknown>
[INFO] [stderr]     20:     0x7147854bf718 - __libc_start_main
[INFO] [stderr]     21:     0x640d79a6aeb5 - _start
[INFO] [stderr]     22:                0x0 - <unknown>
[INFO] running `Command { std: "docker" "inspect" "35d277ef9287d2613df7c9a76d4e4d25a496f23324668764268fd6121a7bfc58", kill_on_drop: false }`
[INFO] running `Command { std: "docker" "rm" "-f" "35d277ef9287d2613df7c9a76d4e4d25a496f23324668764268fd6121a7bfc58", kill_on_drop: false }`
[INFO] [stdout] 35d277ef9287d2613df7c9a76d4e4d25a496f23324668764268fd6121a7bfc58
