[INFO] fetching crate tls-listener 0.11.2...
[INFO] testing tls-listener-0.11.2 against 1.99.0-beta.8+cargoflags=--release for beta-release-1.100-2
[INFO] extracting crate tls-listener 0.11.2 into /workspace/builds/worker-3-tc1/source
[INFO] started tweaking crates.io crate tls-listener 0.11.2
[INFO] removed 0 missing examples
[INFO] removed 0 missing tests
[INFO] finished tweaking crates.io crate tls-listener 0.11.2
[INFO] tweaked toml for crates.io crate tls-listener 0.11.2 written to /workspace/builds/worker-3-tc1/source/Cargo.toml
[INFO] validating manifest of crates.io crate tls-listener 0.11.2 on toolchain 1.99.0-beta.8
[INFO] running `Command { std: CARGO_HOME="/workspace/cargo-home" RUSTUP_HOME="/workspace/rustup-home" "/workspace/cargo-home/bin/cargo" "+1.99.0-beta.8" "metadata" "--manifest-path" "Cargo.toml" "--no-deps", kill_on_drop: false }`
[INFO] crate crates.io crate tls-listener 0.11.2 already has a lockfile, it will not be regenerated
[INFO] running `Command { std: CARGO_HOME="/workspace/cargo-home" RUSTUP_HOME="/workspace/rustup-home" "/workspace/cargo-home/bin/cargo" "+1.99.0-beta.8" "fetch" "--manifest-path" "Cargo.toml", kill_on_drop: false }`
[INFO] [stderr]     Updating crates.io index
[INFO] [stderr]  Downloading crates ...
[INFO] [stderr]   Downloaded aws-lc-rs v1.15.1
[INFO] [stderr]   Downloaded aws-lc-fips-sys v0.13.10
[INFO] [stderr]   Downloaded aws-lc-sys v0.34.0
[INFO] running `Command { std: "docker" "create" "-v" "/var/lib/crater-agent-workspace/builds/worker-3-tc1/source:/opt/rustwide/workdir:ro,Z" "-v" "/var/lib/crater-agent-workspace/builds/worker-3-tc1/target:/opt/rustwide/target:rw,Z" "-v" "/var/lib/crater-agent-workspace/cargo-home:/opt/rustwide/cargo-home:ro,Z" "-v" "/var/lib/crater-agent-workspace/rustup-home:/opt/rustwide/rustup-home:ro,Z" "-m" "1610612736" "--network" "none" "ghcr.io/rust-lang/crates-build-env/linux@sha256:77db811e55d90add9212f6832c23229e3de5f1c1f9905e8cb07319ea15df73ac" "sleep" "infinity", kill_on_drop: false }`
[INFO] [stdout] e150ed9f120f35e606136b026eee3151ff3dbf12398e4acbb73b72c9c410f893
[INFO] running `Command { std: "docker" "start" "e150ed9f120f35e606136b026eee3151ff3dbf12398e4acbb73b72c9c410f893", kill_on_drop: false }`
[INFO] running `Command { std: "docker" "inspect" "e150ed9f120f35e606136b026eee3151ff3dbf12398e4acbb73b72c9c410f893", kill_on_drop: false }`
[INFO] running `Command { std: "docker" "exec" "-e" "SOURCE_DIR=/opt/rustwide/workdir" "-e" "CARGO_HOME=/opt/rustwide/cargo-home" "-e" "RUSTUP_HOME=/opt/rustwide/rustup-home" "-e" "CARGO_TARGET_DIR=/opt/rustwide/target" "-w" "/opt/rustwide/workdir" "--user" "0:0" "e150ed9f120f35e606136b026eee3151ff3dbf12398e4acbb73b72c9c410f893" "/opt/rustwide/cargo-home/bin/cargo" "+1.99.0-beta.8" "metadata" "--no-deps" "--format-version=1", kill_on_drop: false }`
[INFO] running `Command { std: "docker" "inspect" "e150ed9f120f35e606136b026eee3151ff3dbf12398e4acbb73b72c9c410f893", kill_on_drop: false }`
[INFO] running `Command { std: "docker" "exec" "-e" "SOURCE_DIR=/opt/rustwide/workdir" "-e" "CARGO_HOME=/opt/rustwide/cargo-home" "-e" "RUSTUP_HOME=/opt/rustwide/rustup-home" "-e" "CARGO_TARGET_DIR=/opt/rustwide/target" "-e" "CARGO_INCREMENTAL=0" "-e" "RUST_BACKTRACE=full" "-e" "RUSTFLAGS=--cap-lints=warn" "-e" "RUSTDOCFLAGS=--cap-lints=warn" "-w" "/opt/rustwide/workdir" "--user" "0:0" "e150ed9f120f35e606136b026eee3151ff3dbf12398e4acbb73b72c9c410f893" "/opt/rustwide/cargo-home/bin/cargo" "+1.99.0-beta.8" "build" "--frozen" "--message-format=json" "--release", kill_on_drop: false }`
[INFO] [stderr]    Compiling proc-macro2 v1.0.103
[INFO] [stderr]    Compiling quote v1.0.42
[INFO] [stderr]    Compiling libc v0.2.177
[INFO] [stderr]    Compiling thiserror v2.0.17
[INFO] [stderr]    Compiling pin-project-lite v0.2.16
[INFO] [stderr]    Compiling futures-task v0.3.31
[INFO] [stderr]    Compiling slab v0.4.11
[INFO] [stderr]    Compiling futures-core v0.3.31
[INFO] [stderr]    Compiling syn v2.0.110
[INFO] [stderr]    Compiling mio v1.1.0
[INFO] [stderr]    Compiling socket2 v0.6.1
[INFO] [stderr]    Compiling tokio v1.48.0
[INFO] [stderr]    Compiling futures-macro v0.3.31
[INFO] [stderr]    Compiling thiserror-impl v2.0.17
[INFO] [stderr]    Compiling futures-util v0.3.31
[INFO] [stderr]    Compiling tls-listener v0.11.2 (/opt/rustwide/workdir)
[INFO] [stderr]     Finished `release` profile [optimized] target(s) in 14.35s
[INFO] running `Command { std: "docker" "inspect" "e150ed9f120f35e606136b026eee3151ff3dbf12398e4acbb73b72c9c410f893", kill_on_drop: false }`
[INFO] running `Command { std: "docker" "exec" "-e" "SOURCE_DIR=/opt/rustwide/workdir" "-e" "CARGO_HOME=/opt/rustwide/cargo-home" "-e" "RUSTUP_HOME=/opt/rustwide/rustup-home" "-e" "CARGO_TARGET_DIR=/opt/rustwide/target" "-e" "CARGO_INCREMENTAL=0" "-e" "RUST_BACKTRACE=full" "-e" "RUSTFLAGS=--cap-lints=warn" "-e" "RUSTDOCFLAGS=--cap-lints=warn" "-w" "/opt/rustwide/workdir" "--user" "0:0" "e150ed9f120f35e606136b026eee3151ff3dbf12398e4acbb73b72c9c410f893" "/opt/rustwide/cargo-home/bin/cargo" "+1.99.0-beta.8" "test" "--frozen" "--no-run" "--message-format=json" "--release", kill_on_drop: false }`
[INFO] [stderr]    Compiling bytes v1.11.0
[INFO] [stderr]    Compiling itoa v1.0.15
[INFO] [stderr]    Compiling futures-core v0.3.31
[INFO] [stderr]    Compiling serde_core v1.0.228
[INFO] [stderr]    Compiling once_cell v1.21.3
[INFO] [stderr]    Compiling signal-hook-registry v1.4.6
[INFO] [stderr]    Compiling tokio-macros v2.6.0
[INFO] [stderr]    Compiling log v0.4.28
[INFO] [stderr]    Compiling serde v1.0.228
[INFO] [stderr]    Compiling futures-util v0.3.31
[INFO] [stderr]    Compiling tracing-core v0.1.34
[INFO] [stderr]    Compiling futures-channel v0.3.31
[INFO] [stderr]    Compiling sync_wrapper v1.0.2
[INFO] [stderr]    Compiling serde_json v1.0.145
[INFO] [stderr]    Compiling ryu v1.0.20
[INFO] [stderr]    Compiling memchr v2.7.6
[INFO] [stderr]    Compiling tracing v0.1.41
[INFO] [stderr]    Compiling http v1.3.1
[INFO] [stderr]    Compiling tokio v1.48.0
[INFO] [stderr]    Compiling http-body v1.0.1
[INFO] [stderr]    Compiling http-body-util v0.1.3
[INFO] [stderr]    Compiling axum-core v0.5.5
[INFO] [stderr]    Compiling serde_path_to_error v0.1.20
[INFO] [stderr]    Compiling serde_urlencoded v0.7.1
[INFO] [stderr]    Compiling hyper v1.8.1
[INFO] [stderr]    Compiling tower v0.5.2
[INFO] [stderr]    Compiling tls-listener v0.11.2 (/opt/rustwide/workdir)
[INFO] [stderr]    Compiling hyper-util v0.1.18
[INFO] [stderr]    Compiling axum v0.8.7
[INFO] [stdout] error[E0432]: unresolved import `config`
[INFO] [stdout]    --> examples/tls_config/mod.rs:111:9
[INFO] [stdout]     |
[INFO] [stdout] 111 | pub use config::*;
[INFO] [stdout]     |         ^^^^^^ use of unresolved module or unlinked crate `config`
[INFO] [stdout]     |
[INFO] [stdout]     = help: if you wanted to use a crate named `config`, use `cargo add config` to add it to your `Cargo.toml`
[INFO] [stdout] 
[INFO] [stdout] 
[INFO] [stdout] error[E0432]: unresolved import `tls_config::tls_acceptor`
[INFO] [stdout]   --> examples/echo.rs:22:5
[INFO] [stdout]    |
[INFO] [stdout] 22 | use tls_config::tls_acceptor;
[INFO] [stdout]    |     ^^^^^^^^^^^^------------
[INFO] [stdout]    |                 |
[INFO] [stdout]    |                 no `tls_acceptor` in `tls_config`
[INFO] [stdout] 
[INFO] [stdout] 
[INFO] [stdout] error[E0432]: unresolved import `config`
[INFO] [stdout]    --> examples/tls_config/mod.rs:111:9
[INFO] [stdout]     |
[INFO] [stdout] 111 | pub use config::*;
[INFO] [stdout]     |         ^^^^^^ use of unresolved module or unlinked crate `config`
[INFO] [stdout]     |
[INFO] [stdout]     = help: if you wanted to use a crate named `config`, use `cargo add config` to add it to your `Cargo.toml`
[INFO] [stdout] 
[INFO] [stdout] 
[INFO] [stdout] error[E0432]: unresolved import `tls_config::tls_acceptor`
[INFO] [stdout]   --> examples/http.rs:10:5
[INFO] [stdout]    |
[INFO] [stdout] 10 | use tls_config::tls_acceptor;
[INFO] [stdout]    |     ^^^^^^^^^^^^------------
[INFO] [stdout]    |                 |
[INFO] [stdout]    |                 no `tls_acceptor` in `tls_config`
[INFO] [stdout] 
[INFO] [stdout] 
[INFO] [stdout] error[E0432]: unresolved import `config`
[INFO] [stdout]    --> examples/tls_config/mod.rs:111:9
[INFO] [stdout]     |
[INFO] [stdout] 111 | pub use config::*;
[INFO] [stdout]     |         ^^^^^^ use of unresolved module or unlinked crate `config`
[INFO] [stdout]     |
[INFO] [stdout]     = help: if you wanted to use a crate named `config`, use `cargo add config` to add it to your `Cargo.toml`
[INFO] [stdout] 
[INFO] [stdout] 
[INFO] [stdout] error[E0432]: unresolved imports `tls_config::tls_acceptor`, `tls_config::tls_acceptor2`, `tls_config::Acceptor`
[INFO] [stdout]   --> examples/http-change-certificate.rs:12:18
[INFO] [stdout]    |
[INFO] [stdout] 12 | use tls_config::{tls_acceptor, tls_acceptor2, Acceptor};
[INFO] [stdout]    |                  ^^^^^^^^^^^^  ^^^^^^^^^^^^^  ^^^^^^^^ no `Acceptor` in `tls_config`
[INFO] [stdout]    |                  |             |
[INFO] [stdout]    |                  |             no `tls_acceptor2` in `tls_config`
[INFO] [stdout]    |                  no `tls_acceptor` in `tls_config`
[INFO] [stdout] 
[INFO] [stdout] 
[INFO] [stdout] error[E0432]: unresolved import `config`
[INFO] [stdout]    --> examples/tls_config/mod.rs:111:9
[INFO] [stdout]     |
[INFO] [stdout] 111 | pub use config::*;
[INFO] [stdout]     |         ^^^^^^ use of unresolved module or unlinked crate `config`
[INFO] [stdout]     |
[INFO] [stdout]     = help: if you wanted to use a crate named `config`, use `cargo add config` to add it to your `Cargo.toml`
[INFO] [stdout] 
[INFO] [stdout] 
[INFO] [stdout] error[E0432]: unresolved import `tls_config::tls_acceptor`
[INFO] [stdout]   --> examples/http-stream.rs:13:5
[INFO] [stdout]    |
[INFO] [stdout] 13 | use tls_config::tls_acceptor;
[INFO] [stdout]    |     ^^^^^^^^^^^^------------
[INFO] [stdout]    |                 |
[INFO] [stdout]    |                 no `tls_acceptor` in `tls_config`
[INFO] [stdout] 
[INFO] [stdout] 
[INFO] [stdout] For more information about this error, try `rustc --explain E0432`.
[INFO] [stdout] 
[INFO] [stderr] error: could not compile `tls-listener` (example "http") due to 2 previous errors
[INFO] [stderr] warning: build failed, waiting for other jobs to finish...
[INFO] [stdout] For more information about this error, try `rustc --explain E0432`.
[INFO] [stdout] 
[INFO] [stderr] error: could not compile `tls-listener` (example "echo") due to 2 previous errors
[INFO] [stdout] For more information about this error, try `rustc --explain E0432`.
[INFO] [stdout] 
[INFO] [stderr] error: could not compile `tls-listener` (example "http-stream") due to 2 previous errors
[INFO] [stdout] warning: method call on a diverging inference variable
[INFO] [stdout]   --> examples/http-change-certificate.rs:58:40
[INFO] [stdout]    |
[INFO] [stdout] 58 |                 let acceptor = message.expect("Channel should not be closed");
[INFO] [stdout]    |                                        ^^^^^^
[INFO] [stdout]    |
[INFO] [stdout]    = help: consider providing a type annotation
[INFO] [stdout]    = warning: this was previously accepted by the compiler but is being phased out; it will become a hard error in a future release!
[INFO] [stdout]    = note: for more information, see issue #156047 <https://github.com/rust-lang/rust/issues/156047>
[INFO] [stdout]    = note: `#[warn(method_call_on_diverging_infer_var)]` (part of `#[warn(future_incompatible)]`) on by default
[INFO] [stdout] 
[INFO] [stdout] 
[INFO] [stdout] error[E0599]: no method named `expect` found for type `_` in the current scope
[INFO] [stdout]   --> examples/http-change-certificate.rs:58:40
[INFO] [stdout]    |
[INFO] [stdout] 58 |                 let acceptor = message.expect("Channel should not be closed");
[INFO] [stdout]    |                                        ^^^^^^
[INFO] [stdout]    |
[INFO] [stdout] help: there is a method `exec` with a similar name, but with different arguments
[INFO] [stdout]   --> /rustc/dfb0accb7f508ae8be965d8629557221c889dd98/library/std/src/os/unix/process.rs:163:4
[INFO] [stdout] 
[INFO] [stdout] 
[INFO] [stdout] Some errors have detailed explanations: E0432, E0599.
[INFO] [stdout] 
[INFO] [stdout] For more information about an error, try `rustc --explain E0432`.
[INFO] [stdout] 
[INFO] [stderr] error: could not compile `tls-listener` (example "http-change-certificate") due to 3 previous errors; 2 warnings emitted
[INFO] running `Command { std: "docker" "inspect" "e150ed9f120f35e606136b026eee3151ff3dbf12398e4acbb73b72c9c410f893", kill_on_drop: false }`
[INFO] running `Command { std: "docker" "rm" "-f" "e150ed9f120f35e606136b026eee3151ff3dbf12398e4acbb73b72c9c410f893", kill_on_drop: false }`
[INFO] [stdout] e150ed9f120f35e606136b026eee3151ff3dbf12398e4acbb73b72c9c410f893
