[INFO] fetching crate tishlang_bytecode 4.2.5...
[INFO] testing tishlang_bytecode-4.2.5 against 1.100.0-beta.1+cargoflags=--release for beta-release-1.100-2
[INFO] extracting crate tishlang_bytecode 4.2.5 into /workspace/builds/worker-7-tc2/source
[INFO] started tweaking crates.io crate tishlang_bytecode 4.2.5
[INFO] removed 0 missing tests
[INFO] finished tweaking crates.io crate tishlang_bytecode 4.2.5
[INFO] tweaked toml for crates.io crate tishlang_bytecode 4.2.5 written to /workspace/builds/worker-7-tc2/source/Cargo.toml
[INFO] validating manifest of crates.io crate tishlang_bytecode 4.2.5 on toolchain 1.100.0-beta.1
[INFO] running `Command { std: CARGO_HOME="/workspace/cargo-home" RUSTUP_HOME="/workspace/rustup-home" "/workspace/cargo-home/bin/cargo" "+1.100.0-beta.1" "metadata" "--manifest-path" "Cargo.toml" "--no-deps", kill_on_drop: false }`
[INFO] crate crates.io crate tishlang_bytecode 4.2.5 already has a lockfile, it will not be regenerated
[INFO] running `Command { std: CARGO_HOME="/workspace/cargo-home" RUSTUP_HOME="/workspace/rustup-home" "/workspace/cargo-home/bin/cargo" "+1.100.0-beta.1" "fetch" "--manifest-path" "Cargo.toml", kill_on_drop: false }`
[INFO] running `Command { std: "docker" "create" "-v" "/var/lib/crater-agent-workspace/builds/worker-7-tc2/source:/opt/rustwide/workdir:ro,Z" "-v" "/var/lib/crater-agent-workspace/builds/worker-7-tc2/target:/opt/rustwide/target:rw,Z" "-v" "/var/lib/crater-agent-workspace/cargo-home:/opt/rustwide/cargo-home:ro,Z" "-v" "/var/lib/crater-agent-workspace/rustup-home:/opt/rustwide/rustup-home:ro,Z" "-m" "1610612736" "--network" "none" "ghcr.io/rust-lang/crates-build-env/linux@sha256:77db811e55d90add9212f6832c23229e3de5f1c1f9905e8cb07319ea15df73ac" "sleep" "infinity", kill_on_drop: false }`
[INFO] [stdout] bee5f73ca1ae97b774acdcee861d59a56fd92d3643efc9bf0e474f66d89f918b
[INFO] running `Command { std: "docker" "start" "bee5f73ca1ae97b774acdcee861d59a56fd92d3643efc9bf0e474f66d89f918b", kill_on_drop: false }`
[INFO] running `Command { std: "docker" "inspect" "bee5f73ca1ae97b774acdcee861d59a56fd92d3643efc9bf0e474f66d89f918b", kill_on_drop: false }`
[INFO] running `Command { std: "docker" "exec" "-e" "SOURCE_DIR=/opt/rustwide/workdir" "-e" "CARGO_HOME=/opt/rustwide/cargo-home" "-e" "RUSTUP_HOME=/opt/rustwide/rustup-home" "-e" "CARGO_TARGET_DIR=/opt/rustwide/target" "-w" "/opt/rustwide/workdir" "--user" "0:0" "bee5f73ca1ae97b774acdcee861d59a56fd92d3643efc9bf0e474f66d89f918b" "/opt/rustwide/cargo-home/bin/cargo" "+1.100.0-beta.1" "metadata" "--no-deps" "--format-version=1", kill_on_drop: false }`
[INFO] running `Command { std: "docker" "inspect" "bee5f73ca1ae97b774acdcee861d59a56fd92d3643efc9bf0e474f66d89f918b", kill_on_drop: false }`
[INFO] running `Command { std: "docker" "exec" "-e" "SOURCE_DIR=/opt/rustwide/workdir" "-e" "CARGO_HOME=/opt/rustwide/cargo-home" "-e" "RUSTUP_HOME=/opt/rustwide/rustup-home" "-e" "CARGO_TARGET_DIR=/opt/rustwide/target" "-e" "CARGO_INCREMENTAL=0" "-e" "RUST_BACKTRACE=full" "-e" "RUSTFLAGS=--cap-lints=warn" "-e" "RUSTDOCFLAGS=--cap-lints=warn" "-w" "/opt/rustwide/workdir" "--user" "0:0" "bee5f73ca1ae97b774acdcee861d59a56fd92d3643efc9bf0e474f66d89f918b" "/opt/rustwide/cargo-home/bin/cargo" "+1.100.0-beta.1" "build" "--frozen" "--message-format=json" "--release", kill_on_drop: false }`
[INFO] [stderr]    Compiling libc v0.2.186
[INFO] [stderr]    Compiling zerocopy v0.8.47
[INFO] [stderr]    Compiling getrandom v0.3.4
[INFO] [stderr]    Compiling cfg-if v1.0.4
[INFO] [stderr]    Compiling hashbrown v0.16.1
[INFO] [stderr]    Compiling once_cell v1.21.4
[INFO] [stderr]    Compiling smallvec v1.15.1
[INFO] [stderr]    Compiling ryu v1.0.23
[INFO] [stderr]    Compiling arcstr v1.2.0
[INFO] [stderr]    Compiling tishlang_ast v4.2.5
[INFO] [stderr]    Compiling ahash v0.8.12
[INFO] [stderr]    Compiling indexmap v2.13.0
[INFO] [stderr]    Compiling tishlang_core v4.2.5
[INFO] [stderr]    Compiling tishlang_bytecode v4.2.5 (/opt/rustwide/workdir)
[INFO] [stderr]     Finished `release` profile [optimized] target(s) in 16.68s
[INFO] running `Command { std: "docker" "inspect" "bee5f73ca1ae97b774acdcee861d59a56fd92d3643efc9bf0e474f66d89f918b", kill_on_drop: false }`
[INFO] running `Command { std: "docker" "exec" "-e" "SOURCE_DIR=/opt/rustwide/workdir" "-e" "CARGO_HOME=/opt/rustwide/cargo-home" "-e" "RUSTUP_HOME=/opt/rustwide/rustup-home" "-e" "CARGO_TARGET_DIR=/opt/rustwide/target" "-e" "CARGO_INCREMENTAL=0" "-e" "RUST_BACKTRACE=full" "-e" "RUSTFLAGS=--cap-lints=warn" "-e" "RUSTDOCFLAGS=--cap-lints=warn" "-w" "/opt/rustwide/workdir" "--user" "0:0" "bee5f73ca1ae97b774acdcee861d59a56fd92d3643efc9bf0e474f66d89f918b" "/opt/rustwide/cargo-home/bin/cargo" "+1.100.0-beta.1" "test" "--frozen" "--no-run" "--message-format=json" "--release", kill_on_drop: false }`
[INFO] [stderr]    Compiling tishlang_bytecode v4.2.5 (/opt/rustwide/workdir)
[INFO] [stdout] error[E0432]: unresolved import `tishlang_parser`
[INFO] [stdout]  --> tests/sort_optimization.rs:4:5
[INFO] [stdout]   |
[INFO] [stdout] 4 | use tishlang_parser::parse;
[INFO] [stdout]   |     ^^^^^^^^^^^^^^^ use of unresolved module or unlinked crate `tishlang_parser`
[INFO] [stdout]   |
[INFO] [stdout] help: there is a crate or module with a similar name
[INFO] [stdout]   |
[INFO] [stdout] 4 - use tishlang_parser::parse;
[INFO] [stdout] 4 + use tishlang_ast::parse;
[INFO] [stdout]   |
[INFO] [stdout] 
[INFO] [stdout] 
[INFO] [stdout] For more information about this error, try `rustc --explain E0432`.
[INFO] [stdout] 
[INFO] [stderr] error: could not compile `tishlang_bytecode` (test "sort_optimization") due to 1 previous error
[INFO] [stderr] warning: build failed, waiting for other jobs to finish...
[INFO] [stdout] error[E0432]: unresolved import `tishlang_parser`
[INFO] [stdout]  --> tests/append_local_string_builder.rs:5:5
[INFO] [stdout]   |
[INFO] [stdout] 5 | use tishlang_parser::parse;
[INFO] [stdout]   |     ^^^^^^^^^^^^^^^ use of unresolved module or unlinked crate `tishlang_parser`
[INFO] [stdout]   |
[INFO] [stdout] help: there is a crate or module with a similar name
[INFO] [stdout]   |
[INFO] [stdout] 5 - use tishlang_parser::parse;
[INFO] [stdout] 5 + use tishlang_ast::parse;
[INFO] [stdout]   |
[INFO] [stdout] 
[INFO] [stdout] 
[INFO] [stdout] error[E0432]: unresolved import `tishlang_parser`
[INFO] [stdout]  --> tests/math_unary_intrinsic.rs:5:5
[INFO] [stdout]   |
[INFO] [stdout] 5 | use tishlang_parser::parse;
[INFO] [stdout]   |     ^^^^^^^^^^^^^^^ use of unresolved module or unlinked crate `tishlang_parser`
[INFO] [stdout]   |
[INFO] [stdout] help: there is a crate or module with a similar name
[INFO] [stdout]   |
[INFO] [stdout] 5 - use tishlang_parser::parse;
[INFO] [stdout] 5 + use tishlang_ast::parse;
[INFO] [stdout]   |
[INFO] [stdout] 
[INFO] [stdout] 
[INFO] [stdout] error[E0432]: unresolved import `tishlang_parser`
[INFO] [stdout]  --> tests/constant_folding.rs:5:5
[INFO] [stdout]   |
[INFO] [stdout] 5 | use tishlang_parser::parse;
[INFO] [stdout]   |     ^^^^^^^^^^^^^^^ use of unresolved module or unlinked crate `tishlang_parser`
[INFO] [stdout]   |
[INFO] [stdout] help: there is a crate or module with a similar name
[INFO] [stdout]   |
[INFO] [stdout] 5 - use tishlang_parser::parse;
[INFO] [stdout] 5 + use tishlang_ast::parse;
[INFO] [stdout]   |
[INFO] [stdout] 
[INFO] [stdout] 
[INFO] [stdout] error[E0433]: cannot find module or crate `tishlang_parser` in this scope
[INFO] [stdout]   --> tests/fundecl_slot_binding.rs:28:19
[INFO] [stdout]    |
[INFO] [stdout] 28 |     let program = tishlang_parser::parse(src).expect("parse");
[INFO] [stdout]    |                   ^^^^^^^^^^^^^^^ use of unresolved module or unlinked crate `tishlang_parser`
[INFO] [stdout]    |
[INFO] [stdout] help: there is a crate or module with a similar name
[INFO] [stdout]    |
[INFO] [stdout] 28 -     let program = tishlang_parser::parse(src).expect("parse");
[INFO] [stdout] 28 +     let program = tishlang_ast::parse(src).expect("parse");
[INFO] [stdout]    |
[INFO] [stdout] 
[INFO] [stdout] 
[INFO] [stdout] For more information about this error, try `rustc --explain E0433`.
[INFO] [stdout] 
[INFO] [stdout] error[E0432]: unresolved import `tishlang_vm`
[INFO] [stdout]  --> tests/break_continue_bytecode.rs:6:5
[INFO] [stdout]   |
[INFO] [stdout] 6 | use tishlang_vm::run;
[INFO] [stdout]   |     ^^^^^^^^^^^ use of unresolved module or unlinked crate `tishlang_vm`
[INFO] [stdout]   |
[INFO] [stdout] help: there is a crate or module with a similar name
[INFO] [stdout]   |
[INFO] [stdout] 6 - use tishlang_vm::run;
[INFO] [stdout] 6 + use tishlang_ast::run;
[INFO] [stdout]   |
[INFO] [stdout] 
[INFO] [stdout] 
[INFO] [stderr] error: could not compile `tishlang_bytecode` (test "fundecl_slot_binding") due to 1 previous error
[INFO] [stdout] error[E0433]: cannot find module or crate `tishlang_opt` in this scope
[INFO] [stdout]   --> tests/math_unary_intrinsic.rs:16:21
[INFO] [stdout]    |
[INFO] [stdout] 16 |     let optimized = tishlang_opt::optimize(&program);
[INFO] [stdout]    |                     ^^^^^^^^^^^^ use of unresolved module or unlinked crate `tishlang_opt`
[INFO] [stdout]    |
[INFO] [stdout] help: there is a crate or module with a similar name
[INFO] [stdout]    |
[INFO] [stdout] 16 -     let optimized = tishlang_opt::optimize(&program);
[INFO] [stdout] 16 +     let optimized = tishlang_ast::optimize(&program);
[INFO] [stdout]    |
[INFO] [stdout] 
[INFO] [stdout] 
[INFO] [stdout] error[E0433]: cannot find module or crate `tishlang_opt` in this scope
[INFO] [stdout]   --> tests/append_local_string_builder.rs:20:21
[INFO] [stdout]    |
[INFO] [stdout] 20 |     let optimized = tishlang_opt::optimize(&program);
[INFO] [stdout]    |                     ^^^^^^^^^^^^ use of unresolved module or unlinked crate `tishlang_opt`
[INFO] [stdout]    |
[INFO] [stdout] help: there is a crate or module with a similar name
[INFO] [stdout]    |
[INFO] [stdout] 20 -     let optimized = tishlang_opt::optimize(&program);
[INFO] [stdout] 20 +     let optimized = tishlang_ast::optimize(&program);
[INFO] [stdout]    |
[INFO] [stdout] 
[INFO] [stdout] 
[INFO] [stdout] Some errors have detailed explanations: E0432, E0433.
[INFO] [stdout] 
[INFO] [stdout] For more information about an error, try `rustc --explain E0432`.
[INFO] [stdout] 
[INFO] [stderr] error: could not compile `tishlang_bytecode` (test "math_unary_intrinsic") due to 2 previous errors
[INFO] [stdout] Some errors have detailed explanations: E0432, E0433.
[INFO] [stdout] 
[INFO] [stdout] For more information about an error, try `rustc --explain E0432`.
[INFO] [stdout] 
[INFO] [stderr] error: could not compile `tishlang_bytecode` (test "append_local_string_builder") due to 2 previous errors
[INFO] [stdout] error[E0433]: cannot find module or crate `tishlang_parser` in this scope
[INFO] [stdout]   --> tests/param_defaults_slot_binding.rs:26:19
[INFO] [stdout]    |
[INFO] [stdout] 26 |     let program = tishlang_parser::parse(src).expect("parse");
[INFO] [stdout]    |                   ^^^^^^^^^^^^^^^ use of unresolved module or unlinked crate `tishlang_parser`
[INFO] [stdout]    |
[INFO] [stdout] help: there is a crate or module with a similar name
[INFO] [stdout]    |
[INFO] [stdout] 26 -     let program = tishlang_parser::parse(src).expect("parse");
[INFO] [stdout] 26 +     let program = tishlang_ast::parse(src).expect("parse");
[INFO] [stdout]    |
[INFO] [stdout] 
[INFO] [stdout] 
[INFO] [stdout] error[E0433]: cannot find module or crate `tishlang_parser` in this scope
[INFO] [stdout]   --> tests/captured_param_slot_binding.rs:26:19
[INFO] [stdout]    |
[INFO] [stdout] 26 |     let program = tishlang_parser::parse(src).expect("parse");
[INFO] [stdout]    |                   ^^^^^^^^^^^^^^^ use of unresolved module or unlinked crate `tishlang_parser`
[INFO] [stdout]    |
[INFO] [stdout] help: there is a crate or module with a similar name
[INFO] [stdout]    |
[INFO] [stdout] 26 -     let program = tishlang_parser::parse(src).expect("parse");
[INFO] [stdout] 26 +     let program = tishlang_ast::parse(src).expect("parse");
[INFO] [stdout]    |
[INFO] [stdout] 
[INFO] [stdout] 
[INFO] [stdout] For more information about this error, try `rustc --explain E0433`.
[INFO] [stdout] 
[INFO] [stderr] error: could not compile `tishlang_bytecode` (test "param_defaults_slot_binding") due to 1 previous error
[INFO] [stdout] error[E0433]: cannot find module or crate `tishlang_opt` in this scope
[INFO] [stdout]   --> tests/constant_folding.rs:24:21
[INFO] [stdout]    |
[INFO] [stdout] 24 |     let optimized = tishlang_opt::optimize(&program);
[INFO] [stdout]    |                     ^^^^^^^^^^^^ use of unresolved module or unlinked crate `tishlang_opt`
[INFO] [stdout]    |
[INFO] [stdout] help: there is a crate or module with a similar name
[INFO] [stdout]    |
[INFO] [stdout] 24 -     let optimized = tishlang_opt::optimize(&program);
[INFO] [stdout] 24 +     let optimized = tishlang_ast::optimize(&program);
[INFO] [stdout]    |
[INFO] [stdout] 
[INFO] [stdout] 
[INFO] [stdout] For more information about this error, try `rustc --explain E0433`.
[INFO] [stdout] 
[INFO] [stderr] error: could not compile `tishlang_bytecode` (test "captured_param_slot_binding") due to 1 previous error
[INFO] [stdout] error[E0433]: cannot find module or crate `tishlang_opt` in this scope
[INFO] [stdout]   --> tests/constant_folding.rs:65:21
[INFO] [stdout]    |
[INFO] [stdout] 65 |     let optimized = tishlang_opt::optimize(&program);
[INFO] [stdout]    |                     ^^^^^^^^^^^^ use of unresolved module or unlinked crate `tishlang_opt`
[INFO] [stdout]    |
[INFO] [stdout] help: there is a crate or module with a similar name
[INFO] [stdout]    |
[INFO] [stdout] 65 -     let optimized = tishlang_opt::optimize(&program);
[INFO] [stdout] 65 +     let optimized = tishlang_ast::optimize(&program);
[INFO] [stdout]    |
[INFO] [stdout] 
[INFO] [stdout] 
[INFO] [stdout] error[E0433]: cannot find module or crate `tishlang_opt` in this scope
[INFO] [stdout]   --> tests/constant_folding.rs:78:21
[INFO] [stdout]    |
[INFO] [stdout] 78 |     let optimized = tishlang_opt::optimize(&program);
[INFO] [stdout]    |                     ^^^^^^^^^^^^ use of unresolved module or unlinked crate `tishlang_opt`
[INFO] [stdout]    |
[INFO] [stdout] help: there is a crate or module with a similar name
[INFO] [stdout]    |
[INFO] [stdout] 78 -     let optimized = tishlang_opt::optimize(&program);
[INFO] [stdout] 78 +     let optimized = tishlang_ast::optimize(&program);
[INFO] [stdout]    |
[INFO] [stdout] 
[INFO] [stdout] 
[INFO] [stdout] Some errors have detailed explanations: E0432, E0433.
[INFO] [stdout] 
[INFO] [stdout] For more information about an error, try `rustc --explain E0432`.
[INFO] [stdout] 
[INFO] [stderr] error: could not compile `tishlang_bytecode` (test "constant_folding") due to 4 previous errors
[INFO] [stdout] error[E0433]: cannot find module or crate `tishlang_parser` in this scope
[INFO] [stdout]   --> tests/break_continue_bytecode.rs:15:16
[INFO] [stdout]    |
[INFO] [stdout] 15 |     let prog = tishlang_parser::parse(&src).expect("parse");
[INFO] [stdout]    |                ^^^^^^^^^^^^^^^ use of unresolved module or unlinked crate `tishlang_parser`
[INFO] [stdout]    |
[INFO] [stdout] help: there is a crate or module with a similar name
[INFO] [stdout]    |
[INFO] [stdout] 15 -     let prog = tishlang_parser::parse(&src).expect("parse");
[INFO] [stdout] 15 +     let prog = tishlang_ast::parse(&src).expect("parse");
[INFO] [stdout]    |
[INFO] [stdout] 
[INFO] [stdout] 
[INFO] [stdout] error[E0433]: cannot find module or crate `tishlang_parser` in this scope
[INFO] [stdout]   --> tests/break_continue_bytecode.rs:27:20
[INFO] [stdout]    |
[INFO] [stdout] 27 |     let mut prog = tishlang_parser::parse(&src).expect("parse");
[INFO] [stdout]    |                    ^^^^^^^^^^^^^^^ use of unresolved module or unlinked crate `tishlang_parser`
[INFO] [stdout]    |
[INFO] [stdout] help: there is a crate or module with a similar name
[INFO] [stdout]    |
[INFO] [stdout] 27 -     let mut prog = tishlang_parser::parse(&src).expect("parse");
[INFO] [stdout] 27 +     let mut prog = tishlang_ast::parse(&src).expect("parse");
[INFO] [stdout]    |
[INFO] [stdout] 
[INFO] [stdout] 
[INFO] [stdout] error[E0433]: cannot find module or crate `tishlang_opt` in this scope
[INFO] [stdout]   --> tests/break_continue_bytecode.rs:28:5
[INFO] [stdout]    |
[INFO] [stdout] 28 |     tishlang_opt::optimize(&mut prog);
[INFO] [stdout]    |     ^^^^^^^^^^^^ use of unresolved module or unlinked crate `tishlang_opt`
[INFO] [stdout]    |
[INFO] [stdout] help: there is a crate or module with a similar name
[INFO] [stdout]    |
[INFO] [stdout] 28 -     tishlang_opt::optimize(&mut prog);
[INFO] [stdout] 28 +     tishlang_ast::optimize(&mut prog);
[INFO] [stdout]    |
[INFO] [stdout] 
[INFO] [stdout] 
[INFO] [stdout] error[E0433]: cannot find module or crate `tishlang_parser` in this scope
[INFO] [stdout]   --> tests/break_continue_bytecode.rs:40:20
[INFO] [stdout]    |
[INFO] [stdout] 40 |     let mut prog = tishlang_parser::parse(&src).expect("parse");
[INFO] [stdout]    |                    ^^^^^^^^^^^^^^^ use of unresolved module or unlinked crate `tishlang_parser`
[INFO] [stdout]    |
[INFO] [stdout] help: there is a crate or module with a similar name
[INFO] [stdout]    |
[INFO] [stdout] 40 -     let mut prog = tishlang_parser::parse(&src).expect("parse");
[INFO] [stdout] 40 +     let mut prog = tishlang_ast::parse(&src).expect("parse");
[INFO] [stdout]    |
[INFO] [stdout] 
[INFO] [stdout] 
[INFO] [stdout] error[E0433]: cannot find module or crate `tishlang_opt` in this scope
[INFO] [stdout]   --> tests/break_continue_bytecode.rs:41:5
[INFO] [stdout]    |
[INFO] [stdout] 41 |     tishlang_opt::optimize(&mut prog);
[INFO] [stdout]    |     ^^^^^^^^^^^^ use of unresolved module or unlinked crate `tishlang_opt`
[INFO] [stdout]    |
[INFO] [stdout] help: there is a crate or module with a similar name
[INFO] [stdout]    |
[INFO] [stdout] 41 -     tishlang_opt::optimize(&mut prog);
[INFO] [stdout] 41 +     tishlang_ast::optimize(&mut prog);
[INFO] [stdout]    |
[INFO] [stdout] 
[INFO] [stdout] 
[INFO] [stdout] error[E0433]: cannot find module or crate `tishlang_parser` in this scope
[INFO] [stdout]   --> tests/break_continue_bytecode.rs:59:16
[INFO] [stdout]    |
[INFO] [stdout] 59 |     let prog = tishlang_parser::parse(src).expect("parse");
[INFO] [stdout]    |                ^^^^^^^^^^^^^^^ use of unresolved module or unlinked crate `tishlang_parser`
[INFO] [stdout]    |
[INFO] [stdout] help: there is a crate or module with a similar name
[INFO] [stdout]    |
[INFO] [stdout] 59 -     let prog = tishlang_parser::parse(src).expect("parse");
[INFO] [stdout] 59 +     let prog = tishlang_ast::parse(src).expect("parse");
[INFO] [stdout]    |
[INFO] [stdout] 
[INFO] [stdout] 
[INFO] [stdout] Some errors have detailed explanations: E0432, E0433.
[INFO] [stdout] 
[INFO] [stdout] For more information about an error, try `rustc --explain E0432`.
[INFO] [stdout] 
[INFO] [stderr] error: could not compile `tishlang_bytecode` (test "break_continue_bytecode") due to 7 previous errors
[INFO] [stdout] error[E0433]: cannot find module or crate `tishlang_parser` in this scope
[INFO] [stdout]     --> src/compiler.rs:3324:20
[INFO] [stdout]      |
[INFO] [stdout] 3324 |         let prog = tishlang_parser::parse(src).expect("parse");
[INFO] [stdout]      |                    ^^^^^^^^^^^^^^^ use of unresolved module or unlinked crate `tishlang_parser`
[INFO] [stdout]      |
[INFO] [stdout] help: there is a crate or module with a similar name
[INFO] [stdout]      |
[INFO] [stdout] 3324 -         let prog = tishlang_parser::parse(src).expect("parse");
[INFO] [stdout] 3324 +         let prog = tishlang_ast::parse(src).expect("parse");
[INFO] [stdout]      |
[INFO] [stdout] 
[INFO] [stdout] 
[INFO] [stdout] For more information about this error, try `rustc --explain E0433`.
[INFO] [stdout] 
[INFO] [stderr] error: could not compile `tishlang_bytecode` (lib test) due to 1 previous error
[INFO] running `Command { std: "docker" "inspect" "bee5f73ca1ae97b774acdcee861d59a56fd92d3643efc9bf0e474f66d89f918b", kill_on_drop: false }`
[INFO] running `Command { std: "docker" "rm" "-f" "bee5f73ca1ae97b774acdcee861d59a56fd92d3643efc9bf0e474f66d89f918b", kill_on_drop: false }`
[INFO] [stdout] bee5f73ca1ae97b774acdcee861d59a56fd92d3643efc9bf0e474f66d89f918b
