[INFO] fetching crate tiny-wasm-runtime 0.1.1...
[INFO] testing tiny-wasm-runtime-0.1.1 against 1.99.0-beta.8+cargoflags=--release for beta-release-1.100-2
[INFO] extracting crate tiny-wasm-runtime 0.1.1 into /workspace/builds/worker-3-tc1/source
[INFO] started tweaking crates.io crate tiny-wasm-runtime 0.1.1
[INFO] removed 0 missing examples
[INFO] finished tweaking crates.io crate tiny-wasm-runtime 0.1.1
[INFO] tweaked toml for crates.io crate tiny-wasm-runtime 0.1.1 written to /workspace/builds/worker-3-tc1/source/Cargo.toml
[INFO] validating manifest of crates.io crate tiny-wasm-runtime 0.1.1 on toolchain 1.99.0-beta.8
[INFO] running `Command { std: CARGO_HOME="/workspace/cargo-home" RUSTUP_HOME="/workspace/rustup-home" "/workspace/cargo-home/bin/cargo" "+1.99.0-beta.8" "metadata" "--manifest-path" "Cargo.toml" "--no-deps", kill_on_drop: false }`
[INFO] crate crates.io crate tiny-wasm-runtime 0.1.1 already has a lockfile, it will not be regenerated
[INFO] running `Command { std: CARGO_HOME="/workspace/cargo-home" RUSTUP_HOME="/workspace/rustup-home" "/workspace/cargo-home/bin/cargo" "+1.99.0-beta.8" "fetch" "--manifest-path" "Cargo.toml", kill_on_drop: false }`
[INFO] [stderr]     Updating crates.io index
[INFO] [stderr]  Downloading crates ...
[INFO] [stderr]   Downloaded wit-bindgen v0.60.0
[INFO] [stderr]   Downloaded wit-bindgen-rust-macro v0.60.0
[INFO] [stderr]   Downloaded tiny-wasm-runtime-macros v0.1.0
[INFO] [stderr]   Downloaded wasm-metadata v0.254.0
[INFO] [stderr]   Downloaded wit-bindgen-core v0.60.0
[INFO] [stderr]   Downloaded wit-bindgen-rust v0.60.0
[INFO] [stderr]   Downloaded wasm-encoder v0.254.0
[INFO] [stderr]   Downloaded wit-parser v0.254.0
[INFO] [stderr]   Downloaded wit-component v0.254.0
[INFO] [stderr]   Downloaded wasmparser v0.254.0
[INFO] running `Command { std: "docker" "create" "-v" "/var/lib/crater-agent-workspace/builds/worker-3-tc1/source:/opt/rustwide/workdir:ro,Z" "-v" "/var/lib/crater-agent-workspace/builds/worker-3-tc1/target:/opt/rustwide/target:rw,Z" "-v" "/var/lib/crater-agent-workspace/cargo-home:/opt/rustwide/cargo-home:ro,Z" "-v" "/var/lib/crater-agent-workspace/rustup-home:/opt/rustwide/rustup-home:ro,Z" "-m" "1610612736" "--network" "none" "ghcr.io/rust-lang/crates-build-env/linux@sha256:77db811e55d90add9212f6832c23229e3de5f1c1f9905e8cb07319ea15df73ac" "sleep" "infinity", kill_on_drop: false }`
[INFO] [stdout] baa35ab5432a1dc3c2b6ddec9a269b3fd57beaf240c6d48d430844192281b7a6
[INFO] running `Command { std: "docker" "start" "baa35ab5432a1dc3c2b6ddec9a269b3fd57beaf240c6d48d430844192281b7a6", kill_on_drop: false }`
[INFO] running `Command { std: "docker" "inspect" "baa35ab5432a1dc3c2b6ddec9a269b3fd57beaf240c6d48d430844192281b7a6", kill_on_drop: false }`
[INFO] running `Command { std: "docker" "exec" "-e" "SOURCE_DIR=/opt/rustwide/workdir" "-e" "CARGO_HOME=/opt/rustwide/cargo-home" "-e" "RUSTUP_HOME=/opt/rustwide/rustup-home" "-e" "CARGO_TARGET_DIR=/opt/rustwide/target" "-w" "/opt/rustwide/workdir" "--user" "0:0" "baa35ab5432a1dc3c2b6ddec9a269b3fd57beaf240c6d48d430844192281b7a6" "/opt/rustwide/cargo-home/bin/cargo" "+1.99.0-beta.8" "metadata" "--no-deps" "--format-version=1", kill_on_drop: false }`
[INFO] running `Command { std: "docker" "inspect" "baa35ab5432a1dc3c2b6ddec9a269b3fd57beaf240c6d48d430844192281b7a6", kill_on_drop: false }`
[INFO] running `Command { std: "docker" "exec" "-e" "SOURCE_DIR=/opt/rustwide/workdir" "-e" "CARGO_HOME=/opt/rustwide/cargo-home" "-e" "RUSTUP_HOME=/opt/rustwide/rustup-home" "-e" "CARGO_TARGET_DIR=/opt/rustwide/target" "-e" "CARGO_INCREMENTAL=0" "-e" "RUST_BACKTRACE=full" "-e" "RUSTFLAGS=--cap-lints=warn" "-e" "RUSTDOCFLAGS=--cap-lints=warn" "-w" "/opt/rustwide/workdir" "--user" "0:0" "baa35ab5432a1dc3c2b6ddec9a269b3fd57beaf240c6d48d430844192281b7a6" "/opt/rustwide/cargo-home/bin/cargo" "+1.99.0-beta.8" "build" "--frozen" "--message-format=json" "--release", kill_on_drop: false }`
[INFO] [stderr]    Compiling proc-macro2 v1.0.105
[INFO] [stderr]    Compiling serde_core v1.0.229
[INFO] [stderr]    Compiling foldhash v0.2.0
[INFO] [stderr]    Compiling semver v1.0.28
[INFO] [stderr]    Compiling serde v1.0.229
[INFO] [stderr]    Compiling serde_json v1.0.151
[INFO] [stderr]    Compiling memchr v2.7.6
[INFO] [stderr]    Compiling id-arena v2.3.0
[INFO] [stderr]    Compiling leb128fmt v0.1.0
[INFO] [stderr]    Compiling wit-bindgen-rust v0.60.0
[INFO] [stderr]    Compiling hashbrown v0.17.1
[INFO] [stderr]    Compiling wit-bindgen-rust-macro v0.60.0
[INFO] [stderr]    Compiling wit-bindgen v0.60.0
[INFO] [stderr]    Compiling quote v1.0.43
[INFO] [stderr]    Compiling syn v2.0.114
[INFO] [stderr]    Compiling syn v3.0.3
[INFO] [stderr]    Compiling indexmap v2.14.0
[INFO] [stderr]    Compiling serde_derive v1.0.229
[INFO] [stderr]    Compiling wasmparser v0.254.0
[INFO] [stderr]    Compiling prettyplease v0.2.37
[INFO] [stderr]    Compiling macro-string v0.2.0
[INFO] [stderr]    Compiling futures-macro v0.3.31
[INFO] [stderr]    Compiling tiny-wasm-runtime-macros v0.1.0
[INFO] [stderr]    Compiling futures-util v0.3.31
[INFO] [stderr]    Compiling futures-executor v0.3.31
[INFO] [stderr]    Compiling futures v0.3.31
[INFO] [stderr]    Compiling wit-parser v0.254.0
[INFO] [stderr]    Compiling wasm-encoder v0.254.0
[INFO] [stderr]    Compiling wasm-metadata v0.254.0
[INFO] [stderr]    Compiling wit-bindgen-core v0.60.0
[INFO] [stderr]    Compiling wit-component v0.254.0
[INFO] [stderr]    Compiling tiny-wasm-runtime v0.1.1 (/opt/rustwide/workdir)
[INFO] [stderr]     Finished `release` profile [optimized] target(s) in 52.94s
[INFO] running `Command { std: "docker" "inspect" "baa35ab5432a1dc3c2b6ddec9a269b3fd57beaf240c6d48d430844192281b7a6", kill_on_drop: false }`
[INFO] running `Command { std: "docker" "exec" "-e" "SOURCE_DIR=/opt/rustwide/workdir" "-e" "CARGO_HOME=/opt/rustwide/cargo-home" "-e" "RUSTUP_HOME=/opt/rustwide/rustup-home" "-e" "CARGO_TARGET_DIR=/opt/rustwide/target" "-e" "CARGO_INCREMENTAL=0" "-e" "RUST_BACKTRACE=full" "-e" "RUSTFLAGS=--cap-lints=warn" "-e" "RUSTDOCFLAGS=--cap-lints=warn" "-w" "/opt/rustwide/workdir" "--user" "0:0" "baa35ab5432a1dc3c2b6ddec9a269b3fd57beaf240c6d48d430844192281b7a6" "/opt/rustwide/cargo-home/bin/cargo" "+1.99.0-beta.8" "test" "--frozen" "--no-run" "--message-format=json" "--release", kill_on_drop: false }`
[INFO] [stderr]    Compiling tiny-wasm-runtime v0.1.1 (/opt/rustwide/workdir)
[INFO] [stdout] error: linking with `cc` failed: exit status: 1
[INFO] [stdout]   |
[INFO] [stdout]   = note:  "cc" "-Wl,--version-script=/opt/rustwide/target/release/examples/rustc0thgwO/list" "-Wl,--no-undefined-version" "-m64" "/opt/rustwide/target/release/examples/rustc0thgwO/symbols.o" "<2 object files omitted>" "-Wl,--as-needed" "-Wl,-Bstatic" "/opt/rustwide/target/release/deps/{libtiny_wasm_runtime-5068d98f3c46d876,libwit_bindgen-c0167d555fb50e73,libbitflags-1be973072239c3aa,libfutures-8a8870ef06695ce2,libfutures_executor-2faa0c93efc88a9e,libfutures_util-c5f52b09b602fd26,libmemchr-f5475d219327462e,libfutures_io-c3a463472a7d129d,libslab-95d41f46a3a02d8a,libfutures_channel-38104845e79102e5,libpin_project_lite-a042d89c9815bfb5,libfutures_sink-4a07ed6f617923ac,libfutures_task-4b529e0327c731b5,libpin_utils-bd5b26767cd4a338,libfutures_core-5adffef6bac868a8}.rlib" "<sysroot>/lib/rustlib/x86_64-unknown-linux-gnu/lib/{libstd-*,libpanic_unwind-*,libobject-*,libmemchr-*,libaddr2line-*,libgimli-*,libcfg_if-*,librustc_demangle-*,libstd_detect-*,libhashbrown-*,librustc_std_workspace_alloc-*,libminiz_oxide-*,libadler2-*,libunwind-*,liblibc-*,librustc_std_workspace_core-*,liballoc-*,libcore-*,libcompiler_builtins-*}.rlib" "-Wl,-Bdynamic" "-lgcc_s" "-lutil" "-lrt" "-lpthread" "-lm" "-ldl" "-lc" "-L" "/opt/rustwide/target/release/examples/rustc0thgwO/raw-dylibs" "-B<sysroot>/lib/rustlib/x86_64-unknown-linux-gnu/bin/gcc-ld" "-fuse-ld=lld" "-Wl,--eh-frame-hdr" "-Wl,-z,noexecstack" "-L" "<sysroot>/lib/rustlib/x86_64-unknown-linux-gnu/lib" "-o" "/opt/rustwide/target/release/examples/libtest_macro_main-5a3cac0a7ee3f648.so" "-Wl,--gc-sections" "-shared" "-Wl,-z,relro,-z,now" "-Wl,-O1" "-Wl,--strip-debug" "-nodefaultlibs"
[INFO] [stdout]   = note: some arguments are omitted. use `--verbose` to show all linker arguments
[INFO] [stdout]   = note: rust-lld: error: /opt/rustwide/target/release/examples/rustc0thgwO/list:3: ; expected, but got :
[INFO] [stdout]           >>>     [async-lift]wasi:cli/run@0.3.0#run;
[INFO] [stdout]           >>>                     ^
[INFO] [stdout]           collect2: error: ld returned 1 exit status
[INFO] [stdout]           
[INFO] [stdout] 
[INFO] [stdout] 
[INFO] [stderr] error: could not compile `tiny-wasm-runtime` (example "test-macro-main") due to 1 previous error
[INFO] [stderr] warning: build failed, waiting for other jobs to finish...
[INFO] [stdout] error: linking with `cc` failed: exit status: 1
[INFO] [stdout]   |
[INFO] [stdout]   = note:  "cc" "-Wl,--version-script=/opt/rustwide/target/release/examples/rustcnjwbQ9/list" "-Wl,--no-undefined-version" "-m64" "/opt/rustwide/target/release/examples/rustcnjwbQ9/symbols.o" "<3 object files omitted>" "-Wl,--as-needed" "-Wl,-Bstatic" "/opt/rustwide/target/release/deps/{libtiny_wasm_runtime-5068d98f3c46d876,libwit_bindgen-c0167d555fb50e73,libbitflags-1be973072239c3aa,libfutures-8a8870ef06695ce2,libfutures_executor-2faa0c93efc88a9e,libfutures_util-c5f52b09b602fd26,libmemchr-f5475d219327462e,libfutures_io-c3a463472a7d129d,libslab-95d41f46a3a02d8a,libfutures_channel-38104845e79102e5,libpin_project_lite-a042d89c9815bfb5,libfutures_sink-4a07ed6f617923ac,libfutures_task-4b529e0327c731b5,libpin_utils-bd5b26767cd4a338,libfutures_core-5adffef6bac868a8}.rlib" "<sysroot>/lib/rustlib/x86_64-unknown-linux-gnu/lib/{libstd-*,libpanic_unwind-*,libobject-*,libmemchr-*,libaddr2line-*,libgimli-*,libcfg_if-*,librustc_demangle-*,libstd_detect-*,libhashbrown-*,librustc_std_workspace_alloc-*,libminiz_oxide-*,libadler2-*,libunwind-*,liblibc-*,librustc_std_workspace_core-*,liballoc-*,libcore-*,libcompiler_builtins-*}.rlib" "-Wl,-Bdynamic" "-lgcc_s" "-lutil" "-lrt" "-lpthread" "-lm" "-ldl" "-lc" "-L" "/opt/rustwide/target/release/examples/rustcnjwbQ9/raw-dylibs" "-B<sysroot>/lib/rustlib/x86_64-unknown-linux-gnu/bin/gcc-ld" "-fuse-ld=lld" "-Wl,--eh-frame-hdr" "-Wl,-z,noexecstack" "-L" "<sysroot>/lib/rustlib/x86_64-unknown-linux-gnu/lib" "-o" "/opt/rustwide/target/release/examples/libtest_usage_example-06441160c0740bcd.so" "-Wl,--gc-sections" "-shared" "-Wl,-z,relro,-z,now" "-Wl,-O1" "-Wl,--strip-debug" "-nodefaultlibs"
[INFO] [stdout]   = note: some arguments are omitted. use `--verbose` to show all linker arguments
[INFO] [stdout]   = note: rust-lld: error: /opt/rustwide/target/release/examples/rustcnjwbQ9/list:3: ; expected, but got :
[INFO] [stdout]           >>>     [async-lift]wasi:cli/run@0.3.0#run;
[INFO] [stdout]           >>>                     ^
[INFO] [stdout]           collect2: error: ld returned 1 exit status
[INFO] [stdout]           
[INFO] [stdout] 
[INFO] [stdout] 
[INFO] [stderr] error: could not compile `tiny-wasm-runtime` (example "test-usage-example") due to 1 previous error
[INFO] [stdout] error: linking with `cc` failed: exit status: 1
[INFO] [stdout]   |
[INFO] [stdout]   = note:  "cc" "-Wl,--version-script=/opt/rustwide/target/release/examples/rustccKZSNi/list" "-Wl,--no-undefined-version" "-m64" "/opt/rustwide/target/release/examples/rustccKZSNi/symbols.o" "<3 object files omitted>" "-Wl,--as-needed" "-Wl,-Bstatic" "/opt/rustwide/target/release/deps/{libtiny_wasm_runtime-5068d98f3c46d876,libwit_bindgen-c0167d555fb50e73,libbitflags-1be973072239c3aa,libfutures-8a8870ef06695ce2,libfutures_executor-2faa0c93efc88a9e,libfutures_util-c5f52b09b602fd26,libmemchr-f5475d219327462e,libfutures_io-c3a463472a7d129d,libslab-95d41f46a3a02d8a,libfutures_channel-38104845e79102e5,libpin_project_lite-a042d89c9815bfb5,libfutures_sink-4a07ed6f617923ac,libfutures_task-4b529e0327c731b5,libpin_utils-bd5b26767cd4a338,libfutures_core-5adffef6bac868a8}.rlib" "<sysroot>/lib/rustlib/x86_64-unknown-linux-gnu/lib/{libstd-*,libpanic_unwind-*,libobject-*,libmemchr-*,libaddr2line-*,libgimli-*,libcfg_if-*,librustc_demangle-*,libstd_detect-*,libhashbrown-*,librustc_std_workspace_alloc-*,libminiz_oxide-*,libadler2-*,libunwind-*,liblibc-*,librustc_std_workspace_core-*,liballoc-*,libcore-*,libcompiler_builtins-*}.rlib" "-Wl,-Bdynamic" "-lgcc_s" "-lutil" "-lrt" "-lpthread" "-lm" "-ldl" "-lc" "-L" "/opt/rustwide/target/release/examples/rustccKZSNi/raw-dylibs" "-B<sysroot>/lib/rustlib/x86_64-unknown-linux-gnu/bin/gcc-ld" "-fuse-ld=lld" "-Wl,--eh-frame-hdr" "-Wl,-z,noexecstack" "-L" "<sysroot>/lib/rustlib/x86_64-unknown-linux-gnu/lib" "-o" "/opt/rustwide/target/release/examples/libtest_timers-a68db2afaa17f75b.so" "-Wl,--gc-sections" "-shared" "-Wl,-z,relro,-z,now" "-Wl,-O1" "-Wl,--strip-debug" "-nodefaultlibs"
[INFO] [stdout]   = note: some arguments are omitted. use `--verbose` to show all linker arguments
[INFO] [stdout]   = note: rust-lld: error: /opt/rustwide/target/release/examples/rustccKZSNi/list:3: ; expected, but got :
[INFO] [stdout]           >>>     [async-lift]wasi:cli/run@0.3.0#run;
[INFO] [stdout]           >>>                     ^
[INFO] [stdout]           collect2: error: ld returned 1 exit status
[INFO] [stdout]           
[INFO] [stdout] 
[INFO] [stdout] 
[INFO] [stderr] error: could not compile `tiny-wasm-runtime` (example "test-timers") due to 1 previous error
[INFO] [stdout] error: linking with `cc` failed: exit status: 1
[INFO] [stdout]   |
[INFO] [stdout]   = note:  "cc" "-Wl,--version-script=/opt/rustwide/target/release/examples/rustcJ3MJ5c/list" "-Wl,--no-undefined-version" "-m64" "/opt/rustwide/target/release/examples/rustcJ3MJ5c/symbols.o" "<4 object files omitted>" "-Wl,--as-needed" "-Wl,-Bstatic" "/opt/rustwide/target/release/deps/{libtiny_wasm_runtime-5068d98f3c46d876,libwit_bindgen-c0167d555fb50e73,libbitflags-1be973072239c3aa,libfutures-8a8870ef06695ce2,libfutures_executor-2faa0c93efc88a9e,libfutures_util-c5f52b09b602fd26,libmemchr-f5475d219327462e,libfutures_io-c3a463472a7d129d,libslab-95d41f46a3a02d8a,libfutures_channel-38104845e79102e5,libpin_project_lite-a042d89c9815bfb5,libfutures_sink-4a07ed6f617923ac,libfutures_task-4b529e0327c731b5,libpin_utils-bd5b26767cd4a338,libfutures_core-5adffef6bac868a8}.rlib" "<sysroot>/lib/rustlib/x86_64-unknown-linux-gnu/lib/{libstd-*,libpanic_unwind-*,libobject-*,libmemchr-*,libaddr2line-*,libgimli-*,libcfg_if-*,librustc_demangle-*,libstd_detect-*,libhashbrown-*,librustc_std_workspace_alloc-*,libminiz_oxide-*,libadler2-*,libunwind-*,liblibc-*,librustc_std_workspace_core-*,liballoc-*,libcore-*,libcompiler_builtins-*}.rlib" "-Wl,-Bdynamic" "-lgcc_s" "-lutil" "-lrt" "-lpthread" "-lm" "-ldl" "-lc" "-L" "/opt/rustwide/target/release/examples/rustcJ3MJ5c/raw-dylibs" "-B<sysroot>/lib/rustlib/x86_64-unknown-linux-gnu/bin/gcc-ld" "-fuse-ld=lld" "-Wl,--eh-frame-hdr" "-Wl,-z,noexecstack" "-L" "<sysroot>/lib/rustlib/x86_64-unknown-linux-gnu/lib" "-o" "/opt/rustwide/target/release/examples/libtest_engine-74f630bce21cb830.so" "-Wl,--gc-sections" "-shared" "-Wl,-z,relro,-z,now" "-Wl,-O1" "-Wl,--strip-debug" "-nodefaultlibs"
[INFO] [stdout]   = note: some arguments are omitted. use `--verbose` to show all linker arguments
[INFO] [stdout]   = note: rust-lld: error: /opt/rustwide/target/release/examples/rustcJ3MJ5c/list:3: ; expected, but got :
[INFO] [stdout]           >>>     [async-lift]wasi:cli/run@0.3.0#run;
[INFO] [stdout]           >>>                     ^
[INFO] [stdout]           collect2: error: ld returned 1 exit status
[INFO] [stdout]           
[INFO] [stdout] 
[INFO] [stdout] 
[INFO] [stderr] error: could not compile `tiny-wasm-runtime` (example "test-engine") due to 1 previous error
[INFO] [stdout] error: linking with `cc` failed: exit status: 1
[INFO] [stdout]   |
[INFO] [stdout]   = note:  "cc" "-Wl,--version-script=/opt/rustwide/target/release/examples/rustcuTgiV3/list" "-Wl,--no-undefined-version" "-m64" "/opt/rustwide/target/release/examples/rustcuTgiV3/symbols.o" "<5 object files omitted>" "-Wl,--as-needed" "-Wl,-Bstatic" "/opt/rustwide/target/release/deps/{libtiny_wasm_runtime-5068d98f3c46d876,libwit_bindgen-c0167d555fb50e73,libbitflags-1be973072239c3aa,libfutures-8a8870ef06695ce2,libfutures_executor-2faa0c93efc88a9e,libfutures_util-c5f52b09b602fd26,libmemchr-f5475d219327462e,libfutures_io-c3a463472a7d129d,libslab-95d41f46a3a02d8a,libfutures_channel-38104845e79102e5,libpin_project_lite-a042d89c9815bfb5,libfutures_sink-4a07ed6f617923ac,libfutures_task-4b529e0327c731b5,libpin_utils-bd5b26767cd4a338,libfutures_core-5adffef6bac868a8}.rlib" "<sysroot>/lib/rustlib/x86_64-unknown-linux-gnu/lib/{libstd-*,libpanic_unwind-*,libobject-*,libmemchr-*,libaddr2line-*,libgimli-*,libcfg_if-*,librustc_demangle-*,libstd_detect-*,libhashbrown-*,librustc_std_workspace_alloc-*,libminiz_oxide-*,libadler2-*,libunwind-*,liblibc-*,librustc_std_workspace_core-*,liballoc-*,libcore-*,libcompiler_builtins-*}.rlib" "-Wl,-Bdynamic" "-lgcc_s" "-lutil" "-lrt" "-lpthread" "-lm" "-ldl" "-lc" "-L" "/opt/rustwide/target/release/examples/rustcuTgiV3/raw-dylibs" "-B<sysroot>/lib/rustlib/x86_64-unknown-linux-gnu/bin/gcc-ld" "-fuse-ld=lld" "-Wl,--eh-frame-hdr" "-Wl,-z,noexecstack" "-L" "<sysroot>/lib/rustlib/x86_64-unknown-linux-gnu/lib" "-o" "/opt/rustwide/target/release/examples/libtest_network-c769502db1ddcdeb.so" "-Wl,--gc-sections" "-shared" "-Wl,-z,relro,-z,now" "-Wl,-O1" "-Wl,--strip-debug" "-nodefaultlibs"
[INFO] [stdout]   = note: some arguments are omitted. use `--verbose` to show all linker arguments
[INFO] [stdout]   = note: rust-lld: error: /opt/rustwide/target/release/examples/rustcuTgiV3/list:3: ; expected, but got :
[INFO] [stdout]           >>>     [async-lift]wasi:cli/run@0.3.0#run;
[INFO] [stdout]           >>>                     ^
[INFO] [stdout]           collect2: error: ld returned 1 exit status
[INFO] [stdout]           
[INFO] [stdout] 
[INFO] [stdout] 
[INFO] [stderr] error: could not compile `tiny-wasm-runtime` (example "test-network") due to 1 previous error
[INFO] [stdout] error: linking with `cc` failed: exit status: 1
[INFO] [stdout]   |
[INFO] [stdout]   = note:  "cc" "-Wl,--version-script=/opt/rustwide/target/release/examples/rustcSjFzZO/list" "-Wl,--no-undefined-version" "-m64" "/opt/rustwide/target/release/examples/rustcSjFzZO/symbols.o" "<8 object files omitted>" "-Wl,--as-needed" "-Wl,-Bstatic" "/opt/rustwide/target/release/deps/{libtiny_wasm_runtime-5068d98f3c46d876,libwit_bindgen-c0167d555fb50e73,libbitflags-1be973072239c3aa,libfutures-8a8870ef06695ce2,libfutures_executor-2faa0c93efc88a9e,libfutures_util-c5f52b09b602fd26,libmemchr-f5475d219327462e,libfutures_io-c3a463472a7d129d,libslab-95d41f46a3a02d8a,libfutures_channel-38104845e79102e5,libpin_project_lite-a042d89c9815bfb5,libfutures_sink-4a07ed6f617923ac,libfutures_task-4b529e0327c731b5,libpin_utils-bd5b26767cd4a338,libfutures_core-5adffef6bac868a8}.rlib" "<sysroot>/lib/rustlib/x86_64-unknown-linux-gnu/lib/{libstd-*,libpanic_unwind-*,libobject-*,libmemchr-*,libaddr2line-*,libgimli-*,libcfg_if-*,librustc_demangle-*,libstd_detect-*,libhashbrown-*,librustc_std_workspace_alloc-*,libminiz_oxide-*,libadler2-*,libunwind-*,liblibc-*,librustc_std_workspace_core-*,liballoc-*,libcore-*,libcompiler_builtins-*}.rlib" "-Wl,-Bdynamic" "-lgcc_s" "-lutil" "-lrt" "-lpthread" "-lm" "-ldl" "-lc" "-L" "/opt/rustwide/target/release/examples/rustcSjFzZO/raw-dylibs" "-B<sysroot>/lib/rustlib/x86_64-unknown-linux-gnu/bin/gcc-ld" "-fuse-ld=lld" "-Wl,--eh-frame-hdr" "-Wl,-z,noexecstack" "-L" "<sysroot>/lib/rustlib/x86_64-unknown-linux-gnu/lib" "-o" "/opt/rustwide/target/release/examples/libexperiment_directory_server-9c89dc7044c0f642.so" "-Wl,--gc-sections" "-shared" "-Wl,-z,relro,-z,now" "-Wl,-O1" "-Wl,--strip-debug" "-nodefaultlibs"
[INFO] [stdout]   = note: some arguments are omitted. use `--verbose` to show all linker arguments
[INFO] [stdout]   = note: rust-lld: error: /opt/rustwide/target/release/examples/rustcSjFzZO/list:3: ; expected, but got :
[INFO] [stdout]           >>>     [async-lift]wasi:cli/run@0.3.0#run;
[INFO] [stdout]           >>>                     ^
[INFO] [stdout]           collect2: error: ld returned 1 exit status
[INFO] [stdout]           
[INFO] [stdout] 
[INFO] [stdout] 
[INFO] [stderr] error: could not compile `tiny-wasm-runtime` (example "experiment-directory-server") due to 1 previous error
[INFO] [stdout] error: linking with `cc` failed: exit status: 1
[INFO] [stdout]   |
[INFO] [stdout]   = note:  "cc" "-Wl,--version-script=/opt/rustwide/target/release/examples/rustcod4fbi/list" "-Wl,--no-undefined-version" "-m64" "/opt/rustwide/target/release/examples/rustcod4fbi/symbols.o" "<8 object files omitted>" "-Wl,--as-needed" "-Wl,-Bstatic" "/opt/rustwide/target/release/deps/{libtiny_wasm_runtime-5068d98f3c46d876,libwit_bindgen-c0167d555fb50e73,libbitflags-1be973072239c3aa,libfutures-8a8870ef06695ce2,libfutures_executor-2faa0c93efc88a9e,libfutures_util-c5f52b09b602fd26,libmemchr-f5475d219327462e,libfutures_io-c3a463472a7d129d,libslab-95d41f46a3a02d8a,libfutures_channel-38104845e79102e5,libpin_project_lite-a042d89c9815bfb5,libfutures_sink-4a07ed6f617923ac,libfutures_task-4b529e0327c731b5,libpin_utils-bd5b26767cd4a338,libfutures_core-5adffef6bac868a8}.rlib" "<sysroot>/lib/rustlib/x86_64-unknown-linux-gnu/lib/{libstd-*,libpanic_unwind-*,libobject-*,libmemchr-*,libaddr2line-*,libgimli-*,libcfg_if-*,librustc_demangle-*,libstd_detect-*,libhashbrown-*,librustc_std_workspace_alloc-*,libminiz_oxide-*,libadler2-*,libunwind-*,liblibc-*,librustc_std_workspace_core-*,liballoc-*,libcore-*,libcompiler_builtins-*}.rlib" "-Wl,-Bdynamic" "-lgcc_s" "-lutil" "-lrt" "-lpthread" "-lm" "-ldl" "-lc" "-L" "/opt/rustwide/target/release/examples/rustcod4fbi/raw-dylibs" "-B<sysroot>/lib/rustlib/x86_64-unknown-linux-gnu/bin/gcc-ld" "-fuse-ld=lld" "-Wl,--eh-frame-hdr" "-Wl,-z,noexecstack" "-L" "<sysroot>/lib/rustlib/x86_64-unknown-linux-gnu/lib" "-o" "/opt/rustwide/target/release/examples/libexperiment_chat_peer-859daae832d58bba.so" "-Wl,--gc-sections" "-shared" "-Wl,-z,relro,-z,now" "-Wl,-O1" "-Wl,--strip-debug" "-nodefaultlibs"
[INFO] [stdout]   = note: some arguments are omitted. use `--verbose` to show all linker arguments
[INFO] [stdout]   = note: rust-lld: error: /opt/rustwide/target/release/examples/rustcod4fbi/list:3: ; expected, but got :
[INFO] [stdout]           >>>     [async-lift]wasi:cli/run@0.3.0#run;
[INFO] [stdout]           >>>                     ^
[INFO] [stdout]           collect2: error: ld returned 1 exit status
[INFO] [stdout]           
[INFO] [stdout] 
[INFO] [stdout] 
[INFO] [stderr] error: could not compile `tiny-wasm-runtime` (example "experiment-chat-peer") due to 1 previous error
[INFO] running `Command { std: "docker" "inspect" "baa35ab5432a1dc3c2b6ddec9a269b3fd57beaf240c6d48d430844192281b7a6", kill_on_drop: false }`
[INFO] running `Command { std: "docker" "rm" "-f" "baa35ab5432a1dc3c2b6ddec9a269b3fd57beaf240c6d48d430844192281b7a6", kill_on_drop: false }`
[INFO] [stdout] baa35ab5432a1dc3c2b6ddec9a269b3fd57beaf240c6d48d430844192281b7a6
