[INFO] fetching crate tiny-recursive-rs 0.1.0...
[INFO] testing tiny-recursive-rs-0.1.0 against 1.99.0-beta.8+cargoflags=--release for beta-release-1.100-2
[INFO] extracting crate tiny-recursive-rs 0.1.0 into /workspace/builds/worker-4-tc1/source
[INFO] started tweaking crates.io crate tiny-recursive-rs 0.1.0
[INFO] removed 0 missing examples
[INFO] finished tweaking crates.io crate tiny-recursive-rs 0.1.0
[INFO] tweaked toml for crates.io crate tiny-recursive-rs 0.1.0 written to /workspace/builds/worker-4-tc1/source/Cargo.toml
[INFO] validating manifest of crates.io crate tiny-recursive-rs 0.1.0 on toolchain 1.99.0-beta.8
[INFO] running `Command { std: CARGO_HOME="/workspace/cargo-home" RUSTUP_HOME="/workspace/rustup-home" "/workspace/cargo-home/bin/cargo" "+1.99.0-beta.8" "metadata" "--manifest-path" "Cargo.toml" "--no-deps", kill_on_drop: false }`
[INFO] crate crates.io crate tiny-recursive-rs 0.1.0 already has a lockfile, it will not be regenerated
[INFO] running `Command { std: CARGO_HOME="/workspace/cargo-home" RUSTUP_HOME="/workspace/rustup-home" "/workspace/cargo-home/bin/cargo" "+1.99.0-beta.8" "fetch" "--manifest-path" "Cargo.toml", kill_on_drop: false }`
[INFO] [stderr]     Updating crates.io index
[INFO] [stderr]  Downloading crates ...
[INFO] [stderr]   Downloaded py_literal v0.4.0
[INFO] [stderr]   Downloaded ryu v1.0.21
[INFO] [stderr]   Downloaded dyn-stack-macros v0.1.3
[INFO] [stderr]   Downloaded gemm v0.17.1
[INFO] [stderr]   Downloaded gemm-f32 v0.17.1
[INFO] [stderr]   Downloaded gemm-f16 v0.17.1
[INFO] [stderr]   Downloaded dyn-stack v0.13.2
[INFO] [stderr]   Downloaded gemm-c32 v0.17.1
[INFO] [stderr]   Downloaded gemm-f64 v0.17.1
[INFO] [stderr]   Downloaded gemm-c64 v0.17.1
[INFO] [stderr]   Downloaded ndarray-npy v0.10.0
[INFO] [stderr]   Downloaded gemm-common v0.17.1
[INFO] [stderr]   Downloaded sysctl v0.5.5
[INFO] [stderr]   Downloaded dyn-stack v0.10.0
[INFO] [stderr]   Downloaded candle-optimisers v0.10.0-alpha.1
[INFO] [stderr]   Downloaded ug v0.4.0
[INFO] [stderr]   Downloaded candle-nn v0.8.4
[INFO] [stderr]   Downloaded candle-nn v0.9.1
[INFO] [stderr]   Downloaded zip v1.1.4
[INFO] [stderr]   Downloaded ug v0.1.0
[INFO] [stderr]   Downloaded jiff-static v0.2.16
[INFO] [stderr]   Downloaded serde_json v1.0.146
[INFO] [stderr]   Downloaded pulp v0.18.22
[INFO] [stderr]   Downloaded candle-core v0.9.1
[INFO] [stderr]   Downloaded ndarray v0.17.1
[INFO] [stderr]   Downloaded candle-core v0.8.4
[INFO] [stderr]   Downloaded jiff v0.2.16
[INFO] running `Command { std: "docker" "create" "-v" "/var/lib/crater-agent-workspace/builds/worker-4-tc1/source:/opt/rustwide/workdir:ro,Z" "-v" "/var/lib/crater-agent-workspace/builds/worker-4-tc1/target:/opt/rustwide/target:rw,Z" "-v" "/var/lib/crater-agent-workspace/cargo-home:/opt/rustwide/cargo-home:ro,Z" "-v" "/var/lib/crater-agent-workspace/rustup-home:/opt/rustwide/rustup-home:ro,Z" "-m" "1610612736" "--network" "none" "ghcr.io/rust-lang/crates-build-env/linux@sha256:77db811e55d90add9212f6832c23229e3de5f1c1f9905e8cb07319ea15df73ac" "sleep" "infinity", kill_on_drop: false }`
[INFO] [stdout] 839c731f4aab53e86ddf304d0d4756ecf9e8498c3b22601ebf3c9583f7a5e591
[INFO] running `Command { std: "docker" "start" "839c731f4aab53e86ddf304d0d4756ecf9e8498c3b22601ebf3c9583f7a5e591", kill_on_drop: false }`
[INFO] running `Command { std: "docker" "inspect" "839c731f4aab53e86ddf304d0d4756ecf9e8498c3b22601ebf3c9583f7a5e591", kill_on_drop: false }`
[INFO] running `Command { std: "docker" "exec" "-e" "SOURCE_DIR=/opt/rustwide/workdir" "-e" "CARGO_HOME=/opt/rustwide/cargo-home" "-e" "RUSTUP_HOME=/opt/rustwide/rustup-home" "-e" "CARGO_TARGET_DIR=/opt/rustwide/target" "-w" "/opt/rustwide/workdir" "--user" "0:0" "839c731f4aab53e86ddf304d0d4756ecf9e8498c3b22601ebf3c9583f7a5e591" "/opt/rustwide/cargo-home/bin/cargo" "+1.99.0-beta.8" "metadata" "--no-deps" "--format-version=1", kill_on_drop: false }`
[INFO] running `Command { std: "docker" "inspect" "839c731f4aab53e86ddf304d0d4756ecf9e8498c3b22601ebf3c9583f7a5e591", kill_on_drop: false }`
[INFO] running `Command { std: "docker" "exec" "-e" "SOURCE_DIR=/opt/rustwide/workdir" "-e" "CARGO_HOME=/opt/rustwide/cargo-home" "-e" "RUSTUP_HOME=/opt/rustwide/rustup-home" "-e" "CARGO_TARGET_DIR=/opt/rustwide/target" "-e" "CARGO_INCREMENTAL=0" "-e" "RUST_BACKTRACE=full" "-e" "RUSTFLAGS=--cap-lints=warn" "-e" "RUSTDOCFLAGS=--cap-lints=warn" "-w" "/opt/rustwide/workdir" "--user" "0:0" "839c731f4aab53e86ddf304d0d4756ecf9e8498c3b22601ebf3c9583f7a5e591" "/opt/rustwide/cargo-home/bin/cargo" "+1.99.0-beta.8" "build" "--frozen" "--message-format=json" "--release", kill_on_drop: false }`
[INFO] [stderr]    Compiling proc-macro2 v1.0.103
[INFO] [stderr]    Compiling quote v1.0.42
[INFO] [stderr]    Compiling unicode-ident v1.0.22
[INFO] [stderr]    Compiling autocfg v1.5.0
[INFO] [stderr]    Compiling libm v0.2.15
[INFO] [stderr]    Compiling libc v0.2.178
[INFO] [stderr]    Compiling zerocopy v0.8.31
[INFO] [stderr]    Compiling getrandom v0.3.4
[INFO] [stderr]    Compiling crossbeam-utils v0.8.21
[INFO] [stderr]    Compiling num-traits v0.2.19
[INFO] [stderr]    Compiling rayon-core v1.13.0
[INFO] [stderr]    Compiling reborrow v0.5.5
[INFO] [stderr]    Compiling once_cell v1.21.3
[INFO] [stderr]    Compiling paste v1.0.15
[INFO] [stderr]    Compiling seq-macro v0.3.6
[INFO] [stderr]    Compiling memchr v2.7.6
[INFO] [stderr]    Compiling version_check v0.9.5
[INFO] [stderr]    Compiling dyn-stack-macros v0.1.3
[INFO] [stderr]    Compiling bitflags v2.10.0
[INFO] [stderr]    Compiling crossbeam-epoch v0.9.18
[INFO] [stderr]    Compiling syn v2.0.111
[INFO] [stderr]    Compiling pulp v0.21.5
[INFO] [stderr]    Compiling raw-cpuid v11.6.0
[INFO] [stderr]    Compiling raw-cpuid v10.7.0
[INFO] [stderr]    Compiling serde_core v1.0.228
[INFO] [stderr]    Compiling crossbeam-deque v0.8.6
[INFO] [stderr]    Compiling crc32fast v1.5.0
[INFO] [stderr]    Compiling hashbrown v0.16.1
[INFO] [stderr]    Compiling equivalent v1.0.2
[INFO] [stderr]    Compiling winnow v0.7.14
[INFO] [stderr]    Compiling rand_core v0.9.3
[INFO] [stderr]    Compiling rayon v1.11.0
[INFO] [stderr]    Compiling indexmap v2.12.1
[INFO] [stderr]    Compiling serde v1.0.228
[INFO] [stderr]    Compiling num-integer v0.1.46
[INFO] [stderr]    Compiling serde_json v1.0.146
[INFO] [stderr]    Compiling thiserror v1.0.69
[INFO] [stderr]    Compiling toml_datetime v0.7.5+spec-1.1.0
[INFO] [stderr]    Compiling num-bigint v0.4.6
[INFO] [stderr]    Compiling itoa v1.0.16
[INFO] [stderr]    Compiling stable_deref_trait v1.2.1
[INFO] [stderr]    Compiling rustversion v1.0.22
[INFO] [stderr]    Compiling ryu v1.0.21
[INFO] [stderr]    Compiling num-iter v0.1.45
[INFO] [stderr]    Compiling toml_parser v1.0.6+spec-1.1.0
[INFO] [stderr]    Compiling tracing-core v0.1.36
[INFO] [stderr]    Compiling pin-project-lite v0.2.16
[INFO] [stderr]    Compiling toml_edit v0.23.10+spec-1.0.0
[INFO] [stderr]    Compiling memmap2 v0.9.9
[INFO] [stderr]    Compiling num_cpus v1.17.0
[INFO] [stderr]    Compiling num-rational v0.4.2
[INFO] [stderr]    Compiling libloading v0.8.9
[INFO] [stderr]    Compiling proc-macro-crate v3.4.0
[INFO] [stderr]    Compiling zip v1.1.4
[INFO] [stderr]    Compiling byteorder v1.5.0
[INFO] [stderr]    Compiling log v0.4.29
[INFO] [stderr]    Compiling ucd-trie v0.1.7
[INFO] [stderr]    Compiling getrandom v0.2.16
[INFO] [stderr]    Compiling synstructure v0.13.2
[INFO] [stderr]    Compiling aho-corasick v1.1.4
[INFO] [stderr]    Compiling matrixmultiply v0.3.10
[INFO] [stderr]    Compiling zlib-rs v0.5.5
[INFO] [stderr]    Compiling regex-syntax v0.8.8
[INFO] [stderr]    Compiling rand_core v0.6.4
[INFO] [stderr]    Compiling pest v2.8.4
[INFO] [stderr]    Compiling rawpointer v0.2.1
[INFO] [stderr]    Compiling bumpalo v3.19.1
[INFO] [stderr]    Compiling simd-adler32 v0.3.8
[INFO] [stderr]    Compiling zopfli v0.8.3
[INFO] [stderr]    Compiling bytemuck_derive v1.10.2
[INFO] [stderr]    Compiling zerocopy-derive v0.8.31
[INFO] [stderr]    Compiling thiserror-impl v1.0.69
[INFO] [stderr]    Compiling zerofrom-derive v0.1.6
[INFO] [stderr]    Compiling serde_derive v1.0.228
[INFO] [stderr]    Compiling bytemuck v1.24.0
[INFO] [stderr]    Compiling num-complex v0.4.6
[INFO] [stderr]    Compiling dyn-stack v0.13.2
[INFO] [stderr]    Compiling dyn-stack v0.10.0
[INFO] [stderr]    Compiling pulp v0.18.22
[INFO] [stderr]    Compiling zerofrom v0.1.6
[INFO] [stderr]    Compiling yoke-derive v0.7.5
[INFO] [stderr]    Compiling tracing-attributes v0.1.31
[INFO] [stderr]    Compiling num v0.4.3
[INFO] [stderr]    Compiling num_enum_derive v0.7.5
[INFO] [stderr]    Compiling displaydoc v0.2.5
[INFO] [stderr]    Compiling yoke v0.7.5
[INFO] [stderr]    Compiling pest_meta v2.8.4
[INFO] [stderr]    Compiling ppv-lite86 v0.2.21
[INFO] [stderr]    Compiling libz-rs-sys v0.5.5
[INFO] [stderr]    Compiling regex-automata v0.4.13
[INFO] [stderr]    Compiling num_enum v0.7.5
[INFO] [stderr]    Compiling tracing v0.1.44
[INFO] [stderr]    Compiling flate2 v1.1.5
[INFO] [stderr]    Compiling pest_generator v2.8.4
[INFO] [stderr]    Compiling rand_chacha v0.9.0
[INFO] [stderr]    Compiling rand_chacha v0.3.1
[INFO] [stderr]    Compiling rand v0.9.2
[INFO] [stderr]    Compiling anstyle-parse v0.2.7
[INFO] [stderr]    Compiling colorchoice v1.0.4
[INFO] [stderr]    Compiling anyhow v1.0.100
[INFO] [stderr]    Compiling anstyle v1.0.13
[INFO] [stderr]    Compiling pest_derive v2.8.4
[INFO] [stderr]    Compiling safetensors v0.4.5
[INFO] [stderr]    Compiling anstream v0.6.21
[INFO] [stderr]    Compiling rand v0.8.5
[INFO] [stderr]    Compiling py_literal v0.4.0
[INFO] [stderr]    Compiling zip v6.0.0
[INFO] [stderr]    Compiling jiff v0.2.16
[INFO] [stderr]    Compiling rand_distr v0.5.1
[INFO] [stderr]    Compiling rand_distr v0.4.3
[INFO] [stderr]    Compiling half v2.7.1
[INFO] [stderr]    Compiling regex v1.12.2
[INFO] [stderr]    Compiling gemm-common v0.18.2
[INFO] [stderr]    Compiling gemm-common v0.17.1
[INFO] [stderr]    Compiling gemm-f32 v0.18.2
[INFO] [stderr]    Compiling gemm-f64 v0.18.2
[INFO] [stderr]    Compiling gemm-c32 v0.18.2
[INFO] [stderr]    Compiling gemm-c64 v0.18.2
[INFO] [stderr]    Compiling gemm-f16 v0.18.2
[INFO] [stderr]    Compiling gemm-f32 v0.17.1
[INFO] [stderr]    Compiling gemm v0.18.2
[INFO] [stderr]    Compiling gemm-f16 v0.17.1
[INFO] [stderr]    Compiling gemm-c64 v0.17.1
[INFO] [stderr]    Compiling gemm-f64 v0.17.1
[INFO] [stderr]    Compiling gemm-c32 v0.17.1
[INFO] [stderr]    Compiling ug v0.4.0
[INFO] [stderr]    Compiling ug v0.1.0
[INFO] [stderr]    Compiling env_filter v0.1.4
[INFO] [stderr]    Compiling ndarray v0.17.1
[INFO] [stderr]    Compiling env_logger v0.11.8
[INFO] [stderr]    Compiling gemm v0.17.1
[INFO] [stderr]    Compiling candle-core v0.9.1
[INFO] [stderr]    Compiling candle-core v0.8.4
[INFO] [stderr]    Compiling ndarray-npy v0.10.0
[INFO] [stderr]    Compiling candle-nn v0.9.1
[INFO] [stderr]    Compiling candle-nn v0.8.4
[INFO] [stderr]    Compiling candle-optimisers v0.10.0-alpha.1
[INFO] [stderr]    Compiling tiny-recursive-rs v0.1.0 (/opt/rustwide/workdir)
[INFO] [stdout] warning: unused import: `DType`
[INFO] [stdout]  --> src/layers/attention.rs:4:35
[INFO] [stdout]   |
[INFO] [stdout] 4 | use candle_core::{Result, Tensor, DType, Device};
[INFO] [stdout]   |                                   ^^^^^
[INFO] [stdout]   |
[INFO] [stdout]   = note: `#[warn(unused_imports)]` (part of `#[warn(unused)]`) on by default
[INFO] [stdout] 
[INFO] [stdout] 
[INFO] [stdout] warning: unused import: `RotaryEmbedding`
[INFO] [stdout]  --> src/layers/attention.rs:7:47
[INFO] [stdout]   |
[INFO] [stdout] 7 | use super::positional::{apply_rotary_pos_emb, RotaryEmbedding};
[INFO] [stdout]   |                                               ^^^^^^^^^^^^^^^
[INFO] [stdout] 
[INFO] [stdout] 
[INFO] [stdout] warning: unused imports: `DType` and `Device`
[INFO] [stdout]  --> src/layers/activations.rs:4:35
[INFO] [stdout]   |
[INFO] [stdout] 4 | use candle_core::{Result, Tensor, DType, Device, Module};
[INFO] [stdout]   |                                   ^^^^^  ^^^^^^
[INFO] [stdout] 
[INFO] [stdout] 
[INFO] [stdout] warning: unused imports: `Linear` and `linear`
[INFO] [stdout]  --> src/layers/activations.rs:5:29
[INFO] [stdout]   |
[INFO] [stdout] 5 | use candle_nn::{VarBuilder, Linear, linear, Init};
[INFO] [stdout]   |                             ^^^^^^  ^^^^^^
[INFO] [stdout] 
[INFO] [stdout] 
[INFO] [stdout] warning: unnecessary parentheses around function argument
[INFO] [stdout]   --> src/layers/activations.rs:99:35
[INFO] [stdout]    |
[INFO] [stdout] 99 |         let inter = find_multiple(((expansion * hidden_size as f32 * 2.0 / 3.0).round() as usize), 256);
[INFO] [stdout]    |                                   ^                                                             ^
[INFO] [stdout]    |
[INFO] [stdout]    = note: `#[warn(unused_parens)]` (part of `#[warn(unused)]`) on by default
[INFO] [stdout] help: remove these parentheses
[INFO] [stdout]    |
[INFO] [stdout] 99 -         let inter = find_multiple(((expansion * hidden_size as f32 * 2.0 / 3.0).round() as usize), 256);
[INFO] [stdout] 99 +         let inter = find_multiple((expansion * hidden_size as f32 * 2.0 / 3.0).round() as usize, 256);
[INFO] [stdout]    |
[INFO] [stdout] 
[INFO] [stdout] 
[INFO] [stdout] warning: unused imports: `DType` and `D`
[INFO] [stdout]  --> src/layers/positional.rs:4:43
[INFO] [stdout]   |
[INFO] [stdout] 4 | use candle_core::{Result, Tensor, Device, DType, D};
[INFO] [stdout]   |                                           ^^^^^  ^
[INFO] [stdout] 
[INFO] [stdout] 
[INFO] [stdout] warning: unused import: `RMSNorm`
[INFO] [stdout]  --> src/models/mod.rs:5:57
[INFO] [stdout]   |
[INFO] [stdout] 5 | use crate::layers::{Attention, SwiGLU, CastedEmbedding, RMSNorm, RotaryEmbedding};
[INFO] [stdout]   |                                                         ^^^^^^^
[INFO] [stdout] 
[INFO] [stdout] 
[INFO] [stdout] warning: unused imports: `DType` and `Result`
[INFO] [stdout]  --> src/training/checkpoint.rs:4:19
[INFO] [stdout]   |
[INFO] [stdout] 4 | use candle_core::{Result, Tensor, Device, DType};
[INFO] [stdout]   |                   ^^^^^^                  ^^^^^
[INFO] [stdout] 
[INFO] [stdout] 
[INFO] [stdout] warning: unused imports: `SafeTensors` and `TensorView`
[INFO] [stdout]  --> src/training/checkpoint.rs:5:27
[INFO] [stdout]   |
[INFO] [stdout] 5 | use safetensors::tensor::{SafeTensors, TensorView};
[INFO] [stdout]   |                           ^^^^^^^^^^^  ^^^^^^^^^^
[INFO] [stdout] 
[INFO] [stdout] 
[INFO] [stdout] warning: unused import: `loss`
[INFO] [stdout]  --> src/training/trainer.rs:3:68
[INFO] [stdout]   |
[INFO] [stdout] 3 | use candle_nn::{VarMap, VarBuilder, AdamW, ParamsAdamW, Optimizer, loss, ops};
[INFO] [stdout]   |                                                                    ^^^^
[INFO] [stdout] 
[INFO] [stdout] 
[INFO] [stdout] warning: unused import: `NumpyDataLoader`
[INFO] [stdout]  --> src/training/trainer.rs:7:19
[INFO] [stdout]   |
[INFO] [stdout] 7 | use crate::data::{NumpyDataLoader, BatchDataLoader};
[INFO] [stdout]   |                   ^^^^^^^^^^^^^^^
[INFO] [stdout] 
[INFO] [stdout] 
[INFO] [stdout] warning: unused import: `EMAConfig`
[INFO] [stdout]   --> src/training/trainer.rs:10:23
[INFO] [stdout]    |
[INFO] [stdout] 10 | use super::ema::{EMA, EMAConfig};
[INFO] [stdout]    |                       ^^^^^^^^^
[INFO] [stdout] 
[INFO] [stdout] 
[INFO] [stdout] warning: unused import: `Checkpoint`
[INFO] [stdout]   --> src/training/trainer.rs:11:25
[INFO] [stdout]    |
[INFO] [stdout] 11 | use super::checkpoint::{Checkpoint, CheckpointMetadata};
[INFO] [stdout]    |                         ^^^^^^^^^^
[INFO] [stdout] 
[INFO] [stdout] 
[INFO] [stdout] warning: unused import: `Module`
[INFO] [stdout]  --> src/layers/activations.rs:4:50
[INFO] [stdout]   |
[INFO] [stdout] 4 | use candle_core::{Result, Tensor, DType, Device, Module};
[INFO] [stdout]   |                                                  ^^^^^^
[INFO] [stdout] 
[INFO] [stdout] 
[INFO] [stdout] warning: unused import: `Module`
[INFO] [stdout]  --> src/models/mod.rs:3:29
[INFO] [stdout]   |
[INFO] [stdout] 3 | use candle_nn::{VarBuilder, Module};
[INFO] [stdout]   |                             ^^^^^^
[INFO] [stdout] 
[INFO] [stdout] 
[INFO] [stdout] warning: unused variable: `device`
[INFO] [stdout]   --> src/training/checkpoint.rs:82:42
[INFO] [stdout]    |
[INFO] [stdout] 82 |     pub fn load<P: AsRef<Path>>(path: P, device: &Device) -> crate::Result<Self> {
[INFO] [stdout]    |                                          ^^^^^^ help: if this is intentional, prefix it with an underscore: `_device`
[INFO] [stdout]    |
[INFO] [stdout]    = note: `#[warn(unused_variables)]` (part of `#[warn(unused)]`) on by default
[INFO] [stdout] 
[INFO] [stdout] 
[INFO] [stdout] warning: unused variable: `std`
[INFO] [stdout]  --> src/utils.rs:6:36
[INFO] [stdout]   |
[INFO] [stdout] 6 | pub fn trunc_normal_init<F: Float>(std: F, a: F, b: F) -> impl Fn() -> F {
[INFO] [stdout]   |                                    ^^^ help: if this is intentional, prefix it with an underscore: `_std`
[INFO] [stdout] 
[INFO] [stdout] 
[INFO] [stdout] warning: unused variable: `a`
[INFO] [stdout]  --> src/utils.rs:6:44
[INFO] [stdout]   |
[INFO] [stdout] 6 | pub fn trunc_normal_init<F: Float>(std: F, a: F, b: F) -> impl Fn() -> F {
[INFO] [stdout]   |                                            ^ help: if this is intentional, prefix it with an underscore: `_a`
[INFO] [stdout] 
[INFO] [stdout] 
[INFO] [stdout] warning: unused variable: `b`
[INFO] [stdout]  --> src/utils.rs:6:50
[INFO] [stdout]   |
[INFO] [stdout] 6 | pub fn trunc_normal_init<F: Float>(std: F, a: F, b: F) -> impl Fn() -> F {
[INFO] [stdout]   |                                                  ^ help: if this is intentional, prefix it with an underscore: `_b`
[INFO] [stdout] 
[INFO] [stdout] 
[INFO] [stdout] warning: unused variable: `seq_len`
[INFO] [stdout]   --> src/utils.rs:20:27
[INFO] [stdout]    |
[INFO] [stdout] 20 | pub fn create_causal_mask(seq_len: usize, device: &Device) -> Result<Tensor> {
[INFO] [stdout]    |                           ^^^^^^^ help: if this is intentional, prefix it with an underscore: `_seq_len`
[INFO] [stdout] 
[INFO] [stdout] 
[INFO] [stdout] warning: unused variable: `device`
[INFO] [stdout]   --> src/utils.rs:20:43
[INFO] [stdout]    |
[INFO] [stdout] 20 | pub fn create_causal_mask(seq_len: usize, device: &Device) -> Result<Tensor> {
[INFO] [stdout]    |                                           ^^^^^^ help: if this is intentional, prefix it with an underscore: `_device`
[INFO] [stdout] 
[INFO] [stdout] 
[INFO] [stdout] warning: field `hidden_size` is never read
[INFO] [stdout]   --> src/layers/attention.rs:17:5
[INFO] [stdout]    |
[INFO] [stdout] 16 | pub struct Attention {
[INFO] [stdout]    |            --------- field in this struct
[INFO] [stdout] 17 |     hidden_size: usize,
[INFO] [stdout]    |     ^^^^^^^^^^^
[INFO] [stdout]    |
[INFO] [stdout]    = note: `#[warn(dead_code)]` (part of `#[warn(unused)]`) on by default
[INFO] [stdout] 
[INFO] [stdout] 
[INFO] [stdout] warning: field `config` is never read
[INFO] [stdout]   --> src/models/mod.rs:44:5
[INFO] [stdout]    |
[INFO] [stdout] 43 | pub struct TransformerBlock {
[INFO] [stdout]    |            ---------------- field in this struct
[INFO] [stdout] 44 |     config: TRMConfig,
[INFO] [stdout]    |     ^^^^^^
[INFO] [stdout] 
[INFO] [stdout] 
[INFO] [stdout] warning: field `ema` is never read
[INFO] [stdout]   --> src/training/trainer.rs:68:5
[INFO] [stdout]    |
[INFO] [stdout] 62 | pub struct Trainer {
[INFO] [stdout]    |            ------- field in this struct
[INFO] [stdout] ...
[INFO] [stdout] 68 |     ema: Option<EMA>,
[INFO] [stdout]    |     ^^^
[INFO] [stdout] 
[INFO] [stdout] 
[INFO] [stdout] warning: hiding a lifetime that's elided elsewhere is confusing
[INFO] [stdout]    --> src/data/numpy_dataset.rs:141:22
[INFO] [stdout]     |
[INFO] [stdout] 141 |     pub fn get_input(&self, idx: usize) -> ArrayView1<i32> {
[INFO] [stdout]     |                      ^^^^^                 ^^^^^^^^^^^^^^^ the same lifetime is hidden here
[INFO] [stdout]     |                      |
[INFO] [stdout]     |                      the lifetime is elided here
[INFO] [stdout]     |
[INFO] [stdout]     = help: the same lifetime is referred to in inconsistent ways, making the signature confusing
[INFO] [stdout]     = note: `#[warn(mismatched_lifetime_syntaxes)]` on by default
[INFO] [stdout] help: use `'_` for type paths
[INFO] [stdout]     |
[INFO] [stdout] 141 |     pub fn get_input(&self, idx: usize) -> ArrayView1<'_, i32> {
[INFO] [stdout]     |                                                       +++
[INFO] [stdout] 
[INFO] [stdout] 
[INFO] [stdout] warning: hiding a lifetime that's elided elsewhere is confusing
[INFO] [stdout]    --> src/data/numpy_dataset.rs:146:22
[INFO] [stdout]     |
[INFO] [stdout] 146 |     pub fn get_label(&self, idx: usize) -> ArrayView1<i32> {
[INFO] [stdout]     |                      ^^^^^                 ^^^^^^^^^^^^^^^ the same lifetime is hidden here
[INFO] [stdout]     |                      |
[INFO] [stdout]     |                      the lifetime is elided here
[INFO] [stdout]     |
[INFO] [stdout]     = help: the same lifetime is referred to in inconsistent ways, making the signature confusing
[INFO] [stdout] help: use `'_` for type paths
[INFO] [stdout]     |
[INFO] [stdout] 146 |     pub fn get_label(&self, idx: usize) -> ArrayView1<'_, i32> {
[INFO] [stdout]     |                                                       +++
[INFO] [stdout] 
[INFO] [stdout] 
[INFO] [stderr]     Finished `release` profile [optimized] target(s) in 4m 19s
[INFO] running `Command { std: "docker" "inspect" "839c731f4aab53e86ddf304d0d4756ecf9e8498c3b22601ebf3c9583f7a5e591", kill_on_drop: false }`
[INFO] running `Command { std: "docker" "exec" "-e" "SOURCE_DIR=/opt/rustwide/workdir" "-e" "CARGO_HOME=/opt/rustwide/cargo-home" "-e" "RUSTUP_HOME=/opt/rustwide/rustup-home" "-e" "CARGO_TARGET_DIR=/opt/rustwide/target" "-e" "CARGO_INCREMENTAL=0" "-e" "RUST_BACKTRACE=full" "-e" "RUSTFLAGS=--cap-lints=warn" "-e" "RUSTDOCFLAGS=--cap-lints=warn" "-w" "/opt/rustwide/workdir" "--user" "0:0" "839c731f4aab53e86ddf304d0d4756ecf9e8498c3b22601ebf3c9583f7a5e591" "/opt/rustwide/cargo-home/bin/cargo" "+1.99.0-beta.8" "test" "--frozen" "--no-run" "--message-format=json" "--release", kill_on_drop: false }`
[INFO] [stdout] warning: unused import: `DType`
[INFO] [stdout]  --> src/layers/attention.rs:4:35
[INFO] [stdout]   |
[INFO] [stdout] 4 | use candle_core::{Result, Tensor, DType, Device};
[INFO] [stdout]   |                                   ^^^^^
[INFO] [stdout]   |
[INFO] [stdout]   = note: `#[warn(unused_imports)]` (part of `#[warn(unused)]`) on by default
[INFO] [stdout] 
[INFO] [stdout] 
[INFO] [stdout] warning: unused import: `RotaryEmbedding`
[INFO] [stdout]  --> src/layers/attention.rs:7:47
[INFO] [stdout]   |
[INFO] [stdout] 7 | use super::positional::{apply_rotary_pos_emb, RotaryEmbedding};
[INFO] [stdout]   |                                               ^^^^^^^^^^^^^^^
[INFO] [stdout] 
[INFO] [stdout] 
[INFO] [stdout] warning: unused imports: `DType` and `Device`
[INFO] [stdout]  --> src/layers/activations.rs:4:35
[INFO] [stdout]   |
[INFO] [stdout] 4 | use candle_core::{Result, Tensor, DType, Device, Module};
[INFO] [stdout]   |                                   ^^^^^  ^^^^^^
[INFO] [stdout] 
[INFO] [stdout] 
[INFO] [stdout] warning: unused imports: `Linear` and `linear`
[INFO] [stdout]  --> src/layers/activations.rs:5:29
[INFO] [stdout]   |
[INFO] [stdout] 5 | use candle_nn::{VarBuilder, Linear, linear, Init};
[INFO] [stdout]   |                             ^^^^^^  ^^^^^^
[INFO] [stdout] 
[INFO] [stdout] 
[INFO] [stdout] warning: unnecessary parentheses around function argument
[INFO] [stdout]   --> src/layers/activations.rs:99:35
[INFO] [stdout]    |
[INFO] [stdout] 99 |         let inter = find_multiple(((expansion * hidden_size as f32 * 2.0 / 3.0).round() as usize), 256);
[INFO] [stdout]    |                                   ^                                                             ^
[INFO] [stdout]    |
[INFO] [stdout]    = note: `#[warn(unused_parens)]` (part of `#[warn(unused)]`) on by default
[INFO] [stdout] help: remove these parentheses
[INFO] [stdout]    |
[INFO] [stdout] 99 -         let inter = find_multiple(((expansion * hidden_size as f32 * 2.0 / 3.0).round() as usize), 256);
[INFO] [stdout] 99 +         let inter = find_multiple((expansion * hidden_size as f32 * 2.0 / 3.0).round() as usize, 256);
[INFO] [stdout]    |
[INFO] [stdout] 
[INFO] [stdout] 
[INFO] [stdout] warning: unused imports: `DType` and `D`
[INFO] [stdout]  --> src/layers/positional.rs:4:43
[INFO] [stdout]   |
[INFO] [stdout] 4 | use candle_core::{Result, Tensor, Device, DType, D};
[INFO] [stdout]   |                                           ^^^^^  ^
[INFO] [stdout] 
[INFO] [stdout] 
[INFO] [stdout] warning: unused import: `RMSNorm`
[INFO] [stdout]  --> src/models/mod.rs:5:57
[INFO] [stdout]   |
[INFO] [stdout] 5 | use crate::layers::{Attention, SwiGLU, CastedEmbedding, RMSNorm, RotaryEmbedding};
[INFO] [stdout]   |                                                         ^^^^^^^
[INFO] [stdout] 
[INFO] [stdout] 
[INFO] [stdout] warning: unused imports: `DType` and `Result`
[INFO] [stdout]  --> src/training/checkpoint.rs:4:19
[INFO] [stdout]   |
[INFO] [stdout] 4 | use candle_core::{Result, Tensor, Device, DType};
[INFO] [stdout]   |                   ^^^^^^                  ^^^^^
[INFO] [stdout] 
[INFO] [stdout] 
[INFO] [stdout] warning: unused imports: `SafeTensors` and `TensorView`
[INFO] [stdout]  --> src/training/checkpoint.rs:5:27
[INFO] [stdout]   |
[INFO] [stdout] 5 | use safetensors::tensor::{SafeTensors, TensorView};
[INFO] [stdout]   |                           ^^^^^^^^^^^  ^^^^^^^^^^
[INFO] [stdout] 
[INFO] [stdout] 
[INFO] [stdout] warning: unused import: `loss`
[INFO] [stdout]  --> src/training/trainer.rs:3:68
[INFO] [stdout]   |
[INFO] [stdout] 3 | use candle_nn::{VarMap, VarBuilder, AdamW, ParamsAdamW, Optimizer, loss, ops};
[INFO] [stdout]   |                                                                    ^^^^
[INFO] [stdout] 
[INFO] [stdout] 
[INFO] [stdout] warning: unused import: `NumpyDataLoader`
[INFO] [stdout]  --> src/training/trainer.rs:7:19
[INFO] [stdout]   |
[INFO] [stdout] 7 | use crate::data::{NumpyDataLoader, BatchDataLoader};
[INFO] [stdout]   |                   ^^^^^^^^^^^^^^^
[INFO] [stdout] 
[INFO] [stdout] 
[INFO] [stdout] warning: unused import: `EMAConfig`
[INFO] [stdout]   --> src/training/trainer.rs:10:23
[INFO] [stdout]    |
[INFO] [stdout] 10 | use super::ema::{EMA, EMAConfig};
[INFO] [stdout]    |                       ^^^^^^^^^
[INFO] [stdout] 
[INFO] [stdout] 
[INFO] [stdout] warning: unused import: `Checkpoint`
[INFO] [stdout]   --> src/training/trainer.rs:11:25
[INFO] [stdout]    |
[INFO] [stdout] 11 | use super::checkpoint::{Checkpoint, CheckpointMetadata};
[INFO] [stdout]    |                         ^^^^^^^^^^
[INFO] [stdout] 
[INFO] [stdout] 
[INFO] [stdout] warning: unused import: `Module`
[INFO] [stdout]  --> src/layers/activations.rs:4:50
[INFO] [stdout]   |
[INFO] [stdout] 4 | use candle_core::{Result, Tensor, DType, Device, Module};
[INFO] [stdout]   |                                                  ^^^^^^
[INFO] [stdout] 
[INFO] [stdout] 
[INFO] [stdout] warning: unused import: `Module`
[INFO] [stdout]  --> src/models/mod.rs:3:29
[INFO] [stdout]   |
[INFO] [stdout] 3 | use candle_nn::{VarBuilder, Module};
[INFO] [stdout]   |                             ^^^^^^
[INFO] [stdout] 
[INFO] [stdout] 
[INFO] [stdout] warning: unused variable: `device`
[INFO] [stdout]   --> src/training/checkpoint.rs:82:42
[INFO] [stdout]    |
[INFO] [stdout] 82 |     pub fn load<P: AsRef<Path>>(path: P, device: &Device) -> crate::Result<Self> {
[INFO] [stdout]    |                                          ^^^^^^ help: if this is intentional, prefix it with an underscore: `_device`
[INFO] [stdout]    |
[INFO] [stdout]    = note: `#[warn(unused_variables)]` (part of `#[warn(unused)]`) on by default
[INFO] [stdout] 
[INFO] [stdout] 
[INFO] [stdout] warning: unused variable: `std`
[INFO] [stdout]  --> src/utils.rs:6:36
[INFO] [stdout]   |
[INFO] [stdout] 6 | pub fn trunc_normal_init<F: Float>(std: F, a: F, b: F) -> impl Fn() -> F {
[INFO] [stdout]   |                                    ^^^ help: if this is intentional, prefix it with an underscore: `_std`
[INFO] [stdout] 
[INFO] [stdout] 
[INFO] [stdout] warning: unused variable: `a`
[INFO] [stdout]  --> src/utils.rs:6:44
[INFO] [stdout]   |
[INFO] [stdout] 6 | pub fn trunc_normal_init<F: Float>(std: F, a: F, b: F) -> impl Fn() -> F {
[INFO] [stdout]   |                                            ^ help: if this is intentional, prefix it with an underscore: `_a`
[INFO] [stdout] 
[INFO] [stdout] 
[INFO] [stdout] warning: unused variable: `b`
[INFO] [stdout]  --> src/utils.rs:6:50
[INFO] [stdout]   |
[INFO] [stdout] 6 | pub fn trunc_normal_init<F: Float>(std: F, a: F, b: F) -> impl Fn() -> F {
[INFO] [stdout]   |                                                  ^ help: if this is intentional, prefix it with an underscore: `_b`
[INFO] [stdout] 
[INFO] [stdout] 
[INFO] [stdout] warning: unused variable: `seq_len`
[INFO] [stdout]   --> src/utils.rs:20:27
[INFO] [stdout]    |
[INFO] [stdout] 20 | pub fn create_causal_mask(seq_len: usize, device: &Device) -> Result<Tensor> {
[INFO] [stdout]    |                           ^^^^^^^ help: if this is intentional, prefix it with an underscore: `_seq_len`
[INFO] [stdout] 
[INFO] [stdout] 
[INFO] [stdout] warning: unused variable: `device`
[INFO] [stdout]   --> src/utils.rs:20:43
[INFO] [stdout]    |
[INFO] [stdout] 20 | pub fn create_causal_mask(seq_len: usize, device: &Device) -> Result<Tensor> {
[INFO] [stdout]    |                                           ^^^^^^ help: if this is intentional, prefix it with an underscore: `_device`
[INFO] [stdout] 
[INFO] [stdout] 
[INFO] [stdout] warning: field `hidden_size` is never read
[INFO] [stdout]   --> src/layers/attention.rs:17:5
[INFO] [stdout]    |
[INFO] [stdout] 16 | pub struct Attention {
[INFO] [stdout]    |            --------- field in this struct
[INFO] [stdout] 17 |     hidden_size: usize,
[INFO] [stdout]    |     ^^^^^^^^^^^
[INFO] [stdout]    |
[INFO] [stdout]    = note: `#[warn(dead_code)]` (part of `#[warn(unused)]`) on by default
[INFO] [stdout] 
[INFO] [stdout] 
[INFO] [stdout] warning: field `config` is never read
[INFO] [stdout]   --> src/models/mod.rs:44:5
[INFO] [stdout]    |
[INFO] [stdout] 43 | pub struct TransformerBlock {
[INFO] [stdout]    |            ---------------- field in this struct
[INFO] [stdout] 44 |     config: TRMConfig,
[INFO] [stdout]    |     ^^^^^^
[INFO] [stdout] 
[INFO] [stdout] 
[INFO] [stdout] warning: field `ema` is never read
[INFO] [stdout]   --> src/training/trainer.rs:68:5
[INFO] [stdout]    |
[INFO] [stdout] 62 | pub struct Trainer {
[INFO] [stdout]    |            ------- field in this struct
[INFO] [stdout] ...
[INFO] [stdout] 68 |     ema: Option<EMA>,
[INFO] [stdout]    |     ^^^
[INFO] [stdout] 
[INFO] [stdout] 
[INFO] [stdout] warning: hiding a lifetime that's elided elsewhere is confusing
[INFO] [stdout]    --> src/data/numpy_dataset.rs:141:22
[INFO] [stdout]     |
[INFO] [stdout] 141 |     pub fn get_input(&self, idx: usize) -> ArrayView1<i32> {
[INFO] [stdout]     |                      ^^^^^                 ^^^^^^^^^^^^^^^ the same lifetime is hidden here
[INFO] [stdout]     |                      |
[INFO] [stdout]     |                      the lifetime is elided here
[INFO] [stdout]     |
[INFO] [stdout]     = help: the same lifetime is referred to in inconsistent ways, making the signature confusing
[INFO] [stdout]     = note: `#[warn(mismatched_lifetime_syntaxes)]` on by default
[INFO] [stdout] help: use `'_` for type paths
[INFO] [stdout]     |
[INFO] [stdout] 141 |     pub fn get_input(&self, idx: usize) -> ArrayView1<'_, i32> {
[INFO] [stdout]     |                                                       +++
[INFO] [stdout] 
[INFO] [stdout] 
[INFO] [stdout] warning: hiding a lifetime that's elided elsewhere is confusing
[INFO] [stdout]    --> src/data/numpy_dataset.rs:146:22
[INFO] [stdout]     |
[INFO] [stdout] 146 |     pub fn get_label(&self, idx: usize) -> ArrayView1<i32> {
[INFO] [stdout]     |                      ^^^^^                 ^^^^^^^^^^^^^^^ the same lifetime is hidden here
[INFO] [stdout]     |                      |
[INFO] [stdout]     |                      the lifetime is elided here
[INFO] [stdout]     |
[INFO] [stdout]     = help: the same lifetime is referred to in inconsistent ways, making the signature confusing
[INFO] [stdout] help: use `'_` for type paths
[INFO] [stdout]     |
[INFO] [stdout] 146 |     pub fn get_label(&self, idx: usize) -> ArrayView1<'_, i32> {
[INFO] [stdout]     |                                                       +++
[INFO] [stdout] 
[INFO] [stdout] 
[INFO] [stderr]    Compiling tiny-recursive-rs v0.1.0 (/opt/rustwide/workdir)
[INFO] [stdout] error[E0433]: cannot find module or crate `intellichip_rs` in this scope
[INFO] [stdout]  --> examples/train_sudoku.rs:3:5
[INFO] [stdout]   |
[INFO] [stdout] 3 | use intellichip_rs::{TRMConfig, data::{NumpyDataset, NumpyDataLoader}};
[INFO] [stdout]   |     ^^^^^^^^^^^^^^ use of unresolved module or unlinked crate `intellichip_rs`
[INFO] [stdout]   |
[INFO] [stdout]   = help: if you wanted to use a crate named `intellichip_rs`, use `cargo add intellichip_rs` to add it to your `Cargo.toml`
[INFO] [stdout] 
[INFO] [stdout] 
[INFO] [stdout] error[E0433]: cannot find module or crate `intellichip_rs` in this scope
[INFO] [stdout]  --> examples/train_sudoku.rs:4:5
[INFO] [stdout]   |
[INFO] [stdout] 4 | use intellichip_rs::training::{Trainer, TrainingConfig};
[INFO] [stdout]   |     ^^^^^^^^^^^^^^ use of unresolved module or unlinked crate `intellichip_rs`
[INFO] [stdout]   |
[INFO] [stdout]   = help: if you wanted to use a crate named `intellichip_rs`, use `cargo add intellichip_rs` to add it to your `Cargo.toml`
[INFO] [stdout] 
[INFO] [stdout] 
[INFO] [stdout] error[E0432]: unresolved import `intellichip_rs`
[INFO] [stdout]  --> examples/train_sudoku.rs:3:5
[INFO] [stdout]   |
[INFO] [stdout] 3 | use intellichip_rs::{TRMConfig, data::{NumpyDataset, NumpyDataLoader}};
[INFO] [stdout]   |     ^^^^^^^^^^^^^^ use of unresolved module or unlinked crate `intellichip_rs`
[INFO] [stdout]   |
[INFO] [stdout]   = help: if you wanted to use a crate named `intellichip_rs`, use `cargo add intellichip_rs` to add it to your `Cargo.toml`
[INFO] [stdout] 
[INFO] [stdout] 
[INFO] [stdout] warning: unused import: `DType`
[INFO] [stdout]   --> src/layers/normalization.rs:72:31
[INFO] [stdout]    |
[INFO] [stdout] 72 |     use candle_core::{Device, DType};
[INFO] [stdout]    |                               ^^^^^
[INFO] [stdout]    |
[INFO] [stdout]    = note: `#[warn(unused_imports)]` (part of `#[warn(unused)]`) on by default
[INFO] [stdout] 
[INFO] [stdout] 
[INFO] [stdout] warning: unused imports: `Linear` and `linear`
[INFO] [stdout]  --> src/layers/activations.rs:5:29
[INFO] [stdout]   |
[INFO] [stdout] 5 | use candle_nn::{VarBuilder, Linear, linear, Init};
[INFO] [stdout]   |                             ^^^^^^  ^^^^^^
[INFO] [stdout] 
[INFO] [stdout] 
[INFO] [stdout] warning: unnecessary parentheses around function argument
[INFO] [stdout]   --> src/layers/activations.rs:99:35
[INFO] [stdout]    |
[INFO] [stdout] 99 |         let inter = find_multiple(((expansion * hidden_size as f32 * 2.0 / 3.0).round() as usize), 256);
[INFO] [stdout]    |                                   ^                                                             ^
[INFO] [stdout]    |
[INFO] [stdout]    = note: `#[warn(unused_parens)]` (part of `#[warn(unused)]`) on by default
[INFO] [stdout] help: remove these parentheses
[INFO] [stdout]    |
[INFO] [stdout] 99 -         let inter = find_multiple(((expansion * hidden_size as f32 * 2.0 / 3.0).round() as usize), 256);
[INFO] [stdout] 99 +         let inter = find_multiple((expansion * hidden_size as f32 * 2.0 / 3.0).round() as usize, 256);
[INFO] [stdout]    |
[INFO] [stdout] 
[INFO] [stdout] 
[INFO] [stdout] warning: unused imports: `DType` and `D`
[INFO] [stdout]  --> src/layers/positional.rs:4:43
[INFO] [stdout]   |
[INFO] [stdout] 4 | use candle_core::{Result, Tensor, Device, DType, D};
[INFO] [stdout]   |                                           ^^^^^  ^
[INFO] [stdout] 
[INFO] [stdout] 
[INFO] [stdout] warning: unused import: `RMSNorm`
[INFO] [stdout]  --> src/models/mod.rs:5:57
[INFO] [stdout]   |
[INFO] [stdout] 5 | use crate::layers::{Attention, SwiGLU, CastedEmbedding, RMSNorm, RotaryEmbedding};
[INFO] [stdout]   |                                                         ^^^^^^^
[INFO] [stdout] 
[INFO] [stdout] 
[INFO] [stdout] warning: unused imports: `SafeTensors` and `TensorView`
[INFO] [stdout]  --> src/training/checkpoint.rs:5:27
[INFO] [stdout]   |
[INFO] [stdout] 5 | use safetensors::tensor::{SafeTensors, TensorView};
[INFO] [stdout]   |                           ^^^^^^^^^^^  ^^^^^^^^^^
[INFO] [stdout] 
[INFO] [stdout] 
[INFO] [stdout] warning: unused import: `loss`
[INFO] [stdout]  --> src/training/trainer.rs:3:68
[INFO] [stdout]   |
[INFO] [stdout] 3 | use candle_nn::{VarMap, VarBuilder, AdamW, ParamsAdamW, Optimizer, loss, ops};
[INFO] [stdout]   |                                                                    ^^^^
[INFO] [stdout] 
[INFO] [stdout] 
[INFO] [stdout] warning: unused import: `NumpyDataLoader`
[INFO] [stdout]  --> src/training/trainer.rs:7:19
[INFO] [stdout]   |
[INFO] [stdout] 7 | use crate::data::{NumpyDataLoader, BatchDataLoader};
[INFO] [stdout]   |                   ^^^^^^^^^^^^^^^
[INFO] [stdout] 
[INFO] [stdout] 
[INFO] [stdout] warning: unused import: `EMAConfig`
[INFO] [stdout]   --> src/training/trainer.rs:10:23
[INFO] [stdout]    |
[INFO] [stdout] 10 | use super::ema::{EMA, EMAConfig};
[INFO] [stdout]    |                       ^^^^^^^^^
[INFO] [stdout] 
[INFO] [stdout] 
[INFO] [stdout] warning: unused import: `Checkpoint`
[INFO] [stdout]   --> src/training/trainer.rs:11:25
[INFO] [stdout]    |
[INFO] [stdout] 11 | use super::checkpoint::{Checkpoint, CheckpointMetadata};
[INFO] [stdout]    |                         ^^^^^^^^^^
[INFO] [stdout] 
[INFO] [stdout] 
[INFO] [stdout] Some errors have detailed explanations: E0432, E0433.
[INFO] [stdout] 
[INFO] [stdout] For more information about an error, try `rustc --explain E0432`.
[INFO] [stdout] 
[INFO] [stderr] error: could not compile `tiny-recursive-rs` (example "train_sudoku") due to 3 previous errors
[INFO] [stderr] warning: build failed, waiting for other jobs to finish...
[INFO] [stdout] warning: unused import: `Module`
[INFO] [stdout]  --> src/layers/activations.rs:4:50
[INFO] [stdout]   |
[INFO] [stdout] 4 | use candle_core::{Result, Tensor, DType, Device, Module};
[INFO] [stdout]   |                                                  ^^^^^^
[INFO] [stdout] 
[INFO] [stdout] 
[INFO] [stdout] warning: unused import: `Module`
[INFO] [stdout]  --> src/models/mod.rs:3:29
[INFO] [stdout]   |
[INFO] [stdout] 3 | use candle_nn::{VarBuilder, Module};
[INFO] [stdout]   |                             ^^^^^^
[INFO] [stdout] 
[INFO] [stdout] 
[INFO] [stdout] warning: unused variable: `device`
[INFO] [stdout]   --> src/training/checkpoint.rs:82:42
[INFO] [stdout]    |
[INFO] [stdout] 82 |     pub fn load<P: AsRef<Path>>(path: P, device: &Device) -> crate::Result<Self> {
[INFO] [stdout]    |                                          ^^^^^^ help: if this is intentional, prefix it with an underscore: `_device`
[INFO] [stdout]    |
[INFO] [stdout]    = note: `#[warn(unused_variables)]` (part of `#[warn(unused)]`) on by default
[INFO] [stdout] 
[INFO] [stdout] 
[INFO] [stdout] warning: unused variable: `result`
[INFO] [stdout]    --> src/training/checkpoint.rs:201:13
[INFO] [stdout]     |
[INFO] [stdout] 201 |         let result = save_checkpoint(tensors, temp_path, metadata.clone());
[INFO] [stdout]     |             ^^^^^^ help: if this is intentional, prefix it with an underscore: `_result`
[INFO] [stdout] 
[INFO] [stdout] 
[INFO] [stdout] warning: unused variable: `std`
[INFO] [stdout]  --> src/utils.rs:6:36
[INFO] [stdout]   |
[INFO] [stdout] 6 | pub fn trunc_normal_init<F: Float>(std: F, a: F, b: F) -> impl Fn() -> F {
[INFO] [stdout]   |                                    ^^^ help: if this is intentional, prefix it with an underscore: `_std`
[INFO] [stdout] 
[INFO] [stdout] 
[INFO] [stdout] warning: unused variable: `a`
[INFO] [stdout]  --> src/utils.rs:6:44
[INFO] [stdout]   |
[INFO] [stdout] 6 | pub fn trunc_normal_init<F: Float>(std: F, a: F, b: F) -> impl Fn() -> F {
[INFO] [stdout]   |                                            ^ help: if this is intentional, prefix it with an underscore: `_a`
[INFO] [stdout] 
[INFO] [stdout] 
[INFO] [stdout] warning: unused variable: `b`
[INFO] [stdout]  --> src/utils.rs:6:50
[INFO] [stdout]   |
[INFO] [stdout] 6 | pub fn trunc_normal_init<F: Float>(std: F, a: F, b: F) -> impl Fn() -> F {
[INFO] [stdout]   |                                                  ^ help: if this is intentional, prefix it with an underscore: `_b`
[INFO] [stdout] 
[INFO] [stdout] 
[INFO] [stdout] warning: unused variable: `seq_len`
[INFO] [stdout]   --> src/utils.rs:20:27
[INFO] [stdout]    |
[INFO] [stdout] 20 | pub fn create_causal_mask(seq_len: usize, device: &Device) -> Result<Tensor> {
[INFO] [stdout]    |                           ^^^^^^^ help: if this is intentional, prefix it with an underscore: `_seq_len`
[INFO] [stdout] 
[INFO] [stdout] 
[INFO] [stdout] warning: unused variable: `device`
[INFO] [stdout]   --> src/utils.rs:20:43
[INFO] [stdout]    |
[INFO] [stdout] 20 | pub fn create_causal_mask(seq_len: usize, device: &Device) -> Result<Tensor> {
[INFO] [stdout]    |                                           ^^^^^^ help: if this is intentional, prefix it with an underscore: `_device`
[INFO] [stdout] 
[INFO] [stdout] 
[INFO] [stdout] warning: field `hidden_size` is never read
[INFO] [stdout]   --> src/layers/attention.rs:17:5
[INFO] [stdout]    |
[INFO] [stdout] 16 | pub struct Attention {
[INFO] [stdout]    |            --------- field in this struct
[INFO] [stdout] 17 |     hidden_size: usize,
[INFO] [stdout]    |     ^^^^^^^^^^^
[INFO] [stdout]    |
[INFO] [stdout]    = note: `#[warn(dead_code)]` (part of `#[warn(unused)]`) on by default
[INFO] [stdout] 
[INFO] [stdout] 
[INFO] [stdout] warning: field `config` is never read
[INFO] [stdout]   --> src/models/mod.rs:44:5
[INFO] [stdout]    |
[INFO] [stdout] 43 | pub struct TransformerBlock {
[INFO] [stdout]    |            ---------------- field in this struct
[INFO] [stdout] 44 |     config: TRMConfig,
[INFO] [stdout]    |     ^^^^^^
[INFO] [stdout] 
[INFO] [stdout] 
[INFO] [stdout] warning: field `ema` is never read
[INFO] [stdout]   --> src/training/trainer.rs:68:5
[INFO] [stdout]    |
[INFO] [stdout] 62 | pub struct Trainer {
[INFO] [stdout]    |            ------- field in this struct
[INFO] [stdout] ...
[INFO] [stdout] 68 |     ema: Option<EMA>,
[INFO] [stdout]    |     ^^^
[INFO] [stdout] 
[INFO] [stdout] 
[INFO] [stdout] warning: hiding a lifetime that's elided elsewhere is confusing
[INFO] [stdout]    --> src/data/numpy_dataset.rs:141:22
[INFO] [stdout]     |
[INFO] [stdout] 141 |     pub fn get_input(&self, idx: usize) -> ArrayView1<i32> {
[INFO] [stdout]     |                      ^^^^^                 ^^^^^^^^^^^^^^^ the same lifetime is hidden here
[INFO] [stdout]     |                      |
[INFO] [stdout]     |                      the lifetime is elided here
[INFO] [stdout]     |
[INFO] [stdout]     = help: the same lifetime is referred to in inconsistent ways, making the signature confusing
[INFO] [stdout]     = note: `#[warn(mismatched_lifetime_syntaxes)]` on by default
[INFO] [stdout] help: use `'_` for type paths
[INFO] [stdout]     |
[INFO] [stdout] 141 |     pub fn get_input(&self, idx: usize) -> ArrayView1<'_, i32> {
[INFO] [stdout]     |                                                       +++
[INFO] [stdout] 
[INFO] [stdout] 
[INFO] [stdout] warning: hiding a lifetime that's elided elsewhere is confusing
[INFO] [stdout]    --> src/data/numpy_dataset.rs:146:22
[INFO] [stdout]     |
[INFO] [stdout] 146 |     pub fn get_label(&self, idx: usize) -> ArrayView1<i32> {
[INFO] [stdout]     |                      ^^^^^                 ^^^^^^^^^^^^^^^ the same lifetime is hidden here
[INFO] [stdout]     |                      |
[INFO] [stdout]     |                      the lifetime is elided here
[INFO] [stdout]     |
[INFO] [stdout]     = help: the same lifetime is referred to in inconsistent ways, making the signature confusing
[INFO] [stdout] help: use `'_` for type paths
[INFO] [stdout]     |
[INFO] [stdout] 146 |     pub fn get_label(&self, idx: usize) -> ArrayView1<'_, i32> {
[INFO] [stdout]     |                                                       +++
[INFO] [stdout] 
[INFO] [stdout] 
[INFO] running `Command { std: "docker" "inspect" "839c731f4aab53e86ddf304d0d4756ecf9e8498c3b22601ebf3c9583f7a5e591", kill_on_drop: false }`
[INFO] running `Command { std: "docker" "rm" "-f" "839c731f4aab53e86ddf304d0d4756ecf9e8498c3b22601ebf3c9583f7a5e591", kill_on_drop: false }`
[INFO] [stdout] 839c731f4aab53e86ddf304d0d4756ecf9e8498c3b22601ebf3c9583f7a5e591
