[INFO] fetching crate tintbox 0.5.0...
[INFO] testing tintbox-0.5.0 against 1.99.0-beta.8+cargoflags=--release for beta-release-1.100-2
[INFO] extracting crate tintbox 0.5.0 into /workspace/builds/worker-4-tc1/source
[INFO] started tweaking crates.io crate tintbox 0.5.0
[INFO] finished tweaking crates.io crate tintbox 0.5.0
[INFO] tweaked toml for crates.io crate tintbox 0.5.0 written to /workspace/builds/worker-4-tc1/source/Cargo.toml
[INFO] validating manifest of crates.io crate tintbox 0.5.0 on toolchain 1.99.0-beta.8
[INFO] running `Command { std: CARGO_HOME="/workspace/cargo-home" RUSTUP_HOME="/workspace/rustup-home" "/workspace/cargo-home/bin/cargo" "+1.99.0-beta.8" "metadata" "--manifest-path" "Cargo.toml" "--no-deps", kill_on_drop: false }`
[INFO] crate crates.io crate tintbox 0.5.0 already has a lockfile, it will not be regenerated
[INFO] running `Command { std: CARGO_HOME="/workspace/cargo-home" RUSTUP_HOME="/workspace/rustup-home" "/workspace/cargo-home/bin/cargo" "+1.99.0-beta.8" "fetch" "--manifest-path" "Cargo.toml", kill_on_drop: false }`
[INFO] running `Command { std: "docker" "create" "-v" "/var/lib/crater-agent-workspace/builds/worker-4-tc1/source:/opt/rustwide/workdir:ro,Z" "-v" "/var/lib/crater-agent-workspace/builds/worker-4-tc1/target:/opt/rustwide/target:rw,Z" "-v" "/var/lib/crater-agent-workspace/cargo-home:/opt/rustwide/cargo-home:ro,Z" "-v" "/var/lib/crater-agent-workspace/rustup-home:/opt/rustwide/rustup-home:ro,Z" "-m" "1610612736" "--network" "none" "ghcr.io/rust-lang/crates-build-env/linux@sha256:77db811e55d90add9212f6832c23229e3de5f1c1f9905e8cb07319ea15df73ac" "sleep" "infinity", kill_on_drop: false }`
[INFO] [stdout] d67dcb2976ced131e3e4cba9fe7b283a67200ec6e3dad018cf2a9a8020642d02
[INFO] running `Command { std: "docker" "start" "d67dcb2976ced131e3e4cba9fe7b283a67200ec6e3dad018cf2a9a8020642d02", kill_on_drop: false }`
[INFO] running `Command { std: "docker" "inspect" "d67dcb2976ced131e3e4cba9fe7b283a67200ec6e3dad018cf2a9a8020642d02", kill_on_drop: false }`
[INFO] running `Command { std: "docker" "exec" "-e" "SOURCE_DIR=/opt/rustwide/workdir" "-e" "CARGO_HOME=/opt/rustwide/cargo-home" "-e" "RUSTUP_HOME=/opt/rustwide/rustup-home" "-e" "CARGO_TARGET_DIR=/opt/rustwide/target" "-w" "/opt/rustwide/workdir" "--user" "0:0" "d67dcb2976ced131e3e4cba9fe7b283a67200ec6e3dad018cf2a9a8020642d02" "/opt/rustwide/cargo-home/bin/cargo" "+1.99.0-beta.8" "metadata" "--no-deps" "--format-version=1", kill_on_drop: false }`
[INFO] running `Command { std: "docker" "inspect" "d67dcb2976ced131e3e4cba9fe7b283a67200ec6e3dad018cf2a9a8020642d02", kill_on_drop: false }`
[INFO] running `Command { std: "docker" "exec" "-e" "SOURCE_DIR=/opt/rustwide/workdir" "-e" "CARGO_HOME=/opt/rustwide/cargo-home" "-e" "RUSTUP_HOME=/opt/rustwide/rustup-home" "-e" "CARGO_TARGET_DIR=/opt/rustwide/target" "-e" "CARGO_INCREMENTAL=0" "-e" "RUST_BACKTRACE=full" "-e" "RUSTFLAGS=--cap-lints=warn" "-e" "RUSTDOCFLAGS=--cap-lints=warn" "-w" "/opt/rustwide/workdir" "--user" "0:0" "d67dcb2976ced131e3e4cba9fe7b283a67200ec6e3dad018cf2a9a8020642d02" "/opt/rustwide/cargo-home/bin/cargo" "+1.99.0-beta.8" "build" "--frozen" "--message-format=json" "--release", kill_on_drop: false }`
[INFO] [stderr]    Compiling tintbox v0.5.0 (/opt/rustwide/workdir)
[INFO] [stderr]     Finished `release` profile [optimized] target(s) in 8.27s
[INFO] running `Command { std: "docker" "inspect" "d67dcb2976ced131e3e4cba9fe7b283a67200ec6e3dad018cf2a9a8020642d02", kill_on_drop: false }`
[INFO] running `Command { std: "docker" "exec" "-e" "SOURCE_DIR=/opt/rustwide/workdir" "-e" "CARGO_HOME=/opt/rustwide/cargo-home" "-e" "RUSTUP_HOME=/opt/rustwide/rustup-home" "-e" "CARGO_TARGET_DIR=/opt/rustwide/target" "-e" "CARGO_INCREMENTAL=0" "-e" "RUST_BACKTRACE=full" "-e" "RUSTFLAGS=--cap-lints=warn" "-e" "RUSTDOCFLAGS=--cap-lints=warn" "-w" "/opt/rustwide/workdir" "--user" "0:0" "d67dcb2976ced131e3e4cba9fe7b283a67200ec6e3dad018cf2a9a8020642d02" "/opt/rustwide/cargo-home/bin/cargo" "+1.99.0-beta.8" "test" "--frozen" "--no-run" "--message-format=json" "--release", kill_on_drop: false }`
[INFO] [stderr]    Compiling zerocopy v0.8.52
[INFO] [stderr]    Compiling zerocopy-derive v0.8.52
[INFO] [stderr]    Compiling serde_json v1.0.150
[INFO] [stderr]    Compiling cc v1.2.64
[INFO] [stderr]    Compiling serde v1.0.228
[INFO] [stderr]    Compiling regex-automata v0.4.14
[INFO] [stderr]    Compiling criterion-plot v0.8.2
[INFO] [stderr]    Compiling page_size v0.6.0
[INFO] [stderr]    Compiling clap v4.6.1
[INFO] [stderr]    Compiling rayon v1.12.0
[INFO] [stderr]    Compiling tinytemplate v1.2.1
[INFO] [stderr]    Compiling alloca v0.4.0
[INFO] [stderr]    Compiling regex v1.12.4
[INFO] [stderr]    Compiling half v2.7.1
[INFO] [stderr]    Compiling ciborium-ll v0.2.2
[INFO] [stderr]    Compiling ciborium v0.2.2
[INFO] [stderr]    Compiling criterion v0.8.2
[INFO] [stderr]    Compiling tintbox v0.5.0 (/opt/rustwide/workdir)
[INFO] [stdout] error[E0432]: unresolved import `tintbox_oracle`
[INFO] [stdout]    --> src/format/mod.rs:305:9
[INFO] [stdout]     |
[INFO] [stdout] 305 |     use tintbox_oracle::Rng;
[INFO] [stdout]     |         ^^^^^^^^^^^^^^ use of unresolved module or unlinked crate `tintbox_oracle`
[INFO] [stdout]     |
[INFO] [stdout]     = help: if you wanted to use a crate named `tintbox_oracle`, use `cargo add tintbox_oracle` to add it to your `Cargo.toml`
[INFO] [stdout] 
[INFO] [stdout] 
[INFO] [stdout] error[E0432]: unresolved import `tintbox_oracle`
[INFO] [stdout]    --> src/pcs.rs:491:9
[INFO] [stdout]     |
[INFO] [stdout] 491 |     use tintbox_oracle::{assert_f64_bits_eq, Rng};
[INFO] [stdout]     |         ^^^^^^^^^^^^^^ use of unresolved module or unlinked crate `tintbox_oracle`
[INFO] [stdout]     |
[INFO] [stdout]     = help: if you wanted to use a crate named `tintbox_oracle`, use `cargo add tintbox_oracle` to add it to your `Cargo.toml`
[INFO] [stdout] 
[INFO] [stdout] 
[INFO] [stdout] error[E0433]: cannot find module or crate `tintbox_oracle` in this scope
[INFO] [stdout]    --> src/adapt.rs:219:23
[INFO] [stdout]     |
[INFO] [stdout] 219 |         let mut rng = tintbox_oracle::Rng::new(0xC0FFEE);
[INFO] [stdout]     |                       ^^^^^^^^^^^^^^ use of unresolved module or unlinked crate `tintbox_oracle`
[INFO] [stdout]     |
[INFO] [stdout]     = help: if you wanted to use a crate named `tintbox_oracle`, use `cargo add tintbox_oracle` to add it to your `Cargo.toml`
[INFO] [stdout] 
[INFO] [stdout] 
[INFO] [stdout] error[E0433]: cannot find module or crate `tintbox_oracle` in this scope
[INFO] [stdout]    --> src/adapt.rs:274:23
[INFO] [stdout]     |
[INFO] [stdout] 274 |         let mut rng = tintbox_oracle::Rng::new(0xBADC0DE);
[INFO] [stdout]     |                       ^^^^^^^^^^^^^^ use of unresolved module or unlinked crate `tintbox_oracle`
[INFO] [stdout]     |
[INFO] [stdout]     = help: if you wanted to use a crate named `tintbox_oracle`, use `cargo add tintbox_oracle` to add it to your `Cargo.toml`
[INFO] [stdout] 
[INFO] [stdout] 
[INFO] [stdout] error[E0433]: cannot find module or crate `tintbox_oracle` in this scope
[INFO] [stdout]    --> src/adapt.rs:315:23
[INFO] [stdout]     |
[INFO] [stdout] 315 |         let mut rng = tintbox_oracle::Rng::new(0xFEEDFACE);
[INFO] [stdout]     |                       ^^^^^^^^^^^^^^ use of unresolved module or unlinked crate `tintbox_oracle`
[INFO] [stdout]     |
[INFO] [stdout]     = help: if you wanted to use a crate named `tintbox_oracle`, use `cargo add tintbox_oracle` to add it to your `Cargo.toml`
[INFO] [stdout] 
[INFO] [stdout] 
[INFO] [stdout] error[E0433]: cannot find module or crate `tintbox_oracle` in this scope
[INFO] [stdout]   --> src/compat/floor.rs:70:23
[INFO] [stdout]    |
[INFO] [stdout] 70 |         let mut rng = tintbox_oracle::Rng::new(0x5EED);
[INFO] [stdout]    |                       ^^^^^^^^^^^^^^ use of unresolved module or unlinked crate `tintbox_oracle`
[INFO] [stdout]    |
[INFO] [stdout]    = help: if you wanted to use a crate named `tintbox_oracle`, use `cargo add tintbox_oracle` to add it to your `Cargo.toml`
[INFO] [stdout] 
[INFO] [stdout] 
[INFO] [stdout] error[E0433]: cannot find module or crate `tintbox_oracle` in this scope
[INFO] [stdout]   --> src/compat/floor.rs:83:23
[INFO] [stdout]    |
[INFO] [stdout] 83 |         let mut rng = tintbox_oracle::Rng::new(0xABCD);
[INFO] [stdout]    |                       ^^^^^^^^^^^^^^ use of unresolved module or unlinked crate `tintbox_oracle`
[INFO] [stdout]    |
[INFO] [stdout]    = help: if you wanted to use a crate named `tintbox_oracle`, use `cargo add tintbox_oracle` to add it to your `Cargo.toml`
[INFO] [stdout] 
[INFO] [stdout] 
[INFO] [stdout] error[E0433]: cannot find module or crate `tintbox_oracle` in this scope
[INFO] [stdout]    --> src/compat/floor.rs:103:23
[INFO] [stdout]     |
[INFO] [stdout] 103 |         let mut rng = tintbox_oracle::Rng::new(0xF00D);
[INFO] [stdout]     |                       ^^^^^^^^^^^^^^ use of unresolved module or unlinked crate `tintbox_oracle`
[INFO] [stdout]     |
[INFO] [stdout]     = help: if you wanted to use a crate named `tintbox_oracle`, use `cargo add tintbox_oracle` to add it to your `Cargo.toml`
[INFO] [stdout] 
[INFO] [stdout] 
[INFO] [stdout] error[E0433]: cannot find module or crate `tintbox_oracle` in this scope
[INFO] [stdout]    --> src/fixed.rs:111:23
[INFO] [stdout]     |
[INFO] [stdout] 111 |         let mut rng = tintbox_oracle::Rng::new(0xF1_4ED);
[INFO] [stdout]     |                       ^^^^^^^^^^^^^^ use of unresolved module or unlinked crate `tintbox_oracle`
[INFO] [stdout]     |
[INFO] [stdout]     = help: if you wanted to use a crate named `tintbox_oracle`, use `cargo add tintbox_oracle` to add it to your `Cargo.toml`
[INFO] [stdout] 
[INFO] [stdout] 
[INFO] [stdout] error[E0433]: cannot find module or crate `tintbox_oracle` in this scope
[INFO] [stdout]    --> src/fixed.rs:123:23
[INFO] [stdout]     |
[INFO] [stdout] 123 |         let mut rng = tintbox_oracle::Rng::new(7);
[INFO] [stdout]     |                       ^^^^^^^^^^^^^^ use of unresolved module or unlinked crate `tintbox_oracle`
[INFO] [stdout]     |
[INFO] [stdout]     = help: if you wanted to use a crate named `tintbox_oracle`, use `cargo add tintbox_oracle` to add it to your `Cargo.toml`
[INFO] [stdout] 
[INFO] [stdout] 
[INFO] [stdout] error[E0433]: cannot find module or crate `tintbox_oracle` in this scope
[INFO] [stdout]    --> src/fixed.rs:135:23
[INFO] [stdout]     |
[INFO] [stdout] 135 |         let mut rng = tintbox_oracle::Rng::new(99);
[INFO] [stdout]     |                       ^^^^^^^^^^^^^^ use of unresolved module or unlinked crate `tintbox_oracle`
[INFO] [stdout]     |
[INFO] [stdout]     = help: if you wanted to use a crate named `tintbox_oracle`, use `cargo add tintbox_oracle` to add it to your `Cargo.toml`
[INFO] [stdout] 
[INFO] [stdout] 
[INFO] [stdout] error[E0433]: cannot find module or crate `tintbox_oracle` in this scope
[INFO] [stdout]    --> src/math/half.rs:417:23
[INFO] [stdout]     |
[INFO] [stdout] 417 |         let mut rng = tintbox_oracle::Rng::new(0x4A1F);
[INFO] [stdout]     |                       ^^^^^^^^^^^^^^ use of unresolved module or unlinked crate `tintbox_oracle`
[INFO] [stdout]     |
[INFO] [stdout]     = help: if you wanted to use a crate named `tintbox_oracle`, use `cargo add tintbox_oracle` to add it to your `Cargo.toml`
[INFO] [stdout] 
[INFO] [stdout] 
[INFO] [stdout] error[E0433]: cannot find module or crate `tintbox_oracle` in this scope
[INFO] [stdout]   --> src/math/matrix.rs:99:23
[INFO] [stdout]    |
[INFO] [stdout] 99 |         let mut rng = tintbox_oracle::Rng::new(11);
[INFO] [stdout]    |                       ^^^^^^^^^^^^^^ use of unresolved module or unlinked crate `tintbox_oracle`
[INFO] [stdout]    |
[INFO] [stdout]    = help: if you wanted to use a crate named `tintbox_oracle`, use `cargo add tintbox_oracle` to add it to your `Cargo.toml`
[INFO] [stdout] 
[INFO] [stdout] 
[INFO] [stdout] error[E0433]: cannot find module or crate `tintbox_oracle` in this scope
[INFO] [stdout]    --> src/math/matrix.rs:116:23
[INFO] [stdout]     |
[INFO] [stdout] 116 |         let mut rng = tintbox_oracle::Rng::new(22);
[INFO] [stdout]     |                       ^^^^^^^^^^^^^^ use of unresolved module or unlinked crate `tintbox_oracle`
[INFO] [stdout]     |
[INFO] [stdout]     = help: if you wanted to use a crate named `tintbox_oracle`, use `cargo add tintbox_oracle` to add it to your `Cargo.toml`
[INFO] [stdout] 
[INFO] [stdout] 
[INFO] [stdout] error[E0433]: cannot find module or crate `tintbox_oracle` in this scope
[INFO] [stdout]    --> src/math/matrix.rs:128:23
[INFO] [stdout]     |
[INFO] [stdout] 128 |         let mut rng = tintbox_oracle::Rng::new(33);
[INFO] [stdout]     |                       ^^^^^^^^^^^^^^ use of unresolved module or unlinked crate `tintbox_oracle`
[INFO] [stdout]     |
[INFO] [stdout]     = help: if you wanted to use a crate named `tintbox_oracle`, use `cargo add tintbox_oracle` to add it to your `Cargo.toml`
[INFO] [stdout] 
[INFO] [stdout] 
[INFO] [stdout] error[E0433]: cannot find module or crate `tintbox_oracle` in this scope
[INFO] [stdout]    --> src/math/matrix.rs:151:23
[INFO] [stdout]     |
[INFO] [stdout] 151 |         let mut rng = tintbox_oracle::Rng::new(44);
[INFO] [stdout]     |                       ^^^^^^^^^^^^^^ use of unresolved module or unlinked crate `tintbox_oracle`
[INFO] [stdout]     |
[INFO] [stdout]     = help: if you wanted to use a crate named `tintbox_oracle`, use `cargo add tintbox_oracle` to add it to your `Cargo.toml`
[INFO] [stdout] 
[INFO] [stdout] 
[INFO] [stdout] error[E0433]: cannot find module or crate `tintbox_oracle` in this scope
[INFO] [stdout]    --> src/math/md5.rs:109:23
[INFO] [stdout]     |
[INFO] [stdout] 109 |         let mut rng = tintbox_oracle::Rng::new(0x11D5);
[INFO] [stdout]     |                       ^^^^^^^^^^^^^^ use of unresolved module or unlinked crate `tintbox_oracle`
[INFO] [stdout]     |
[INFO] [stdout]     = help: if you wanted to use a crate named `tintbox_oracle`, use `cargo add tintbox_oracle` to add it to your `Cargo.toml`
[INFO] [stdout] 
[INFO] [stdout] 
[INFO] [stdout] error[E0433]: cannot find module or crate `tintbox_oracle` in this scope
[INFO] [stdout]    --> src/adapt.rs:226:17
[INFO] [stdout]     |
[INFO] [stdout] 226 |                 tintbox_oracle::white_point_from_temp(temp),
[INFO] [stdout]     |                 ^^^^^^^^^^^^^^ use of unresolved module or unlinked crate `tintbox_oracle`
[INFO] [stdout]     |
[INFO] [stdout]     = help: if you wanted to use a crate named `tintbox_oracle`, use `cargo add tintbox_oracle` to add it to your `Cargo.toml`
[INFO] [stdout] 
[INFO] [stdout] 
[INFO] [stdout] error[E0433]: cannot find module or crate `tintbox_oracle` in this scope
[INFO] [stdout]    --> src/adapt.rs:229:21
[INFO] [stdout]     |
[INFO] [stdout] 229 |                     tintbox_oracle::assert_f64_bits_eq(wp.x, c[0], ("x", temp));
[INFO] [stdout]     |                     ^^^^^^^^^^^^^^ use of unresolved module or unlinked crate `tintbox_oracle`
[INFO] [stdout]     |
[INFO] [stdout]     = help: if you wanted to use a crate named `tintbox_oracle`, use `cargo add tintbox_oracle` to add it to your `Cargo.toml`
[INFO] [stdout] 
[INFO] [stdout] 
[INFO] [stdout] error[E0433]: cannot find module or crate `tintbox_oracle` in this scope
[INFO] [stdout]    --> src/adapt.rs:230:21
[INFO] [stdout]     |
[INFO] [stdout] 230 |                     tintbox_oracle::assert_f64_bits_eq(wp.y, c[1], ("y", temp));
[INFO] [stdout]     |                     ^^^^^^^^^^^^^^ use of unresolved module or unlinked crate `tintbox_oracle`
[INFO] [stdout]     |
[INFO] [stdout]     = help: if you wanted to use a crate named `tintbox_oracle`, use `cargo add tintbox_oracle` to add it to your `Cargo.toml`
[INFO] [stdout] 
[INFO] [stdout] 
[INFO] [stdout] error[E0433]: cannot find module or crate `tintbox_oracle` in this scope
[INFO] [stdout]    --> src/adapt.rs:231:21
[INFO] [stdout]     |
[INFO] [stdout] 231 |                     tintbox_oracle::assert_f64_bits_eq(wp.yy, c[2], ("Y", temp));
[INFO] [stdout]     |                     ^^^^^^^^^^^^^^ use of unresolved module or unlinked crate `tintbox_oracle`
[INFO] [stdout]     |
[INFO] [stdout]     = help: if you wanted to use a crate named `tintbox_oracle`, use `cargo add tintbox_oracle` to add it to your `Cargo.toml`
[INFO] [stdout] 
[INFO] [stdout] 
[INFO] [stdout] error[E0433]: cannot find module or crate `tintbox_oracle` in this scope
[INFO] [stdout]    --> src/adapt.rs:250:21
[INFO] [stdout]     |
[INFO] [stdout] 250 |             let c = tintbox_oracle::white_point_from_temp(t);
[INFO] [stdout]     |                     ^^^^^^^^^^^^^^ use of unresolved module or unlinked crate `tintbox_oracle`
[INFO] [stdout]     |
[INFO] [stdout]     = help: if you wanted to use a crate named `tintbox_oracle`, use `cargo add tintbox_oracle` to add it to your `Cargo.toml`
[INFO] [stdout] 
[INFO] [stdout] 
[INFO] [stdout] error[E0433]: cannot find module or crate `tintbox_oracle` in this scope
[INFO] [stdout]    --> src/adapt.rs:253:21
[INFO] [stdout]     |
[INFO] [stdout] 253 |                     tintbox_oracle::assert_f64_bits_eq(wp.x, c[0], ("x", t));
[INFO] [stdout]     |                     ^^^^^^^^^^^^^^ use of unresolved module or unlinked crate `tintbox_oracle`
[INFO] [stdout]     |
[INFO] [stdout]     = help: if you wanted to use a crate named `tintbox_oracle`, use `cargo add tintbox_oracle` to add it to your `Cargo.toml`
[INFO] [stdout] 
[INFO] [stdout] 
[INFO] [stdout] error[E0433]: cannot find module or crate `tintbox_oracle` in this scope
[INFO] [stdout]    --> src/adapt.rs:254:21
[INFO] [stdout]     |
[INFO] [stdout] 254 |                     tintbox_oracle::assert_f64_bits_eq(wp.y, c[1], ("y", t));
[INFO] [stdout]     |                     ^^^^^^^^^^^^^^ use of unresolved module or unlinked crate `tintbox_oracle`
[INFO] [stdout]     |
[INFO] [stdout]     = help: if you wanted to use a crate named `tintbox_oracle`, use `cargo add tintbox_oracle` to add it to your `Cargo.toml`
[INFO] [stdout] 
[INFO] [stdout] 
[INFO] [stdout] error[E0433]: cannot find module or crate `tintbox_oracle` in this scope
[INFO] [stdout]    --> src/adapt.rs:255:21
[INFO] [stdout]     |
[INFO] [stdout] 255 |                     tintbox_oracle::assert_f64_bits_eq(wp.yy, c[2], ("Y", t));
[INFO] [stdout]     |                     ^^^^^^^^^^^^^^ use of unresolved module or unlinked crate `tintbox_oracle`
[INFO] [stdout]     |
[INFO] [stdout]     = help: if you wanted to use a crate named `tintbox_oracle`, use `cargo add tintbox_oracle` to add it to your `Cargo.toml`
[INFO] [stdout] 
[INFO] [stdout] 
[INFO] [stdout] error[E0433]: cannot find module or crate `tintbox_oracle` in this scope
[INFO] [stdout]    --> src/adapt.rs:268:21
[INFO] [stdout]     |
[INFO] [stdout] 268 |             assert!(tintbox_oracle::white_point_from_temp(t).is_none());
[INFO] [stdout]     |                     ^^^^^^^^^^^^^^ use of unresolved module or unlinked crate `tintbox_oracle`
[INFO] [stdout]     |
[INFO] [stdout]     = help: if you wanted to use a crate named `tintbox_oracle`, use `cargo add tintbox_oracle` to add it to your `Cargo.toml`
[INFO] [stdout] 
[INFO] [stdout] 
[INFO] [stdout] error[E0433]: cannot find module or crate `tintbox_oracle` in this scope
[INFO] [stdout]    --> src/adapt.rs:294:17
[INFO] [stdout]     |
[INFO] [stdout] 294 |                 tintbox_oracle::adaptation_matrix(&[from.x, from.y, from.z], &[to.x, to.y, to.z]),
[INFO] [stdout]     |                 ^^^^^^^^^^^^^^ use of unresolved module or unlinked crate `tintbox_oracle`
[INFO] [stdout]     |
[INFO] [stdout]     = help: if you wanted to use a crate named `tintbox_oracle`, use `cargo add tintbox_oracle` to add it to your `Cargo.toml`
[INFO] [stdout] 
[INFO] [stdout] 
[INFO] [stdout] error[E0433]: cannot find module or crate `tintbox_oracle` in this scope
[INFO] [stdout]    --> src/adapt.rs:298:25
[INFO] [stdout]     |
[INFO] [stdout] 298 |                         tintbox_oracle::assert_f64_bits_eq(rv, cv, (i, from, to));
[INFO] [stdout]     |                         ^^^^^^^^^^^^^^ use of unresolved module or unlinked crate `tintbox_oracle`
[INFO] [stdout]     |
[INFO] [stdout]     = help: if you wanted to use a crate named `tintbox_oracle`, use `cargo add tintbox_oracle` to add it to your `Cargo.toml`
[INFO] [stdout] 
[INFO] [stdout] 
[INFO] [stdout] error[E0433]: cannot find module or crate `tintbox_oracle` in this scope
[INFO] [stdout]    --> src/adapt.rs:339:17
[INFO] [stdout]     |
[INFO] [stdout] 339 |                 tintbox_oracle::adapt_to_illuminant(
[INFO] [stdout]     |                 ^^^^^^^^^^^^^^ use of unresolved module or unlinked crate `tintbox_oracle`
[INFO] [stdout]     |
[INFO] [stdout]     = help: if you wanted to use a crate named `tintbox_oracle`, use `cargo add tintbox_oracle` to add it to your `Cargo.toml`
[INFO] [stdout] 
[INFO] [stdout] 
[INFO] [stdout] error[E0433]: cannot find module or crate `tintbox_oracle` in this scope
[INFO] [stdout]    --> src/adapt.rs:346:21
[INFO] [stdout]     |
[INFO] [stdout] 346 |                     tintbox_oracle::assert_f64_bits_eq(r.x, c[0], ("X", src, ill, value));
[INFO] [stdout]     |                     ^^^^^^^^^^^^^^ use of unresolved module or unlinked crate `tintbox_oracle`
[INFO] [stdout]     |
[INFO] [stdout]     = help: if you wanted to use a crate named `tintbox_oracle`, use `cargo add tintbox_oracle` to add it to your `Cargo.toml`
[INFO] [stdout] 
[INFO] [stdout] 
[INFO] [stdout] error[E0433]: cannot find module or crate `tintbox_oracle` in this scope
[INFO] [stdout]    --> src/adapt.rs:347:21
[INFO] [stdout]     |
[INFO] [stdout] 347 |                     tintbox_oracle::assert_f64_bits_eq(r.y, c[1], ("Y", src, ill, value));
[INFO] [stdout]     |                     ^^^^^^^^^^^^^^ use of unresolved module or unlinked crate `tintbox_oracle`
[INFO] [stdout]     |
[INFO] [stdout]     = help: if you wanted to use a crate named `tintbox_oracle`, use `cargo add tintbox_oracle` to add it to your `Cargo.toml`
[INFO] [stdout] 
[INFO] [stdout] 
[INFO] [stdout] error[E0433]: cannot find module or crate `tintbox_oracle` in this scope
[INFO] [stdout]    --> src/adapt.rs:348:21
[INFO] [stdout]     |
[INFO] [stdout] 348 |                     tintbox_oracle::assert_f64_bits_eq(r.z, c[2], ("Z", src, ill, value));
[INFO] [stdout]     |                     ^^^^^^^^^^^^^^ use of unresolved module or unlinked crate `tintbox_oracle`
[INFO] [stdout]     |
[INFO] [stdout]     = help: if you wanted to use a crate named `tintbox_oracle`, use `cargo add tintbox_oracle` to add it to your `Cargo.toml`
[INFO] [stdout] 
[INFO] [stdout] 
[INFO] [stdout] error[E0433]: cannot find module or crate `tintbox_oracle` in this scope
[INFO] [stdout]    --> src/adapt.rs:374:13
[INFO] [stdout]     |
[INFO] [stdout] 374 |             tintbox_oracle::adaptation_matrix(&[0.0, 0.0, 0.0], &[d50.x, d50.y, d50.z]).is_none()
[INFO] [stdout]     |             ^^^^^^^^^^^^^^ use of unresolved module or unlinked crate `tintbox_oracle`
[INFO] [stdout]     |
[INFO] [stdout]     = help: if you wanted to use a crate named `tintbox_oracle`, use `cargo add tintbox_oracle` to add it to your `Cargo.toml`
[INFO] [stdout] 
[INFO] [stdout] 
[INFO] [stdout] error[E0433]: cannot find module or crate `tintbox_oracle` in this scope
[INFO] [stdout]    --> src/adapt.rs:383:17
[INFO] [stdout]     |
[INFO] [stdout] 383 |         assert!(tintbox_oracle::adapt_to_illuminant(
[INFO] [stdout]     |                 ^^^^^^^^^^^^^^ use of unresolved module or unlinked crate `tintbox_oracle`
[INFO] [stdout]     |
[INFO] [stdout]     = help: if you wanted to use a crate named `tintbox_oracle`, use `cargo add tintbox_oracle` to add it to your `Cargo.toml`
[INFO] [stdout] 
[INFO] [stdout] 
[INFO] [stdout] error[E0433]: cannot find module or crate `tintbox_oracle` in this scope
[INFO] [stdout]   --> src/compat/floor.rs:75:17
[INFO] [stdout]    |
[INFO] [stdout] 75 |                 tintbox_oracle::quick_floor(v),
[INFO] [stdout]    |                 ^^^^^^^^^^^^^^ use of unresolved module or unlinked crate `tintbox_oracle`
[INFO] [stdout]    |
[INFO] [stdout]    = help: if you wanted to use a crate named `tintbox_oracle`, use `cargo add tintbox_oracle` to add it to your `Cargo.toml`
[INFO] [stdout] 
[INFO] [stdout] 
[INFO] [stdout] error[E0433]: cannot find module or crate `tintbox_oracle` in this scope
[INFO] [stdout]   --> src/compat/floor.rs:88:17
[INFO] [stdout]    |
[INFO] [stdout] 88 |                 tintbox_oracle::quick_floor_word(d),
[INFO] [stdout]    |                 ^^^^^^^^^^^^^^ use of unresolved module or unlinked crate `tintbox_oracle`
[INFO] [stdout]    |
[INFO] [stdout]    = help: if you wanted to use a crate named `tintbox_oracle`, use `cargo add tintbox_oracle` to add it to your `Cargo.toml`
[INFO] [stdout] 
[INFO] [stdout] 
[INFO] [stdout] error[E0433]: cannot find module or crate `tintbox_oracle` in this scope
[INFO] [stdout]   --> src/compat/floor.rs:95:17
[INFO] [stdout]    |
[INFO] [stdout] 95 |                 tintbox_oracle::quick_floor_word(d),
[INFO] [stdout]    |                 ^^^^^^^^^^^^^^ use of unresolved module or unlinked crate `tintbox_oracle`
[INFO] [stdout]    |
[INFO] [stdout]    = help: if you wanted to use a crate named `tintbox_oracle`, use `cargo add tintbox_oracle` to add it to your `Cargo.toml`
[INFO] [stdout] 
[INFO] [stdout] 
[INFO] [stdout] error[E0433]: cannot find module or crate `tintbox_oracle` in this scope
[INFO] [stdout]    --> src/compat/floor.rs:108:17
[INFO] [stdout]     |
[INFO] [stdout] 108 |                 tintbox_oracle::quick_saturate_word(d),
[INFO] [stdout]     |                 ^^^^^^^^^^^^^^ use of unresolved module or unlinked crate `tintbox_oracle`
[INFO] [stdout]     |
[INFO] [stdout]     = help: if you wanted to use a crate named `tintbox_oracle`, use `cargo add tintbox_oracle` to add it to your `Cargo.toml`
[INFO] [stdout] 
[INFO] [stdout] 
[INFO] [stdout] error[E0433]: cannot find module or crate `tintbox_oracle` in this scope
[INFO] [stdout]    --> src/compat/floor.rs:126:17
[INFO] [stdout]     |
[INFO] [stdout] 126 |                 tintbox_oracle::quick_floor_word(d),
[INFO] [stdout]     |                 ^^^^^^^^^^^^^^ use of unresolved module or unlinked crate `tintbox_oracle`
[INFO] [stdout]     |
[INFO] [stdout]     = help: if you wanted to use a crate named `tintbox_oracle`, use `cargo add tintbox_oracle` to add it to your `Cargo.toml`
[INFO] [stdout] 
[INFO] [stdout] 
[INFO] [stdout] error[E0433]: cannot find module or crate `tintbox_oracle` in this scope
[INFO] [stdout]    --> src/fixed.rs:116:17
[INFO] [stdout]     |
[INFO] [stdout] 116 |                 tintbox_oracle::double_to_s15f16(v),
[INFO] [stdout]     |                 ^^^^^^^^^^^^^^ use of unresolved module or unlinked crate `tintbox_oracle`
[INFO] [stdout]     |
[INFO] [stdout]     = help: if you wanted to use a crate named `tintbox_oracle`, use `cargo add tintbox_oracle` to add it to your `Cargo.toml`
[INFO] [stdout] 
[INFO] [stdout] 
[INFO] [stdout] error[E0433]: cannot find module or crate `tintbox_oracle` in this scope
[INFO] [stdout]    --> src/fixed.rs:126:13
[INFO] [stdout]     |
[INFO] [stdout] 126 |             tintbox_oracle::assert_f64_bits_eq(
[INFO] [stdout]     |             ^^^^^^^^^^^^^^ use of unresolved module or unlinked crate `tintbox_oracle`
[INFO] [stdout]     |
[INFO] [stdout]     = help: if you wanted to use a crate named `tintbox_oracle`, use `cargo add tintbox_oracle` to add it to your `Cargo.toml`
[INFO] [stdout] 
[INFO] [stdout] 
[INFO] [stdout] error[E0433]: cannot find module or crate `tintbox_oracle` in this scope
[INFO] [stdout]    --> src/fixed.rs:128:17
[INFO] [stdout]     |
[INFO] [stdout] 128 |                 tintbox_oracle::s15f16_to_double(a),
[INFO] [stdout]     |                 ^^^^^^^^^^^^^^ use of unresolved module or unlinked crate `tintbox_oracle`
[INFO] [stdout]     |
[INFO] [stdout]     = help: if you wanted to use a crate named `tintbox_oracle`, use `cargo add tintbox_oracle` to add it to your `Cargo.toml`
[INFO] [stdout] 
[INFO] [stdout] 
[INFO] [stdout] error[E0433]: cannot find module or crate `tintbox_oracle` in this scope
[INFO] [stdout]    --> src/fixed.rs:140:17
[INFO] [stdout]     |
[INFO] [stdout] 140 |                 tintbox_oracle::double_to_8fixed8(v),
[INFO] [stdout]     |                 ^^^^^^^^^^^^^^ use of unresolved module or unlinked crate `tintbox_oracle`
[INFO] [stdout]     |
[INFO] [stdout]     = help: if you wanted to use a crate named `tintbox_oracle`, use `cargo add tintbox_oracle` to add it to your `Cargo.toml`
[INFO] [stdout] 
[INFO] [stdout] 
[INFO] [stdout] error[E0433]: cannot find module or crate `tintbox_oracle` in this scope
[INFO] [stdout]    --> src/fixed.rs:150:17
[INFO] [stdout]     |
[INFO] [stdout] 150 |                 tintbox_oracle::from_8_to_16(v as u8),
[INFO] [stdout]     |                 ^^^^^^^^^^^^^^ use of unresolved module or unlinked crate `tintbox_oracle`
[INFO] [stdout]     |
[INFO] [stdout]     = help: if you wanted to use a crate named `tintbox_oracle`, use `cargo add tintbox_oracle` to add it to your `Cargo.toml`
[INFO] [stdout] 
[INFO] [stdout] 
[INFO] [stdout] error[E0433]: cannot find module or crate `tintbox_oracle` in this scope
[INFO] [stdout]    --> src/fixed.rs:160:17
[INFO] [stdout]     |
[INFO] [stdout] 160 |                 tintbox_oracle::from_16_to_8(v as u16),
[INFO] [stdout]     |                 ^^^^^^^^^^^^^^ use of unresolved module or unlinked crate `tintbox_oracle`
[INFO] [stdout]     |
[INFO] [stdout]     = help: if you wanted to use a crate named `tintbox_oracle`, use `cargo add tintbox_oracle` to add it to your `Cargo.toml`
[INFO] [stdout] 
[INFO] [stdout] 
[INFO] [stdout] error[E0433]: cannot find module or crate `tintbox_oracle` in this scope
[INFO] [stdout]    --> src/fixed.rs:170:17
[INFO] [stdout]     |
[INFO] [stdout] 170 |                 tintbox_oracle::to_fixed_domain(a),
[INFO] [stdout]     |                 ^^^^^^^^^^^^^^ use of unresolved module or unlinked crate `tintbox_oracle`
[INFO] [stdout]     |
[INFO] [stdout]     = help: if you wanted to use a crate named `tintbox_oracle`, use `cargo add tintbox_oracle` to add it to your `Cargo.toml`
[INFO] [stdout] 
[INFO] [stdout] 
[INFO] [stdout] error[E0433]: cannot find module or crate `tintbox_oracle` in this scope
[INFO] [stdout]    --> src/fixed.rs:175:17
[INFO] [stdout]     |
[INFO] [stdout] 175 |                 tintbox_oracle::from_fixed_domain(a),
[INFO] [stdout]     |                 ^^^^^^^^^^^^^^ use of unresolved module or unlinked crate `tintbox_oracle`
[INFO] [stdout]     |
[INFO] [stdout]     = help: if you wanted to use a crate named `tintbox_oracle`, use `cargo add tintbox_oracle` to add it to your `Cargo.toml`
[INFO] [stdout] 
[INFO] [stdout] 
[INFO] [stdout] error[E0433]: cannot find module or crate `tintbox_oracle` in this scope
[INFO] [stdout]    --> src/format/mod.rs:364:28
[INFO] [stdout]     |
[INFO] [stdout] 364 |                 let want = tintbox_oracle::unpack16(fmt, &buf);
[INFO] [stdout]     |                            ^^^^^^^^^^^^^^ use of unresolved module or unlinked crate `tintbox_oracle`
[INFO] [stdout]     |
[INFO] [stdout]     = help: if you wanted to use a crate named `tintbox_oracle`, use `cargo add tintbox_oracle` to add it to your `Cargo.toml`
[INFO] [stdout] 
[INFO] [stdout] 
[INFO] [stdout] error[E0433]: cannot find module or crate `tintbox_oracle` in this scope
[INFO] [stdout]    --> src/format/mod.rs:395:39
[INFO] [stdout]     |
[INFO] [stdout] 395 |                 let mut wide = [0u16; tintbox_oracle::MAX_CHANNELS];
[INFO] [stdout]     |                                       ^^^^^^^^^^^^^^ use of unresolved module or unlinked crate `tintbox_oracle`
[INFO] [stdout]     |
[INFO] [stdout]     = help: if you wanted to use a crate named `tintbox_oracle`, use `cargo add tintbox_oracle` to add it to your `Cargo.toml`
[INFO] [stdout] 
[INFO] [stdout] 
[INFO] [stdout] error[E0433]: cannot find module or crate `tintbox_oracle` in this scope
[INFO] [stdout]    --> src/format/mod.rs:397:26
[INFO] [stdout]     |
[INFO] [stdout] 397 |                 let wn = tintbox_oracle::pack16(fmt, &wide, &mut want);
[INFO] [stdout]     |                          ^^^^^^^^^^^^^^ use of unresolved module or unlinked crate `tintbox_oracle`
[INFO] [stdout]     |
[INFO] [stdout]     = help: if you wanted to use a crate named `tintbox_oracle`, use `cargo add tintbox_oracle` to add it to your `Cargo.toml`
[INFO] [stdout] 
[INFO] [stdout] 
[INFO] [stdout] error[E0433]: cannot find module or crate `tintbox_oracle` in this scope
[INFO] [stdout]    --> src/format/mod.rs:470:28
[INFO] [stdout]     |
[INFO] [stdout] 470 |                 let want = tintbox_oracle::unpack_float(fmt, &buf);
[INFO] [stdout]     |                            ^^^^^^^^^^^^^^ use of unresolved module or unlinked crate `tintbox_oracle`
[INFO] [stdout]     |
[INFO] [stdout]     = help: if you wanted to use a crate named `tintbox_oracle`, use `cargo add tintbox_oracle` to add it to your `Cargo.toml`
[INFO] [stdout] 
[INFO] [stdout] 
[INFO] [stdout] error[E0433]: cannot find module or crate `tintbox_oracle` in this scope
[INFO] [stdout]    --> src/format/mod.rs:509:39
[INFO] [stdout]     |
[INFO] [stdout] 509 |                 let mut wide = [0f32; tintbox_oracle::MAX_CHANNELS];
[INFO] [stdout]     |                                       ^^^^^^^^^^^^^^ use of unresolved module or unlinked crate `tintbox_oracle`
[INFO] [stdout]     |
[INFO] [stdout]     = help: if you wanted to use a crate named `tintbox_oracle`, use `cargo add tintbox_oracle` to add it to your `Cargo.toml`
[INFO] [stdout] 
[INFO] [stdout] 
[INFO] [stdout] error[E0433]: cannot find module or crate `tintbox_oracle` in this scope
[INFO] [stdout]    --> src/format/mod.rs:511:26
[INFO] [stdout]     |
[INFO] [stdout] 511 |                 let wn = tintbox_oracle::pack_float(fmt, &wide, &mut want);
[INFO] [stdout]     |                          ^^^^^^^^^^^^^^ use of unresolved module or unlinked crate `tintbox_oracle`
[INFO] [stdout]     |
[INFO] [stdout]     = help: if you wanted to use a crate named `tintbox_oracle`, use `cargo add tintbox_oracle` to add it to your `Cargo.toml`
[INFO] [stdout] 
[INFO] [stdout] 
[INFO] [stdout] error[E0433]: cannot find module or crate `tintbox_oracle` in this scope
[INFO] [stdout]   --> src/io/cursor.rs:63:34
[INFO] [stdout]    |
[INFO] [stdout] 63 |         assert_eq!(Some(0x1234), tintbox_oracle::read_u16(&data));
[INFO] [stdout]    |                                  ^^^^^^^^^^^^^^ use of unresolved module or unlinked crate `tintbox_oracle`
[INFO] [stdout]    |
[INFO] [stdout]    = help: if you wanted to use a crate named `tintbox_oracle`, use `cargo add tintbox_oracle` to add it to your `Cargo.toml`
[INFO] [stdout] 
[INFO] [stdout] 
[INFO] [stdout] error[E0433]: cannot find module or crate `tintbox_oracle` in this scope
[INFO] [stdout]   --> src/io/cursor.rs:66:39
[INFO] [stdout]    |
[INFO] [stdout] 66 |         assert_eq!(Some(0x1234_5678), tintbox_oracle::read_u32(&data));
[INFO] [stdout]    |                                       ^^^^^^^^^^^^^^ use of unresolved module or unlinked crate `tintbox_oracle`
[INFO] [stdout]    |
[INFO] [stdout]    = help: if you wanted to use a crate named `tintbox_oracle`, use `cargo add tintbox_oracle` to add it to your `Cargo.toml`
[INFO] [stdout] 
[INFO] [stdout] 
[INFO] [stdout] error[E0433]: cannot find module or crate `tintbox_oracle` in this scope
[INFO] [stdout]    --> src/io/cursor.rs:123:25
[INFO] [stdout]     |
[INFO] [stdout] 123 |             expect.push(tintbox_oracle::read_u16(&data[i * 2..]).unwrap());
[INFO] [stdout]     |                         ^^^^^^^^^^^^^^ use of unresolved module or unlinked crate `tintbox_oracle`
[INFO] [stdout]     |
[INFO] [stdout]     = help: if you wanted to use a crate named `tintbox_oracle`, use `cargo add tintbox_oracle` to add it to your `Cargo.toml`
[INFO] [stdout] 
[INFO] [stdout] 
[INFO] [stdout] error[E0433]: cannot find module or crate `tintbox_oracle` in this scope
[INFO] [stdout]    --> src/io/cursor.rs:127:25
[INFO] [stdout]     |
[INFO] [stdout] 127 |         assert_eq!(got, tintbox_oracle::read_u16_array(&data, n).unwrap());
[INFO] [stdout]     |                         ^^^^^^^^^^^^^^ use of unresolved module or unlinked crate `tintbox_oracle`
[INFO] [stdout]     |
[INFO] [stdout]     = help: if you wanted to use a crate named `tintbox_oracle`, use `cargo add tintbox_oracle` to add it to your `Cargo.toml`
[INFO] [stdout] 
[INFO] [stdout] 
[INFO] [stdout] error[E0433]: cannot find module or crate `tintbox_oracle` in this scope
[INFO] [stdout]    --> src/io/cursor.rs:141:25
[INFO] [stdout]     |
[INFO] [stdout] 141 |             expect.push(tintbox_oracle::read_u32(&data[i * 4..]).unwrap());
[INFO] [stdout]     |                         ^^^^^^^^^^^^^^ use of unresolved module or unlinked crate `tintbox_oracle`
[INFO] [stdout]     |
[INFO] [stdout]     = help: if you wanted to use a crate named `tintbox_oracle`, use `cargo add tintbox_oracle` to add it to your `Cargo.toml`
[INFO] [stdout] 
[INFO] [stdout] 
[INFO] [stdout] error[E0433]: cannot find module or crate `tintbox_oracle` in this scope
[INFO] [stdout]    --> src/io/cursor.rs:152:44
[INFO] [stdout]     |
[INFO] [stdout] 152 |             let (oracle_ok, oracle_tell) = tintbox_oracle::read_alignment(&data, offset);
[INFO] [stdout]     |                                            ^^^^^^^^^^^^^^ use of unresolved module or unlinked crate `tintbox_oracle`
[INFO] [stdout]     |
[INFO] [stdout]     = help: if you wanted to use a crate named `tintbox_oracle`, use `cargo add tintbox_oracle` to add it to your `Cargo.toml`
[INFO] [stdout] 
[INFO] [stdout] 
[INFO] [stdout] error[E0433]: cannot find module or crate `tintbox_oracle` in this scope
[INFO] [stdout]    --> src/io/cursor.rs:177:30
[INFO] [stdout]     |
[INFO] [stdout] 177 |         let (oracle_ok, _) = tintbox_oracle::read_alignment(&data, offset);
[INFO] [stdout]     |                              ^^^^^^^^^^^^^^ use of unresolved module or unlinked crate `tintbox_oracle`
[INFO] [stdout]     |
[INFO] [stdout]     = help: if you wanted to use a crate named `tintbox_oracle`, use `cargo add tintbox_oracle` to add it to your `Cargo.toml`
[INFO] [stdout] 
[INFO] [stdout] 
[INFO] [stdout] error[E0433]: cannot find module or crate `tintbox_oracle` in this scope
[INFO] [stdout]    --> src/io/cursor.rs:191:34
[INFO] [stdout]     |
[INFO] [stdout] 191 |         assert_eq!(sig.to_raw(), tintbox_oracle::read_type_base(&data));
[INFO] [stdout]     |                                  ^^^^^^^^^^^^^^ use of unresolved module or unlinked crate `tintbox_oracle`
[INFO] [stdout]     |
[INFO] [stdout]     = help: if you wanted to use a crate named `tintbox_oracle`, use `cargo add tintbox_oracle` to add it to your `Cargo.toml`
[INFO] [stdout] 
[INFO] [stdout] 
[INFO] [stdout] error[E0433]: cannot find module or crate `tintbox_oracle` in this scope
[INFO] [stdout]    --> src/link/black_point.rs:834:35
[INFO] [stdout]     |
[INFO] [stdout] 834 |                 let (_, theirs) = tintbox_oracle::detect_black_point(&bytes, intent.to_raw(), 0);
[INFO] [stdout]     |                                   ^^^^^^^^^^^^^^ use of unresolved module or unlinked crate `tintbox_oracle`
[INFO] [stdout]     |
[INFO] [stdout]     = help: if you wanted to use a crate named `tintbox_oracle`, use `cargo add tintbox_oracle` to add it to your `Cargo.toml`
[INFO] [stdout] 
[INFO] [stdout] 
[INFO] [stdout] error[E0433]: cannot find module or crate `tintbox_oracle` in this scope
[INFO] [stdout]    --> src/link/black_point.rs:860:21
[INFO] [stdout]     |
[INFO] [stdout] 860 |                     tintbox_oracle::detect_destination_black_point(&bytes, intent.to_raw(), 0);
[INFO] [stdout]     |                     ^^^^^^^^^^^^^^ use of unresolved module or unlinked crate `tintbox_oracle`
[INFO] [stdout]     |
[INFO] [stdout]     = help: if you wanted to use a crate named `tintbox_oracle`, use `cargo add tintbox_oracle` to add it to your `Cargo.toml`
[INFO] [stdout] 
[INFO] [stdout] 
[INFO] [stdout] error[E0433]: cannot find module or crate `tintbox_oracle` in this scope
[INFO] [stdout]    --> src/link/black_point.rs:927:18
[INFO] [stdout]     |
[INFO] [stdout] 927 |         let ok = tintbox_oracle::do_transform_packed(
[INFO] [stdout]     |                  ^^^^^^^^^^^^^^ use of unresolved module or unlinked crate `tintbox_oracle`
[INFO] [stdout]     |
[INFO] [stdout]     = help: if you wanted to use a crate named `tintbox_oracle`, use `cargo add tintbox_oracle` to add it to your `Cargo.toml`
[INFO] [stdout] 
[INFO] [stdout] 
[INFO] [stdout] error[E0433]: cannot find module or crate `tintbox_oracle` in this scope
[INFO] [stdout]    --> src/math/half.rs:391:17
[INFO] [stdout]     |
[INFO] [stdout] 391 |                 tintbox_oracle::half_to_float(h).to_bits(),
[INFO] [stdout]     |                 ^^^^^^^^^^^^^^ use of unresolved module or unlinked crate `tintbox_oracle`
[INFO] [stdout]     |
[INFO] [stdout]     = help: if you wanted to use a crate named `tintbox_oracle`, use `cargo add tintbox_oracle` to add it to your `Cargo.toml`
[INFO] [stdout] 
[INFO] [stdout] 
[INFO] [stdout] error[E0433]: cannot find module or crate `tintbox_oracle` in this scope
[INFO] [stdout]    --> src/math/half.rs:415:42
[INFO] [stdout]     |
[INFO] [stdout] 415 |             assert_eq!(float_to_half(f), tintbox_oracle::float_to_half(f), "f={f}");
[INFO] [stdout]     |                                          ^^^^^^^^^^^^^^ use of unresolved module or unlinked crate `tintbox_oracle`
[INFO] [stdout]     |
[INFO] [stdout]     = help: if you wanted to use a crate named `tintbox_oracle`, use `cargo add tintbox_oracle` to add it to your `Cargo.toml`
[INFO] [stdout] 
[INFO] [stdout] 
[INFO] [stdout] error[E0433]: cannot find module or crate `tintbox_oracle` in this scope
[INFO] [stdout]    --> src/math/half.rs:423:17
[INFO] [stdout]     |
[INFO] [stdout] 423 |                 tintbox_oracle::float_to_half(f),
[INFO] [stdout]     |                 ^^^^^^^^^^^^^^ use of unresolved module or unlinked crate `tintbox_oracle`
[INFO] [stdout]     |
[INFO] [stdout]     = help: if you wanted to use a crate named `tintbox_oracle`, use `cargo add tintbox_oracle` to add it to your `Cargo.toml`
[INFO] [stdout] 
[INFO] [stdout] 
[INFO] [stdout] error[E0433]: cannot find module or crate `tintbox_oracle` in this scope
[INFO] [stdout]    --> src/math/half.rs:434:36
[INFO] [stdout]     |
[INFO] [stdout] 434 |             if float_to_half(f) != tintbox_oracle::float_to_half(f) {
[INFO] [stdout]     |                                    ^^^^^^^^^^^^^^ use of unresolved module or unlinked crate `tintbox_oracle`
[INFO] [stdout]     |
[INFO] [stdout]     = help: if you wanted to use a crate named `tintbox_oracle`, use `cargo add tintbox_oracle` to add it to your `Cargo.toml`
[INFO] [stdout] 
[INFO] [stdout] 
[INFO] [stdout] error[E0433]: cannot find module or crate `tintbox_oracle` in this scope
[INFO] [stdout]    --> src/math/matrix.rs:108:21
[INFO] [stdout]     |
[INFO] [stdout] 108 |             let c = tintbox_oracle::mat3_eval(&m, &v);
[INFO] [stdout]     |                     ^^^^^^^^^^^^^^ use of unresolved module or unlinked crate `tintbox_oracle`
[INFO] [stdout]     |
[INFO] [stdout]     = help: if you wanted to use a crate named `tintbox_oracle`, use `cargo add tintbox_oracle` to add it to your `Cargo.toml`
[INFO] [stdout] 
[INFO] [stdout] 
[INFO] [stdout] error[E0433]: cannot find module or crate `tintbox_oracle` in this scope
[INFO] [stdout]    --> src/math/matrix.rs:110:17
[INFO] [stdout]     |
[INFO] [stdout] 110 |                 tintbox_oracle::assert_f64_bits_eq(rv, cv, (i, m, v));
[INFO] [stdout]     |                 ^^^^^^^^^^^^^^ use of unresolved module or unlinked crate `tintbox_oracle`
[INFO] [stdout]     |
[INFO] [stdout]     = help: if you wanted to use a crate named `tintbox_oracle`, use `cargo add tintbox_oracle` to add it to your `Cargo.toml`
[INFO] [stdout] 
[INFO] [stdout] 
[INFO] [stdout] error[E0433]: cannot find module or crate `tintbox_oracle` in this scope
[INFO] [stdout]    --> src/math/matrix.rs:120:21
[INFO] [stdout]     |
[INFO] [stdout] 120 |             let c = tintbox_oracle::mat3_per(&a, &b);
[INFO] [stdout]     |                     ^^^^^^^^^^^^^^ use of unresolved module or unlinked crate `tintbox_oracle`
[INFO] [stdout]     |
[INFO] [stdout]     = help: if you wanted to use a crate named `tintbox_oracle`, use `cargo add tintbox_oracle` to add it to your `Cargo.toml`
[INFO] [stdout] 
[INFO] [stdout] 
[INFO] [stdout] error[E0433]: cannot find module or crate `tintbox_oracle` in this scope
[INFO] [stdout]    --> src/math/matrix.rs:122:17
[INFO] [stdout]     |
[INFO] [stdout] 122 |                 tintbox_oracle::assert_f64_bits_eq(rv, cv, (i, a, b));
[INFO] [stdout]     |                 ^^^^^^^^^^^^^^ use of unresolved module or unlinked crate `tintbox_oracle`
[INFO] [stdout]     |
[INFO] [stdout]     = help: if you wanted to use a crate named `tintbox_oracle`, use `cargo add tintbox_oracle` to add it to your `Cargo.toml`
[INFO] [stdout] 
[INFO] [stdout] 
[INFO] [stdout] error[E0433]: cannot find module or crate `tintbox_oracle` in this scope
[INFO] [stdout]    --> src/math/matrix.rs:132:39
[INFO] [stdout]     |
[INFO] [stdout] 132 |             match (Mat3(a).inverse(), tintbox_oracle::mat3_inverse(&a)) {
[INFO] [stdout]     |                                       ^^^^^^^^^^^^^^ use of unresolved module or unlinked crate `tintbox_oracle`
[INFO] [stdout]     |
[INFO] [stdout]     = help: if you wanted to use a crate named `tintbox_oracle`, use `cargo add tintbox_oracle` to add it to your `Cargo.toml`
[INFO] [stdout] 
[INFO] [stdout] 
[INFO] [stdout] error[E0433]: cannot find module or crate `tintbox_oracle` in this scope
[INFO] [stdout]    --> src/math/matrix.rs:135:25
[INFO] [stdout]     |
[INFO] [stdout] 135 |                         tintbox_oracle::assert_f64_bits_eq(rv, cv, (i, a));
[INFO] [stdout]     |                         ^^^^^^^^^^^^^^ use of unresolved module or unlinked crate `tintbox_oracle`
[INFO] [stdout]     |
[INFO] [stdout]     = help: if you wanted to use a crate named `tintbox_oracle`, use `cargo add tintbox_oracle` to add it to your `Cargo.toml`
[INFO] [stdout] 
[INFO] [stdout] 
[INFO] [stdout] error[E0433]: cannot find module or crate `tintbox_oracle` in this scope
[INFO] [stdout]    --> src/math/matrix.rs:160:44
[INFO] [stdout]     |
[INFO] [stdout] 160 |             match (Mat3(a).solve(Vec3(b)), tintbox_oracle::mat3_solve(&a, &b)) {
[INFO] [stdout]     |                                            ^^^^^^^^^^^^^^ use of unresolved module or unlinked crate `tintbox_oracle`
[INFO] [stdout]     |
[INFO] [stdout]     = help: if you wanted to use a crate named `tintbox_oracle`, use `cargo add tintbox_oracle` to add it to your `Cargo.toml`
[INFO] [stdout] 
[INFO] [stdout] 
[INFO] [stdout] error[E0433]: cannot find module or crate `tintbox_oracle` in this scope
[INFO] [stdout]    --> src/math/matrix.rs:163:25
[INFO] [stdout]     |
[INFO] [stdout] 163 |                         tintbox_oracle::assert_f64_bits_eq(rv, cv, (i, a, b));
[INFO] [stdout]     |                         ^^^^^^^^^^^^^^ use of unresolved module or unlinked crate `tintbox_oracle`
[INFO] [stdout]     |
[INFO] [stdout]     = help: if you wanted to use a crate named `tintbox_oracle`, use `cargo add tintbox_oracle` to add it to your `Cargo.toml`
[INFO] [stdout] 
[INFO] [stdout] 
[INFO] [stdout] error[E0433]: cannot find module or crate `tintbox_oracle` in this scope
[INFO] [stdout]    --> src/math/md5.rs:113:35
[INFO] [stdout]     |
[INFO] [stdout] 113 |             assert_eq!(md5(&buf), tintbox_oracle::md5(&buf), "len={len}");
[INFO] [stdout]     |                                   ^^^^^^^^^^^^^^ use of unresolved module or unlinked crate `tintbox_oracle`
[INFO] [stdout]     |
[INFO] [stdout]     = help: if you wanted to use a crate named `tintbox_oracle`, use `cargo add tintbox_oracle` to add it to your `Cargo.toml`
[INFO] [stdout] 
[INFO] [stdout] 
[INFO] [stdout] error[E0433]: cannot find module or crate `tintbox_oracle` in this scope
[INFO] [stdout]    --> src/pcs.rs:539:17
[INFO] [stdout]     |
[INFO] [stdout] 539 |                 tintbox_oracle::cie94_delta_e(&a, &b),
[INFO] [stdout]     |                 ^^^^^^^^^^^^^^ use of unresolved module or unlinked crate `tintbox_oracle`
[INFO] [stdout]     |
[INFO] [stdout]     = help: if you wanted to use a crate named `tintbox_oracle`, use `cargo add tintbox_oracle` to add it to your `Cargo.toml`
[INFO] [stdout] 
[INFO] [stdout] 
[INFO] [stdout] error[E0433]: cannot find module or crate `tintbox_oracle` in this scope
[INFO] [stdout]    --> src/pcs.rs:544:17
[INFO] [stdout]     |
[INFO] [stdout] 544 |                 tintbox_oracle::bfd_delta_e(&a, &b),
[INFO] [stdout]     |                 ^^^^^^^^^^^^^^ use of unresolved module or unlinked crate `tintbox_oracle`
[INFO] [stdout]     |
[INFO] [stdout]     = help: if you wanted to use a crate named `tintbox_oracle`, use `cargo add tintbox_oracle` to add it to your `Cargo.toml`
[INFO] [stdout] 
[INFO] [stdout] 
[INFO] [stdout] error[E0433]: cannot find module or crate `tintbox_oracle` in this scope
[INFO] [stdout]    --> src/pcs.rs:549:17
[INFO] [stdout]     |
[INFO] [stdout] 549 |                 tintbox_oracle::cmc_delta_e(&a, &b, 1.0, 1.0),
[INFO] [stdout]     |                 ^^^^^^^^^^^^^^ use of unresolved module or unlinked crate `tintbox_oracle`
[INFO] [stdout]     |
[INFO] [stdout]     = help: if you wanted to use a crate named `tintbox_oracle`, use `cargo add tintbox_oracle` to add it to your `Cargo.toml`
[INFO] [stdout] 
[INFO] [stdout] 
[INFO] [stdout] error[E0433]: cannot find module or crate `tintbox_oracle` in this scope
[INFO] [stdout]    --> src/pcs.rs:554:17
[INFO] [stdout]     |
[INFO] [stdout] 554 |                 tintbox_oracle::cmc_delta_e(&a, &b, 2.0, 1.0),
[INFO] [stdout]     |                 ^^^^^^^^^^^^^^ use of unresolved module or unlinked crate `tintbox_oracle`
[INFO] [stdout]     |
[INFO] [stdout]     = help: if you wanted to use a crate named `tintbox_oracle`, use `cargo add tintbox_oracle` to add it to your `Cargo.toml`
[INFO] [stdout] 
[INFO] [stdout] 
[INFO] [stdout] error[E0433]: cannot find module or crate `tintbox_oracle` in this scope
[INFO] [stdout]    --> src/pcs.rs:559:17
[INFO] [stdout]     |
[INFO] [stdout] 559 |                 tintbox_oracle::cie2000_delta_e(&a, &b, 1.0, 1.0, 1.0),
[INFO] [stdout]     |                 ^^^^^^^^^^^^^^ use of unresolved module or unlinked crate `tintbox_oracle`
[INFO] [stdout]     |
[INFO] [stdout]     = help: if you wanted to use a crate named `tintbox_oracle`, use `cargo add tintbox_oracle` to add it to your `Cargo.toml`
[INFO] [stdout] 
[INFO] [stdout] 
[INFO] [stdout] error[E0433]: cannot find module or crate `tintbox_oracle` in this scope
[INFO] [stdout]    --> src/pcs.rs:581:17
[INFO] [stdout]     |
[INFO] [stdout] 581 |                 tintbox_oracle::cie94_delta_e(&a, &b),
[INFO] [stdout]     |                 ^^^^^^^^^^^^^^ use of unresolved module or unlinked crate `tintbox_oracle`
[INFO] [stdout]     |
[INFO] [stdout]     = help: if you wanted to use a crate named `tintbox_oracle`, use `cargo add tintbox_oracle` to add it to your `Cargo.toml`
[INFO] [stdout] 
[INFO] [stdout] 
[INFO] [stdout] error[E0433]: cannot find module or crate `tintbox_oracle` in this scope
[INFO] [stdout]    --> src/pcs.rs:586:17
[INFO] [stdout]     |
[INFO] [stdout] 586 |                 tintbox_oracle::bfd_delta_e(&a, &b),
[INFO] [stdout]     |                 ^^^^^^^^^^^^^^ use of unresolved module or unlinked crate `tintbox_oracle`
[INFO] [stdout]     |
[INFO] [stdout]     = help: if you wanted to use a crate named `tintbox_oracle`, use `cargo add tintbox_oracle` to add it to your `Cargo.toml`
[INFO] [stdout] 
[INFO] [stdout] 
[INFO] [stdout] error[E0433]: cannot find module or crate `tintbox_oracle` in this scope
[INFO] [stdout]    --> src/pcs.rs:591:17
[INFO] [stdout]     |
[INFO] [stdout] 591 |                 tintbox_oracle::cmc_delta_e(&a, &b, 1.0, 2.0),
[INFO] [stdout]     |                 ^^^^^^^^^^^^^^ use of unresolved module or unlinked crate `tintbox_oracle`
[INFO] [stdout]     |
[INFO] [stdout]     = help: if you wanted to use a crate named `tintbox_oracle`, use `cargo add tintbox_oracle` to add it to your `Cargo.toml`
[INFO] [stdout] 
[INFO] [stdout] 
[INFO] [stdout] error[E0433]: cannot find module or crate `tintbox_oracle` in this scope
[INFO] [stdout]    --> src/pcs.rs:596:17
[INFO] [stdout]     |
[INFO] [stdout] 596 |                 tintbox_oracle::cie2000_delta_e(&a, &b, 1.0, 1.0, 1.0),
[INFO] [stdout]     |                 ^^^^^^^^^^^^^^ use of unresolved module or unlinked crate `tintbox_oracle`
[INFO] [stdout]     |
[INFO] [stdout]     = help: if you wanted to use a crate named `tintbox_oracle`, use `cargo add tintbox_oracle` to add it to your `Cargo.toml`
[INFO] [stdout] 
[INFO] [stdout] 
[INFO] [stdout] error[E0433]: cannot find module or crate `tintbox_oracle` in this scope
[INFO] [stdout]    --> src/pcs.rs:619:13
[INFO] [stdout]     |
[INFO] [stdout] 619 |             tintbox_oracle::cmc_delta_e(&z1, &z2, 1.0, 1.0),
[INFO] [stdout]     |             ^^^^^^^^^^^^^^ use of unresolved module or unlinked crate `tintbox_oracle`
[INFO] [stdout]     |
[INFO] [stdout]     = help: if you wanted to use a crate named `tintbox_oracle`, use `cargo add tintbox_oracle` to add it to your `Cargo.toml`
[INFO] [stdout] 
[INFO] [stdout] 
[INFO] [stdout] error[E0433]: cannot find module or crate `tintbox_oracle` in this scope
[INFO] [stdout]    --> src/pcs.rs:632:13
[INFO] [stdout]     |
[INFO] [stdout] 632 |             tintbox_oracle::cie2000_delta_e(&p, &p, 1.0, 1.0, 1.0),
[INFO] [stdout]     |             ^^^^^^^^^^^^^^ use of unresolved module or unlinked crate `tintbox_oracle`
[INFO] [stdout]     |
[INFO] [stdout]     = help: if you wanted to use a crate named `tintbox_oracle`, use `cargo add tintbox_oracle` to add it to your `Cargo.toml`
[INFO] [stdout] 
[INFO] [stdout] 
[INFO] [stdout] error[E0433]: cannot find module or crate `tintbox_oracle` in this scope
[INFO] [stdout]    --> src/pcs.rs:650:25
[INFO] [stdout]     |
[INFO] [stdout] 650 |                 let c = tintbox_oracle::xyz2lab(wp_arr(wp), &[xyz.x, xyz.y, xyz.z]);
[INFO] [stdout]     |                         ^^^^^^^^^^^^^^ use of unresolved module or unlinked crate `tintbox_oracle`
[INFO] [stdout]     |
[INFO] [stdout]     = help: if you wanted to use a crate named `tintbox_oracle`, use `cargo add tintbox_oracle` to add it to your `Cargo.toml`
[INFO] [stdout] 
[INFO] [stdout] 
[INFO] [stdout] error[E0433]: cannot find module or crate `tintbox_oracle` in this scope
[INFO] [stdout]    --> src/pcs.rs:675:25
[INFO] [stdout]     |
[INFO] [stdout] 675 |                 let c = tintbox_oracle::xyz2lab(wp_arr(wp), &[xyz.x, xyz.y, xyz.z]);
[INFO] [stdout]     |                         ^^^^^^^^^^^^^^ use of unresolved module or unlinked crate `tintbox_oracle`
[INFO] [stdout]     |
[INFO] [stdout]     = help: if you wanted to use a crate named `tintbox_oracle`, use `cargo add tintbox_oracle` to add it to your `Cargo.toml`
[INFO] [stdout] 
[INFO] [stdout] 
[INFO] [stdout] error[E0433]: cannot find module or crate `tintbox_oracle` in this scope
[INFO] [stdout]    --> src/pcs.rs:694:25
[INFO] [stdout]     |
[INFO] [stdout] 694 |                 let c = tintbox_oracle::lab2xyz(wp_arr(wp), &[lab.l, lab.a, lab.b]);
[INFO] [stdout]     |                         ^^^^^^^^^^^^^^ use of unresolved module or unlinked crate `tintbox_oracle`
[INFO] [stdout]     |
[INFO] [stdout]     = help: if you wanted to use a crate named `tintbox_oracle`, use `cargo add tintbox_oracle` to add it to your `Cargo.toml`
[INFO] [stdout] 
[INFO] [stdout] 
[INFO] [stdout] error[E0433]: cannot find module or crate `tintbox_oracle` in this scope
[INFO] [stdout]    --> src/pcs.rs:708:21
[INFO] [stdout]     |
[INFO] [stdout] 708 |             let c = tintbox_oracle::lab2xyz(wp_arr(wp), &[lab.l, lab.a, lab.b]);
[INFO] [stdout]     |                     ^^^^^^^^^^^^^^ use of unresolved module or unlinked crate `tintbox_oracle`
[INFO] [stdout]     |
[INFO] [stdout]     = help: if you wanted to use a crate named `tintbox_oracle`, use `cargo add tintbox_oracle` to add it to your `Cargo.toml`
[INFO] [stdout] 
[INFO] [stdout] 
[INFO] [stdout] error[E0433]: cannot find module or crate `tintbox_oracle` in this scope
[INFO] [stdout]    --> src/pcs.rs:725:21
[INFO] [stdout]     |
[INFO] [stdout] 725 |             let c = tintbox_oracle::xyz2xyy(&[xyz.x, xyz.y, xyz.z]);
[INFO] [stdout]     |                     ^^^^^^^^^^^^^^ use of unresolved module or unlinked crate `tintbox_oracle`
[INFO] [stdout]     |
[INFO] [stdout]     = help: if you wanted to use a crate named `tintbox_oracle`, use `cargo add tintbox_oracle` to add it to your `Cargo.toml`
[INFO] [stdout] 
[INFO] [stdout] 
[INFO] [stdout] error[E0433]: cannot find module or crate `tintbox_oracle` in this scope
[INFO] [stdout]    --> src/pcs.rs:737:17
[INFO] [stdout]     |
[INFO] [stdout] 737 |         let c = tintbox_oracle::xyz2xyy(&[0.0, 0.0, 0.0]);
[INFO] [stdout]     |                 ^^^^^^^^^^^^^^ use of unresolved module or unlinked crate `tintbox_oracle`
[INFO] [stdout]     |
[INFO] [stdout]     = help: if you wanted to use a crate named `tintbox_oracle`, use `cargo add tintbox_oracle` to add it to your `Cargo.toml`
[INFO] [stdout] 
[INFO] [stdout] 
[INFO] [stdout] error[E0433]: cannot find module or crate `tintbox_oracle` in this scope
[INFO] [stdout]    --> src/pcs.rs:753:21
[INFO] [stdout]     |
[INFO] [stdout] 753 |             let c = tintbox_oracle::xyy2xyz(&[xyy.x, xyy.y, xyy.yy]);
[INFO] [stdout]     |                     ^^^^^^^^^^^^^^ use of unresolved module or unlinked crate `tintbox_oracle`
[INFO] [stdout]     |
[INFO] [stdout]     = help: if you wanted to use a crate named `tintbox_oracle`, use `cargo add tintbox_oracle` to add it to your `Cargo.toml`
[INFO] [stdout] 
[INFO] [stdout] 
[INFO] [stdout] error[E0433]: cannot find module or crate `tintbox_oracle` in this scope
[INFO] [stdout]    --> src/pcs.rs:766:21
[INFO] [stdout]     |
[INFO] [stdout] 766 |             let c = tintbox_oracle::xyy2xyz(&[xyy.x, xyy.y, xyy.yy]);
[INFO] [stdout]     |                     ^^^^^^^^^^^^^^ use of unresolved module or unlinked crate `tintbox_oracle`
[INFO] [stdout]     |
[INFO] [stdout]     = help: if you wanted to use a crate named `tintbox_oracle`, use `cargo add tintbox_oracle` to add it to your `Cargo.toml`
[INFO] [stdout] 
[INFO] [stdout] 
[INFO] [stdout] error[E0433]: cannot find module or crate `tintbox_oracle` in this scope
[INFO] [stdout]    --> src/pcs.rs:783:21
[INFO] [stdout]     |
[INFO] [stdout] 783 |             let c = tintbox_oracle::lab2lch(&[lab.l, lab.a, lab.b]);
[INFO] [stdout]     |                     ^^^^^^^^^^^^^^ use of unresolved module or unlinked crate `tintbox_oracle`
[INFO] [stdout]     |
[INFO] [stdout]     = help: if you wanted to use a crate named `tintbox_oracle`, use `cargo add tintbox_oracle` to add it to your `Cargo.toml`
[INFO] [stdout] 
[INFO] [stdout] 
[INFO] [stdout] error[E0433]: cannot find module or crate `tintbox_oracle` in this scope
[INFO] [stdout]    --> src/pcs.rs:795:17
[INFO] [stdout]     |
[INFO] [stdout] 795 |         let c = tintbox_oracle::lab2lch(&[lab.l, lab.a, lab.b]);
[INFO] [stdout]     |                 ^^^^^^^^^^^^^^ use of unresolved module or unlinked crate `tintbox_oracle`
[INFO] [stdout]     |
[INFO] [stdout]     = help: if you wanted to use a crate named `tintbox_oracle`, use `cargo add tintbox_oracle` to add it to your `Cargo.toml`
[INFO] [stdout] 
[INFO] [stdout] 
[INFO] [stdout] error[E0433]: cannot find module or crate `tintbox_oracle` in this scope
[INFO] [stdout]    --> src/pcs.rs:809:21
[INFO] [stdout]     |
[INFO] [stdout] 809 |             let c = tintbox_oracle::lch2lab(&[lch.l, lch.c, lch.h]);
[INFO] [stdout]     |                     ^^^^^^^^^^^^^^ use of unresolved module or unlinked crate `tintbox_oracle`
[INFO] [stdout]     |
[INFO] [stdout]     = help: if you wanted to use a crate named `tintbox_oracle`, use `cargo add tintbox_oracle` to add it to your `Cargo.toml`
[INFO] [stdout] 
[INFO] [stdout] 
[INFO] [stdout] error[E0433]: cannot find module or crate `tintbox_oracle` in this scope
[INFO] [stdout]    --> src/pcs.rs:827:21
[INFO] [stdout]     |
[INFO] [stdout] 827 |             let c = tintbox_oracle::lab_enc2float_v2(&w);
[INFO] [stdout]     |                     ^^^^^^^^^^^^^^ use of unresolved module or unlinked crate `tintbox_oracle`
[INFO] [stdout]     |
[INFO] [stdout]     = help: if you wanted to use a crate named `tintbox_oracle`, use `cargo add tintbox_oracle` to add it to your `Cargo.toml`
[INFO] [stdout] 
[INFO] [stdout] 
[INFO] [stdout] error[E0433]: cannot find module or crate `tintbox_oracle` in this scope
[INFO] [stdout]    --> src/pcs.rs:838:21
[INFO] [stdout]     |
[INFO] [stdout] 838 |             let c = tintbox_oracle::lab_enc2float_v2(&w);
[INFO] [stdout]     |                     ^^^^^^^^^^^^^^ use of unresolved module or unlinked crate `tintbox_oracle`
[INFO] [stdout]     |
[INFO] [stdout]     = help: if you wanted to use a crate named `tintbox_oracle`, use `cargo add tintbox_oracle` to add it to your `Cargo.toml`
[INFO] [stdout] 
[INFO] [stdout] 
[INFO] [stdout] error[E0433]: cannot find module or crate `tintbox_oracle` in this scope
[INFO] [stdout]    --> src/pcs.rs:851:21
[INFO] [stdout]     |
[INFO] [stdout] 851 |             let c = tintbox_oracle::float2lab_enc_v2(&[lab.l, lab.a, lab.b]);
[INFO] [stdout]     |                     ^^^^^^^^^^^^^^ use of unresolved module or unlinked crate `tintbox_oracle`
[INFO] [stdout]     |
[INFO] [stdout]     = help: if you wanted to use a crate named `tintbox_oracle`, use `cargo add tintbox_oracle` to add it to your `Cargo.toml`
[INFO] [stdout] 
[INFO] [stdout] 
[INFO] [stdout] error[E0433]: cannot find module or crate `tintbox_oracle` in this scope
[INFO] [stdout]    --> src/pcs.rs:866:21
[INFO] [stdout]     |
[INFO] [stdout] 866 |             let c = tintbox_oracle::lab_enc2float_v4(&w);
[INFO] [stdout]     |                     ^^^^^^^^^^^^^^ use of unresolved module or unlinked crate `tintbox_oracle`
[INFO] [stdout]     |
[INFO] [stdout]     = help: if you wanted to use a crate named `tintbox_oracle`, use `cargo add tintbox_oracle` to add it to your `Cargo.toml`
[INFO] [stdout] 
[INFO] [stdout] 
[INFO] [stdout] error[E0433]: cannot find module or crate `tintbox_oracle` in this scope
[INFO] [stdout]    --> src/pcs.rs:877:21
[INFO] [stdout]     |
[INFO] [stdout] 877 |             let c = tintbox_oracle::lab_enc2float_v4(&w);
[INFO] [stdout]     |                     ^^^^^^^^^^^^^^ use of unresolved module or unlinked crate `tintbox_oracle`
[INFO] [stdout]     |
[INFO] [stdout]     = help: if you wanted to use a crate named `tintbox_oracle`, use `cargo add tintbox_oracle` to add it to your `Cargo.toml`
[INFO] [stdout] 
[INFO] [stdout] 
[INFO] [stdout] error[E0433]: cannot find module or crate `tintbox_oracle` in this scope
[INFO] [stdout]    --> src/pcs.rs:889:21
[INFO] [stdout]     |
[INFO] [stdout] 889 |             let c = tintbox_oracle::float2lab_enc_v4(&[lab.l, lab.a, lab.b]);
[INFO] [stdout]     |                     ^^^^^^^^^^^^^^ use of unresolved module or unlinked crate `tintbox_oracle`
[INFO] [stdout]     |
[INFO] [stdout]     = help: if you wanted to use a crate named `tintbox_oracle`, use `cargo add tintbox_oracle` to add it to your `Cargo.toml`
[INFO] [stdout] 
[INFO] [stdout] 
[INFO] [stdout] error[E0433]: cannot find module or crate `tintbox_oracle` in this scope
[INFO] [stdout]    --> src/pcs.rs:904:21
[INFO] [stdout]     |
[INFO] [stdout] 904 |             let c = tintbox_oracle::xyz_enc2float(&w);
[INFO] [stdout]     |                     ^^^^^^^^^^^^^^ use of unresolved module or unlinked crate `tintbox_oracle`
[INFO] [stdout]     |
[INFO] [stdout]     = help: if you wanted to use a crate named `tintbox_oracle`, use `cargo add tintbox_oracle` to add it to your `Cargo.toml`
[INFO] [stdout] 
[INFO] [stdout] 
[INFO] [stdout] error[E0433]: cannot find module or crate `tintbox_oracle` in this scope
[INFO] [stdout]    --> src/pcs.rs:917:21
[INFO] [stdout]     |
[INFO] [stdout] 917 |             let c = tintbox_oracle::float2xyz_enc(&[xyz.x, xyz.y, xyz.z]);
[INFO] [stdout]     |                     ^^^^^^^^^^^^^^ use of unresolved module or unlinked crate `tintbox_oracle`
[INFO] [stdout]     |
[INFO] [stdout]     = help: if you wanted to use a crate named `tintbox_oracle`, use `cargo add tintbox_oracle` to add it to your `Cargo.toml`
[INFO] [stdout] 
[INFO] [stdout] 
[INFO] [stdout] error[E0433]: cannot find module or crate `tintbox_oracle` in this scope
[INFO] [stdout]    --> src/pcs.rs:945:21
[INFO] [stdout]     |
[INFO] [stdout] 945 |             let c = tintbox_oracle::float2xyz_enc(&[xyz.x, xyz.y, xyz.z]);
[INFO] [stdout]     |                     ^^^^^^^^^^^^^^ use of unresolved module or unlinked crate `tintbox_oracle`
[INFO] [stdout]     |
[INFO] [stdout]     = help: if you wanted to use a crate named `tintbox_oracle`, use `cargo add tintbox_oracle` to add it to your `Cargo.toml`
[INFO] [stdout] 
[INFO] [stdout] 
[INFO] [stdout] error[E0433]: cannot find module or crate `tintbox_oracle` in this scope
[INFO] [stdout]    --> src/profile/header.rs:490:26
[INFO] [stdout]     |
[INFO] [stdout] 490 |             let oracle = tintbox_oracle::read_header(&bytes);
[INFO] [stdout]     |                          ^^^^^^^^^^^^^^ use of unresolved module or unlinked crate `tintbox_oracle`
[INFO] [stdout]     |
[INFO] [stdout]     = help: if you wanted to use a crate named `tintbox_oracle`, use `cargo add tintbox_oracle` to add it to your `Cargo.toml`
[INFO] [stdout] 
[INFO] [stdout] 
[INFO] [stdout] error[E0433]: cannot find module or crate `tintbox_oracle` in this scope
[INFO] [stdout]     --> src/profile/serialize.rs:1976:17
[INFO] [stdout]      |
[INFO] [stdout] 1976 |         let c = tintbox_oracle::save_basic_profile(false).expect("lcms2 serialize");
[INFO] [stdout]      |                 ^^^^^^^^^^^^^^ use of unresolved module or unlinked crate `tintbox_oracle`
[INFO] [stdout]      |
[INFO] [stdout]      = help: if you wanted to use a crate named `tintbox_oracle`, use `cargo add tintbox_oracle` to add it to your `Cargo.toml`
[INFO] [stdout] 
[INFO] [stdout] 
[INFO] [stdout] error[E0433]: cannot find module or crate `tintbox_oracle` in this scope
[INFO] [stdout]     --> src/profile/serialize.rs:2001:17
[INFO] [stdout]      |
[INFO] [stdout] 2001 |         let c = tintbox_oracle::save_basic_profile(true).expect("lcms2 serialize");
[INFO] [stdout]      |                 ^^^^^^^^^^^^^^ use of unresolved module or unlinked crate `tintbox_oracle`
[INFO] [stdout]      |
[INFO] [stdout]      = help: if you wanted to use a crate named `tintbox_oracle`, use `cargo add tintbox_oracle` to add it to your `Cargo.toml`
[INFO] [stdout] 
[INFO] [stdout] 
[INFO] [stdout] error[E0433]: cannot find module or crate `tintbox_oracle` in this scope
[INFO] [stdout]     --> src/profile/serialize.rs:2208:17
[INFO] [stdout]      |
[INFO] [stdout] 2208 |         let c = tintbox_oracle::save_single_tag(which).expect("lcms2 serialize");
[INFO] [stdout]      |                 ^^^^^^^^^^^^^^ use of unresolved module or unlinked crate `tintbox_oracle`
[INFO] [stdout]      |
[INFO] [stdout]      = help: if you wanted to use a crate named `tintbox_oracle`, use `cargo add tintbox_oracle` to add it to your `Cargo.toml`
[INFO] [stdout] 
[INFO] [stdout] 
[INFO] [stdout] error[E0433]: cannot find module or crate `tintbox_oracle` in this scope
[INFO] [stdout]     --> src/profile/serialize.rs:2506:17
[INFO] [stdout]      |
[INFO] [stdout] 2506 |         let c = tintbox_oracle::save_curve_mlu_tag(which).expect("lcms2 serialize");
[INFO] [stdout]      |                 ^^^^^^^^^^^^^^ use of unresolved module or unlinked crate `tintbox_oracle`
[INFO] [stdout]      |
[INFO] [stdout]      = help: if you wanted to use a crate named `tintbox_oracle`, use `cargo add tintbox_oracle` to add it to your `Cargo.toml`
[INFO] [stdout] 
[INFO] [stdout] 
[INFO] [stdout] error[E0433]: cannot find module or crate `tintbox_oracle` in this scope
[INFO] [stdout]     --> src/profile/serialize.rs:2621:17
[INFO] [stdout]      |
[INFO] [stdout] 2621 |         let c = tintbox_oracle::resave_lut_tag(
[INFO] [stdout]      |                 ^^^^^^^^^^^^^^ use of unresolved module or unlinked crate `tintbox_oracle`
[INFO] [stdout]      |
[INFO] [stdout]      = help: if you wanted to use a crate named `tintbox_oracle`, use `cargo add tintbox_oracle` to add it to your `Cargo.toml`
[INFO] [stdout] 
[INFO] [stdout] 
[INFO] [stdout] error[E0433]: cannot find module or crate `tintbox_oracle` in this scope
[INFO] [stdout]     --> src/profile/serialize.rs:2701:13
[INFO] [stdout]      |
[INFO] [stdout] 2701 |             tintbox_oracle::resave_lut_tag(&bytes, src_sig.to_raw(), src_sig.to_raw(), 2.3, true)
[INFO] [stdout]      |             ^^^^^^^^^^^^^^ use of unresolved module or unlinked crate `tintbox_oracle`
[INFO] [stdout]      |
[INFO] [stdout]      = help: if you wanted to use a crate named `tintbox_oracle`, use `cargo add tintbox_oracle` to add it to your `Cargo.toml`
[INFO] [stdout] 
[INFO] [stdout] 
[INFO] [stdout] error[E0433]: cannot find module or crate `tintbox_oracle` in this scope
[INFO] [stdout]     --> src/profile/serialize.rs:2808:17
[INFO] [stdout]      |
[INFO] [stdout] 2808 |         let c = tintbox_oracle::save_mpe_tag().expect("lcms2 mpe serialize");
[INFO] [stdout]      |                 ^^^^^^^^^^^^^^ use of unresolved module or unlinked crate `tintbox_oracle`
[INFO] [stdout]      |
[INFO] [stdout]      = help: if you wanted to use a crate named `tintbox_oracle`, use `cargo add tintbox_oracle` to add it to your `Cargo.toml`
[INFO] [stdout] 
[INFO] [stdout] 
[INFO] [stdout] error[E0433]: cannot find module or crate `tintbox_oracle` in this scope
[INFO] [stdout]    --> src/profile/virtuals.rs:520:17
[INFO] [stdout]     |
[INFO] [stdout] 520 |         let c = tintbox_oracle::save_virtual_profile(which).expect("lcms2 serialize");
[INFO] [stdout]     |                 ^^^^^^^^^^^^^^ use of unresolved module or unlinked crate `tintbox_oracle`
[INFO] [stdout]     |
[INFO] [stdout]     = help: if you wanted to use a crate named `tintbox_oracle`, use `cargo add tintbox_oracle` to add it to your `Cargo.toml`
[INFO] [stdout] 
[INFO] [stdout] 
[INFO] [stdout] error[E0433]: cannot find module or crate `tintbox_oracle` in this scope
[INFO] [stdout]    --> src/profile/mod.rs:360:29
[INFO] [stdout]     |
[INFO] [stdout] 360 |             let oracle_ok = tintbox_oracle::open_succeeds(&bytes);
[INFO] [stdout]     |                             ^^^^^^^^^^^^^^ use of unresolved module or unlinked crate `tintbox_oracle`
[INFO] [stdout]     |
[INFO] [stdout]     = help: if you wanted to use a crate named `tintbox_oracle`, use `cargo add tintbox_oracle` to add it to your `Cargo.toml`
[INFO] [stdout] 
[INFO] [stdout] 
[INFO] [stdout] error[E0433]: cannot find module or crate `tintbox_oracle` in this scope
[INFO] [stdout]    --> src/profile/mod.rs:374:49
[INFO] [stdout]     |
[INFO] [stdout] 374 |                 let oracle_set: BTreeSet<u32> = tintbox_oracle::tag_signatures(&bytes)
[INFO] [stdout]     |                                                 ^^^^^^^^^^^^^^ use of unresolved module or unlinked crate `tintbox_oracle`
[INFO] [stdout]     |
[INFO] [stdout]     = help: if you wanted to use a crate named `tintbox_oracle`, use `cargo add tintbox_oracle` to add it to your `Cargo.toml`
[INFO] [stdout] 
[INFO] [stdout] 
[INFO] [stdout] error[E0433]: cannot find module or crate `tintbox_oracle` in this scope
[INFO] [stdout]    --> src/profile/mod.rs:401:29
[INFO] [stdout]     |
[INFO] [stdout] 401 |             let oracle_ok = tintbox_oracle::open_succeeds(&bytes);
[INFO] [stdout]     |                             ^^^^^^^^^^^^^^ use of unresolved module or unlinked crate `tintbox_oracle`
[INFO] [stdout]     |
[INFO] [stdout]     = help: if you wanted to use a crate named `tintbox_oracle`, use `cargo add tintbox_oracle` to add it to your `Cargo.toml`
[INFO] [stdout] 
[INFO] [stdout] 
[INFO] [stdout] error[E0433]: cannot find module or crate `tintbox_oracle` in this scope
[INFO] [stdout]    --> src/profile/mod.rs:440:17
[INFO] [stdout]     |
[INFO] [stdout] 440 |             if !tintbox_oracle::open_succeeds(&bytes) {
[INFO] [stdout]     |                 ^^^^^^^^^^^^^^ use of unresolved module or unlinked crate `tintbox_oracle`
[INFO] [stdout]     |
[INFO] [stdout]     = help: if you wanted to use a crate named `tintbox_oracle`, use `cargo add tintbox_oracle` to add it to your `Cargo.toml`
[INFO] [stdout] 
[INFO] [stdout] 
[INFO] [stdout] error[E0433]: cannot find module or crate `tintbox_oracle` in this scope
[INFO] [stdout]    --> src/profile/mod.rs:451:32
[INFO] [stdout]     |
[INFO] [stdout] 451 |                 let ty = match tintbox_oracle::tag_true_type(&bytes, raw) {
[INFO] [stdout]     |                                ^^^^^^^^^^^^^^ use of unresolved module or unlinked crate `tintbox_oracle`
[INFO] [stdout]     |
[INFO] [stdout]     = help: if you wanted to use a crate named `tintbox_oracle`, use `cargo add tintbox_oracle` to add it to your `Cargo.toml`
[INFO] [stdout] 
[INFO] [stdout] 
[INFO] [stdout] error[E0433]: cannot find module or crate `tintbox_oracle` in this scope
[INFO] [stdout]    --> src/profile/mod.rs:459:33
[INFO] [stdout]     |
[INFO] [stdout] 459 |                         let c = tintbox_oracle::read_tag_xyz(&bytes, raw).expect("oracle xyz");
[INFO] [stdout]     |                                 ^^^^^^^^^^^^^^ use of unresolved module or unlinked crate `tintbox_oracle`
[INFO] [stdout]     |
[INFO] [stdout]     = help: if you wanted to use a crate named `tintbox_oracle`, use `cargo add tintbox_oracle` to add it to your `Cargo.toml`
[INFO] [stdout] 
[INFO] [stdout] 
[INFO] [stdout] error[E0433]: cannot find module or crate `tintbox_oracle` in this scope
[INFO] [stdout]    --> src/profile/mod.rs:462:33
[INFO] [stdout]     |
[INFO] [stdout] 462 | ...                   tintbox_oracle::assert_f64_bits_eq(
[INFO] [stdout]     |                       ^^^^^^^^^^^^^^ use of unresolved module or unlinked crate `tintbox_oracle`
[INFO] [stdout]     |
[INFO] [stdout]     = help: if you wanted to use a crate named `tintbox_oracle`, use `cargo add tintbox_oracle` to add it to your `Cargo.toml`
[INFO] [stdout] 
[INFO] [stdout] 
[INFO] [stdout] error[E0433]: cannot find module or crate `tintbox_oracle` in this scope
[INFO] [stdout]    --> src/profile/mod.rs:467:33
[INFO] [stdout]     |
[INFO] [stdout] 467 | ...                   tintbox_oracle::assert_f64_bits_eq(
[INFO] [stdout]     |                       ^^^^^^^^^^^^^^ use of unresolved module or unlinked crate `tintbox_oracle`
[INFO] [stdout]     |
[INFO] [stdout]     = help: if you wanted to use a crate named `tintbox_oracle`, use `cargo add tintbox_oracle` to add it to your `Cargo.toml`
[INFO] [stdout] 
[INFO] [stdout] 
[INFO] [stdout] error[E0433]: cannot find module or crate `tintbox_oracle` in this scope
[INFO] [stdout]    --> src/profile/mod.rs:472:33
[INFO] [stdout]     |
[INFO] [stdout] 472 | ...                   tintbox_oracle::assert_f64_bits_eq(
[INFO] [stdout]     |                       ^^^^^^^^^^^^^^ use of unresolved module or unlinked crate `tintbox_oracle`
[INFO] [stdout]     |
[INFO] [stdout]     = help: if you wanted to use a crate named `tintbox_oracle`, use `cargo add tintbox_oracle` to add it to your `Cargo.toml`
[INFO] [stdout] 
[INFO] [stdout] 
[INFO] [stdout] error[E0433]: cannot find module or crate `tintbox_oracle` in this scope
[INFO] [stdout]    --> src/profile/mod.rs:486:29
[INFO] [stdout]     |
[INFO] [stdout] 486 | ...                   tintbox_oracle::read_tag_s15f16(&bytes, raw, n).expect("oracle s15f16");
[INFO] [stdout]     |                       ^^^^^^^^^^^^^^ use of unresolved module or unlinked crate `tintbox_oracle`
[INFO] [stdout]     |
[INFO] [stdout]     = help: if you wanted to use a crate named `tintbox_oracle`, use `cargo add tintbox_oracle` to add it to your `Cargo.toml`
[INFO] [stdout] 
[INFO] [stdout] 
[INFO] [stdout] error[E0433]: cannot find module or crate `tintbox_oracle` in this scope
[INFO] [stdout]    --> src/profile/mod.rs:491:37
[INFO] [stdout]     |
[INFO] [stdout] 491 | ...                   tintbox_oracle::assert_f64_bits_eq(
[INFO] [stdout]     |                       ^^^^^^^^^^^^^^ use of unresolved module or unlinked crate `tintbox_oracle`
[INFO] [stdout]     |
[INFO] [stdout]     = help: if you wanted to use a crate named `tintbox_oracle`, use `cargo add tintbox_oracle` to add it to your `Cargo.toml`
[INFO] [stdout] 
[INFO] [stdout] 
[INFO] [stdout] error[E0433]: cannot find module or crate `tintbox_oracle` in this scope
[INFO] [stdout]    --> src/profile/mod.rs:547:29
[INFO] [stdout]     |
[INFO] [stdout] 547 | ...                   tintbox_oracle::read_tag_signature(&bytes, raw).expect("oracle sig");
[INFO] [stdout]     |                       ^^^^^^^^^^^^^^ use of unresolved module or unlinked crate `tintbox_oracle`
[INFO] [stdout]     |
[INFO] [stdout]     = help: if you wanted to use a crate named `tintbox_oracle`, use `cargo add tintbox_oracle` to add it to your `Cargo.toml`
[INFO] [stdout] 
[INFO] [stdout] 
[INFO] [stdout] error[E0433]: cannot find module or crate `tintbox_oracle` in this scope
[INFO] [stdout]    --> src/profile/mod.rs:555:29
[INFO] [stdout]     |
[INFO] [stdout] 555 | ...                   tintbox_oracle::read_tag_data(&bytes, raw).expect("oracle data");
[INFO] [stdout]     |                       ^^^^^^^^^^^^^^ use of unresolved module or unlinked crate `tintbox_oracle`
[INFO] [stdout]     |
[INFO] [stdout]     = help: if you wanted to use a crate named `tintbox_oracle`, use `cargo add tintbox_oracle` to add it to your `Cargo.toml`
[INFO] [stdout] 
[INFO] [stdout] 
[INFO] [stdout] error[E0433]: cannot find module or crate `tintbox_oracle` in this scope
[INFO] [stdout]    --> src/profile/mod.rs:565:33
[INFO] [stdout]     |
[INFO] [stdout] 565 |                         let c = tintbox_oracle::read_tag_datetime(&bytes, raw)
[INFO] [stdout]     |                                 ^^^^^^^^^^^^^^ use of unresolved module or unlinked crate `tintbox_oracle`
[INFO] [stdout]     |
[INFO] [stdout]     = help: if you wanted to use a crate named `tintbox_oracle`, use `cargo add tintbox_oracle` to add it to your `Cargo.toml`
[INFO] [stdout] 
[INFO] [stdout] 
[INFO] [stdout] error[E0433]: cannot find module or crate `tintbox_oracle` in this scope
[INFO] [stdout]    --> src/profile/mod.rs:579:33
[INFO] [stdout]     |
[INFO] [stdout] 579 |                         let c = tintbox_oracle::read_tag_chromaticity(&bytes, raw)
[INFO] [stdout]     |                                 ^^^^^^^^^^^^^^ use of unresolved module or unlinked crate `tintbox_oracle`
[INFO] [stdout]     |
[INFO] [stdout]     = help: if you wanted to use a crate named `tintbox_oracle`, use `cargo add tintbox_oracle` to add it to your `Cargo.toml`
[INFO] [stdout] 
[INFO] [stdout] 
[INFO] [stdout] error[E0433]: cannot find module or crate `tintbox_oracle` in this scope
[INFO] [stdout]    --> src/profile/mod.rs:586:37
[INFO] [stdout]     |
[INFO] [stdout] 586 | ...                   tintbox_oracle::assert_f64_bits_eq(
[INFO] [stdout]     |                       ^^^^^^^^^^^^^^ use of unresolved module or unlinked crate `tintbox_oracle`
[INFO] [stdout]     |
[INFO] [stdout]     = help: if you wanted to use a crate named `tintbox_oracle`, use `cargo add tintbox_oracle` to add it to your `Cargo.toml`
[INFO] [stdout] 
[INFO] [stdout] 
[INFO] [stdout] error[E0433]: cannot find module or crate `tintbox_oracle` in this scope
[INFO] [stdout]    --> src/profile/mod.rs:599:33
[INFO] [stdout]     |
[INFO] [stdout] 599 |                         let c = tintbox_oracle::read_tag_text(&bytes, raw).expect("oracle text");
[INFO] [stdout]     |                                 ^^^^^^^^^^^^^^ use of unresolved module or unlinked crate `tintbox_oracle`
[INFO] [stdout]     |
[INFO] [stdout]     = help: if you wanted to use a crate named `tintbox_oracle`, use `cargo add tintbox_oracle` to add it to your `Cargo.toml`
[INFO] [stdout] 
[INFO] [stdout] 
[INFO] [stdout] error[E0433]: cannot find module or crate `tintbox_oracle` in this scope
[INFO] [stdout]    --> src/profile/mod.rs:611:33
[INFO] [stdout]     |
[INFO] [stdout] 611 |                         let c = tintbox_oracle::read_tag_colorant_order(&bytes, raw)
[INFO] [stdout]     |                                 ^^^^^^^^^^^^^^ use of unresolved module or unlinked crate `tintbox_oracle`
[INFO] [stdout]     |
[INFO] [stdout]     = help: if you wanted to use a crate named `tintbox_oracle`, use `cargo add tintbox_oracle` to add it to your `Cargo.toml`
[INFO] [stdout] 
[INFO] [stdout] 
[INFO] [stdout] error[E0433]: cannot find module or crate `tintbox_oracle` in this scope
[INFO] [stdout]    --> src/profile/mod.rs:668:17
[INFO] [stdout]     |
[INFO] [stdout] 668 |             if !tintbox_oracle::open_succeeds(&bytes) {
[INFO] [stdout]     |                 ^^^^^^^^^^^^^^ use of unresolved module or unlinked crate `tintbox_oracle`
[INFO] [stdout]     |
[INFO] [stdout]     = help: if you wanted to use a crate named `tintbox_oracle`, use `cargo add tintbox_oracle` to add it to your `Cargo.toml`
[INFO] [stdout] 
[INFO] [stdout] 
[INFO] [stdout] error[E0433]: cannot find module or crate `tintbox_oracle` in this scope
[INFO] [stdout]    --> src/profile/mod.rs:677:20
[INFO] [stdout]     |
[INFO] [stdout] 677 |                 if tintbox_oracle::tag_true_type(&bytes, raw) != Some(TY_MEAS) {
[INFO] [stdout]     |                    ^^^^^^^^^^^^^^ use of unresolved module or unlinked crate `tintbox_oracle`
[INFO] [stdout]     |
[INFO] [stdout]     = help: if you wanted to use a crate named `tintbox_oracle`, use `cargo add tintbox_oracle` to add it to your `Cargo.toml`
[INFO] [stdout] 
[INFO] [stdout] 
[INFO] [stdout] error[E0433]: cannot find module or crate `tintbox_oracle` in this scope
[INFO] [stdout]    --> src/profile/mod.rs:681:21
[INFO] [stdout]     |
[INFO] [stdout] 681 |                     tintbox_oracle::read_tag_measurement(&bytes, raw).expect("oracle measurement");
[INFO] [stdout]     |                     ^^^^^^^^^^^^^^ use of unresolved module or unlinked crate `tintbox_oracle`
[INFO] [stdout]     |
[INFO] [stdout]     = help: if you wanted to use a crate named `tintbox_oracle`, use `cargo add tintbox_oracle` to add it to your `Cargo.toml`
[INFO] [stdout] 
[INFO] [stdout] 
[INFO] [stdout] error[E0433]: cannot find module or crate `tintbox_oracle` in this scope
[INFO] [stdout]    --> src/profile/mod.rs:687:25
[INFO] [stdout]     |
[INFO] [stdout] 687 |                         tintbox_oracle::assert_f64_bits_eq(
[INFO] [stdout]     |                         ^^^^^^^^^^^^^^ use of unresolved module or unlinked crate `tintbox_oracle`
[INFO] [stdout]     |
[INFO] [stdout]     = help: if you wanted to use a crate named `tintbox_oracle`, use `cargo add tintbox_oracle` to add it to your `Cargo.toml`
[INFO] [stdout] 
[INFO] [stdout] 
[INFO] [stdout] error[E0433]: cannot find module or crate `tintbox_oracle` in this scope
[INFO] [stdout]    --> src/profile/mod.rs:692:25
[INFO] [stdout]     |
[INFO] [stdout] 692 |                         tintbox_oracle::assert_f64_bits_eq(
[INFO] [stdout]     |                         ^^^^^^^^^^^^^^ use of unresolved module or unlinked crate `tintbox_oracle`
[INFO] [stdout]     |
[INFO] [stdout]     = help: if you wanted to use a crate named `tintbox_oracle`, use `cargo add tintbox_oracle` to add it to your `Cargo.toml`
[INFO] [stdout] 
[INFO] [stdout] 
[INFO] [stdout] error[E0433]: cannot find module or crate `tintbox_oracle` in this scope
[INFO] [stdout]    --> src/profile/mod.rs:697:25
[INFO] [stdout]     |
[INFO] [stdout] 697 |                         tintbox_oracle::assert_f64_bits_eq(
[INFO] [stdout]     |                         ^^^^^^^^^^^^^^ use of unresolved module or unlinked crate `tintbox_oracle`
[INFO] [stdout]     |
[INFO] [stdout]     = help: if you wanted to use a crate named `tintbox_oracle`, use `cargo add tintbox_oracle` to add it to your `Cargo.toml`
[INFO] [stdout] 
[INFO] [stdout] 
[INFO] [stdout] error[E0433]: cannot find module or crate `tintbox_oracle` in this scope
[INFO] [stdout]    --> src/profile/mod.rs:702:25
[INFO] [stdout]     |
[INFO] [stdout] 702 |                         tintbox_oracle::assert_f64_bits_eq(
[INFO] [stdout]     |                         ^^^^^^^^^^^^^^ use of unresolved module or unlinked crate `tintbox_oracle`
[INFO] [stdout]     |
[INFO] [stdout]     = help: if you wanted to use a crate named `tintbox_oracle`, use `cargo add tintbox_oracle` to add it to your `Cargo.toml`
[INFO] [stdout] 
[INFO] [stdout] 
[INFO] [stdout] error[E0433]: cannot find module or crate `tintbox_oracle` in this scope
[INFO] [stdout]    --> src/profile/mod.rs:742:17
[INFO] [stdout]     |
[INFO] [stdout] 742 |             if !tintbox_oracle::open_succeeds(&bytes) {
[INFO] [stdout]     |                 ^^^^^^^^^^^^^^ use of unresolved module or unlinked crate `tintbox_oracle`
[INFO] [stdout]     |
[INFO] [stdout]     = help: if you wanted to use a crate named `tintbox_oracle`, use `cargo add tintbox_oracle` to add it to your `Cargo.toml`
[INFO] [stdout] 
[INFO] [stdout] 
[INFO] [stdout] error[E0433]: cannot find module or crate `tintbox_oracle` in this scope
[INFO] [stdout]    --> src/profile/mod.rs:753:32
[INFO] [stdout]     |
[INFO] [stdout] 753 |                 let ty = match tintbox_oracle::tag_true_type(&bytes, raw) {
[INFO] [stdout]     |                                ^^^^^^^^^^^^^^ use of unresolved module or unlinked crate `tintbox_oracle`
[INFO] [stdout]     |
[INFO] [stdout]     = help: if you wanted to use a crate named `tintbox_oracle`, use `cargo add tintbox_oracle` to add it to your `Cargo.toml`
[INFO] [stdout] 
[INFO] [stdout] 
[INFO] [stdout] error[E0433]: cannot find module or crate `tintbox_oracle` in this scope
[INFO] [stdout]    --> src/profile/mod.rs:761:30
[INFO] [stdout]     |
[INFO] [stdout] 761 |                 let oracle = tintbox_oracle::mlu_entries(&bytes, raw).expect("oracle mlu");
[INFO] [stdout]     |                              ^^^^^^^^^^^^^^ use of unresolved module or unlinked crate `tintbox_oracle`
[INFO] [stdout]     |
[INFO] [stdout]     = help: if you wanted to use a crate named `tintbox_oracle`, use `cargo add tintbox_oracle` to add it to your `Cargo.toml`
[INFO] [stdout] 
[INFO] [stdout] 
[INFO] [stdout] error[E0433]: cannot find module or crate `tintbox_oracle` in this scope
[INFO] [stdout]    --> src/profile/mod.rs:888:17
[INFO] [stdout]     |
[INFO] [stdout] 888 |             if !tintbox_oracle::open_succeeds(&bytes) {
[INFO] [stdout]     |                 ^^^^^^^^^^^^^^ use of unresolved module or unlinked crate `tintbox_oracle`
[INFO] [stdout]     |
[INFO] [stdout]     = help: if you wanted to use a crate named `tintbox_oracle`, use `cargo add tintbox_oracle` to add it to your `Cargo.toml`
[INFO] [stdout] 
[INFO] [stdout] 
[INFO] [stdout] error[E0433]: cannot find module or crate `tintbox_oracle` in this scope
[INFO] [stdout]    --> src/profile/mod.rs:900:32
[INFO] [stdout]     |
[INFO] [stdout] 900 |                 let ty = match tintbox_oracle::tag_true_type(&bytes, sig.to_raw()) {
[INFO] [stdout]     |                                ^^^^^^^^^^^^^^ use of unresolved module or unlinked crate `tintbox_oracle`
[INFO] [stdout]     |
[INFO] [stdout]     = help: if you wanted to use a crate named `tintbox_oracle`, use `cargo add tintbox_oracle` to add it to your `Cargo.toml`
[INFO] [stdout] 
[INFO] [stdout] 
[INFO] [stdout] error[E0433]: cannot find module or crate `tintbox_oracle` in this scope
[INFO] [stdout]    --> src/profile/mod.rs:941:17
[INFO] [stdout]     |
[INFO] [stdout] 941 |             if !tintbox_oracle::open_succeeds(&bytes) {
[INFO] [stdout]     |                 ^^^^^^^^^^^^^^ use of unresolved module or unlinked crate `tintbox_oracle`
[INFO] [stdout]     |
[INFO] [stdout]     = help: if you wanted to use a crate named `tintbox_oracle`, use `cargo add tintbox_oracle` to add it to your `Cargo.toml`
[INFO] [stdout] 
[INFO] [stdout] 
[INFO] [stdout] error[E0433]: cannot find module or crate `tintbox_oracle` in this scope
[INFO] [stdout]    --> src/profile/mod.rs:950:20
[INFO] [stdout]     |
[INFO] [stdout] 950 |                 if tintbox_oracle::tag_true_type(&bytes, raw) != Some(TY_DICT) {
[INFO] [stdout]     |                    ^^^^^^^^^^^^^^ use of unresolved module or unlinked crate `tintbox_oracle`
[INFO] [stdout]     |
[INFO] [stdout]     = help: if you wanted to use a crate named `tintbox_oracle`, use `cargo add tintbox_oracle` to add it to your `Cargo.toml`
[INFO] [stdout] 
[INFO] [stdout] 
[INFO] [stdout] error[E0433]: cannot find module or crate `tintbox_oracle` in this scope
[INFO] [stdout]    --> src/profile/mod.rs:953:34
[INFO] [stdout]     |
[INFO] [stdout] 953 |                 let mut oracle = tintbox_oracle::read_tag_dict(&bytes, raw).expect("oracle dict");
[INFO] [stdout]     |                                  ^^^^^^^^^^^^^^ use of unresolved module or unlinked crate `tintbox_oracle`
[INFO] [stdout]     |
[INFO] [stdout]     = help: if you wanted to use a crate named `tintbox_oracle`, use `cargo add tintbox_oracle` to add it to your `Cargo.toml`
[INFO] [stdout] 
[INFO] [stdout] 
[INFO] [stdout] error[E0433]: cannot find module or crate `tintbox_oracle` in this scope
[INFO] [stdout]     --> src/profile/mod.rs:1084:29
[INFO] [stdout]      |
[INFO] [stdout] 1084 |             let oracle_ok = tintbox_oracle::open_succeeds(&bytes);
[INFO] [stdout]      |                             ^^^^^^^^^^^^^^ use of unresolved module or unlinked crate `tintbox_oracle`
[INFO] [stdout]      |
[INFO] [stdout]      = help: if you wanted to use a crate named `tintbox_oracle`, use `cargo add tintbox_oracle` to add it to your `Cargo.toml`
[INFO] [stdout] 
[INFO] [stdout] 
[INFO] [stdout] error[E0433]: cannot find module or crate `tintbox_oracle` in this scope
[INFO] [stdout]     --> src/profile/mod.rs:1107:36
[INFO] [stdout]      |
[INFO] [stdout] 1107 |                 let on_disk_type = tintbox_oracle::tag_true_type(&bytes, raw_sig);
[INFO] [stdout]      |                                    ^^^^^^^^^^^^^^ use of unresolved module or unlinked crate `tintbox_oracle`
[INFO] [stdout]      |
[INFO] [stdout]      = help: if you wanted to use a crate named `tintbox_oracle`, use `cargo add tintbox_oracle` to add it to your `Cargo.toml`
[INFO] [stdout] 
[INFO] [stdout] 
[INFO] [stdout] error[E0433]: cannot find module or crate `tintbox_oracle` in this scope
[INFO] [stdout]     --> src/profile/mod.rs:1162:38
[INFO] [stdout]      |
[INFO] [stdout] 1162 | ...                   !tintbox_oracle::tag_read_succeeds(&bytes, raw_sig),
[INFO] [stdout]      |                        ^^^^^^^^^^^^^^ use of unresolved module or unlinked crate `tintbox_oracle`
[INFO] [stdout]      |
[INFO] [stdout]      = help: if you wanted to use a crate named `tintbox_oracle`, use `cargo add tintbox_oracle` to add it to your `Cargo.toml`
[INFO] [stdout] 
[INFO] [stdout] 
[INFO] [stdout] error[E0433]: cannot find module or crate `tintbox_oracle` in this scope
[INFO] [stdout]     --> src/profile/mod.rs:1298:17
[INFO] [stdout]      |
[INFO] [stdout] 1298 |             if !tintbox_oracle::open_succeeds(&bytes) {
[INFO] [stdout]      |                 ^^^^^^^^^^^^^^ use of unresolved module or unlinked crate `tintbox_oracle`
[INFO] [stdout]      |
[INFO] [stdout]      = help: if you wanted to use a crate named `tintbox_oracle`, use `cargo add tintbox_oracle` to add it to your `Cargo.toml`
[INFO] [stdout] 
[INFO] [stdout] 
[INFO] [stdout] error[E0433]: cannot find module or crate `tintbox_oracle` in this scope
[INFO] [stdout]     --> src/profile/mod.rs:1309:32
[INFO] [stdout]      |
[INFO] [stdout] 1309 |                 let ty = match tintbox_oracle::tag_true_type(&bytes, raw) {
[INFO] [stdout]      |                                ^^^^^^^^^^^^^^ use of unresolved module or unlinked crate `tintbox_oracle`
[INFO] [stdout]      |
[INFO] [stdout]      = help: if you wanted to use a crate named `tintbox_oracle`, use `cargo add tintbox_oracle` to add it to your `Cargo.toml`
[INFO] [stdout] 
[INFO] [stdout] 
[INFO] [stdout] error[E0433]: cannot find module or crate `tintbox_oracle` in this scope
[INFO] [stdout]     --> src/profile/mod.rs:1323:25
[INFO] [stdout]      |
[INFO] [stdout] 1323 |                 let c = tintbox_oracle::read_tag_curve(&bytes, raw, &xs).expect("oracle curve");
[INFO] [stdout]      |                         ^^^^^^^^^^^^^^ use of unresolved module or unlinked crate `tintbox_oracle`
[INFO] [stdout]      |
[INFO] [stdout]      = help: if you wanted to use a crate named `tintbox_oracle`, use `cargo add tintbox_oracle` to add it to your `Cargo.toml`
[INFO] [stdout] 
[INFO] [stdout] 
[INFO] [stdout] error[E0433]: cannot find module or crate `tintbox_oracle` in this scope
[INFO] [stdout]     --> src/profile/mod.rs:1414:17
[INFO] [stdout]      |
[INFO] [stdout] 1414 |             if !tintbox_oracle::open_succeeds(&bytes) {
[INFO] [stdout]      |                 ^^^^^^^^^^^^^^ use of unresolved module or unlinked crate `tintbox_oracle`
[INFO] [stdout]      |
[INFO] [stdout]      = help: if you wanted to use a crate named `tintbox_oracle`, use `cargo add tintbox_oracle` to add it to your `Cargo.toml`
[INFO] [stdout] 
[INFO] [stdout] 
[INFO] [stdout] error[E0433]: cannot find module or crate `tintbox_oracle` in this scope
[INFO] [stdout]     --> src/profile/mod.rs:1424:20
[INFO] [stdout]      |
[INFO] [stdout] 1424 |                 if tintbox_oracle::tag_true_type(&bytes, raw) != Some(TY_VCGT) {
[INFO] [stdout]      |                    ^^^^^^^^^^^^^^ use of unresolved module or unlinked crate `tintbox_oracle`
[INFO] [stdout]      |
[INFO] [stdout]      = help: if you wanted to use a crate named `tintbox_oracle`, use `cargo add tintbox_oracle` to add it to your `Cargo.toml`
[INFO] [stdout] 
[INFO] [stdout] 
[INFO] [stdout] error[E0433]: cannot find module or crate `tintbox_oracle` in this scope
[INFO] [stdout]     --> src/profile/mod.rs:1434:30
[INFO] [stdout]      |
[INFO] [stdout] 1434 |                 let oracle = tintbox_oracle::read_tag_vcgt(&bytes, raw, &xs).expect("oracle vcgt");
[INFO] [stdout]      |                              ^^^^^^^^^^^^^^ use of unresolved module or unlinked crate `tintbox_oracle`
[INFO] [stdout]      |
[INFO] [stdout]      = help: if you wanted to use a crate named `tintbox_oracle`, use `cargo add tintbox_oracle` to add it to your `Cargo.toml`
[INFO] [stdout] 
[INFO] [stdout] 
[INFO] [stdout] error[E0433]: cannot find module or crate `tintbox_oracle` in this scope
[INFO] [stdout]    --> src/adapt.rs:319:35
[INFO] [stdout]     |
[INFO] [stdout] 319 |             let pick = |rng: &mut tintbox_oracle::Rng| -> CIEXYZ {
[INFO] [stdout]     |                                   ^^^^^^^^^^^^^^ use of unresolved module or unlinked crate `tintbox_oracle`
[INFO] [stdout]     |
[INFO] [stdout]     = help: if you wanted to use a crate named `tintbox_oracle`, use `cargo add tintbox_oracle` to add it to your `Cargo.toml`
[INFO] [stdout] 
[INFO] [stdout] 
[INFO] [stdout] error[E0433]: cannot find module or crate `tintbox_oracle` in this scope
[INFO] [stdout]    --> src/adapt.rs:279:35
[INFO] [stdout]     |
[INFO] [stdout] 279 |             let pick = |rng: &mut tintbox_oracle::Rng| -> CIEXYZ {
[INFO] [stdout]     |                                   ^^^^^^^^^^^^^^ use of unresolved module or unlinked crate `tintbox_oracle`
[INFO] [stdout]     |
[INFO] [stdout]     = help: if you wanted to use a crate named `tintbox_oracle`, use `cargo add tintbox_oracle` to add it to your `Cargo.toml`
[INFO] [stdout] 
[INFO] [stdout] 
[INFO] [stdout] error[E0433]: cannot find module or crate `tintbox_oracle` in this scope
[INFO] [stdout]    --> src/profile/mod.rs:994:25
[INFO] [stdout]     |
[INFO] [stdout] 994 |         oracle: Option<&tintbox_oracle::OracleMlu>,
[INFO] [stdout]     |                         ^^^^^^^^^^^^^^ use of unresolved module or unlinked crate `tintbox_oracle`
[INFO] [stdout]     |
[INFO] [stdout]     = help: if you wanted to use a crate named `tintbox_oracle`, use `cargo add tintbox_oracle` to add it to your `Cargo.toml`
[INFO] [stdout] 
[INFO] [stdout] 
[INFO] [stdout] error[E0433]: cannot find module or crate `tintbox_oracle` in this scope
[INFO] [stdout]   --> src/math/matrix.rs:90:27
[INFO] [stdout]    |
[INFO] [stdout] 90 |     fn rand_mat(rng: &mut tintbox_oracle::Rng) -> [f64; 9] {
[INFO] [stdout]    |                           ^^^^^^^^^^^^^^ use of unresolved module or unlinked crate `tintbox_oracle`
[INFO] [stdout]    |
[INFO] [stdout]    = help: if you wanted to use a crate named `tintbox_oracle`, use `cargo add tintbox_oracle` to add it to your `Cargo.toml`
[INFO] [stdout] 
[INFO] [stdout] 
[INFO] [stdout] Some errors have detailed explanations: E0432, E0433.
[INFO] [stdout] 
[INFO] [stdout] For more information about an error, try `rustc --explain E0432`.
[INFO] [stdout] 
[INFO] [stderr] error: could not compile `tintbox` (lib test) due to 163 previous errors
[INFO] running `Command { std: "docker" "inspect" "d67dcb2976ced131e3e4cba9fe7b283a67200ec6e3dad018cf2a9a8020642d02", kill_on_drop: false }`
[INFO] running `Command { std: "docker" "rm" "-f" "d67dcb2976ced131e3e4cba9fe7b283a67200ec6e3dad018cf2a9a8020642d02", kill_on_drop: false }`
[INFO] [stdout] d67dcb2976ced131e3e4cba9fe7b283a67200ec6e3dad018cf2a9a8020642d02
