[INFO] fetching crate timestore 0.1.1...
[INFO] testing timestore-0.1.1 against 1.99.0-beta.8+cargoflags=--release for beta-release-1.100-2
[INFO] extracting crate timestore 0.1.1 into /workspace/builds/worker-7-tc1/source
[INFO] started tweaking crates.io crate timestore 0.1.1
[INFO] removed 0 missing tests
[INFO] finished tweaking crates.io crate timestore 0.1.1
[INFO] tweaked toml for crates.io crate timestore 0.1.1 written to /workspace/builds/worker-7-tc1/source/Cargo.toml
[INFO] validating manifest of crates.io crate timestore 0.1.1 on toolchain 1.99.0-beta.8
[INFO] running `Command { std: CARGO_HOME="/workspace/cargo-home" RUSTUP_HOME="/workspace/rustup-home" "/workspace/cargo-home/bin/cargo" "+1.99.0-beta.8" "metadata" "--manifest-path" "Cargo.toml" "--no-deps", kill_on_drop: false }`
[INFO] crate crates.io crate timestore 0.1.1 already has a lockfile, it will not be regenerated
[INFO] running `Command { std: CARGO_HOME="/workspace/cargo-home" RUSTUP_HOME="/workspace/rustup-home" "/workspace/cargo-home/bin/cargo" "+1.99.0-beta.8" "fetch" "--manifest-path" "Cargo.toml", kill_on_drop: false }`
[INFO] [stderr]     Updating crates.io index
[INFO] [stderr]  Downloading crates ...
[INFO] [stderr]   Downloaded wasm-bindgen-shared v0.2.105
[INFO] [stderr]   Downloaded wasm-bindgen v0.2.105
[INFO] [stderr]   Downloaded uuid v1.18.1
[INFO] [stderr]   Downloaded wasm-bindgen-macro v0.2.105
[INFO] [stderr]   Downloaded derive_builder_macro v0.13.1
[INFO] [stderr]   Downloaded wasm-bindgen-macro-support v0.2.105
[INFO] [stderr]   Downloaded caos v0.0.7
[INFO] [stderr]   Downloaded tracing-core v0.1.34
[INFO] [stderr]   Downloaded anyhow v1.0.100
[INFO] [stderr]   Downloaded darling v0.14.4
[INFO] [stderr]   Downloaded slab v0.4.11
[INFO] [stderr]   Downloaded sketches-ddsketch v0.1.3
[INFO] [stderr]   Downloaded ahash v0.7.8
[INFO] [stderr]   Downloaded darling_core v0.14.4
[INFO] [stderr]   Downloaded buddy-alloc v0.4.2
[INFO] [stderr]   Downloaded flume v0.10.14
[INFO] [stderr]   Downloaded pin-project v1.1.10
[INFO] [stderr]   Downloaded cache-padded v1.3.0
[INFO] [stderr]   Downloaded signal-hook-registry v1.4.6
[INFO] [stderr]   Downloaded rustc-demangle v0.1.26
[INFO] [stderr]   Downloaded quote v1.0.41
[INFO] [stderr]   Downloaded lockfree v0.5.1
[INFO] [stderr]   Downloaded enclose v1.2.1
[INFO] [stderr]   Downloaded rlimit v0.6.2
[INFO] [stderr]   Downloaded nanorand v0.7.0
[INFO] [stderr]   Downloaded find-msvc-tools v0.1.4
[INFO] [stderr]   Downloaded derive_builder v0.13.1
[INFO] [stderr]   Downloaded syn v2.0.108
[INFO] [stderr]   Downloaded bumpalo v3.19.0
[INFO] [stderr]   Downloaded socket2 v0.4.10
[INFO] [stderr]   Downloaded waker-fn v1.2.0
[INFO] [stderr]   Downloaded fastrand v1.9.0
[INFO] [stderr]   Downloaded futures-sink v0.3.31
[INFO] [stderr]   Downloaded crossbeam v0.8.4
[INFO] [stderr]   Downloaded darling_macro v0.14.4
[INFO] [stderr]   Downloaded concurrent-queue v1.2.4
[INFO] [stderr]   Downloaded log v0.4.28
[INFO] [stderr]   Downloaded futures-lite v1.13.0
[INFO] [stderr]   Downloaded instant v0.1.13
[INFO] [stderr]   Downloaded glommio v0.9.0
[INFO] [stderr]   Downloaded futures v0.3.31
[INFO] [stderr]   Downloaded bitmaps v3.2.1
[INFO] [stderr]   Downloaded typenum v1.19.0
[INFO] [stderr]   Downloaded pin-project-internal v1.1.10
[INFO] [stderr]   Downloaded derive_builder_core v0.13.1
[INFO] [stderr]   Downloaded tracing-attributes v0.1.30
[INFO] [stderr]   Downloaded cc v1.2.44
[INFO] [stderr]   Downloaded owned-alloc v0.2.0
[INFO] [stderr]   Downloaded libc v0.2.177
[INFO] [stderr]   Downloaded nix v0.27.1
[INFO] [stderr]   Downloaded js-sys v0.3.82
[INFO] running `Command { std: "docker" "create" "-v" "/var/lib/crater-agent-workspace/builds/worker-7-tc1/source:/opt/rustwide/workdir:ro,Z" "-v" "/var/lib/crater-agent-workspace/builds/worker-7-tc1/target:/opt/rustwide/target:rw,Z" "-v" "/var/lib/crater-agent-workspace/cargo-home:/opt/rustwide/cargo-home:ro,Z" "-v" "/var/lib/crater-agent-workspace/rustup-home:/opt/rustwide/rustup-home:ro,Z" "-m" "1610612736" "--network" "none" "ghcr.io/rust-lang/crates-build-env/linux@sha256:77db811e55d90add9212f6832c23229e3de5f1c1f9905e8cb07319ea15df73ac" "sleep" "infinity", kill_on_drop: false }`
[INFO] [stdout] 116dcaf401fa5ad62ad76dd32b51f3f0101d7140ae0f71a28da575ac4c188ba1
[INFO] running `Command { std: "docker" "start" "116dcaf401fa5ad62ad76dd32b51f3f0101d7140ae0f71a28da575ac4c188ba1", kill_on_drop: false }`
[INFO] running `Command { std: "docker" "inspect" "116dcaf401fa5ad62ad76dd32b51f3f0101d7140ae0f71a28da575ac4c188ba1", kill_on_drop: false }`
[INFO] running `Command { std: "docker" "exec" "-e" "SOURCE_DIR=/opt/rustwide/workdir" "-e" "CARGO_HOME=/opt/rustwide/cargo-home" "-e" "RUSTUP_HOME=/opt/rustwide/rustup-home" "-e" "CARGO_TARGET_DIR=/opt/rustwide/target" "-w" "/opt/rustwide/workdir" "--user" "0:0" "116dcaf401fa5ad62ad76dd32b51f3f0101d7140ae0f71a28da575ac4c188ba1" "/opt/rustwide/cargo-home/bin/cargo" "+1.99.0-beta.8" "metadata" "--no-deps" "--format-version=1", kill_on_drop: false }`
[INFO] running `Command { std: "docker" "inspect" "116dcaf401fa5ad62ad76dd32b51f3f0101d7140ae0f71a28da575ac4c188ba1", kill_on_drop: false }`
[INFO] running `Command { std: "docker" "exec" "-e" "SOURCE_DIR=/opt/rustwide/workdir" "-e" "CARGO_HOME=/opt/rustwide/cargo-home" "-e" "RUSTUP_HOME=/opt/rustwide/rustup-home" "-e" "CARGO_TARGET_DIR=/opt/rustwide/target" "-e" "CARGO_INCREMENTAL=0" "-e" "RUST_BACKTRACE=full" "-e" "RUSTFLAGS=--cap-lints=warn" "-e" "RUSTDOCFLAGS=--cap-lints=warn" "-w" "/opt/rustwide/workdir" "--user" "0:0" "116dcaf401fa5ad62ad76dd32b51f3f0101d7140ae0f71a28da575ac4c188ba1" "/opt/rustwide/cargo-home/bin/cargo" "+1.99.0-beta.8" "build" "--frozen" "--message-format=json" "--release", kill_on_drop: false }`
[INFO] [stderr]    Compiling proc-macro2 v1.0.103
[INFO] [stderr]    Compiling quote v1.0.41
[INFO] [stderr]    Compiling unicode-ident v1.0.22
[INFO] [stderr]    Compiling libc v0.2.177
[INFO] [stderr]    Compiling memchr v2.7.6
[INFO] [stderr]    Compiling futures-core v0.3.31
[INFO] [stderr]    Compiling ident_case v1.0.1
[INFO] [stderr]    Compiling fnv v1.0.7
[INFO] [stderr]    Compiling pin-project-lite v0.2.16
[INFO] [stderr]    Compiling futures-sink v0.3.31
[INFO] [stderr]    Compiling strsim v0.10.0
[INFO] [stderr]    Compiling futures-io v0.3.31
[INFO] [stderr]    Compiling crossbeam-utils v0.8.21
[INFO] [stderr]    Compiling memoffset v0.9.1
[INFO] [stderr]    Compiling scopeguard v1.2.0
[INFO] [stderr]    Compiling once_cell v1.21.3
[INFO] [stderr]    Compiling find-msvc-tools v0.1.4
[INFO] [stderr]    Compiling object v0.37.3
[INFO] [stderr]    Compiling ahash v0.7.8
[INFO] [stderr]    Compiling lock_api v0.4.14
[INFO] [stderr]    Compiling futures-channel v0.3.31
[INFO] [stderr]    Compiling pin-utils v0.1.0
[INFO] [stderr]    Compiling futures-task v0.3.31
[INFO] [stderr]    Compiling slab v0.4.11
[INFO] [stderr]    Compiling typenum v1.19.0
[INFO] [stderr]    Compiling adler2 v2.0.1
[INFO] [stderr]    Compiling cc v1.2.44
[INFO] [stderr]    Compiling gimli v0.32.3
[INFO] [stderr]    Compiling signal-hook v0.3.18
[INFO] [stderr]    Compiling miniz_oxide v0.8.9
[INFO] [stderr]    Compiling rustc-demangle v0.1.26
[INFO] [stderr]    Compiling bitflags v2.10.0
[INFO] [stderr]    Compiling cache-padded v1.3.0
[INFO] [stderr]    Compiling waker-fn v1.2.0
[INFO] [stderr]    Compiling anyhow v1.0.100
[INFO] [stderr]    Compiling owned-alloc v0.2.0
[INFO] [stderr]    Compiling spin v0.9.8
[INFO] [stderr]    Compiling fastrand v1.9.0
[INFO] [stderr]    Compiling tracing-core v0.1.34
[INFO] [stderr]    Compiling lockfree v0.5.1
[INFO] [stderr]    Compiling concurrent-queue v1.2.4
[INFO] [stderr]    Compiling intrusive-collections v0.9.7
[INFO] [stderr]    Compiling bitmaps v3.2.1
[INFO] [stderr]    Compiling crossbeam-epoch v0.9.18
[INFO] [stderr]    Compiling crossbeam-channel v0.5.15
[INFO] [stderr]    Compiling crossbeam-queue v0.3.12
[INFO] [stderr]    Compiling smallvec v1.15.1
[INFO] [stderr]    Compiling crossbeam-deque v0.8.6
[INFO] [stderr]    Compiling syn v2.0.108
[INFO] [stderr]    Compiling syn v1.0.109
[INFO] [stderr]    Compiling futures-lite v1.13.0
[INFO] [stderr]    Compiling lazy_static v1.5.0
[INFO] [stderr]    Compiling sketches-ddsketch v0.1.3
[INFO] [stderr]    Compiling log v0.4.28
[INFO] [stderr]    Compiling enclose v1.2.1
[INFO] [stderr]    Compiling buddy-alloc v0.4.2
[INFO] [stderr]    Compiling crossbeam v0.8.4
[INFO] [stderr]    Compiling scoped-tls v1.0.1
[INFO] [stderr]    Compiling caos v0.0.7
[INFO] [stderr]    Compiling glommio v0.9.0
[INFO] [stderr]    Compiling getrandom v0.2.16
[INFO] [stderr]    Compiling signal-hook-registry v1.4.6
[INFO] [stderr]    Compiling rlimit v0.6.2
[INFO] [stderr]    Compiling nix v0.27.1
[INFO] [stderr]    Compiling socket2 v0.4.10
[INFO] [stderr]    Compiling nanorand v0.7.0
[INFO] [stderr] warning: glommio@0.9.0: In file included from /opt/rustwide/cargo-home/registry/src/index.crates.io-1949cf8c6b5b557f/glommio-0.9.0/liburing/src/setup.c:15:
[INFO] [stderr] warning: glommio@0.9.0: /opt/rustwide/cargo-home/registry/src/index.crates.io-1949cf8c6b5b557f/glommio-0.9.0/liburing/src/include/liburing.h:555:66: warning: 'struct open_how' declared inside parameter list will not be visible outside of this definition or declaration
[INFO] [stderr] warning: glommio@0.9.0:   555 |                                         const char *path, struct open_how *how)
[INFO] [stderr] warning: glommio@0.9.0:       |                                                                  ^~~~~~~~
[INFO] [stderr] warning: glommio@0.9.0: /opt/rustwide/cargo-home/registry/src/index.crates.io-1949cf8c6b5b557f/glommio-0.9.0/liburing/src/include/liburing.h: In function 'io_uring_prep_openat2':
[INFO] [stderr] warning: glommio@0.9.0: /opt/rustwide/cargo-home/registry/src/index.crates.io-1949cf8c6b5b557f/glommio-0.9.0/liburing/src/include/liburing.h:557:67: error: invalid application of 'sizeof' to incomplete type 'struct open_how'
[INFO] [stderr] warning: glommio@0.9.0:   557 |         io_uring_prep_rw(IORING_OP_OPENAT2, sqe, dfd, path, sizeof(*how),
[INFO] [stderr] warning: glommio@0.9.0:       |                                                                   ^
[INFO] [stderr] warning: glommio@0.9.0: /opt/rustwide/cargo-home/registry/src/index.crates.io-1949cf8c6b5b557f/glommio-0.9.0/liburing/src/include/liburing.h: At top level:
[INFO] [stderr] warning: glommio@0.9.0: /opt/rustwide/cargo-home/registry/src/index.crates.io-1949cf8c6b5b557f/glommio-0.9.0/liburing/src/include/liburing.h:564:56: warning: 'struct open_how' declared inside parameter list will not be visible outside of this definition or declaration
[INFO] [stderr] warning: glommio@0.9.0:   564 |                                                 struct open_how *how,
[INFO] [stderr] warning: glommio@0.9.0:       |                                                        ^~~~~~~~
[INFO] [stderr] warning: glommio@0.9.0: /opt/rustwide/cargo-home/registry/src/index.crates.io-1949cf8c6b5b557f/glommio-0.9.0/liburing/src/include/liburing.h: In function 'io_uring_prep_openat2_direct':
[INFO] [stderr] warning: glommio@0.9.0: /opt/rustwide/cargo-home/registry/src/index.crates.io-1949cf8c6b5b557f/glommio-0.9.0/liburing/src/include/liburing.h:567:47: error: passing argument 4 of 'io_uring_prep_openat2' from incompatible pointer type [-Wincompatible-pointer-types]
[INFO] [stderr] warning: glommio@0.9.0:   567 |         io_uring_prep_openat2(sqe, dfd, path, how);
[INFO] [stderr] warning: glommio@0.9.0:       |                                               ^~~
[INFO] [stderr] warning: glommio@0.9.0:       |                                               |
[INFO] [stderr] warning: glommio@0.9.0:       |                                               struct open_how *
[INFO] [stderr] warning: glommio@0.9.0: /opt/rustwide/cargo-home/registry/src/index.crates.io-1949cf8c6b5b557f/glommio-0.9.0/liburing/src/include/liburing.h:555:76: note: expected 'struct open_how *' but argument is of type 'struct open_how *'
[INFO] [stderr] warning: glommio@0.9.0:   555 |                                         const char *path, struct open_how *how)
[INFO] [stderr] warning: glommio@0.9.0:       |                                                           ~~~~~~~~~~~~~~~~~^~~
[INFO] [stderr] error: failed to run custom build command for `glommio v0.9.0`
[INFO] [stderr] note: To improve backtraces for build dependencies, set the CARGO_PROFILE_RELEASE_BUILD_OVERRIDE_DEBUG=true environment variable to enable debug information generation.
[INFO] [stderr] 
[INFO] [stderr] Caused by:
[INFO] [stderr]   process didn't exit successfully: `/opt/rustwide/target/release/build/glommio-92ec821c67390224/build-script-build` (exit status: 1)
[INFO] [stderr]   --- stdout
[INFO] [stderr]   OUT_DIR = Some(/opt/rustwide/target/release/build/glommio-f57c863cfa4e7d6b/out)
[INFO] [stderr]   OPT_LEVEL = Some(3)
[INFO] [stderr]   TARGET = Some(x86_64-unknown-linux-gnu)
[INFO] [stderr]   CARGO_ENCODED_RUSTFLAGS = Some(--cap-lints=warn)
[INFO] [stderr]   HOST = Some(x86_64-unknown-linux-gnu)
[INFO] [stderr]   cargo:rerun-if-env-changed=CC_x86_64-unknown-linux-gnu
[INFO] [stderr]   CC_x86_64-unknown-linux-gnu = None
[INFO] [stderr]   cargo:rerun-if-env-changed=CC_x86_64_unknown_linux_gnu
[INFO] [stderr]   CC_x86_64_unknown_linux_gnu = None
[INFO] [stderr]   cargo:rerun-if-env-changed=HOST_CC
[INFO] [stderr]   HOST_CC = None
[INFO] [stderr]   cargo:rerun-if-env-changed=CC
[INFO] [stderr]   CC = None
[INFO] [stderr]   cargo:rerun-if-env-changed=CC_ENABLE_DEBUG_OUTPUT
[INFO] [stderr]   RUSTC_WRAPPER = None
[INFO] [stderr]   cargo:rerun-if-env-changed=CRATE_CC_NO_DEFAULTS
[INFO] [stderr]   CRATE_CC_NO_DEFAULTS = None
[INFO] [stderr]   DEBUG = Some(false)
[INFO] [stderr]   CARGO_CFG_TARGET_FEATURE = Some(fxsr,sse,sse2)
[INFO] [stderr]   cargo:rerun-if-env-changed=CFLAGS
[INFO] [stderr]   CFLAGS = None
[INFO] [stderr]   cargo:rerun-if-env-changed=HOST_CFLAGS
[INFO] [stderr]   HOST_CFLAGS = None
[INFO] [stderr]   cargo:rerun-if-env-changed=CFLAGS_x86_64_unknown_linux_gnu
[INFO] [stderr]   CFLAGS_x86_64_unknown_linux_gnu = None
[INFO] [stderr]   cargo:rerun-if-env-changed=CFLAGS_x86_64-unknown-linux-gnu
[INFO] [stderr]   CFLAGS_x86_64-unknown-linux-gnu = None
[INFO] [stderr]   cargo:warning=In file included from /opt/rustwide/cargo-home/registry/src/index.crates.io-1949cf8c6b5b557f/glommio-0.9.0/liburing/src/setup.c:15:
[INFO] [stderr]   cargo:warning=/opt/rustwide/cargo-home/registry/src/index.crates.io-1949cf8c6b5b557f/glommio-0.9.0/liburing/src/include/liburing.h:555:66: warning: 'struct open_how' declared inside parameter list will not be visible outside of this definition or declaration
[INFO] [stderr]   cargo:warning=  555 |                                         const char *path, struct open_how *how)
[INFO] [stderr]   cargo:warning=      |                                                                  ^~~~~~~~
[INFO] [stderr]   cargo:warning=/opt/rustwide/cargo-home/registry/src/index.crates.io-1949cf8c6b5b557f/glommio-0.9.0/liburing/src/include/liburing.h: In function 'io_uring_prep_openat2':
[INFO] [stderr]   cargo:warning=/opt/rustwide/cargo-home/registry/src/index.crates.io-1949cf8c6b5b557f/glommio-0.9.0/liburing/src/include/liburing.h:557:67: error: invalid application of 'sizeof' to incomplete type 'struct open_how'
[INFO] [stderr]   cargo:warning=  557 |         io_uring_prep_rw(IORING_OP_OPENAT2, sqe, dfd, path, sizeof(*how),
[INFO] [stderr]   cargo:warning=      |                                                                   ^
[INFO] [stderr]   cargo:warning=/opt/rustwide/cargo-home/registry/src/index.crates.io-1949cf8c6b5b557f/glommio-0.9.0/liburing/src/include/liburing.h: At top level:
[INFO] [stderr]   cargo:warning=/opt/rustwide/cargo-home/registry/src/index.crates.io-1949cf8c6b5b557f/glommio-0.9.0/liburing/src/include/liburing.h:564:56: warning: 'struct open_how' declared inside parameter list will not be visible outside of this definition or declaration
[INFO] [stderr]   cargo:warning=  564 |                                                 struct open_how *how,
[INFO] [stderr]   cargo:warning=      |                                                        ^~~~~~~~
[INFO] [stderr]   cargo:warning=/opt/rustwide/cargo-home/registry/src/index.crates.io-1949cf8c6b5b557f/glommio-0.9.0/liburing/src/include/liburing.h: In function 'io_uring_prep_openat2_direct':
[INFO] [stderr]   cargo:warning=/opt/rustwide/cargo-home/registry/src/index.crates.io-1949cf8c6b5b557f/glommio-0.9.0/liburing/src/include/liburing.h:567:47: error: passing argument 4 of 'io_uring_prep_openat2' from incompatible pointer type [-Wincompatible-pointer-types]
[INFO] [stderr]   cargo:warning=  567 |         io_uring_prep_openat2(sqe, dfd, path, how);
[INFO] [stderr]   cargo:warning=      |                                               ^~~
[INFO] [stderr]   cargo:warning=      |                                               |
[INFO] [stderr]   cargo:warning=      |                                               struct open_how *
[INFO] [stderr]   cargo:warning=/opt/rustwide/cargo-home/registry/src/index.crates.io-1949cf8c6b5b557f/glommio-0.9.0/liburing/src/include/liburing.h:555:76: note: expected 'struct open_how *' but argument is of type 'struct open_how *'
[INFO] [stderr]   cargo:warning=  555 |                                         const char *path, struct open_how *how)
[INFO] [stderr]   cargo:warning=      |                                                           ~~~~~~~~~~~~~~~~~^~~
[INFO] [stderr] 
[INFO] [stderr]   --- stderr
[INFO] [stderr]   fatal: not a git repository (or any parent up to mount point /opt/rustwide)
[INFO] [stderr]   Stopping at filesystem boundary (GIT_DISCOVERY_ACROSS_FILESYSTEM not set).
[INFO] [stderr] 
[INFO] [stderr] 
[INFO] [stderr]   error occurred in cc-rs: command did not execute successfully (status code exit status: 1): LC_ALL="C" "cc" "-O3" "-ffunction-sections" "-fdata-sections" "-fPIC" "-m64" "-I" "/opt/rustwide/cargo-home/registry/src/index.crates.io-1949cf8c6b5b557f/glommio-0.9.0/liburing/src/include" "-I" "/opt/rustwide/target/release/build/glommio-f57c863cfa4e7d6b/out/src/include" "-Wall" "-o" "/opt/rustwide/target/release/build/glommio-f57c863cfa4e7d6b/out/5265c0a09d3c0154-setup.o" "-c" "/opt/rustwide/cargo-home/registry/src/index.crates.io-1949cf8c6b5b557f/glommio-0.9.0/liburing/src/setup.c"
[INFO] [stderr] 
[INFO] [stderr] 
[INFO] [stderr] warning: build failed, waiting for other jobs to finish...
[INFO] running `Command { std: "docker" "inspect" "116dcaf401fa5ad62ad76dd32b51f3f0101d7140ae0f71a28da575ac4c188ba1", kill_on_drop: false }`
[INFO] running `Command { std: "docker" "rm" "-f" "116dcaf401fa5ad62ad76dd32b51f3f0101d7140ae0f71a28da575ac4c188ba1", kill_on_drop: false }`
[INFO] [stdout] 116dcaf401fa5ad62ad76dd32b51f3f0101d7140ae0f71a28da575ac4c188ba1
