[INFO] fetching crate tiktok-api 0.3.0...
[INFO] testing tiktok-api-0.3.0 against 1.99.0-beta.8+cargoflags=--release for beta-release-1.100-2
[INFO] extracting crate tiktok-api 0.3.0 into /workspace/builds/worker-1-tc1/source
[INFO] started tweaking crates.io crate tiktok-api 0.3.0
[INFO] finished tweaking crates.io crate tiktok-api 0.3.0
[INFO] tweaked toml for crates.io crate tiktok-api 0.3.0 written to /workspace/builds/worker-1-tc1/source/Cargo.toml
[INFO] validating manifest of crates.io crate tiktok-api 0.3.0 on toolchain 1.99.0-beta.8
[INFO] running `Command { std: CARGO_HOME="/workspace/cargo-home" RUSTUP_HOME="/workspace/rustup-home" "/workspace/cargo-home/bin/cargo" "+1.99.0-beta.8" "metadata" "--manifest-path" "Cargo.toml" "--no-deps", kill_on_drop: false }`
[INFO] running `Command { std: CARGO_HOME="/workspace/cargo-home" RUSTUP_HOME="/workspace/rustup-home" "/workspace/cargo-home/bin/cargo" "+1.99.0-beta.8" "generate-lockfile" "--manifest-path" "Cargo.toml", kill_on_drop: false }`
[INFO] [stderr]     Updating crates.io index
[INFO] [stderr]      Locking 173 packages to highest compatible versions
[INFO] [stderr]       Adding http-api-client-endpoint v0.2.1 (available: v0.3.1)
[INFO] [stderr]       Adding reqwest v0.11.27 (available: v0.13.5)
[INFO] [stderr]       Adding serde-enum-str v0.3.2 (available: v0.5.0)
[INFO] running `Command { std: CARGO_HOME="/workspace/cargo-home" RUSTUP_HOME="/workspace/rustup-home" "/workspace/cargo-home/bin/cargo" "+1.99.0-beta.8" "fetch" "--manifest-path" "Cargo.toml", kill_on_drop: false }`
[INFO] [stderr]  Downloading crates ...
[INFO] [stderr]   Downloaded http-api-client-endpoint v0.2.1
[INFO] [stderr]   Downloaded serde-attributes v0.2.1
[INFO] [stderr]   Downloaded serde-rename-rule v0.2.3
[INFO] [stderr]   Downloaded serde-enum-str v0.3.2
[INFO] running `Command { std: "docker" "create" "-v" "/var/lib/crater-agent-workspace/builds/worker-1-tc1/source:/opt/rustwide/workdir:ro,Z" "-v" "/var/lib/crater-agent-workspace/builds/worker-1-tc1/target:/opt/rustwide/target:rw,Z" "-v" "/var/lib/crater-agent-workspace/cargo-home:/opt/rustwide/cargo-home:ro,Z" "-v" "/var/lib/crater-agent-workspace/rustup-home:/opt/rustwide/rustup-home:ro,Z" "-m" "1610612736" "--network" "none" "ghcr.io/rust-lang/crates-build-env/linux@sha256:77db811e55d90add9212f6832c23229e3de5f1c1f9905e8cb07319ea15df73ac" "sleep" "infinity", kill_on_drop: false }`
[INFO] [stdout] 451f7a41d72773006d5128a17429731487cc8f33d08e957ec3aa94a86ab06026
[INFO] running `Command { std: "docker" "start" "451f7a41d72773006d5128a17429731487cc8f33d08e957ec3aa94a86ab06026", kill_on_drop: false }`
[INFO] running `Command { std: "docker" "inspect" "451f7a41d72773006d5128a17429731487cc8f33d08e957ec3aa94a86ab06026", kill_on_drop: false }`
[INFO] running `Command { std: "docker" "exec" "-e" "SOURCE_DIR=/opt/rustwide/workdir" "-e" "CARGO_HOME=/opt/rustwide/cargo-home" "-e" "RUSTUP_HOME=/opt/rustwide/rustup-home" "-e" "CARGO_TARGET_DIR=/opt/rustwide/target" "-w" "/opt/rustwide/workdir" "--user" "0:0" "451f7a41d72773006d5128a17429731487cc8f33d08e957ec3aa94a86ab06026" "/opt/rustwide/cargo-home/bin/cargo" "+1.99.0-beta.8" "metadata" "--no-deps" "--format-version=1", kill_on_drop: false }`
[INFO] running `Command { std: "docker" "inspect" "451f7a41d72773006d5128a17429731487cc8f33d08e957ec3aa94a86ab06026", kill_on_drop: false }`
[INFO] running `Command { std: "docker" "exec" "-e" "SOURCE_DIR=/opt/rustwide/workdir" "-e" "CARGO_HOME=/opt/rustwide/cargo-home" "-e" "RUSTUP_HOME=/opt/rustwide/rustup-home" "-e" "CARGO_TARGET_DIR=/opt/rustwide/target" "-e" "CARGO_INCREMENTAL=0" "-e" "RUST_BACKTRACE=full" "-e" "RUSTFLAGS=--cap-lints=warn" "-e" "RUSTDOCFLAGS=--cap-lints=warn" "-w" "/opt/rustwide/workdir" "--user" "0:0" "451f7a41d72773006d5128a17429731487cc8f33d08e957ec3aa94a86ab06026" "/opt/rustwide/cargo-home/bin/cargo" "+1.99.0-beta.8" "build" "--frozen" "--message-format=json" "--release", kill_on_drop: false }`
[INFO] [stderr]    Compiling serde v1.0.229
[INFO] [stderr]    Compiling serde-rename-rule v0.2.3
[INFO] [stderr]    Compiling percent-encoding v2.3.2
[INFO] [stderr]    Compiling syn v1.0.109
[INFO] [stderr]    Compiling http-api-client-endpoint v0.2.1
[INFO] [stderr]    Compiling idna v1.1.0
[INFO] [stderr]    Compiling form_urlencoded v1.2.2
[INFO] [stderr]    Compiling chrono v0.4.45
[INFO] [stderr]    Compiling url v2.5.8
[INFO] [stderr]    Compiling darling_core v0.14.4
[INFO] [stderr]    Compiling serde-attributes v0.2.1
[INFO] [stderr]    Compiling darling_macro v0.14.4
[INFO] [stderr]    Compiling darling v0.14.4
[INFO] [stderr]    Compiling serde-enum-str v0.3.2
[INFO] [stderr]    Compiling tiktok-api v0.3.0 (/opt/rustwide/workdir)
[INFO] [stdout] error[E0433]: cannot find `ContentVisitor` in `de`
[INFO] [stdout]   --> src/objects/oauth/message.rs:4:10
[INFO] [stdout]    |
[INFO] [stdout]  4 | #[derive(Deserialize_enum_str, Serialize_enum_str, Debug, Clone, PartialEq, Eq)]
[INFO] [stdout]    |          ^^^^^^^^^^^^^^^^^^^^ could not find `ContentVisitor` in `de`
[INFO] [stdout]    |
[INFO] [stdout] note: found an item that was configured out
[INFO] [stdout]   --> /opt/rustwide/cargo-home/registry/src/index.crates.io-1949cf8c6b5b557f/serde-1.0.229/src/private/de.rs:14:75
[INFO] [stdout]    |
[INFO] [stdout] 12 | #[cfg(any(feature = "std", feature = "alloc"))]
[INFO] [stdout]    |          ------------------------------------ the item is gated here
[INFO] [stdout] 13 | pub use self::content::{
[INFO] [stdout] 14 |     content_as_str, Content, ContentDeserializer, ContentRefDeserializer, ContentVisitor,
[INFO] [stdout]    |                                                                           ^^^^^^^^^^^^^^
[INFO] [stdout]    = note: this error originates in the derive macro `serde::Deserialize` (in Nightly builds, run with -Z macro-backtrace for more info)
[INFO] [stdout] 
[INFO] [stdout] 
[INFO] [stdout] error[E0433]: cannot find `ContentRefDeserializer` in `de`
[INFO] [stdout]   --> src/objects/oauth/message.rs:4:10
[INFO] [stdout]    |
[INFO] [stdout]  4 | #[derive(Deserialize_enum_str, Serialize_enum_str, Debug, Clone, PartialEq, Eq)]
[INFO] [stdout]    |          ^^^^^^^^^^^^^^^^^^^^ could not find `ContentRefDeserializer` in `de`
[INFO] [stdout]    |
[INFO] [stdout] note: found an item that was configured out
[INFO] [stdout]   --> /opt/rustwide/cargo-home/registry/src/index.crates.io-1949cf8c6b5b557f/serde-1.0.229/src/private/de.rs:14:51
[INFO] [stdout]    |
[INFO] [stdout] 12 | #[cfg(any(feature = "std", feature = "alloc"))]
[INFO] [stdout]    |          ------------------------------------ the item is gated here
[INFO] [stdout] 13 | pub use self::content::{
[INFO] [stdout] 14 |     content_as_str, Content, ContentDeserializer, ContentRefDeserializer, ContentVisitor,
[INFO] [stdout]    |                                                   ^^^^^^^^^^^^^^^^^^^^^^
[INFO] [stdout]    = note: this error originates in the derive macro `serde::Deserialize` (in Nightly builds, run with -Z macro-backtrace for more info)
[INFO] [stdout] 
[INFO] [stdout] 
[INFO] [stdout] error[E0433]: cannot find `ContentVisitor` in `de`
[INFO] [stdout]   --> src/objects/v2/error.rs:12:10
[INFO] [stdout]    |
[INFO] [stdout] 12 | #[derive(Deserialize_enum_str, Serialize_enum_str, Debug, Clone, PartialEq, Eq)]
[INFO] [stdout]    |          ^^^^^^^^^^^^^^^^^^^^ could not find `ContentVisitor` in `de`
[INFO] [stdout]    |
[INFO] [stdout] note: found an item that was configured out
[INFO] [stdout]   --> /opt/rustwide/cargo-home/registry/src/index.crates.io-1949cf8c6b5b557f/serde-1.0.229/src/private/de.rs:14:75
[INFO] [stdout]    |
[INFO] [stdout] 12 | #[cfg(any(feature = "std", feature = "alloc"))]
[INFO] [stdout]    |          ------------------------------------ the item is gated here
[INFO] [stdout] 13 | pub use self::content::{
[INFO] [stdout] 14 |     content_as_str, Content, ContentDeserializer, ContentRefDeserializer, ContentVisitor,
[INFO] [stdout]    |                                                                           ^^^^^^^^^^^^^^
[INFO] [stdout]    = note: this error originates in the derive macro `serde::Deserialize` (in Nightly builds, run with -Z macro-backtrace for more info)
[INFO] [stdout] 
[INFO] [stdout] 
[INFO] [stdout] error[E0433]: cannot find `ContentRefDeserializer` in `de`
[INFO] [stdout]   --> src/objects/v2/error.rs:12:10
[INFO] [stdout]    |
[INFO] [stdout] 12 | #[derive(Deserialize_enum_str, Serialize_enum_str, Debug, Clone, PartialEq, Eq)]
[INFO] [stdout]    |          ^^^^^^^^^^^^^^^^^^^^ could not find `ContentRefDeserializer` in `de`
[INFO] [stdout]    |
[INFO] [stdout] note: found an item that was configured out
[INFO] [stdout]   --> /opt/rustwide/cargo-home/registry/src/index.crates.io-1949cf8c6b5b557f/serde-1.0.229/src/private/de.rs:14:51
[INFO] [stdout]    |
[INFO] [stdout] 12 | #[cfg(any(feature = "std", feature = "alloc"))]
[INFO] [stdout]    |          ------------------------------------ the item is gated here
[INFO] [stdout] 13 | pub use self::content::{
[INFO] [stdout] 14 |     content_as_str, Content, ContentDeserializer, ContentRefDeserializer, ContentVisitor,
[INFO] [stdout]    |                                                   ^^^^^^^^^^^^^^^^^^^^^^
[INFO] [stdout]    = note: this error originates in the derive macro `serde::Deserialize` (in Nightly builds, run with -Z macro-backtrace for more info)
[INFO] [stdout] 
[INFO] [stdout] 
[INFO] [stdout] For more information about this error, try `rustc --explain E0433`.
[INFO] [stdout] 
[INFO] [stderr] error: could not compile `tiktok-api` (lib) due to 4 previous errors
[INFO] running `Command { std: "docker" "inspect" "451f7a41d72773006d5128a17429731487cc8f33d08e957ec3aa94a86ab06026", kill_on_drop: false }`
[INFO] running `Command { std: "docker" "rm" "-f" "451f7a41d72773006d5128a17429731487cc8f33d08e957ec3aa94a86ab06026", kill_on_drop: false }`
[INFO] [stdout] 451f7a41d72773006d5128a17429731487cc8f33d08e957ec3aa94a86ab06026
