[INFO] fetching crate tideline-core 0.1.1...
[INFO] testing tideline-core-0.1.1 against 1.100.0-beta.1+cargoflags=--release for beta-release-1.100-2
[INFO] extracting crate tideline-core 0.1.1 into /workspace/builds/worker-6-tc2/source
[INFO] started tweaking crates.io crate tideline-core 0.1.1
[INFO] removed 0 missing tests
[INFO] finished tweaking crates.io crate tideline-core 0.1.1
[INFO] tweaked toml for crates.io crate tideline-core 0.1.1 written to /workspace/builds/worker-6-tc2/source/Cargo.toml
[INFO] validating manifest of crates.io crate tideline-core 0.1.1 on toolchain 1.100.0-beta.1
[INFO] running `Command { std: CARGO_HOME="/workspace/cargo-home" RUSTUP_HOME="/workspace/rustup-home" "/workspace/cargo-home/bin/cargo" "+1.100.0-beta.1" "metadata" "--manifest-path" "Cargo.toml" "--no-deps", kill_on_drop: false }`
[INFO] crate crates.io crate tideline-core 0.1.1 already has a lockfile, it will not be regenerated
[INFO] running `Command { std: CARGO_HOME="/workspace/cargo-home" RUSTUP_HOME="/workspace/rustup-home" "/workspace/cargo-home/bin/cargo" "+1.100.0-beta.1" "fetch" "--manifest-path" "Cargo.toml", kill_on_drop: false }`
[INFO] running `Command { std: "docker" "create" "-v" "/var/lib/crater-agent-workspace/builds/worker-6-tc2/source:/opt/rustwide/workdir:ro,Z" "-v" "/var/lib/crater-agent-workspace/builds/worker-6-tc2/target:/opt/rustwide/target:rw,Z" "-v" "/var/lib/crater-agent-workspace/cargo-home:/opt/rustwide/cargo-home:ro,Z" "-v" "/var/lib/crater-agent-workspace/rustup-home:/opt/rustwide/rustup-home:ro,Z" "-m" "1610612736" "--network" "none" "ghcr.io/rust-lang/crates-build-env/linux@sha256:77db811e55d90add9212f6832c23229e3de5f1c1f9905e8cb07319ea15df73ac" "sleep" "infinity", kill_on_drop: false }`
[INFO] [stdout] 9c13d7fce0f8b9628f8be17503c5e722a1c1fb94f335a86085d74a909d3211e1
[INFO] running `Command { std: "docker" "start" "9c13d7fce0f8b9628f8be17503c5e722a1c1fb94f335a86085d74a909d3211e1", kill_on_drop: false }`
[INFO] running `Command { std: "docker" "inspect" "9c13d7fce0f8b9628f8be17503c5e722a1c1fb94f335a86085d74a909d3211e1", kill_on_drop: false }`
[INFO] running `Command { std: "docker" "exec" "-e" "SOURCE_DIR=/opt/rustwide/workdir" "-e" "CARGO_HOME=/opt/rustwide/cargo-home" "-e" "RUSTUP_HOME=/opt/rustwide/rustup-home" "-e" "CARGO_TARGET_DIR=/opt/rustwide/target" "-w" "/opt/rustwide/workdir" "--user" "0:0" "9c13d7fce0f8b9628f8be17503c5e722a1c1fb94f335a86085d74a909d3211e1" "/opt/rustwide/cargo-home/bin/cargo" "+1.100.0-beta.1" "metadata" "--no-deps" "--format-version=1", kill_on_drop: false }`
[INFO] running `Command { std: "docker" "inspect" "9c13d7fce0f8b9628f8be17503c5e722a1c1fb94f335a86085d74a909d3211e1", kill_on_drop: false }`
[INFO] running `Command { std: "docker" "exec" "-e" "SOURCE_DIR=/opt/rustwide/workdir" "-e" "CARGO_HOME=/opt/rustwide/cargo-home" "-e" "RUSTUP_HOME=/opt/rustwide/rustup-home" "-e" "CARGO_TARGET_DIR=/opt/rustwide/target" "-e" "CARGO_INCREMENTAL=0" "-e" "RUST_BACKTRACE=full" "-e" "RUSTFLAGS=--cap-lints=warn" "-e" "RUSTDOCFLAGS=--cap-lints=warn" "-w" "/opt/rustwide/workdir" "--user" "0:0" "9c13d7fce0f8b9628f8be17503c5e722a1c1fb94f335a86085d74a909d3211e1" "/opt/rustwide/cargo-home/bin/cargo" "+1.100.0-beta.1" "build" "--frozen" "--message-format=json" "--release", kill_on_drop: false }`
[INFO] [stderr]    Compiling serde_core v1.0.228
[INFO] [stderr]    Compiling winnow v1.0.4
[INFO] [stderr]    Compiling serde v1.0.228
[INFO] [stderr]    Compiling serde_json v1.0.150
[INFO] [stderr]    Compiling arrayvec v0.7.8
[INFO] [stderr]    Compiling cc v1.2.67
[INFO] [stderr]    Compiling constant_time_eq v0.4.2
[INFO] [stderr]    Compiling spin v0.12.2
[INFO] [stderr]    Compiling syn v2.0.119
[INFO] [stderr]    Compiling toml_parser v1.1.2+spec-1.1.0
[INFO] [stderr]    Compiling toml_edit v0.25.13+spec-1.1.0
[INFO] [stderr]    Compiling blake3 v1.8.5
[INFO] [stderr]    Compiling proc-macro-crate v3.5.0
[INFO] [stderr]    Compiling tideline-macros v0.1.1
[INFO] [stderr]    Compiling tideline-core v0.1.1 (/opt/rustwide/workdir)
[INFO] [stderr]     Finished `release` profile [optimized] target(s) in 9.02s
[INFO] running `Command { std: "docker" "inspect" "9c13d7fce0f8b9628f8be17503c5e722a1c1fb94f335a86085d74a909d3211e1", kill_on_drop: false }`
[INFO] running `Command { std: "docker" "exec" "-e" "SOURCE_DIR=/opt/rustwide/workdir" "-e" "CARGO_HOME=/opt/rustwide/cargo-home" "-e" "RUSTUP_HOME=/opt/rustwide/rustup-home" "-e" "CARGO_TARGET_DIR=/opt/rustwide/target" "-e" "CARGO_INCREMENTAL=0" "-e" "RUST_BACKTRACE=full" "-e" "RUSTFLAGS=--cap-lints=warn" "-e" "RUSTDOCFLAGS=--cap-lints=warn" "-w" "/opt/rustwide/workdir" "--user" "0:0" "9c13d7fce0f8b9628f8be17503c5e722a1c1fb94f335a86085d74a909d3211e1" "/opt/rustwide/cargo-home/bin/cargo" "+1.100.0-beta.1" "test" "--frozen" "--no-run" "--message-format=json" "--release", kill_on_drop: false }`
[INFO] [stderr]    Compiling zerocopy v0.8.54
[INFO] [stderr]    Compiling anyhow v1.0.103
[INFO] [stderr]    Compiling either v1.16.0
[INFO] [stderr]    Compiling syn v2.0.119
[INFO] [stderr]    Compiling wait-timeout v0.2.1
[INFO] [stderr]    Compiling tempfile v3.27.0
[INFO] [stderr]    Compiling rand_xorshift v0.4.0
[INFO] [stderr]    Compiling serde_json v1.0.150
[INFO] [stderr]    Compiling rand v0.9.5
[INFO] [stderr]    Compiling bytes v1.12.1
[INFO] [stderr]    Compiling itertools v0.14.0
[INFO] [stderr]    Compiling rusty-fork v0.3.1
[INFO] [stderr]    Compiling serde_derive v1.0.228
[INFO] [stderr]    Compiling tideline-macros v0.1.1
[INFO] [stderr]    Compiling prost-derive v0.14.4
[INFO] [stderr]    Compiling tokio-macros v2.7.0
[INFO] [stderr]    Compiling tokio v1.52.3
[INFO] [stderr]    Compiling ppv-lite86 v0.2.21
[INFO] [stderr]    Compiling rand_chacha v0.9.0
[INFO] [stderr]    Compiling proptest v1.11.0
[INFO] [stderr]    Compiling prost v0.14.4
[INFO] [stderr]    Compiling serde v1.0.228
[INFO] [stderr]    Compiling tideline-core v0.1.1 (/opt/rustwide/workdir)
[INFO] [stdout] error[E0432]: unresolved import `tideline_testing`
[INFO] [stdout]  --> tests/event_store_conformance.rs:4:5
[INFO] [stdout]   |
[INFO] [stdout] 4 | use tideline_testing::conformance;
[INFO] [stdout]   |     ^^^^^^^^^^^^^^^^ use of unresolved module or unlinked crate `tideline_testing`
[INFO] [stdout]   |
[INFO] [stdout]   = help: if you wanted to use a crate named `tideline_testing`, use `cargo add tideline_testing` to add it to your `Cargo.toml`
[INFO] [stdout] 
[INFO] [stdout] 
[INFO] [stdout] error[E0432]: unresolved import `tideline_testing`
[INFO] [stdout]  --> tests/event_store_conformance.rs:6:5
[INFO] [stdout]   |
[INFO] [stdout] 6 | use tideline_testing::hash_chain_conformance;
[INFO] [stdout]   |     ^^^^^^^^^^^^^^^^ use of unresolved module or unlinked crate `tideline_testing`
[INFO] [stdout]   |
[INFO] [stdout]   = help: if you wanted to use a crate named `tideline_testing`, use `cargo add tideline_testing` to add it to your `Cargo.toml`
[INFO] [stdout] 
[INFO] [stdout] 
[INFO] [stdout] error[E0432]: unresolved import `tideline_testing`
[INFO] [stdout]  --> tests/event_store_conformance.rs:7:5
[INFO] [stdout]   |
[INFO] [stdout] 7 | use tideline_testing::projection_conformance;
[INFO] [stdout]   |     ^^^^^^^^^^^^^^^^ use of unresolved module or unlinked crate `tideline_testing`
[INFO] [stdout]   |
[INFO] [stdout]   = help: if you wanted to use a crate named `tideline_testing`, use `cargo add tideline_testing` to add it to your `Cargo.toml`
[INFO] [stdout] 
[INFO] [stdout] 
[INFO] [stdout] For more information about this error, try `rustc --explain E0432`.
[INFO] [stdout] 
[INFO] [stderr] error: could not compile `tideline-core` (test "event_store_conformance") due to 3 previous errors
[INFO] [stderr] warning: build failed, waiting for other jobs to finish...
[INFO] running `Command { std: "docker" "inspect" "9c13d7fce0f8b9628f8be17503c5e722a1c1fb94f335a86085d74a909d3211e1", kill_on_drop: false }`
[INFO] running `Command { std: "docker" "rm" "-f" "9c13d7fce0f8b9628f8be17503c5e722a1c1fb94f335a86085d74a909d3211e1", kill_on_drop: false }`
[INFO] [stdout] 9c13d7fce0f8b9628f8be17503c5e722a1c1fb94f335a86085d74a909d3211e1
