[INFO] fetching crate tidas-release 0.3.4...
[INFO] testing tidas-release-0.3.4 against 1.99.0-beta.8+cargoflags=--release for beta-release-1.100-2
[INFO] extracting crate tidas-release 0.3.4 into /workspace/builds/worker-6-tc1/source
[INFO] started tweaking crates.io crate tidas-release 0.3.4
[INFO] removed 0 missing tests
[INFO] finished tweaking crates.io crate tidas-release 0.3.4
[INFO] tweaked toml for crates.io crate tidas-release 0.3.4 written to /workspace/builds/worker-6-tc1/source/Cargo.toml
[INFO] validating manifest of crates.io crate tidas-release 0.3.4 on toolchain 1.99.0-beta.8
[INFO] running `Command { std: CARGO_HOME="/workspace/cargo-home" RUSTUP_HOME="/workspace/rustup-home" "/workspace/cargo-home/bin/cargo" "+1.99.0-beta.8" "metadata" "--manifest-path" "Cargo.toml" "--no-deps", kill_on_drop: false }`
[INFO] crate crates.io crate tidas-release 0.3.4 already has a lockfile, it will not be regenerated
[INFO] running `Command { std: CARGO_HOME="/workspace/cargo-home" RUSTUP_HOME="/workspace/rustup-home" "/workspace/cargo-home/bin/cargo" "+1.99.0-beta.8" "fetch" "--manifest-path" "Cargo.toml", kill_on_drop: false }`
[INFO] [stderr]     Updating crates.io index
[INFO] [stderr]  Downloading crates ...
[INFO] [stderr]   Downloaded tidas-runtime v0.3.4
[INFO] [stderr]   Downloaded tidas-xml v0.3.4
[INFO] [stderr]   Downloaded libxslt v0.1.5
[INFO] [stderr]   Downloaded tidas-rulesets v0.3.4
[INFO] [stderr]   Downloaded libxml v0.3.16
[INFO] [stderr]   Downloaded tidas-validation v0.3.4
[INFO] [stderr]   Downloaded referencing v0.40.2
[INFO] [stderr]   Downloaded jsonschema v0.40.2
[INFO] [stderr]   Downloaded tidas-conversion v0.3.4
[INFO] [stderr]   Downloaded tidas-import v0.3.4
[INFO] [stderr]   Downloaded tidas-assets v0.3.4
[INFO] [stderr]   Downloaded noyalib v0.0.16
[INFO] running `Command { std: "docker" "create" "-v" "/var/lib/crater-agent-workspace/builds/worker-6-tc1/source:/opt/rustwide/workdir:ro,Z" "-v" "/var/lib/crater-agent-workspace/builds/worker-6-tc1/target:/opt/rustwide/target:rw,Z" "-v" "/var/lib/crater-agent-workspace/cargo-home:/opt/rustwide/cargo-home:ro,Z" "-v" "/var/lib/crater-agent-workspace/rustup-home:/opt/rustwide/rustup-home:ro,Z" "-m" "1610612736" "--network" "none" "ghcr.io/rust-lang/crates-build-env/linux@sha256:77db811e55d90add9212f6832c23229e3de5f1c1f9905e8cb07319ea15df73ac" "sleep" "infinity", kill_on_drop: false }`
[INFO] [stdout] 4f2f886b22bb0f39b3c35c8a5e227b298406ae5e50591ee9a34a1289151ae3c2
[INFO] running `Command { std: "docker" "start" "4f2f886b22bb0f39b3c35c8a5e227b298406ae5e50591ee9a34a1289151ae3c2", kill_on_drop: false }`
[INFO] running `Command { std: "docker" "inspect" "4f2f886b22bb0f39b3c35c8a5e227b298406ae5e50591ee9a34a1289151ae3c2", kill_on_drop: false }`
[INFO] running `Command { std: "docker" "exec" "-e" "SOURCE_DIR=/opt/rustwide/workdir" "-e" "CARGO_HOME=/opt/rustwide/cargo-home" "-e" "RUSTUP_HOME=/opt/rustwide/rustup-home" "-e" "CARGO_TARGET_DIR=/opt/rustwide/target" "-w" "/opt/rustwide/workdir" "--user" "0:0" "4f2f886b22bb0f39b3c35c8a5e227b298406ae5e50591ee9a34a1289151ae3c2" "/opt/rustwide/cargo-home/bin/cargo" "+1.99.0-beta.8" "metadata" "--no-deps" "--format-version=1", kill_on_drop: false }`
[INFO] running `Command { std: "docker" "inspect" "4f2f886b22bb0f39b3c35c8a5e227b298406ae5e50591ee9a34a1289151ae3c2", kill_on_drop: false }`
[INFO] running `Command { std: "docker" "exec" "-e" "SOURCE_DIR=/opt/rustwide/workdir" "-e" "CARGO_HOME=/opt/rustwide/cargo-home" "-e" "RUSTUP_HOME=/opt/rustwide/rustup-home" "-e" "CARGO_TARGET_DIR=/opt/rustwide/target" "-e" "CARGO_INCREMENTAL=0" "-e" "RUST_BACKTRACE=full" "-e" "RUSTFLAGS=--cap-lints=warn" "-e" "RUSTDOCFLAGS=--cap-lints=warn" "-w" "/opt/rustwide/workdir" "--user" "0:0" "4f2f886b22bb0f39b3c35c8a5e227b298406ae5e50591ee9a34a1289151ae3c2" "/opt/rustwide/cargo-home/bin/cargo" "+1.99.0-beta.8" "build" "--frozen" "--message-format=json" "--release", kill_on_drop: false }`
[INFO] [stderr]    Compiling num-traits v0.2.19
[INFO] [stderr]    Compiling glob v0.3.4
[INFO] [stderr]    Compiling indexmap v2.14.0
[INFO] [stderr]    Compiling serde v1.0.229
[INFO] [stderr]    Compiling libc v0.2.189
[INFO] [stderr]    Compiling hybrid-array v0.4.13
[INFO] [stderr]    Compiling minimal-lexical v0.2.1
[INFO] [stderr]    Compiling serde_json v1.0.151
[INFO] [stderr]    Compiling ref-cast v1.0.26
[INFO] [stderr]    Compiling zerocopy v0.8.55
[INFO] [stderr]    Compiling regex-syntax v0.8.11
[INFO] [stderr]    Compiling nom v7.1.3
[INFO] [stderr]    Compiling clang-sys v1.8.1
[INFO] [stderr]    Compiling libloading v0.8.9
[INFO] [stderr]    Compiling ahash v0.8.12
[INFO] [stderr]    Compiling ref-cast-impl v1.0.26
[INFO] [stderr]    Compiling bindgen v0.72.1
[INFO] [stderr]    Compiling either v1.17.0
[INFO] [stderr]    Compiling rustix v1.1.4
[INFO] [stderr]    Compiling itertools v0.13.0
[INFO] [stderr]    Compiling regex-automata v0.4.16
[INFO] [stderr]    Compiling num-integer v0.1.46
[INFO] [stderr]    Compiling num-bigint v0.4.8
[INFO] [stderr]    Compiling num-iter v0.1.46
[INFO] [stderr]    Compiling num-complex v0.4.6
[INFO] [stderr]    Compiling cexpr v0.6.0
[INFO] [stderr]    Compiling block-buffer v0.12.1
[INFO] [stderr]    Compiling crypto-common v0.2.2
[INFO] [stderr]    Compiling num-rational v0.4.2
[INFO] [stderr]    Compiling regex v1.13.1
[INFO] [stderr]    Compiling thiserror-impl v2.0.19
[INFO] [stderr]    Compiling borrow-or-share v0.2.4
[INFO] [stderr]    Compiling unicode-general-category v1.1.0
[INFO] [stderr]    Compiling miniz_oxide v0.8.9
[INFO] [stderr]    Compiling bit-set v0.8.0
[INFO] [stderr]    Compiling fluent-uri v0.4.1
[INFO] [stderr]    Compiling thiserror v2.0.19
[INFO] [stderr]    Compiling digest v0.11.3
[INFO] [stderr]    Compiling num v0.4.3
[INFO] [stderr]    Compiling zlib-rs v0.6.6
[INFO] [stderr]    Compiling noyalib v0.0.16
[INFO] [stderr]    Compiling vsimd v0.8.0
[INFO] [stderr]    Compiling outref v0.5.2
[INFO] [stderr]    Compiling uuid-simd v0.8.0
[INFO] [stderr]    Compiling fraction v0.15.4
[INFO] [stderr]    Compiling sha2 v0.11.0
[INFO] [stderr]    Compiling idna v1.1.0
[INFO] [stderr]    Compiling fancy-regex v0.17.0
[INFO] [stderr]    Compiling referencing v0.40.2
[INFO] [stderr]    Compiling flate2 v1.1.9
[INFO] [stderr]    Compiling xattr v1.6.1
[INFO] [stderr]    Compiling email_address v0.2.9
[INFO] [stderr]    Compiling include_dir_macros v0.7.4
[INFO] [stderr]    Compiling rustc-hash v2.1.3
[INFO] [stderr]    Compiling bytecount v0.6.9
[INFO] [stderr]    Compiling num-cmp v0.1.0
[INFO] [stderr]    Compiling data-encoding v2.11.0
[INFO] [stderr]    Compiling include_dir v0.7.4
[INFO] [stderr]    Compiling tempfile v3.27.0
[INFO] [stderr]    Compiling libxml v0.3.16
[INFO] [stderr]    Compiling jsonschema v0.40.2
[INFO] [stderr]    Compiling tar v0.4.46
[INFO] [stderr]    Compiling libxslt v0.1.5
[INFO] [stderr]    Compiling quick-xml v0.41.0
[INFO] [stderr]    Compiling tidas-runtime v0.3.4
[INFO] [stderr]    Compiling zip v8.6.0
[INFO] [stderr]    Compiling tidas-assets v0.3.4
[INFO] [stderr]    Compiling tidas-xml v0.3.4
[INFO] [stderr]    Compiling tidas-rulesets v0.3.4
[INFO] [stderr]    Compiling tidas-conversion v0.3.4
[INFO] [stderr]    Compiling tidas-validation v0.3.4
[INFO] [stderr]    Compiling tidas-release v0.3.4 (/opt/rustwide/workdir)
[INFO] [stderr]     Finished `release` profile [optimized] target(s) in 3m 36s
[INFO] running `Command { std: "docker" "inspect" "4f2f886b22bb0f39b3c35c8a5e227b298406ae5e50591ee9a34a1289151ae3c2", kill_on_drop: false }`
[INFO] running `Command { std: "docker" "exec" "-e" "SOURCE_DIR=/opt/rustwide/workdir" "-e" "CARGO_HOME=/opt/rustwide/cargo-home" "-e" "RUSTUP_HOME=/opt/rustwide/rustup-home" "-e" "CARGO_TARGET_DIR=/opt/rustwide/target" "-e" "CARGO_INCREMENTAL=0" "-e" "RUST_BACKTRACE=full" "-e" "RUSTFLAGS=--cap-lints=warn" "-e" "RUSTDOCFLAGS=--cap-lints=warn" "-w" "/opt/rustwide/workdir" "--user" "0:0" "4f2f886b22bb0f39b3c35c8a5e227b298406ae5e50591ee9a34a1289151ae3c2" "/opt/rustwide/cargo-home/bin/cargo" "+1.99.0-beta.8" "test" "--frozen" "--no-run" "--message-format=json" "--release", kill_on_drop: false }`
[INFO] [stderr]    Compiling bigdecimal v0.4.10
[INFO] [stderr]    Compiling uuid v1.24.0
[INFO] [stderr]    Compiling tidas-import v0.3.4
[INFO] [stderr]    Compiling tidas-release v0.3.4 (/opt/rustwide/workdir)
[INFO] [stdout] error: linking with `cc` failed: exit status: 1
[INFO] [stdout]   |
[INFO] [stdout]   = note:  "cc" "-m64" "/opt/rustwide/target/release/deps/rustcy1Qlsq/symbols.o" "<17 object files omitted>" "-Wl,--as-needed" "-Wl,-Bstatic" "<sysroot>/lib/rustlib/x86_64-unknown-linux-gnu/lib/{libtest-*,libgetopts-*,librustc_std_workspace_std-*}.rlib" "/opt/rustwide/target/release/deps/{libtidas_validation-f9c392b4dc08572c,libtidas_xml-9f57197f4b623a78,liblibxslt-e9155d65e622e6e9,liblibxml-c346ed902f580f1d,libtidas_rulesets-003d6790088df607,libtidas_conversion-b0317cb984353a8c,libtidas_assets-be8d1a51449a6124,libnoyalib-c6c34094f24fcc6e,librustc_hash-682890645aa46447,libtempfile-5bf23301391d1cf0,libgetrandom-8ad6a78ffb01b487,libfastrand-b4ab186633b9c108,libtar-6caa9b1ac468e558,libxattr-4a4cda1ad7c76449,librustix-a57419fd230ccd50,libbitflags-30c9ca0ce64ca3ab,liblinux_raw_sys-6cd558001fb913e0,libfiletime-3060102c57227820,libjsonschema-aa3c961aec8323a8,libbytecount-8d4d802501f5967d,libregex-4e076c51717088b8,libidna-cfccd2a70027709c,libidna_adapter-2528b32bb90ebf94,libicu_properties-bf7913e51afc8e46,libicu_properties_data-3b22ee4d54a8ef94,libicu_normalizer-7fdfaa0fa2370bbf,libicu_normalizer_data-ec18cea5227907fc,libicu_collections-5b4090c8013ddcdf,libutf8_iter-050834cd1b25caa4,libpotential_utf-295fff4ddef0725e,libicu_provider-e22147a27b7a164c,libicu_locale_core-362469b2c57dad4c,libtinystr-0425ef6acf438c24,liblitemap-9027a9464d06b78c,libwriteable-93f874a44acb2524,libzerovec-8898078ca70e86c6,libzerotrie-2a02e5a85a4f8759,libyoke-c5909f235f140df3,libstable_deref_trait-1fabeba25560deaf,libzerofrom-b06aee72d837f3ee,libuuid_simd-66b6b428ad413abe,liboutref-d991bf3a5bb5f300,libvsimd-1014fc10cd485525,libunicode_general_category-b9f0f23b67b0bb3d,libfancy_regex-ec1dde8bc95de80e,libbit_set-6124dd30982a53e4,libbit_vec-5f5f279d30fe7b21,libregex_automata-788719e685fb0ba9,libaho_corasick-f53d48a42bf70f02,libemail_address-a8f7a659d46a554a,libfraction-c49926c00d66b18a,liblazy_static-fdd6af0286056ca3,libnum-fa9f21a4bbe7bb46,libnum_iter-5faa94397a27b168,libnum_rational-f6f1c1b0e502c5ab,libnum_complex-a646e27c1e6e484e,libnum_bigint-cb494dd9aee8889a,libnum_integer-212ff8ea0717255b,libnum_traits-e3a070e9a3cdac24,libnum_cmp-a6c0c0a962eff05c,libregex_syntax-7010b26951f94357,libdata_encoding-dc3fdcafb1560b73,libreferencing-e68be91ed9cece6e,libpercent_encoding-6ee9e8dd7e10ccaa,libparking_lot-a5f43ccc719c4167,libparking_lot_core-255b2f1512548353,libsmallvec-70199632bb80d378,liblock_api-0c6a3406bef68330,libscopeguard-5f9373ec660020b4,libhashbrown-1eaf5863533b956f,liballocator_api2-fcccdd0f80408343,libfoldhash-aad4872049cd9a91,libfluent_uri-8723e0e839481f2a,libborrow_or_share-ed8cc8db7b03eb4e,libref_cast-d619b8fe1d71c579,libahash-18161dec84ae4657,libgetrandom-af403b6b68ba2879,liblibc-a0996e9cad7bedd7,libonce_cell-f61ec7ca8a011f5c,libzerocopy-6edba33d89dad52a,libinclude_dir-32f2ac081fbb5f60,libquick_xml-5ac7ec9bbae0470c,libtidas_runtime-b7886bf2aaa23893,libserde_json-1b3009386cae55b2,libitoa-1e9e3b22820c4a15,libzmij-586d023c1dba25b5,libthiserror-252084d2d85720c9,libserde-83541ee8ec159a05,libcrossbeam_channel-8749ee2d5547a74e,libcrossbeam_utils-542494877e8831b4,libzip-002eff0285ac1cd0,libzopfli-e987427f198dfcbf,libsimd_adler32-6b0d1b21a7f9c942,libbumpalo-f16b557e8c33e63d,liblog-2e1778f6a4320459,libflate2-a12f78ef7fbc4aae,libzlib_rs-b25be2b61a682463,libmemchr-b836402bd6c4c7f1,libindexmap-0041b6073c6a69bb,libequivalent-26a0d6a3c1145f1b,libserde_core-ade0fd06ac247b53,libhashbrown-e584a62dc81c493d,libtyped_path-11b4cbf736ba919d,libcrc32fast-de10743154edaffb,libwalkdir-b24d3c4a20f5d974,libsame_file-b5b248986923a61c,libsha2-a6bd7d44da5c7335,libcpufeatures-bd0e43b05e7934f4,libcfg_if-6d8dca19095bb388,libdigest-17a863b64a54355b,libconst_oid-875e212f8cb941f4,libcrypto_common-8a8ab2c8d23238bb,libblock_buffer-0e3a2605d269c22d,libhybrid_array-da3f405f6fecd194,libtypenum-3b4b0aa317a46d21}.rlib" "<sysroot>/lib/rustlib/x86_64-unknown-linux-gnu/lib/{libstd-*,libpanic_unwind-*,libobject-*,libmemchr-*,libaddr2line-*,libgimli-*,libcfg_if-*,librustc_demangle-*,libstd_detect-*,libhashbrown-*,librustc_std_workspace_alloc-*,libminiz_oxide-*,libadler2-*,libunwind-*,liblibc-*,librustc_std_workspace_core-*,liballoc-*,libcore-*,libcompiler_builtins-*}.rlib" "-Wl,-Bdynamic" "-lxslt" "-lexslt" "-lxml2" "-lgcc_s" "-lutil" "-lrt" "-lpthread" "-lm" "-ldl" "-lc" "-L" "/opt/rustwide/target/release/deps/rustcy1Qlsq/raw-dylibs" "-B<sysroot>/lib/rustlib/x86_64-unknown-linux-gnu/bin/gcc-ld" "-fuse-ld=lld" "-Wl,--eh-frame-hdr" "-Wl,-z,noexecstack" "-L" "/usr/lib/x86_64-linux-gnu" "-L" "<sysroot>/lib/rustlib/x86_64-unknown-linux-gnu/lib" "-o" "/opt/rustwide/target/release/deps/tidas_release-a70ab8b81ea99cc0" "-Wl,--gc-sections" "-pie" "-Wl,-z,relro,-z,now" "-Wl,-O1" "-Wl,--strip-debug" "-nodefaultlibs"
[INFO] [stdout]   = note: some arguments are omitted. use `--verbose` to show all linker arguments
[INFO] [stdout]   = note: rust-lld: error: unable to find library -lxslt
[INFO] [stdout]           rust-lld: error: unable to find library -lexslt
[INFO] [stdout]           collect2: error: ld returned 1 exit status
[INFO] [stdout]           
[INFO] [stdout] 
[INFO] [stdout] 
[INFO] [stderr] error: could not compile `tidas-release` (lib test) due to 1 previous error
[INFO] [stderr] warning: build failed, waiting for other jobs to finish...
[INFO] [stdout] error: linking with `cc` failed: exit status: 1
[INFO] [stdout]   |
[INFO] [stdout]   = note:  "cc" "-m64" "/opt/rustwide/target/release/deps/rustcz5jeAt/symbols.o" "<17 object files omitted>" "-Wl,--as-needed" "-Wl,-Bstatic" "<sysroot>/lib/rustlib/x86_64-unknown-linux-gnu/lib/{libtest-*,libgetopts-*,librustc_std_workspace_std-*}.rlib" "/opt/rustwide/target/release/deps/{libtidas_release-0d20324160755284,libtidas_import-9c490f1a5363d4e6,libtidas_validation-f9c392b4dc08572c,libtidas_xml-9f57197f4b623a78,liblibxslt-e9155d65e622e6e9,liblibxml-c346ed902f580f1d,libtidas_rulesets-003d6790088df607,libtidas_conversion-b0317cb984353a8c,libtidas_assets-be8d1a51449a6124,libnoyalib-c6c34094f24fcc6e,librustc_hash-682890645aa46447,libtar-6caa9b1ac468e558,libxattr-4a4cda1ad7c76449,libfiletime-3060102c57227820,libjsonschema-aa3c961aec8323a8,libbytecount-8d4d802501f5967d,libregex-4e076c51717088b8,libidna-cfccd2a70027709c,libidna_adapter-2528b32bb90ebf94,libicu_properties-bf7913e51afc8e46,libicu_properties_data-3b22ee4d54a8ef94,libicu_normalizer-7fdfaa0fa2370bbf,libicu_normalizer_data-ec18cea5227907fc,libicu_collections-5b4090c8013ddcdf,libutf8_iter-050834cd1b25caa4,libpotential_utf-295fff4ddef0725e,libicu_provider-e22147a27b7a164c,libicu_locale_core-362469b2c57dad4c,libtinystr-0425ef6acf438c24,liblitemap-9027a9464d06b78c,libwriteable-93f874a44acb2524,libzerovec-8898078ca70e86c6,libzerotrie-2a02e5a85a4f8759,libyoke-c5909f235f140df3,libstable_deref_trait-1fabeba25560deaf,libzerofrom-b06aee72d837f3ee,libuuid_simd-66b6b428ad413abe,liboutref-d991bf3a5bb5f300,libvsimd-1014fc10cd485525,libunicode_general_category-b9f0f23b67b0bb3d,libfancy_regex-ec1dde8bc95de80e,libbit_set-6124dd30982a53e4,libbit_vec-5f5f279d30fe7b21,libregex_automata-788719e685fb0ba9,libaho_corasick-f53d48a42bf70f02,libemail_address-a8f7a659d46a554a,libfraction-c49926c00d66b18a,liblazy_static-fdd6af0286056ca3,libnum-fa9f21a4bbe7bb46,libnum_iter-5faa94397a27b168,libnum_rational-f6f1c1b0e502c5ab,libnum_complex-a646e27c1e6e484e,libnum_cmp-a6c0c0a962eff05c,libregex_syntax-7010b26951f94357,libdata_encoding-dc3fdcafb1560b73,libreferencing-e68be91ed9cece6e,libpercent_encoding-6ee9e8dd7e10ccaa,libparking_lot-a5f43ccc719c4167,libparking_lot_core-255b2f1512548353,libsmallvec-70199632bb80d378,liblock_api-0c6a3406bef68330,libscopeguard-5f9373ec660020b4,libhashbrown-1eaf5863533b956f,liballocator_api2-fcccdd0f80408343,libfoldhash-aad4872049cd9a91,libfluent_uri-8723e0e839481f2a,libborrow_or_share-ed8cc8db7b03eb4e,libref_cast-d619b8fe1d71c579,libahash-18161dec84ae4657,libgetrandom-af403b6b68ba2879,libzerocopy-6edba33d89dad52a,libinclude_dir-32f2ac081fbb5f60,libwalkdir-b24d3c4a20f5d974,libsame_file-b5b248986923a61c,libtempfile-5bf23301391d1cf0,libgetrandom-8ad6a78ffb01b487,liblibc-a0996e9cad7bedd7,libfastrand-b4ab186633b9c108,libonce_cell-f61ec7ca8a011f5c,librustix-a57419fd230ccd50,libbitflags-30c9ca0ce64ca3ab,liblinux_raw_sys-6cd558001fb913e0,libencoding_rs-67555cf9c7c10d62,libzip-002eff0285ac1cd0,libzopfli-e987427f198dfcbf,libsimd_adler32-6b0d1b21a7f9c942,libbumpalo-f16b557e8c33e63d,liblog-2e1778f6a4320459,libflate2-a12f78ef7fbc4aae,libzlib_rs-b25be2b61a682463,libtyped_path-11b4cbf736ba919d,libcrc32fast-de10743154edaffb,libtidas_runtime-b7886bf2aaa23893,libthiserror-252084d2d85720c9,libserde-83541ee8ec159a05,libcrossbeam_channel-8749ee2d5547a74e,libcrossbeam_utils-542494877e8831b4,libquick_xml-5ac7ec9bbae0470c,libbigdecimal-9d3d887bb7c4ebb1,liblibm-e31d014029871662,libnum_bigint-cb494dd9aee8889a,libnum_integer-212ff8ea0717255b,libnum_traits-e3a070e9a3cdac24,libuuid-532e58430cae4acd,libsha1_smol-86baf627230b077d,libsha2-a6bd7d44da5c7335,libcpufeatures-bd0e43b05e7934f4,libcfg_if-6d8dca19095bb388,libdigest-17a863b64a54355b,libconst_oid-875e212f8cb941f4,libcrypto_common-8a8ab2c8d23238bb,libblock_buffer-0e3a2605d269c22d,libhybrid_array-da3f405f6fecd194,libtypenum-3b4b0aa317a46d21,libserde_json-1b3009386cae55b2,libmemchr-b836402bd6c4c7f1,libitoa-1e9e3b22820c4a15,libzmij-586d023c1dba25b5,libindexmap-0041b6073c6a69bb,libequivalent-26a0d6a3c1145f1b,libhashbrown-e584a62dc81c493d,libserde_core-ade0fd06ac247b53}.rlib" "<sysroot>/lib/rustlib/x86_64-unknown-linux-gnu/lib/{libstd-*,libpanic_unwind-*,libobject-*,libmemchr-*,libaddr2line-*,libgimli-*,libcfg_if-*,librustc_demangle-*,libstd_detect-*,libhashbrown-*,librustc_std_workspace_alloc-*,libminiz_oxide-*,libadler2-*,libunwind-*,liblibc-*,librustc_std_workspace_core-*,liballoc-*,libcore-*,libcompiler_builtins-*}.rlib" "-Wl,-Bdynamic" "-lxslt" "-lexslt" "-lxml2" "-lgcc_s" "-lutil" "-lrt" "-lpthread" "-lm" "-ldl" "-lc" "-L" "/opt/rustwide/target/release/deps/rustcz5jeAt/raw-dylibs" "-B<sysroot>/lib/rustlib/x86_64-unknown-linux-gnu/bin/gcc-ld" "-fuse-ld=lld" "-Wl,--eh-frame-hdr" "-Wl,-z,noexecstack" "-L" "/usr/lib/x86_64-linux-gnu" "-L" "<sysroot>/lib/rustlib/x86_64-unknown-linux-gnu/lib" "-o" "/opt/rustwide/target/release/deps/native_release-73a6aad253e64f93" "-Wl,--gc-sections" "-pie" "-Wl,-z,relro,-z,now" "-Wl,-O1" "-Wl,--strip-debug" "-nodefaultlibs"
[INFO] [stdout]   = note: some arguments are omitted. use `--verbose` to show all linker arguments
[INFO] [stdout]   = note: rust-lld: error: unable to find library -lxslt
[INFO] [stdout]           rust-lld: error: unable to find library -lexslt
[INFO] [stdout]           collect2: error: ld returned 1 exit status
[INFO] [stdout]           
[INFO] [stdout] 
[INFO] [stdout] 
[INFO] [stderr] error: could not compile `tidas-release` (test "native_release") due to 1 previous error
[INFO] running `Command { std: "docker" "inspect" "4f2f886b22bb0f39b3c35c8a5e227b298406ae5e50591ee9a34a1289151ae3c2", kill_on_drop: false }`
[INFO] running `Command { std: "docker" "rm" "-f" "4f2f886b22bb0f39b3c35c8a5e227b298406ae5e50591ee9a34a1289151ae3c2", kill_on_drop: false }`
[INFO] [stdout] 4f2f886b22bb0f39b3c35c8a5e227b298406ae5e50591ee9a34a1289151ae3c2
