[INFO] fetching crate tiberius-raw-bulk 0.12.3-raw-bulk.15...
[INFO] testing tiberius-raw-bulk-0.12.3-raw-bulk.15 against 1.100.0-beta.1+cargoflags=--release for beta-release-1.100-2
[INFO] extracting crate tiberius-raw-bulk 0.12.3-raw-bulk.15 into /workspace/builds/worker-6-tc2/source
[INFO] removed /workspace/builds/worker-6-tc2/source/rust-toolchain
[INFO] started tweaking crates.io crate tiberius-raw-bulk 0.12.3-raw-bulk.15
[INFO] removed 0 missing examples
[INFO] removed 0 missing tests
[INFO] finished tweaking crates.io crate tiberius-raw-bulk 0.12.3-raw-bulk.15
[INFO] tweaked toml for crates.io crate tiberius-raw-bulk 0.12.3-raw-bulk.15 written to /workspace/builds/worker-6-tc2/source/Cargo.toml
[INFO] validating manifest of crates.io crate tiberius-raw-bulk 0.12.3-raw-bulk.15 on toolchain 1.100.0-beta.1
[INFO] running `Command { std: CARGO_HOME="/workspace/cargo-home" RUSTUP_HOME="/workspace/rustup-home" "/workspace/cargo-home/bin/cargo" "+1.100.0-beta.1" "metadata" "--manifest-path" "Cargo.toml" "--no-deps", kill_on_drop: false }`
[INFO] crate crates.io crate tiberius-raw-bulk 0.12.3-raw-bulk.15 already has a lockfile, it will not be regenerated
[INFO] running `Command { std: CARGO_HOME="/workspace/cargo-home" RUSTUP_HOME="/workspace/rustup-home" "/workspace/cargo-home/bin/cargo" "+1.100.0-beta.1" "fetch" "--manifest-path" "Cargo.toml", kill_on_drop: false }`
[INFO] running `Command { std: "docker" "create" "-v" "/var/lib/crater-agent-workspace/builds/worker-6-tc2/source:/opt/rustwide/workdir:ro,Z" "-v" "/var/lib/crater-agent-workspace/builds/worker-6-tc2/target:/opt/rustwide/target:rw,Z" "-v" "/var/lib/crater-agent-workspace/cargo-home:/opt/rustwide/cargo-home:ro,Z" "-v" "/var/lib/crater-agent-workspace/rustup-home:/opt/rustwide/rustup-home:ro,Z" "-m" "1610612736" "--network" "none" "ghcr.io/rust-lang/crates-build-env/linux@sha256:77db811e55d90add9212f6832c23229e3de5f1c1f9905e8cb07319ea15df73ac" "sleep" "infinity", kill_on_drop: false }`
[INFO] [stdout] b812b529d7fb65efe910635bbda4e85af30e97a959241a15fc55b5f3c3f7ae8e
[INFO] running `Command { std: "docker" "start" "b812b529d7fb65efe910635bbda4e85af30e97a959241a15fc55b5f3c3f7ae8e", kill_on_drop: false }`
[INFO] running `Command { std: "docker" "inspect" "b812b529d7fb65efe910635bbda4e85af30e97a959241a15fc55b5f3c3f7ae8e", kill_on_drop: false }`
[INFO] running `Command { std: "docker" "exec" "-e" "SOURCE_DIR=/opt/rustwide/workdir" "-e" "CARGO_HOME=/opt/rustwide/cargo-home" "-e" "RUSTUP_HOME=/opt/rustwide/rustup-home" "-e" "CARGO_TARGET_DIR=/opt/rustwide/target" "-w" "/opt/rustwide/workdir" "--user" "0:0" "b812b529d7fb65efe910635bbda4e85af30e97a959241a15fc55b5f3c3f7ae8e" "/opt/rustwide/cargo-home/bin/cargo" "+1.100.0-beta.1" "metadata" "--no-deps" "--format-version=1", kill_on_drop: false }`
[INFO] running `Command { std: "docker" "inspect" "b812b529d7fb65efe910635bbda4e85af30e97a959241a15fc55b5f3c3f7ae8e", kill_on_drop: false }`
[INFO] running `Command { std: "docker" "exec" "-e" "SOURCE_DIR=/opt/rustwide/workdir" "-e" "CARGO_HOME=/opt/rustwide/cargo-home" "-e" "RUSTUP_HOME=/opt/rustwide/rustup-home" "-e" "CARGO_TARGET_DIR=/opt/rustwide/target" "-e" "CARGO_INCREMENTAL=0" "-e" "RUST_BACKTRACE=full" "-e" "RUSTFLAGS=--cap-lints=warn" "-e" "RUSTDOCFLAGS=--cap-lints=warn" "-w" "/opt/rustwide/workdir" "--user" "0:0" "b812b529d7fb65efe910635bbda4e85af30e97a959241a15fc55b5f3c3f7ae8e" "/opt/rustwide/cargo-home/bin/cargo" "+1.100.0-beta.1" "build" "--frozen" "--message-format=json" "--release", kill_on_drop: false }`
[INFO] [stderr]    Compiling openssl v0.10.80
[INFO] [stderr]    Compiling futures-core v0.3.32
[INFO] [stderr]    Compiling openssl-sys v0.9.116
[INFO] [stderr]    Compiling pretty-hex v0.3.0
[INFO] [stderr]    Compiling connection-string v0.2.0
[INFO] [stderr]    Compiling uuid v1.23.1
[INFO] [stderr]    Compiling displaydoc v0.2.6
[INFO] [stderr]    Compiling openssl-macros v0.1.1
[INFO] [stderr]    Compiling enumflags2_derive v0.7.12
[INFO] [stderr]    Compiling tracing v0.1.44
[INFO] [stderr]    Compiling futures-util v0.3.32
[INFO] [stderr]    Compiling enumflags2 v0.7.12
[INFO] [stderr]    Compiling native-tls v0.2.18
[INFO] [stderr]    Compiling tinystr v0.8.3
[INFO] [stderr]    Compiling zerotrie v0.2.4
[INFO] [stderr]    Compiling icu_collections v2.2.0
[INFO] [stderr]    Compiling icu_locale_core v2.2.0
[INFO] [stderr]    Compiling icu_provider v2.2.0
[INFO] [stderr]    Compiling icu_properties v2.2.0
[INFO] [stderr]    Compiling icu_normalizer v2.2.0
[INFO] [stderr]    Compiling asynchronous-codec v0.6.2
[INFO] [stderr]    Compiling idna_adapter v1.2.2
[INFO] [stderr]    Compiling idna v1.1.0
[INFO] [stderr]    Compiling url v2.5.8
[INFO] [stderr]    Compiling async-native-tls v0.4.0
[INFO] [stderr]    Compiling tiberius-raw-bulk v0.12.3-raw-bulk.15 (/opt/rustwide/workdir)
[INFO] [stdout] warning: use of deprecated module `std::usize`: all constants in this module replaced by associated constants on the type
[INFO] [stdout]  --> src/tds/codec/type_info.rs:5:40
[INFO] [stdout]   |
[INFO] [stdout] 5 | use std::{convert::TryFrom, sync::Arc, usize};
[INFO] [stdout]   |                                        ^^^^^
[INFO] [stdout]   |
[INFO] [stdout]   = note: `#[warn(deprecated)]` on by default
[INFO] [stdout] 
[INFO] [stdout] 
[INFO] [stdout] warning: use of deprecated associated function `core::num::<impl u16>::max_value`: replaced by the `MAX` associated constant on this type
[INFO] [stdout]   --> src/tds/codec/header.rs:60:32
[INFO] [stdout]    |
[INFO] [stdout] 60 |         assert!(length <= u16::max_value() as usize);
[INFO] [stdout]    |                                ^^^^^^^^^
[INFO] [stdout] 
[INFO] [stdout] 
[INFO] [stdout] warning: use of deprecated associated function `core::num::<impl u64>::max_value`: replaced by the `MAX` associated constant on this type
[INFO] [stdout]    --> src/tds/numeric.rs:115:47
[INFO] [stdout]     |
[INFO] [stdout] 115 |             let high_part = high_part * (u64::max_value() as u128 + 1);
[INFO] [stdout]     |                                               ^^^^^^^^^
[INFO] [stdout] 
[INFO] [stdout] 
[INFO] [stderr] warning: unused dependency `num-traits`
[INFO] [stderr]   --> Cargo.toml:67:15
[INFO] [stderr]    |
[INFO] [stderr] 67 | [dependencies.num-traits]
[INFO] [stderr]    |               ^^^^^^^^^^^
[INFO] [stderr]    |
[INFO] [stderr]    = note: `cargo::unused_dependencies` is set to `warn` by default
[INFO] [stderr] help: consider removing the dependency on `num-traits`
[INFO] [stderr] warning: `tiberius-raw-bulk` (manifest) generated 1 warning
[INFO] [stderr]     Finished `release` profile [optimized] target(s) in 22.00s
[INFO] running `Command { std: "docker" "inspect" "b812b529d7fb65efe910635bbda4e85af30e97a959241a15fc55b5f3c3f7ae8e", kill_on_drop: false }`
[INFO] running `Command { std: "docker" "exec" "-e" "SOURCE_DIR=/opt/rustwide/workdir" "-e" "CARGO_HOME=/opt/rustwide/cargo-home" "-e" "RUSTUP_HOME=/opt/rustwide/rustup-home" "-e" "CARGO_TARGET_DIR=/opt/rustwide/target" "-e" "CARGO_INCREMENTAL=0" "-e" "RUST_BACKTRACE=full" "-e" "RUSTFLAGS=--cap-lints=warn" "-e" "RUSTDOCFLAGS=--cap-lints=warn" "-w" "/opt/rustwide/workdir" "--user" "0:0" "b812b529d7fb65efe910635bbda4e85af30e97a959241a15fc55b5f3c3f7ae8e" "/opt/rustwide/cargo-home/bin/cargo" "+1.100.0-beta.1" "test" "--frozen" "--no-run" "--message-format=json" "--release", kill_on_drop: false }`
[INFO] [stderr]    Compiling value-bag v1.12.0
[INFO] [stderr]    Compiling rustix v1.1.4
[INFO] [stderr]    Compiling futures-lite v2.6.1
[INFO] [stderr]    Compiling linux-raw-sys v0.12.1
[INFO] [stderr]    Compiling async-io v2.6.0
[INFO] [stderr]    Compiling event-listener v5.4.1
[INFO] [stderr]    Compiling regex-syntax v0.8.10
[INFO] [stderr]    Compiling futures-util v0.3.32
[INFO] [stderr]    Compiling openssl v0.10.80
[INFO] [stderr]    Compiling piper v0.2.5
[INFO] [stderr]    Compiling syn v1.0.109
[INFO] [stderr]    Compiling async-channel v1.9.0
[INFO] [stderr]    Compiling sharded-slab v0.1.7
[INFO] [stderr]    Compiling anstream v1.0.0
[INFO] [stderr]    Compiling tokio v1.52.3
[INFO] [stderr]    Compiling uuid v1.23.1
[INFO] [stderr]    Compiling thread_local v1.1.9
[INFO] [stderr]    Compiling jiff v0.2.28
[INFO] [stderr]    Compiling event-listener-strategy v0.5.4
[INFO] [stderr]    Compiling nu-ansi-term v0.50.3
[INFO] [stderr]    Compiling log v0.4.30
[INFO] [stderr]    Compiling async-channel v2.5.0
[INFO] [stderr]    Compiling async-lock v3.4.2
[INFO] [stderr]    Compiling chrono v0.4.44
[INFO] [stderr]    Compiling anyhow v1.0.102
[INFO] [stderr]    Compiling tracing v0.1.44
[INFO] [stderr]    Compiling kv-log-macro v1.0.7
[INFO] [stderr]    Compiling tracing-log v0.2.0
[INFO] [stderr]    Compiling tracing-subscriber v0.3.23
[INFO] [stderr]    Compiling async-executor v1.14.0
[INFO] [stderr]    Compiling blocking v1.6.2
[INFO] [stderr]    Compiling regex-automata v0.4.14
[INFO] [stderr]    Compiling native-tls v0.2.18
[INFO] [stderr]    Compiling async-attributes v1.1.2
[INFO] [stderr]    Compiling asynchronous-codec v0.6.2
[INFO] [stderr]    Compiling async-native-tls v0.4.0
[INFO] [stderr]    Compiling tiberius-raw-bulk v0.12.3-raw-bulk.15 (/opt/rustwide/workdir)
[INFO] [stdout] warning: use of deprecated module `std::usize`: all constants in this module replaced by associated constants on the type
[INFO] [stdout]  --> src/tds/codec/type_info.rs:5:40
[INFO] [stdout]   |
[INFO] [stdout] 5 | use std::{convert::TryFrom, sync::Arc, usize};
[INFO] [stdout]   |                                        ^^^^^
[INFO] [stdout]   |
[INFO] [stdout]   = note: `#[warn(deprecated)]` on by default
[INFO] [stdout] 
[INFO] [stdout] 
[INFO] [stderr]    Compiling regex v1.12.3
[INFO] [stderr]    Compiling env_filter v1.0.1
[INFO] [stderr]    Compiling env_logger v0.11.10
[INFO] [stdout] warning: use of deprecated associated function `core::num::<impl u16>::max_value`: replaced by the `MAX` associated constant on this type
[INFO] [stdout]   --> src/tds/codec/header.rs:60:32
[INFO] [stdout]    |
[INFO] [stdout] 60 |         assert!(length <= u16::max_value() as usize);
[INFO] [stdout]    |                                ^^^^^^^^^
[INFO] [stdout] 
[INFO] [stdout] 
[INFO] [stdout] warning: use of deprecated associated function `core::num::<impl u64>::max_value`: replaced by the `MAX` associated constant on this type
[INFO] [stdout]    --> src/tds/numeric.rs:115:47
[INFO] [stdout]     |
[INFO] [stdout] 115 |             let high_part = high_part * (u64::max_value() as u128 + 1);
[INFO] [stdout]     |                                               ^^^^^^^^^
[INFO] [stdout] 
[INFO] [stdout] 
[INFO] [stderr]    Compiling polling v3.11.0
[INFO] [stderr]    Compiling tokio-util v0.7.18
[INFO] [stderr]    Compiling async-global-executor v2.4.1
[INFO] [stderr]    Compiling async-std v1.13.2
[INFO] [stdout] error[E0432]: unresolved import `runtimes_macro`
[INFO] [stdout]   --> tests/bulk.rs:14:5
[INFO] [stdout]    |
[INFO] [stdout] 14 | use runtimes_macro::test_on_runtimes;
[INFO] [stdout]    |     ^^^^^^^^^^^^^^ use of unresolved module or unlinked crate `runtimes_macro`
[INFO] [stdout]    |
[INFO] [stdout]    = help: if you wanted to use a crate named `runtimes_macro`, use `cargo add runtimes_macro` to add it to your `Cargo.toml`
[INFO] [stdout] 
[INFO] [stdout] 
[INFO] [stdout] error[E0432]: unresolved import `runtimes_macro`
[INFO] [stdout]  --> tests/bulk_temporal.rs:9:5
[INFO] [stdout]   |
[INFO] [stdout] 9 | use runtimes_macro::test_on_runtimes;
[INFO] [stdout]   |     ^^^^^^^^^^^^^^ use of unresolved module or unlinked crate `runtimes_macro`
[INFO] [stdout]   |
[INFO] [stdout]   = help: if you wanted to use a crate named `runtimes_macro`, use `cargo add runtimes_macro` to add it to your `Cargo.toml`
[INFO] [stdout] 
[INFO] [stdout] 
[INFO] [stdout] error[E0432]: unresolved import `runtimes_macro`
[INFO] [stdout]   --> tests/query.rs:12:5
[INFO] [stdout]    |
[INFO] [stdout] 12 | use runtimes_macro::test_on_runtimes;
[INFO] [stdout]    |     ^^^^^^^^^^^^^^ use of unresolved module or unlinked crate `runtimes_macro`
[INFO] [stdout]    |
[INFO] [stdout]    = help: if you wanted to use a crate named `runtimes_macro`, use `cargo add runtimes_macro` to add it to your `Cargo.toml`
[INFO] [stdout] 
[INFO] [stdout] 
[INFO] [stdout] warning: use of deprecated constant `std::i32::MAX`: replaced by the `MAX` associated constant on this type
[INFO] [stdout]     --> tests/query.rs:1742:49
[INFO] [stdout]      |
[INFO] [stdout] 1742 |     let num = Numeric::new_with_scale(std::i32::MAX as i128 + 10, 1);
[INFO] [stdout]      |                                                 ^^^
[INFO] [stdout]      |
[INFO] [stdout]      = note: `#[warn(deprecated)]` on by default
[INFO] [stdout] 
[INFO] [stdout] 
[INFO] [stdout] warning: use of deprecated constant `std::i64::MAX`: replaced by the `MAX` associated constant on this type
[INFO] [stdout]     --> tests/query.rs:1761:49
[INFO] [stdout]      |
[INFO] [stdout] 1761 |     let num = Numeric::new_with_scale(std::i64::MAX as i128, 19);
[INFO] [stdout]      |                                                 ^^^
[INFO] [stdout] 
[INFO] [stdout] 
[INFO] [stdout] warning: use of deprecated constant `std::i64::MAX`: replaced by the `MAX` associated constant on this type
[INFO] [stdout]     --> tests/query.rs:1780:49
[INFO] [stdout]      |
[INFO] [stdout] 1780 |     let num = Numeric::new_with_scale(std::i64::MAX as i128, 37);
[INFO] [stdout]      |                                                 ^^^
[INFO] [stdout] 
[INFO] [stdout] 
[INFO] [stdout] For more information about this error, try `rustc --explain E0432`.
[INFO] [stdout] 
[INFO] [stderr] error: could not compile `tiberius-raw-bulk` (test "bulk_temporal") due to 1 previous error
[INFO] [stderr] warning: build failed, waiting for other jobs to finish...
[INFO] [stdout] For more information about this error, try `rustc --explain E0432`.
[INFO] [stdout] 
[INFO] [stderr] error: could not compile `tiberius-raw-bulk` (test "bulk") due to 1 previous error
[INFO] [stdout] warning: use of deprecated module `std::usize`: all constants in this module replaced by associated constants on the type
[INFO] [stdout]  --> src/tds/codec/type_info.rs:5:40
[INFO] [stdout]   |
[INFO] [stdout] 5 | use std::{convert::TryFrom, sync::Arc, usize};
[INFO] [stdout]   |                                        ^^^^^
[INFO] [stdout]   |
[INFO] [stdout]   = note: `#[warn(deprecated)]` on by default
[INFO] [stdout] 
[INFO] [stdout] 
[INFO] [stdout] For more information about this error, try `rustc --explain E0432`.
[INFO] [stdout] 
[INFO] [stderr] error: could not compile `tiberius-raw-bulk` (test "query") due to 1 previous error; 3 warnings emitted
[INFO] [stdout] warning: use of deprecated associated function `core::num::<impl u16>::max_value`: replaced by the `MAX` associated constant on this type
[INFO] [stdout]   --> src/tds/codec/header.rs:60:32
[INFO] [stdout]    |
[INFO] [stdout] 60 |         assert!(length <= u16::max_value() as usize);
[INFO] [stdout]    |                                ^^^^^^^^^
[INFO] [stdout] 
[INFO] [stdout] 
[INFO] [stdout] warning: use of deprecated associated function `core::num::<impl u64>::max_value`: replaced by the `MAX` associated constant on this type
[INFO] [stdout]    --> src/tds/numeric.rs:115:47
[INFO] [stdout]     |
[INFO] [stdout] 115 |             let high_part = high_part * (u64::max_value() as u128 + 1);
[INFO] [stdout]     |                                               ^^^^^^^^^
[INFO] [stdout] 
[INFO] [stdout] 
[INFO] [stderr] warning: unused dependency `num-traits`
[INFO] [stderr]   --> Cargo.toml:67:15
[INFO] [stderr]    |
[INFO] [stderr] 67 | [dependencies.num-traits]
[INFO] [stderr]    |               ^^^^^^^^^^^
[INFO] [stderr]    |
[INFO] [stderr]    = note: `cargo::unused_dependencies` is set to `warn` by default
[INFO] [stderr] help: consider removing the dependency on `num-traits`
[INFO] [stderr] warning: `tiberius-raw-bulk` (manifest) generated 1 warning
[INFO] running `Command { std: "docker" "inspect" "b812b529d7fb65efe910635bbda4e85af30e97a959241a15fc55b5f3c3f7ae8e", kill_on_drop: false }`
[INFO] running `Command { std: "docker" "rm" "-f" "b812b529d7fb65efe910635bbda4e85af30e97a959241a15fc55b5f3c3f7ae8e", kill_on_drop: false }`
[INFO] [stdout] b812b529d7fb65efe910635bbda4e85af30e97a959241a15fc55b5f3c3f7ae8e
